Build Information
Failed to build APSignedAPIClient, reference 2.0.0 (21dc0c), with Swift 6.4 for macOS (Xcode) using Xcode 27.0 on 21 Sep 2026 00:34:50 UTC.
Build Command
env DEVELOPER_DIR=/Applications/Xcode-27.0.0-Release.Candidate.app xcrun xcodebuild -IDEClonedSourcePackagesDirPathOverride=$PWD/.dependencies -skipMacroValidation -skipPackagePluginValidation -derivedDataPath $PWD/.derivedData build -scheme APSignedAPIClient -destination platform=macOS,arch=arm64Build Log
CompileC /Users/admin/builder/spi-builder-workspace/.derivedData/Build/Intermediates.noindex/Firebase.build/Debug/FirebaseAppCheck-t.build/Objects-normal/arm64/FIRAppCheckSettings.o /Users/admin/builder/spi-builder-workspace/.dependencies/checkouts/firebase-ios-sdk/FirebaseAppCheck/Sources/Core/FIRAppCheckSettings.m normal arm64 objective-c com.apple.compilers.llvm.clang.1_0.compiler (in target 'FirebaseAppCheck' from project 'Firebase')
cd /Users/admin/builder/spi-builder-workspace/.swiftpm/xcode
Using response file: /Users/admin/builder/spi-builder-workspace/.derivedData/Build/Intermediates.noindex/Firebase.build/Debug/FirebaseAppCheck-t.build/Objects-normal/arm64/e6072d4f65d7061329687fe24e3d63a7-common-args.resp
/Applications/Xcode-27.0.0-Release.Candidate.app/Contents/Developer/Toolchains/XcodeDefault.xctoolchain/usr/bin/clang -x objective-c -ivfsstatcache /Users/admin/builder/spi-builder-workspace/.derivedData/SDKStatCaches.noindex/macosx27.0-26A425-e829b21a6f8c9b70876ba0858053c0446a22442a12e9d48fe1a705f55a1adfc4.sdkstatcache -target arm64-apple-macos12.0 -fmessage-length\=0 -fdiagnostics-show-note-include-stack -fmacro-backtrace-limit\=0 -fno-color-diagnostics -fmodules-prune-interval\=86400 -fmodules-prune-after\=345600 -fbuild-session-file\=/Users/admin/builder/spi-builder-workspace/.derivedData/ModuleCache.noindex/Session.modulevalidation -fmodules-validate-once-per-build-session -Wnon-modular-include-in-framework-module -Werror\=non-modular-include-in-framework-module -Wno-trigraphs -Wno-missing-field-initializers -Wno-missing-prototypes -Wno-return-type -Wno-implicit-atomic-properties -Wno-objc-interface-ivars -Wno-arc-repeated-use-of-weak -Wno-missing-braces -Wparentheses -Wswitch -Wno-unused-function -Wno-unused-label -Wno-unused-parameter -Wno-unused-variable -Wunused-value -Wno-empty-body -Wno-uninitialized -Wno-unknown-pragmas -w -Wno-shadow -Wno-four-char-constants -Wno-conversion -Wno-constant-conversion -Wno-int-conversion -Wno-bool-conversion -Wno-enum-conversion -Wno-float-conversion -Wno-non-literal-null-conversion -Wno-objc-literal-conversion -Wshorten-64-to-32 -Wpointer-sign -Wno-newline-eof -Wno-selector -Wno-strict-selector-match -Wno-undeclared-selector -Wno-deprecated-implementations -Wno-implicit-fallthrough -isysroot /Applications/Xcode-27.0.0-Release.Candidate.app/Contents/Developer/Platforms/MacOSX.platform/Developer/SDKs/MacOSX27.0.sdk -fstrict-aliasing -Wprotocol -Wdeprecated-declarations -Wno-sign-conversion -Wno-infinite-recursion -Wno-comma -Wno-block-capture-autoreleasing -Wno-strict-prototypes -Wno-semicolon-before-method-body -index-store-path /Users/admin/builder/spi-builder-workspace/.derivedData/Index.noindex/DataStore @/Users/admin/builder/spi-builder-workspace/.derivedData/Build/Intermediates.noindex/Firebase.build/Debug/FirebaseAppCheck-t.build/Objects-normal/arm64/e6072d4f65d7061329687fe24e3d63a7-common-args.resp -MMD -MT dependencies -MF /Users/admin/builder/spi-builder-workspace/.derivedData/Build/Intermediates.noindex/Firebase.build/Debug/FirebaseAppCheck-t.build/Objects-normal/arm64/FIRAppCheckSettings.d --serialize-diagnostics /Users/admin/builder/spi-builder-workspace/.derivedData/Build/Intermediates.noindex/Firebase.build/Debug/FirebaseAppCheck-t.build/Objects-normal/arm64/FIRAppCheckSettings.dia -c /Users/admin/builder/spi-builder-workspace/.dependencies/checkouts/firebase-ios-sdk/FirebaseAppCheck/Sources/Core/FIRAppCheckSettings.m -o /Users/admin/builder/spi-builder-workspace/.derivedData/Build/Intermediates.noindex/Firebase.build/Debug/FirebaseAppCheck-t.build/Objects-normal/arm64/FIRAppCheckSettings.o -index-unit-output-path /Firebase.build/Debug/FirebaseAppCheck-t.build/Objects-normal/arm64/FIRAppCheckSettings.o
CompileC /Users/admin/builder/spi-builder-workspace/.derivedData/Build/Intermediates.noindex/Firebase.build/Debug/FirebaseAppCheck-t.build/Objects-normal/arm64/FIRAppCheckErrorUtil.o /Users/admin/builder/spi-builder-workspace/.dependencies/checkouts/firebase-ios-sdk/FirebaseAppCheck/Sources/Core/Errors/FIRAppCheckErrorUtil.m normal arm64 objective-c com.apple.compilers.llvm.clang.1_0.compiler (in target 'FirebaseAppCheck' from project 'Firebase')
cd /Users/admin/builder/spi-builder-workspace/.swiftpm/xcode
Using response file: /Users/admin/builder/spi-builder-workspace/.derivedData/Build/Intermediates.noindex/Firebase.build/Debug/FirebaseAppCheck-t.build/Objects-normal/arm64/e6072d4f65d7061329687fe24e3d63a7-common-args.resp
/Applications/Xcode-27.0.0-Release.Candidate.app/Contents/Developer/Toolchains/XcodeDefault.xctoolchain/usr/bin/clang -x objective-c -ivfsstatcache /Users/admin/builder/spi-builder-workspace/.derivedData/SDKStatCaches.noindex/macosx27.0-26A425-e829b21a6f8c9b70876ba0858053c0446a22442a12e9d48fe1a705f55a1adfc4.sdkstatcache -target arm64-apple-macos12.0 -fmessage-length\=0 -fdiagnostics-show-note-include-stack -fmacro-backtrace-limit\=0 -fno-color-diagnostics -fmodules-prune-interval\=86400 -fmodules-prune-after\=345600 -fbuild-session-file\=/Users/admin/builder/spi-builder-workspace/.derivedData/ModuleCache.noindex/Session.modulevalidation -fmodules-validate-once-per-build-session -Wnon-modular-include-in-framework-module -Werror\=non-modular-include-in-framework-module -Wno-trigraphs -Wno-missing-field-initializers -Wno-missing-prototypes -Wno-return-type -Wno-implicit-atomic-properties -Wno-objc-interface-ivars -Wno-arc-repeated-use-of-weak -Wno-missing-braces -Wparentheses -Wswitch -Wno-unused-function -Wno-unused-label -Wno-unused-parameter -Wno-unused-variable -Wunused-value -Wno-empty-body -Wno-uninitialized -Wno-unknown-pragmas -w -Wno-shadow -Wno-four-char-constants -Wno-conversion -Wno-constant-conversion -Wno-int-conversion -Wno-bool-conversion -Wno-enum-conversion -Wno-float-conversion -Wno-non-literal-null-conversion -Wno-objc-literal-conversion -Wshorten-64-to-32 -Wpointer-sign -Wno-newline-eof -Wno-selector -Wno-strict-selector-match -Wno-undeclared-selector -Wno-deprecated-implementations -Wno-implicit-fallthrough -isysroot /Applications/Xcode-27.0.0-Release.Candidate.app/Contents/Developer/Platforms/MacOSX.platform/Developer/SDKs/MacOSX27.0.sdk -fstrict-aliasing -Wprotocol -Wdeprecated-declarations -Wno-sign-conversion -Wno-infinite-recursion -Wno-comma -Wno-block-capture-autoreleasing -Wno-strict-prototypes -Wno-semicolon-before-method-body -index-store-path /Users/admin/builder/spi-builder-workspace/.derivedData/Index.noindex/DataStore @/Users/admin/builder/spi-builder-workspace/.derivedData/Build/Intermediates.noindex/Firebase.build/Debug/FirebaseAppCheck-t.build/Objects-normal/arm64/e6072d4f65d7061329687fe24e3d63a7-common-args.resp -MMD -MT dependencies -MF /Users/admin/builder/spi-builder-workspace/.derivedData/Build/Intermediates.noindex/Firebase.build/Debug/FirebaseAppCheck-t.build/Objects-normal/arm64/FIRAppCheckErrorUtil.d --serialize-diagnostics /Users/admin/builder/spi-builder-workspace/.derivedData/Build/Intermediates.noindex/Firebase.build/Debug/FirebaseAppCheck-t.build/Objects-normal/arm64/FIRAppCheckErrorUtil.dia -c /Users/admin/builder/spi-builder-workspace/.dependencies/checkouts/firebase-ios-sdk/FirebaseAppCheck/Sources/Core/Errors/FIRAppCheckErrorUtil.m -o /Users/admin/builder/spi-builder-workspace/.derivedData/Build/Intermediates.noindex/Firebase.build/Debug/FirebaseAppCheck-t.build/Objects-normal/arm64/FIRAppCheckErrorUtil.o -index-unit-output-path /Firebase.build/Debug/FirebaseAppCheck-t.build/Objects-normal/arm64/FIRAppCheckErrorUtil.o
CompileC /Users/admin/builder/spi-builder-workspace/.derivedData/Build/Intermediates.noindex/Firebase.build/Debug/FirebaseAppCheck-t.build/Objects-normal/arm64/FIRAppCheckLogger.o /Users/admin/builder/spi-builder-workspace/.dependencies/checkouts/firebase-ios-sdk/FirebaseAppCheck/Sources/Core/FIRAppCheckLogger.m normal arm64 objective-c com.apple.compilers.llvm.clang.1_0.compiler (in target 'FirebaseAppCheck' from project 'Firebase')
cd /Users/admin/builder/spi-builder-workspace/.swiftpm/xcode
Using response file: /Users/admin/builder/spi-builder-workspace/.derivedData/Build/Intermediates.noindex/Firebase.build/Debug/FirebaseAppCheck-t.build/Objects-normal/arm64/e6072d4f65d7061329687fe24e3d63a7-common-args.resp
/Applications/Xcode-27.0.0-Release.Candidate.app/Contents/Developer/Toolchains/XcodeDefault.xctoolchain/usr/bin/clang -x objective-c -ivfsstatcache /Users/admin/builder/spi-builder-workspace/.derivedData/SDKStatCaches.noindex/macosx27.0-26A425-e829b21a6f8c9b70876ba0858053c0446a22442a12e9d48fe1a705f55a1adfc4.sdkstatcache -target arm64-apple-macos12.0 -fmessage-length\=0 -fdiagnostics-show-note-include-stack -fmacro-backtrace-limit\=0 -fno-color-diagnostics -fmodules-prune-interval\=86400 -fmodules-prune-after\=345600 -fbuild-session-file\=/Users/admin/builder/spi-builder-workspace/.derivedData/ModuleCache.noindex/Session.modulevalidation -fmodules-validate-once-per-build-session -Wnon-modular-include-in-framework-module -Werror\=non-modular-include-in-framework-module -Wno-trigraphs -Wno-missing-field-initializers -Wno-missing-prototypes -Wno-return-type -Wno-implicit-atomic-properties -Wno-objc-interface-ivars -Wno-arc-repeated-use-of-weak -Wno-missing-braces -Wparentheses -Wswitch -Wno-unused-function -Wno-unused-label -Wno-unused-parameter -Wno-unused-variable -Wunused-value -Wno-empty-body -Wno-uninitialized -Wno-unknown-pragmas -w -Wno-shadow -Wno-four-char-constants -Wno-conversion -Wno-constant-conversion -Wno-int-conversion -Wno-bool-conversion -Wno-enum-conversion -Wno-float-conversion -Wno-non-literal-null-conversion -Wno-objc-literal-conversion -Wshorten-64-to-32 -Wpointer-sign -Wno-newline-eof -Wno-selector -Wno-strict-selector-match -Wno-undeclared-selector -Wno-deprecated-implementations -Wno-implicit-fallthrough -isysroot /Applications/Xcode-27.0.0-Release.Candidate.app/Contents/Developer/Platforms/MacOSX.platform/Developer/SDKs/MacOSX27.0.sdk -fstrict-aliasing -Wprotocol -Wdeprecated-declarations -Wno-sign-conversion -Wno-infinite-recursion -Wno-comma -Wno-block-capture-autoreleasing -Wno-strict-prototypes -Wno-semicolon-before-method-body -index-store-path /Users/admin/builder/spi-builder-workspace/.derivedData/Index.noindex/DataStore @/Users/admin/builder/spi-builder-workspace/.derivedData/Build/Intermediates.noindex/Firebase.build/Debug/FirebaseAppCheck-t.build/Objects-normal/arm64/e6072d4f65d7061329687fe24e3d63a7-common-args.resp -MMD -MT dependencies -MF /Users/admin/builder/spi-builder-workspace/.derivedData/Build/Intermediates.noindex/Firebase.build/Debug/FirebaseAppCheck-t.build/Objects-normal/arm64/FIRAppCheckLogger.d --serialize-diagnostics /Users/admin/builder/spi-builder-workspace/.derivedData/Build/Intermediates.noindex/Firebase.build/Debug/FirebaseAppCheck-t.build/Objects-normal/arm64/FIRAppCheckLogger.dia -c /Users/admin/builder/spi-builder-workspace/.dependencies/checkouts/firebase-ios-sdk/FirebaseAppCheck/Sources/Core/FIRAppCheckLogger.m -o /Users/admin/builder/spi-builder-workspace/.derivedData/Build/Intermediates.noindex/Firebase.build/Debug/FirebaseAppCheck-t.build/Objects-normal/arm64/FIRAppCheckLogger.o -index-unit-output-path /Firebase.build/Debug/FirebaseAppCheck-t.build/Objects-normal/arm64/FIRAppCheckLogger.o
CompileC /Users/admin/builder/spi-builder-workspace/.derivedData/Build/Intermediates.noindex/Firebase.build/Debug/FirebaseAppCheck-t.build/Objects-normal/arm64/FIRAppCheckDebugProviderFactory.o /Users/admin/builder/spi-builder-workspace/.dependencies/checkouts/firebase-ios-sdk/FirebaseAppCheck/Sources/DebugProvider/FIRAppCheckDebugProviderFactory.m normal arm64 objective-c com.apple.compilers.llvm.clang.1_0.compiler (in target 'FirebaseAppCheck' from project 'Firebase')
cd /Users/admin/builder/spi-builder-workspace/.swiftpm/xcode
Using response file: /Users/admin/builder/spi-builder-workspace/.derivedData/Build/Intermediates.noindex/Firebase.build/Debug/FirebaseAppCheck-t.build/Objects-normal/arm64/e6072d4f65d7061329687fe24e3d63a7-common-args.resp
/Applications/Xcode-27.0.0-Release.Candidate.app/Contents/Developer/Toolchains/XcodeDefault.xctoolchain/usr/bin/clang -x objective-c -ivfsstatcache /Users/admin/builder/spi-builder-workspace/.derivedData/SDKStatCaches.noindex/macosx27.0-26A425-e829b21a6f8c9b70876ba0858053c0446a22442a12e9d48fe1a705f55a1adfc4.sdkstatcache -target arm64-apple-macos12.0 -fmessage-length\=0 -fdiagnostics-show-note-include-stack -fmacro-backtrace-limit\=0 -fno-color-diagnostics -fmodules-prune-interval\=86400 -fmodules-prune-after\=345600 -fbuild-session-file\=/Users/admin/builder/spi-builder-workspace/.derivedData/ModuleCache.noindex/Session.modulevalidation -fmodules-validate-once-per-build-session -Wnon-modular-include-in-framework-module -Werror\=non-modular-include-in-framework-module -Wno-trigraphs -Wno-missing-field-initializers -Wno-missing-prototypes -Wno-return-type -Wno-implicit-atomic-properties -Wno-objc-interface-ivars -Wno-arc-repeated-use-of-weak -Wno-missing-braces -Wparentheses -Wswitch -Wno-unused-function -Wno-unused-label -Wno-unused-parameter -Wno-unused-variable -Wunused-value -Wno-empty-body -Wno-uninitialized -Wno-unknown-pragmas -w -Wno-shadow -Wno-four-char-constants -Wno-conversion -Wno-constant-conversion -Wno-int-conversion -Wno-bool-conversion -Wno-enum-conversion -Wno-float-conversion -Wno-non-literal-null-conversion -Wno-objc-literal-conversion -Wshorten-64-to-32 -Wpointer-sign -Wno-newline-eof -Wno-selector -Wno-strict-selector-match -Wno-undeclared-selector -Wno-deprecated-implementations -Wno-implicit-fallthrough -isysroot /Applications/Xcode-27.0.0-Release.Candidate.app/Contents/Developer/Platforms/MacOSX.platform/Developer/SDKs/MacOSX27.0.sdk -fstrict-aliasing -Wprotocol -Wdeprecated-declarations -Wno-sign-conversion -Wno-infinite-recursion -Wno-comma -Wno-block-capture-autoreleasing -Wno-strict-prototypes -Wno-semicolon-before-method-body -index-store-path /Users/admin/builder/spi-builder-workspace/.derivedData/Index.noindex/DataStore @/Users/admin/builder/spi-builder-workspace/.derivedData/Build/Intermediates.noindex/Firebase.build/Debug/FirebaseAppCheck-t.build/Objects-normal/arm64/e6072d4f65d7061329687fe24e3d63a7-common-args.resp -MMD -MT dependencies -MF /Users/admin/builder/spi-builder-workspace/.derivedData/Build/Intermediates.noindex/Firebase.build/Debug/FirebaseAppCheck-t.build/Objects-normal/arm64/FIRAppCheckDebugProviderFactory.d --serialize-diagnostics /Users/admin/builder/spi-builder-workspace/.derivedData/Build/Intermediates.noindex/Firebase.build/Debug/FirebaseAppCheck-t.build/Objects-normal/arm64/FIRAppCheckDebugProviderFactory.dia -c /Users/admin/builder/spi-builder-workspace/.dependencies/checkouts/firebase-ios-sdk/FirebaseAppCheck/Sources/DebugProvider/FIRAppCheckDebugProviderFactory.m -o /Users/admin/builder/spi-builder-workspace/.derivedData/Build/Intermediates.noindex/Firebase.build/Debug/FirebaseAppCheck-t.build/Objects-normal/arm64/FIRAppCheckDebugProviderFactory.o -index-unit-output-path /Firebase.build/Debug/FirebaseAppCheck-t.build/Objects-normal/arm64/FIRAppCheckDebugProviderFactory.o
CompileC /Users/admin/builder/spi-builder-workspace/.derivedData/Build/Intermediates.noindex/Firebase.build/Debug/FirebaseAppCheck-t.build/Objects-normal/arm64/FIRAppCheckDebugProvider.o /Users/admin/builder/spi-builder-workspace/.dependencies/checkouts/firebase-ios-sdk/FirebaseAppCheck/Sources/DebugProvider/FIRAppCheckDebugProvider.m normal arm64 objective-c com.apple.compilers.llvm.clang.1_0.compiler (in target 'FirebaseAppCheck' from project 'Firebase')
cd /Users/admin/builder/spi-builder-workspace/.swiftpm/xcode
Using response file: /Users/admin/builder/spi-builder-workspace/.derivedData/Build/Intermediates.noindex/Firebase.build/Debug/FirebaseAppCheck-t.build/Objects-normal/arm64/e6072d4f65d7061329687fe24e3d63a7-common-args.resp
/Applications/Xcode-27.0.0-Release.Candidate.app/Contents/Developer/Toolchains/XcodeDefault.xctoolchain/usr/bin/clang -x objective-c -ivfsstatcache /Users/admin/builder/spi-builder-workspace/.derivedData/SDKStatCaches.noindex/macosx27.0-26A425-e829b21a6f8c9b70876ba0858053c0446a22442a12e9d48fe1a705f55a1adfc4.sdkstatcache -target arm64-apple-macos12.0 -fmessage-length\=0 -fdiagnostics-show-note-include-stack -fmacro-backtrace-limit\=0 -fno-color-diagnostics -fmodules-prune-interval\=86400 -fmodules-prune-after\=345600 -fbuild-session-file\=/Users/admin/builder/spi-builder-workspace/.derivedData/ModuleCache.noindex/Session.modulevalidation -fmodules-validate-once-per-build-session -Wnon-modular-include-in-framework-module -Werror\=non-modular-include-in-framework-module -Wno-trigraphs -Wno-missing-field-initializers -Wno-missing-prototypes -Wno-return-type -Wno-implicit-atomic-properties -Wno-objc-interface-ivars -Wno-arc-repeated-use-of-weak -Wno-missing-braces -Wparentheses -Wswitch -Wno-unused-function -Wno-unused-label -Wno-unused-parameter -Wno-unused-variable -Wunused-value -Wno-empty-body -Wno-uninitialized -Wno-unknown-pragmas -w -Wno-shadow -Wno-four-char-constants -Wno-conversion -Wno-constant-conversion -Wno-int-conversion -Wno-bool-conversion -Wno-enum-conversion -Wno-float-conversion -Wno-non-literal-null-conversion -Wno-objc-literal-conversion -Wshorten-64-to-32 -Wpointer-sign -Wno-newline-eof -Wno-selector -Wno-strict-selector-match -Wno-undeclared-selector -Wno-deprecated-implementations -Wno-implicit-fallthrough -isysroot /Applications/Xcode-27.0.0-Release.Candidate.app/Contents/Developer/Platforms/MacOSX.platform/Developer/SDKs/MacOSX27.0.sdk -fstrict-aliasing -Wprotocol -Wdeprecated-declarations -Wno-sign-conversion -Wno-infinite-recursion -Wno-comma -Wno-block-capture-autoreleasing -Wno-strict-prototypes -Wno-semicolon-before-method-body -index-store-path /Users/admin/builder/spi-builder-workspace/.derivedData/Index.noindex/DataStore @/Users/admin/builder/spi-builder-workspace/.derivedData/Build/Intermediates.noindex/Firebase.build/Debug/FirebaseAppCheck-t.build/Objects-normal/arm64/e6072d4f65d7061329687fe24e3d63a7-common-args.resp -MMD -MT dependencies -MF /Users/admin/builder/spi-builder-workspace/.derivedData/Build/Intermediates.noindex/Firebase.build/Debug/FirebaseAppCheck-t.build/Objects-normal/arm64/FIRAppCheckDebugProvider.d --serialize-diagnostics /Users/admin/builder/spi-builder-workspace/.derivedData/Build/Intermediates.noindex/Firebase.build/Debug/FirebaseAppCheck-t.build/Objects-normal/arm64/FIRAppCheckDebugProvider.dia -c /Users/admin/builder/spi-builder-workspace/.dependencies/checkouts/firebase-ios-sdk/FirebaseAppCheck/Sources/DebugProvider/FIRAppCheckDebugProvider.m -o /Users/admin/builder/spi-builder-workspace/.derivedData/Build/Intermediates.noindex/Firebase.build/Debug/FirebaseAppCheck-t.build/Objects-normal/arm64/FIRAppCheckDebugProvider.o -index-unit-output-path /Firebase.build/Debug/FirebaseAppCheck-t.build/Objects-normal/arm64/FIRAppCheckDebugProvider.o
CompileC /Users/admin/builder/spi-builder-workspace/.derivedData/Build/Intermediates.noindex/Firebase.build/Debug/FirebaseAppCheck-t.build/Objects-normal/arm64/FIRAppCheckComponent.o /Users/admin/builder/spi-builder-workspace/.dependencies/checkouts/firebase-ios-sdk/FirebaseAppCheck/Sources/Core/FIRAppCheckComponent.m normal arm64 objective-c com.apple.compilers.llvm.clang.1_0.compiler (in target 'FirebaseAppCheck' from project 'Firebase')
cd /Users/admin/builder/spi-builder-workspace/.swiftpm/xcode
Using response file: /Users/admin/builder/spi-builder-workspace/.derivedData/Build/Intermediates.noindex/Firebase.build/Debug/FirebaseAppCheck-t.build/Objects-normal/arm64/e6072d4f65d7061329687fe24e3d63a7-common-args.resp
/Applications/Xcode-27.0.0-Release.Candidate.app/Contents/Developer/Toolchains/XcodeDefault.xctoolchain/usr/bin/clang -x objective-c -ivfsstatcache /Users/admin/builder/spi-builder-workspace/.derivedData/SDKStatCaches.noindex/macosx27.0-26A425-e829b21a6f8c9b70876ba0858053c0446a22442a12e9d48fe1a705f55a1adfc4.sdkstatcache -target arm64-apple-macos12.0 -fmessage-length\=0 -fdiagnostics-show-note-include-stack -fmacro-backtrace-limit\=0 -fno-color-diagnostics -fmodules-prune-interval\=86400 -fmodules-prune-after\=345600 -fbuild-session-file\=/Users/admin/builder/spi-builder-workspace/.derivedData/ModuleCache.noindex/Session.modulevalidation -fmodules-validate-once-per-build-session -Wnon-modular-include-in-framework-module -Werror\=non-modular-include-in-framework-module -Wno-trigraphs -Wno-missing-field-initializers -Wno-missing-prototypes -Wno-return-type -Wno-implicit-atomic-properties -Wno-objc-interface-ivars -Wno-arc-repeated-use-of-weak -Wno-missing-braces -Wparentheses -Wswitch -Wno-unused-function -Wno-unused-label -Wno-unused-parameter -Wno-unused-variable -Wunused-value -Wno-empty-body -Wno-uninitialized -Wno-unknown-pragmas -w -Wno-shadow -Wno-four-char-constants -Wno-conversion -Wno-constant-conversion -Wno-int-conversion -Wno-bool-conversion -Wno-enum-conversion -Wno-float-conversion -Wno-non-literal-null-conversion -Wno-objc-literal-conversion -Wshorten-64-to-32 -Wpointer-sign -Wno-newline-eof -Wno-selector -Wno-strict-selector-match -Wno-undeclared-selector -Wno-deprecated-implementations -Wno-implicit-fallthrough -isysroot /Applications/Xcode-27.0.0-Release.Candidate.app/Contents/Developer/Platforms/MacOSX.platform/Developer/SDKs/MacOSX27.0.sdk -fstrict-aliasing -Wprotocol -Wdeprecated-declarations -Wno-sign-conversion -Wno-infinite-recursion -Wno-comma -Wno-block-capture-autoreleasing -Wno-strict-prototypes -Wno-semicolon-before-method-body -index-store-path /Users/admin/builder/spi-builder-workspace/.derivedData/Index.noindex/DataStore @/Users/admin/builder/spi-builder-workspace/.derivedData/Build/Intermediates.noindex/Firebase.build/Debug/FirebaseAppCheck-t.build/Objects-normal/arm64/e6072d4f65d7061329687fe24e3d63a7-common-args.resp -MMD -MT dependencies -MF /Users/admin/builder/spi-builder-workspace/.derivedData/Build/Intermediates.noindex/Firebase.build/Debug/FirebaseAppCheck-t.build/Objects-normal/arm64/FIRAppCheckComponent.d --serialize-diagnostics /Users/admin/builder/spi-builder-workspace/.derivedData/Build/Intermediates.noindex/Firebase.build/Debug/FirebaseAppCheck-t.build/Objects-normal/arm64/FIRAppCheckComponent.dia -c /Users/admin/builder/spi-builder-workspace/.dependencies/checkouts/firebase-ios-sdk/FirebaseAppCheck/Sources/Core/FIRAppCheckComponent.m -o /Users/admin/builder/spi-builder-workspace/.derivedData/Build/Intermediates.noindex/Firebase.build/Debug/FirebaseAppCheck-t.build/Objects-normal/arm64/FIRAppCheckComponent.o -index-unit-output-path /Firebase.build/Debug/FirebaseAppCheck-t.build/Objects-normal/arm64/FIRAppCheckComponent.o
CompileC /Users/admin/builder/spi-builder-workspace/.derivedData/Build/Intermediates.noindex/Firebase.build/Debug/FirebaseAppCheck-t.build/Objects-normal/arm64/FIRAppCheck.o /Users/admin/builder/spi-builder-workspace/.dependencies/checkouts/firebase-ios-sdk/FirebaseAppCheck/Sources/Core/FIRAppCheck.m normal arm64 objective-c com.apple.compilers.llvm.clang.1_0.compiler (in target 'FirebaseAppCheck' from project 'Firebase')
cd /Users/admin/builder/spi-builder-workspace/.swiftpm/xcode
Using response file: /Users/admin/builder/spi-builder-workspace/.derivedData/Build/Intermediates.noindex/Firebase.build/Debug/FirebaseAppCheck-t.build/Objects-normal/arm64/e6072d4f65d7061329687fe24e3d63a7-common-args.resp
/Applications/Xcode-27.0.0-Release.Candidate.app/Contents/Developer/Toolchains/XcodeDefault.xctoolchain/usr/bin/clang -x objective-c -ivfsstatcache /Users/admin/builder/spi-builder-workspace/.derivedData/SDKStatCaches.noindex/macosx27.0-26A425-e829b21a6f8c9b70876ba0858053c0446a22442a12e9d48fe1a705f55a1adfc4.sdkstatcache -target arm64-apple-macos12.0 -fmessage-length\=0 -fdiagnostics-show-note-include-stack -fmacro-backtrace-limit\=0 -fno-color-diagnostics -fmodules-prune-interval\=86400 -fmodules-prune-after\=345600 -fbuild-session-file\=/Users/admin/builder/spi-builder-workspace/.derivedData/ModuleCache.noindex/Session.modulevalidation -fmodules-validate-once-per-build-session -Wnon-modular-include-in-framework-module -Werror\=non-modular-include-in-framework-module -Wno-trigraphs -Wno-missing-field-initializers -Wno-missing-prototypes -Wno-return-type -Wno-implicit-atomic-properties -Wno-objc-interface-ivars -Wno-arc-repeated-use-of-weak -Wno-missing-braces -Wparentheses -Wswitch -Wno-unused-function -Wno-unused-label -Wno-unused-parameter -Wno-unused-variable -Wunused-value -Wno-empty-body -Wno-uninitialized -Wno-unknown-pragmas -w -Wno-shadow -Wno-four-char-constants -Wno-conversion -Wno-constant-conversion -Wno-int-conversion -Wno-bool-conversion -Wno-enum-conversion -Wno-float-conversion -Wno-non-literal-null-conversion -Wno-objc-literal-conversion -Wshorten-64-to-32 -Wpointer-sign -Wno-newline-eof -Wno-selector -Wno-strict-selector-match -Wno-undeclared-selector -Wno-deprecated-implementations -Wno-implicit-fallthrough -isysroot /Applications/Xcode-27.0.0-Release.Candidate.app/Contents/Developer/Platforms/MacOSX.platform/Developer/SDKs/MacOSX27.0.sdk -fstrict-aliasing -Wprotocol -Wdeprecated-declarations -Wno-sign-conversion -Wno-infinite-recursion -Wno-comma -Wno-block-capture-autoreleasing -Wno-strict-prototypes -Wno-semicolon-before-method-body -index-store-path /Users/admin/builder/spi-builder-workspace/.derivedData/Index.noindex/DataStore @/Users/admin/builder/spi-builder-workspace/.derivedData/Build/Intermediates.noindex/Firebase.build/Debug/FirebaseAppCheck-t.build/Objects-normal/arm64/e6072d4f65d7061329687fe24e3d63a7-common-args.resp -MMD -MT dependencies -MF /Users/admin/builder/spi-builder-workspace/.derivedData/Build/Intermediates.noindex/Firebase.build/Debug/FirebaseAppCheck-t.build/Objects-normal/arm64/FIRAppCheck.d --serialize-diagnostics /Users/admin/builder/spi-builder-workspace/.derivedData/Build/Intermediates.noindex/Firebase.build/Debug/FirebaseAppCheck-t.build/Objects-normal/arm64/FIRAppCheck.dia -c /Users/admin/builder/spi-builder-workspace/.dependencies/checkouts/firebase-ios-sdk/FirebaseAppCheck/Sources/Core/FIRAppCheck.m -o /Users/admin/builder/spi-builder-workspace/.derivedData/Build/Intermediates.noindex/Firebase.build/Debug/FirebaseAppCheck-t.build/Objects-normal/arm64/FIRAppCheck.o -index-unit-output-path /Firebase.build/Debug/FirebaseAppCheck-t.build/Objects-normal/arm64/FIRAppCheck.o
ScanDependencies /Users/admin/builder/spi-builder-workspace/.derivedData/Build/Intermediates.noindex/Firebase.build/Debug/FirebaseAppCheck-t.build/Objects-normal/arm64/FIRAppAttestProviderFactory.o /Users/admin/builder/spi-builder-workspace/.dependencies/checkouts/firebase-ios-sdk/FirebaseAppCheck/Sources/AppAttestProvider/FIRAppAttestProviderFactory.m normal arm64 objective-c com.apple.compilers.llvm.clang.1_0.compiler (in target 'FirebaseAppCheck' from project 'Firebase')
cd /Users/admin/builder/spi-builder-workspace/.swiftpm/xcode
Using response file: /Users/admin/builder/spi-builder-workspace/.derivedData/Build/Intermediates.noindex/Firebase.build/Debug/FirebaseAppCheck-t.build/Objects-normal/arm64/e6072d4f65d7061329687fe24e3d63a7-common-args.resp
builtin-ScanDependencies -o /Users/admin/builder/spi-builder-workspace/.derivedData/Build/Intermediates.noindex/Firebase.build/Debug/FirebaseAppCheck-t.build/Objects-normal/arm64/FIRAppAttestProviderFactory.o.scan -- /Applications/Xcode-27.0.0-Release.Candidate.app/Contents/Developer/Toolchains/XcodeDefault.xctoolchain/usr/bin/clang -x objective-c -ivfsstatcache /Users/admin/builder/spi-builder-workspace/.derivedData/SDKStatCaches.noindex/macosx27.0-26A425-e829b21a6f8c9b70876ba0858053c0446a22442a12e9d48fe1a705f55a1adfc4.sdkstatcache -target arm64-apple-macos12.0 -fmessage-length\=0 -fdiagnostics-show-note-include-stack -fmacro-backtrace-limit\=0 -fno-color-diagnostics -fmodules-prune-interval\=86400 -fmodules-prune-after\=345600 -fbuild-session-file\=/Users/admin/builder/spi-builder-workspace/.derivedData/ModuleCache.noindex/Session.modulevalidation -fmodules-validate-once-per-build-session -Wnon-modular-include-in-framework-module -Werror\=non-modular-include-in-framework-module -Wno-trigraphs -Wno-missing-field-initializers -Wno-missing-prototypes -Wno-return-type -Wno-implicit-atomic-properties -Wno-objc-interface-ivars -Wno-arc-repeated-use-of-weak -Wno-missing-braces -Wparentheses -Wswitch -Wno-unused-function -Wno-unused-label -Wno-unused-parameter -Wno-unused-variable -Wunused-value -Wno-empty-body -Wno-uninitialized -Wno-unknown-pragmas -w -Wno-shadow -Wno-four-char-constants -Wno-conversion -Wno-constant-conversion -Wno-int-conversion -Wno-bool-conversion -Wno-enum-conversion -Wno-float-conversion -Wno-non-literal-null-conversion -Wno-objc-literal-conversion -Wshorten-64-to-32 -Wpointer-sign -Wno-newline-eof -Wno-selector -Wno-strict-selector-match -Wno-undeclared-selector -Wno-deprecated-implementations -Wno-implicit-fallthrough -isysroot /Applications/Xcode-27.0.0-Release.Candidate.app/Contents/Developer/Platforms/MacOSX.platform/Developer/SDKs/MacOSX27.0.sdk -fstrict-aliasing -Wprotocol -Wdeprecated-declarations -Wno-sign-conversion -Wno-infinite-recursion -Wno-comma -Wno-block-capture-autoreleasing -Wno-strict-prototypes -Wno-semicolon-before-method-body -index-store-path /Users/admin/builder/spi-builder-workspace/.derivedData/Index.noindex/DataStore @/Users/admin/builder/spi-builder-workspace/.derivedData/Build/Intermediates.noindex/Firebase.build/Debug/FirebaseAppCheck-t.build/Objects-normal/arm64/e6072d4f65d7061329687fe24e3d63a7-common-args.resp -MMD -MT dependencies -MF /Users/admin/builder/spi-builder-workspace/.derivedData/Build/Intermediates.noindex/Firebase.build/Debug/FirebaseAppCheck-t.build/Objects-normal/arm64/FIRAppAttestProviderFactory.d --serialize-diagnostics /Users/admin/builder/spi-builder-workspace/.derivedData/Build/Intermediates.noindex/Firebase.build/Debug/FirebaseAppCheck-t.build/Objects-normal/arm64/FIRAppAttestProviderFactory.dia -c /Users/admin/builder/spi-builder-workspace/.dependencies/checkouts/firebase-ios-sdk/FirebaseAppCheck/Sources/AppAttestProvider/FIRAppAttestProviderFactory.m -o /Users/admin/builder/spi-builder-workspace/.derivedData/Build/Intermediates.noindex/Firebase.build/Debug/FirebaseAppCheck-t.build/Objects-normal/arm64/FIRAppAttestProviderFactory.o -index-unit-output-path /Firebase.build/Debug/FirebaseAppCheck-t.build/Objects-normal/arm64/FIRAppAttestProviderFactory.o
ScanDependencies /Users/admin/builder/spi-builder-workspace/.derivedData/Build/Intermediates.noindex/Firebase.build/Debug/FirebaseAppCheck-t.build/Objects-normal/arm64/FIRAppAttestProvider.o /Users/admin/builder/spi-builder-workspace/.dependencies/checkouts/firebase-ios-sdk/FirebaseAppCheck/Sources/AppAttestProvider/FIRAppAttestProvider.m normal arm64 objective-c com.apple.compilers.llvm.clang.1_0.compiler (in target 'FirebaseAppCheck' from project 'Firebase')
cd /Users/admin/builder/spi-builder-workspace/.swiftpm/xcode
Using response file: /Users/admin/builder/spi-builder-workspace/.derivedData/Build/Intermediates.noindex/Firebase.build/Debug/FirebaseAppCheck-t.build/Objects-normal/arm64/e6072d4f65d7061329687fe24e3d63a7-common-args.resp
builtin-ScanDependencies -o /Users/admin/builder/spi-builder-workspace/.derivedData/Build/Intermediates.noindex/Firebase.build/Debug/FirebaseAppCheck-t.build/Objects-normal/arm64/FIRAppAttestProvider.o.scan -- /Applications/Xcode-27.0.0-Release.Candidate.app/Contents/Developer/Toolchains/XcodeDefault.xctoolchain/usr/bin/clang -x objective-c -ivfsstatcache /Users/admin/builder/spi-builder-workspace/.derivedData/SDKStatCaches.noindex/macosx27.0-26A425-e829b21a6f8c9b70876ba0858053c0446a22442a12e9d48fe1a705f55a1adfc4.sdkstatcache -target arm64-apple-macos12.0 -fmessage-length\=0 -fdiagnostics-show-note-include-stack -fmacro-backtrace-limit\=0 -fno-color-diagnostics -fmodules-prune-interval\=86400 -fmodules-prune-after\=345600 -fbuild-session-file\=/Users/admin/builder/spi-builder-workspace/.derivedData/ModuleCache.noindex/Session.modulevalidation -fmodules-validate-once-per-build-session -Wnon-modular-include-in-framework-module -Werror\=non-modular-include-in-framework-module -Wno-trigraphs -Wno-missing-field-initializers -Wno-missing-prototypes -Wno-return-type -Wno-implicit-atomic-properties -Wno-objc-interface-ivars -Wno-arc-repeated-use-of-weak -Wno-missing-braces -Wparentheses -Wswitch -Wno-unused-function -Wno-unused-label -Wno-unused-parameter -Wno-unused-variable -Wunused-value -Wno-empty-body -Wno-uninitialized -Wno-unknown-pragmas -w -Wno-shadow -Wno-four-char-constants -Wno-conversion -Wno-constant-conversion -Wno-int-conversion -Wno-bool-conversion -Wno-enum-conversion -Wno-float-conversion -Wno-non-literal-null-conversion -Wno-objc-literal-conversion -Wshorten-64-to-32 -Wpointer-sign -Wno-newline-eof -Wno-selector -Wno-strict-selector-match -Wno-undeclared-selector -Wno-deprecated-implementations -Wno-implicit-fallthrough -isysroot /Applications/Xcode-27.0.0-Release.Candidate.app/Contents/Developer/Platforms/MacOSX.platform/Developer/SDKs/MacOSX27.0.sdk -fstrict-aliasing -Wprotocol -Wdeprecated-declarations -Wno-sign-conversion -Wno-infinite-recursion -Wno-comma -Wno-block-capture-autoreleasing -Wno-strict-prototypes -Wno-semicolon-before-method-body -index-store-path /Users/admin/builder/spi-builder-workspace/.derivedData/Index.noindex/DataStore @/Users/admin/builder/spi-builder-workspace/.derivedData/Build/Intermediates.noindex/Firebase.build/Debug/FirebaseAppCheck-t.build/Objects-normal/arm64/e6072d4f65d7061329687fe24e3d63a7-common-args.resp -MMD -MT dependencies -MF /Users/admin/builder/spi-builder-workspace/.derivedData/Build/Intermediates.noindex/Firebase.build/Debug/FirebaseAppCheck-t.build/Objects-normal/arm64/FIRAppAttestProvider.d --serialize-diagnostics /Users/admin/builder/spi-builder-workspace/.derivedData/Build/Intermediates.noindex/Firebase.build/Debug/FirebaseAppCheck-t.build/Objects-normal/arm64/FIRAppAttestProvider.dia -c /Users/admin/builder/spi-builder-workspace/.dependencies/checkouts/firebase-ios-sdk/FirebaseAppCheck/Sources/AppAttestProvider/FIRAppAttestProvider.m -o /Users/admin/builder/spi-builder-workspace/.derivedData/Build/Intermediates.noindex/Firebase.build/Debug/FirebaseAppCheck-t.build/Objects-normal/arm64/FIRAppAttestProvider.o -index-unit-output-path /Firebase.build/Debug/FirebaseAppCheck-t.build/Objects-normal/arm64/FIRAppAttestProvider.o
CompileC /Users/admin/builder/spi-builder-workspace/.derivedData/Build/Intermediates.noindex/Firebase.build/Debug/FirebaseAppCheck-t.build/Objects-normal/arm64/FIRAppAttestProviderFactory.o /Users/admin/builder/spi-builder-workspace/.dependencies/checkouts/firebase-ios-sdk/FirebaseAppCheck/Sources/AppAttestProvider/FIRAppAttestProviderFactory.m normal arm64 objective-c com.apple.compilers.llvm.clang.1_0.compiler (in target 'FirebaseAppCheck' from project 'Firebase')
cd /Users/admin/builder/spi-builder-workspace/.swiftpm/xcode
Using response file: /Users/admin/builder/spi-builder-workspace/.derivedData/Build/Intermediates.noindex/Firebase.build/Debug/FirebaseAppCheck-t.build/Objects-normal/arm64/e6072d4f65d7061329687fe24e3d63a7-common-args.resp
/Applications/Xcode-27.0.0-Release.Candidate.app/Contents/Developer/Toolchains/XcodeDefault.xctoolchain/usr/bin/clang -x objective-c -ivfsstatcache /Users/admin/builder/spi-builder-workspace/.derivedData/SDKStatCaches.noindex/macosx27.0-26A425-e829b21a6f8c9b70876ba0858053c0446a22442a12e9d48fe1a705f55a1adfc4.sdkstatcache -target arm64-apple-macos12.0 -fmessage-length\=0 -fdiagnostics-show-note-include-stack -fmacro-backtrace-limit\=0 -fno-color-diagnostics -fmodules-prune-interval\=86400 -fmodules-prune-after\=345600 -fbuild-session-file\=/Users/admin/builder/spi-builder-workspace/.derivedData/ModuleCache.noindex/Session.modulevalidation -fmodules-validate-once-per-build-session -Wnon-modular-include-in-framework-module -Werror\=non-modular-include-in-framework-module -Wno-trigraphs -Wno-missing-field-initializers -Wno-missing-prototypes -Wno-return-type -Wno-implicit-atomic-properties -Wno-objc-interface-ivars -Wno-arc-repeated-use-of-weak -Wno-missing-braces -Wparentheses -Wswitch -Wno-unused-function -Wno-unused-label -Wno-unused-parameter -Wno-unused-variable -Wunused-value -Wno-empty-body -Wno-uninitialized -Wno-unknown-pragmas -w -Wno-shadow -Wno-four-char-constants -Wno-conversion -Wno-constant-conversion -Wno-int-conversion -Wno-bool-conversion -Wno-enum-conversion -Wno-float-conversion -Wno-non-literal-null-conversion -Wno-objc-literal-conversion -Wshorten-64-to-32 -Wpointer-sign -Wno-newline-eof -Wno-selector -Wno-strict-selector-match -Wno-undeclared-selector -Wno-deprecated-implementations -Wno-implicit-fallthrough -isysroot /Applications/Xcode-27.0.0-Release.Candidate.app/Contents/Developer/Platforms/MacOSX.platform/Developer/SDKs/MacOSX27.0.sdk -fstrict-aliasing -Wprotocol -Wdeprecated-declarations -Wno-sign-conversion -Wno-infinite-recursion -Wno-comma -Wno-block-capture-autoreleasing -Wno-strict-prototypes -Wno-semicolon-before-method-body -index-store-path /Users/admin/builder/spi-builder-workspace/.derivedData/Index.noindex/DataStore @/Users/admin/builder/spi-builder-workspace/.derivedData/Build/Intermediates.noindex/Firebase.build/Debug/FirebaseAppCheck-t.build/Objects-normal/arm64/e6072d4f65d7061329687fe24e3d63a7-common-args.resp -MMD -MT dependencies -MF /Users/admin/builder/spi-builder-workspace/.derivedData/Build/Intermediates.noindex/Firebase.build/Debug/FirebaseAppCheck-t.build/Objects-normal/arm64/FIRAppAttestProviderFactory.d --serialize-diagnostics /Users/admin/builder/spi-builder-workspace/.derivedData/Build/Intermediates.noindex/Firebase.build/Debug/FirebaseAppCheck-t.build/Objects-normal/arm64/FIRAppAttestProviderFactory.dia -c /Users/admin/builder/spi-builder-workspace/.dependencies/checkouts/firebase-ios-sdk/FirebaseAppCheck/Sources/AppAttestProvider/FIRAppAttestProviderFactory.m -o /Users/admin/builder/spi-builder-workspace/.derivedData/Build/Intermediates.noindex/Firebase.build/Debug/FirebaseAppCheck-t.build/Objects-normal/arm64/FIRAppAttestProviderFactory.o -index-unit-output-path /Firebase.build/Debug/FirebaseAppCheck-t.build/Objects-normal/arm64/FIRAppAttestProviderFactory.o
ScanDependencies /Users/admin/builder/spi-builder-workspace/.derivedData/Build/Intermediates.noindex/Firebase.build/Debug/FirebaseAppCheck-t.build/Objects-normal/arm64/FIRApp+AppCheck.o /Users/admin/builder/spi-builder-workspace/.dependencies/checkouts/firebase-ios-sdk/FirebaseAppCheck/Sources/Core/FIRApp+AppCheck.m normal arm64 objective-c com.apple.compilers.llvm.clang.1_0.compiler (in target 'FirebaseAppCheck' from project 'Firebase')
cd /Users/admin/builder/spi-builder-workspace/.swiftpm/xcode
Using response file: /Users/admin/builder/spi-builder-workspace/.derivedData/Build/Intermediates.noindex/Firebase.build/Debug/FirebaseAppCheck-t.build/Objects-normal/arm64/e6072d4f65d7061329687fe24e3d63a7-common-args.resp
builtin-ScanDependencies -o /Users/admin/builder/spi-builder-workspace/.derivedData/Build/Intermediates.noindex/Firebase.build/Debug/FirebaseAppCheck-t.build/Objects-normal/arm64/FIRApp+AppCheck.o.scan -- /Applications/Xcode-27.0.0-Release.Candidate.app/Contents/Developer/Toolchains/XcodeDefault.xctoolchain/usr/bin/clang -x objective-c -ivfsstatcache /Users/admin/builder/spi-builder-workspace/.derivedData/SDKStatCaches.noindex/macosx27.0-26A425-e829b21a6f8c9b70876ba0858053c0446a22442a12e9d48fe1a705f55a1adfc4.sdkstatcache -target arm64-apple-macos12.0 -fmessage-length\=0 -fdiagnostics-show-note-include-stack -fmacro-backtrace-limit\=0 -fno-color-diagnostics -fmodules-prune-interval\=86400 -fmodules-prune-after\=345600 -fbuild-session-file\=/Users/admin/builder/spi-builder-workspace/.derivedData/ModuleCache.noindex/Session.modulevalidation -fmodules-validate-once-per-build-session -Wnon-modular-include-in-framework-module -Werror\=non-modular-include-in-framework-module -Wno-trigraphs -Wno-missing-field-initializers -Wno-missing-prototypes -Wno-return-type -Wno-implicit-atomic-properties -Wno-objc-interface-ivars -Wno-arc-repeated-use-of-weak -Wno-missing-braces -Wparentheses -Wswitch -Wno-unused-function -Wno-unused-label -Wno-unused-parameter -Wno-unused-variable -Wunused-value -Wno-empty-body -Wno-uninitialized -Wno-unknown-pragmas -w -Wno-shadow -Wno-four-char-constants -Wno-conversion -Wno-constant-conversion -Wno-int-conversion -Wno-bool-conversion -Wno-enum-conversion -Wno-float-conversion -Wno-non-literal-null-conversion -Wno-objc-literal-conversion -Wshorten-64-to-32 -Wpointer-sign -Wno-newline-eof -Wno-selector -Wno-strict-selector-match -Wno-undeclared-selector -Wno-deprecated-implementations -Wno-implicit-fallthrough -isysroot /Applications/Xcode-27.0.0-Release.Candidate.app/Contents/Developer/Platforms/MacOSX.platform/Developer/SDKs/MacOSX27.0.sdk -fstrict-aliasing -Wprotocol -Wdeprecated-declarations -Wno-sign-conversion -Wno-infinite-recursion -Wno-comma -Wno-block-capture-autoreleasing -Wno-strict-prototypes -Wno-semicolon-before-method-body -index-store-path /Users/admin/builder/spi-builder-workspace/.derivedData/Index.noindex/DataStore @/Users/admin/builder/spi-builder-workspace/.derivedData/Build/Intermediates.noindex/Firebase.build/Debug/FirebaseAppCheck-t.build/Objects-normal/arm64/e6072d4f65d7061329687fe24e3d63a7-common-args.resp -MMD -MT dependencies -MF /Users/admin/builder/spi-builder-workspace/.derivedData/Build/Intermediates.noindex/Firebase.build/Debug/FirebaseAppCheck-t.build/Objects-normal/arm64/FIRApp+AppCheck.d --serialize-diagnostics /Users/admin/builder/spi-builder-workspace/.derivedData/Build/Intermediates.noindex/Firebase.build/Debug/FirebaseAppCheck-t.build/Objects-normal/arm64/FIRApp+AppCheck.dia -c /Users/admin/builder/spi-builder-workspace/.dependencies/checkouts/firebase-ios-sdk/FirebaseAppCheck/Sources/Core/FIRApp+AppCheck.m -o /Users/admin/builder/spi-builder-workspace/.derivedData/Build/Intermediates.noindex/Firebase.build/Debug/FirebaseAppCheck-t.build/Objects-normal/arm64/FIRApp+AppCheck.o -index-unit-output-path /Firebase.build/Debug/FirebaseAppCheck-t.build/Objects-normal/arm64/FIRApp+AppCheck.o
SwiftDriver\ Compilation AppCheckRecaptchaProvider normal arm64 com.apple.xcode.tools.swift.compiler (in target 'AppCheckRecaptchaProvider' from project 'AppCheck')
cd /Users/admin/builder/spi-builder-workspace/.swiftpm/xcode
builtin-Swift-Compilation -- /Applications/Xcode-27.0.0-Release.Candidate.app/Contents/Developer/Toolchains/XcodeDefault.xctoolchain/usr/bin/swiftc -parse-as-library -module-name AppCheckRecaptchaProvider -Onone @/Users/admin/builder/spi-builder-workspace/.derivedData/Build/Intermediates.noindex/AppCheck.build/Debug/AppCheckRecaptchaProvider-t.build/Objects-normal/arm64/AppCheckRecaptchaProvider.SwiftFileList -DSWIFT_PACKAGE -DDEBUG -DSWIFT_MODULE_RESOURCE_BUNDLE_UNAVAILABLE -Xcc -fmodule-map-file\=/Users/admin/builder/spi-builder-workspace/.derivedData/Build/Intermediates.noindex/GeneratedModuleMaps/GoogleUtilities-Logger.modulemap -Xcc -fmodule-map-file\=/Users/admin/builder/spi-builder-workspace/.derivedData/Build/Intermediates.noindex/GeneratedModuleMaps/GoogleUtilities-Environment.modulemap -Xcc -fmodule-map-file\=/Users/admin/builder/spi-builder-workspace/.derivedData/Build/Intermediates.noindex/GeneratedModuleMaps/third-party-IsAppEncrypted.modulemap -Xcc -fmodule-map-file\=/Users/admin/builder/spi-builder-workspace/.derivedData/Build/Intermediates.noindex/GeneratedModuleMaps/GoogleUtilities-UserDefaults.modulemap -Xcc -fmodule-map-file\=/Users/admin/builder/spi-builder-workspace/.derivedData/Build/Intermediates.noindex/GeneratedModuleMaps/RecaptchaInterop.modulemap -Xcc -fmodule-map-file\=/Users/admin/builder/spi-builder-workspace/.dependencies/checkouts/promises/Sources/FBLPromises/include/module.modulemap -Xcc -fmodule-map-file\=/Users/admin/builder/spi-builder-workspace/.derivedData/Build/Intermediates.noindex/GeneratedModuleMaps/AppCheckCore.modulemap -DXcode -plugin-path /Applications/Xcode-27.0.0-Release.Candidate.app/Contents/Developer/Toolchains/XcodeDefault.xctoolchain/usr/lib/swift/host/plugins/testing -enable-experimental-feature DebugDescriptionMacro -sdk /Applications/Xcode-27.0.0-Release.Candidate.app/Contents/Developer/Platforms/MacOSX.platform/Developer/SDKs/MacOSX27.0.sdk -target arm64-apple-macos12.0 -g -module-cache-path /Users/admin/builder/spi-builder-workspace/.derivedData/ModuleCache.noindex -Xfrontend -serialize-debugging-options -profile-coverage-mapping -profile-generate -enable-testing -suppress-warnings -index-store-path /Users/admin/builder/spi-builder-workspace/.derivedData/Index.noindex/DataStore -Xcc -D_LIBCPP_HARDENING_MODE\=_LIBCPP_HARDENING_MODE_DEBUG -swift-version 5 -I /Users/admin/builder/spi-builder-workspace/.derivedData/Build/Products/Debug -Isystem /Applications/Xcode-27.0.0-Release.Candidate.app/Contents/Developer/Platforms/MacOSX.platform/Developer/usr/lib -F /Users/admin/builder/spi-builder-workspace/.derivedData/Build/Products/Debug/PackageFrameworks -F /Users/admin/builder/spi-builder-workspace/.derivedData/Build/Products/Debug -F /Applications/Xcode-27.0.0-Release.Candidate.app/Contents/Developer/Platforms/MacOSX.platform/Developer/Library/Frameworks -c -j10 -enable-batch-mode -incremental -Xcc -ivfsstatcache -Xcc /Users/admin/builder/spi-builder-workspace/.derivedData/SDKStatCaches.noindex/macosx27.0-26A425-e829b21a6f8c9b70876ba0858053c0446a22442a12e9d48fe1a705f55a1adfc4.sdkstatcache -output-file-map /Users/admin/builder/spi-builder-workspace/.derivedData/Build/Intermediates.noindex/AppCheck.build/Debug/AppCheckRecaptchaProvider-t.build/Objects-normal/arm64/AppCheckRecaptchaProvider-OutputFileMap.json -save-temps -no-color-diagnostics -explicit-module-build -module-cache-path /Users/admin/builder/spi-builder-workspace/.derivedData/Build/Intermediates.noindex/SwiftExplicitPrecompiledModules -clang-scanner-module-cache-path /Users/admin/builder/spi-builder-workspace/.derivedData/ModuleCache.noindex -sdk-module-cache-path /Users/admin/builder/spi-builder-workspace/.derivedData/SDKExplicitPrecompiledModules -emit-dependencies -emit-module -emit-module-path /Users/admin/builder/spi-builder-workspace/.derivedData/Build/Intermediates.noindex/AppCheck.build/Debug/AppCheckRecaptchaProvider-t.build/Objects-normal/arm64/AppCheckRecaptchaProvider.swiftmodule -serialize-diagnostics -dependency-scan-serialize-diagnostics-path /Users/admin/builder/spi-builder-workspace/.derivedData/Build/Intermediates.noindex/AppCheck.build/Debug/AppCheckRecaptchaProvider-t.build/Objects-normal/arm64/AppCheckRecaptchaProvider-dependency-scan.dia -validate-clang-modules-once -clang-build-session-file /Users/admin/builder/spi-builder-workspace/.derivedData/ModuleCache.noindex/Session.modulevalidation -Xcc -fmodules-prune-interval\=86400 -Xcc -fmodules-prune-after\=345600 -emit-const-values -const-gather-protocols-list /Users/admin/builder/spi-builder-workspace/.derivedData/Build/Intermediates.noindex/AppCheck.build/Debug/AppCheckRecaptchaProvider-t.build/Objects-normal/arm64/AppCheckRecaptchaProvider_const_extract_protocols.json -Xcc -I/Users/admin/builder/spi-builder-workspace/.dependencies/checkouts/GoogleUtilities/GoogleUtilities/Logger/Public -Xcc -I/Users/admin/builder/spi-builder-workspace/.dependencies/checkouts/GoogleUtilities/GoogleUtilities/Environment/Public -Xcc -I/Users/admin/builder/spi-builder-workspace/.dependencies/checkouts/GoogleUtilities/third_party/IsAppEncrypted/Public -Xcc -I/Users/admin/builder/spi-builder-workspace/.dependencies/checkouts/GoogleUtilities/GoogleUtilities/UserDefaults/Public -Xcc -I/Users/admin/builder/spi-builder-workspace/.dependencies/checkouts/interop-ios-for-google-sdks/RecaptchaEnterprise/RecaptchaInterop/Public -Xcc -I/Users/admin/builder/spi-builder-workspace/.dependencies/checkouts/promises/Sources/FBLPromises/include -Xcc -I/Users/admin/builder/spi-builder-workspace/.dependencies/checkouts/app-check/AppCheckCore/Sources/Public -Xcc -I/Users/admin/builder/spi-builder-workspace/.derivedData/Build/Products/Debug/include -Xcc -I/Users/admin/builder/spi-builder-workspace/.derivedData/Build/Intermediates.noindex/AppCheck.build/Debug/AppCheckRecaptchaProvider-t.build/DerivedSources-normal/arm64 -Xcc -I/Users/admin/builder/spi-builder-workspace/.derivedData/Build/Intermediates.noindex/AppCheck.build/Debug/AppCheckRecaptchaProvider-t.build/DerivedSources/arm64 -Xcc -I/Users/admin/builder/spi-builder-workspace/.derivedData/Build/Intermediates.noindex/AppCheck.build/Debug/AppCheckRecaptchaProvider-t.build/DerivedSources -Xcc -DSWIFT_PACKAGE -Xcc -DDEBUG\=1 -emit-objc-header -emit-objc-header-path /Users/admin/builder/spi-builder-workspace/.derivedData/Build/Intermediates.noindex/AppCheck.build/Debug/AppCheckRecaptchaProvider-t.build/Objects-normal/arm64/AppCheckRecaptchaProvider-Swift.h -working-directory /Users/admin/builder/spi-builder-workspace/.swiftpm/xcode -experimental-emit-module-separately -disable-cmo
Ld /Users/admin/builder/spi-builder-workspace/.derivedData/Build/Products/Debug/AppCheckRecaptchaProvider.o normal (in target 'AppCheckRecaptchaProvider' from project 'AppCheck')
cd /Users/admin/builder/spi-builder-workspace/.dependencies/checkouts/app-check
/Applications/Xcode-27.0.0-Release.Candidate.app/Contents/Developer/Toolchains/XcodeDefault.xctoolchain/usr/bin/clang -Xlinker -reproducible -target arm64-apple-macos12.0 -r -isysroot /Applications/Xcode-27.0.0-Release.Candidate.app/Contents/Developer/Platforms/MacOSX.platform/Developer/SDKs/MacOSX27.0.sdk -O0 -w -Xlinker -no_warn_duplicate_libraries -F/Users/admin/builder/spi-builder-workspace/.derivedData/Build/Intermediates.noindex/EagerLinkingTBDs/Debug -F/Users/admin/builder/spi-builder-workspace/.derivedData/Build/Products/Debug/PackageFrameworks -F/Users/admin/builder/spi-builder-workspace/.derivedData/Build/Products/Debug -iframework /Applications/Xcode-27.0.0-Release.Candidate.app/Contents/Developer/Platforms/MacOSX.platform/Developer/Library/Frameworks -filelist /Users/admin/builder/spi-builder-workspace/.derivedData/Build/Intermediates.noindex/AppCheck.build/Debug/AppCheckRecaptchaProvider-t.build/Objects-normal/arm64/AppCheckRecaptchaProvider.LinkFileList -nostdlib -Xlinker -object_path_lto -Xlinker /Users/admin/builder/spi-builder-workspace/.derivedData/Build/Intermediates.noindex/AppCheck.build/Debug/AppCheckRecaptchaProvider-t.build/Objects-normal/arm64/AppCheckRecaptchaProvider_lto.o -Xlinker -no_deduplicate -Xlinker -debug_variant -Xlinker -dependency_info -Xlinker /Users/admin/builder/spi-builder-workspace/.derivedData/Build/Intermediates.noindex/AppCheck.build/Debug/AppCheckRecaptchaProvider-t.build/Objects-normal/arm64/AppCheckRecaptchaProvider_dependency_info.dat -fobjc-link-runtime -L/Applications/Xcode-27.0.0-Release.Candidate.app/Contents/Developer/Toolchains/XcodeDefault.xctoolchain/usr/lib/swift/macosx -L/usr/lib/swift -Xlinker -add_ast_path -Xlinker /Users/admin/builder/spi-builder-workspace/.derivedData/Build/Intermediates.noindex/AppCheck.build/Debug/AppCheckRecaptchaProvider-t.build/Objects-normal/arm64/AppCheckRecaptchaProvider.swiftmodule -o /Users/admin/builder/spi-builder-workspace/.derivedData/Build/Products/Debug/AppCheckRecaptchaProvider.o
SwiftDriver APSignedAPIClient normal arm64 com.apple.xcode.tools.swift.compiler (in target 'APSignedAPIClient' from project 'APSignedAPIClient')
cd /Users/admin/builder/spi-builder-workspace/.swiftpm/xcode
builtin-SwiftDriver -- /Applications/Xcode-27.0.0-Release.Candidate.app/Contents/Developer/Toolchains/XcodeDefault.xctoolchain/usr/bin/swiftc -parse-as-library -module-name APSignedAPIClient -Onone @/Users/admin/builder/spi-builder-workspace/.derivedData/Build/Intermediates.noindex/APSignedAPIClient.build/Debug/APSignedAPIClient-t.build/Objects-normal/arm64/APSignedAPIClient.SwiftFileList -DSWIFT_PACKAGE -DDEBUG -DSWIFT_MODULE_RESOURCE_BUNDLE_AVAILABLE -Xcc -fmodule-map-file\=/Users/admin/builder/spi-builder-workspace/.derivedData/Build/Intermediates.noindex/GeneratedModuleMaps/GoogleUtilities-NSData.modulemap -Xcc -fmodule-map-file\=/Users/admin/builder/spi-builder-workspace/.derivedData/Build/Intermediates.noindex/GeneratedModuleMaps/RecaptchaInterop.modulemap -Xcc -fmodule-map-file\=/Users/admin/builder/spi-builder-workspace/.dependencies/checkouts/promises/Sources/FBLPromises/include/module.modulemap -Xcc -fmodule-map-file\=/Users/admin/builder/spi-builder-workspace/.derivedData/Build/Intermediates.noindex/GeneratedModuleMaps/AppCheckCore.modulemap -Xcc -fmodule-map-file\=/Users/admin/builder/spi-builder-workspace/.derivedData/Build/Intermediates.noindex/GeneratedModuleMaps/GoogleUtilities-Logger.modulemap -Xcc -fmodule-map-file\=/Users/admin/builder/spi-builder-workspace/.derivedData/Build/Intermediates.noindex/GeneratedModuleMaps/GoogleUtilities-Environment.modulemap -Xcc -fmodule-map-file\=/Users/admin/builder/spi-builder-workspace/.derivedData/Build/Intermediates.noindex/GeneratedModuleMaps/third-party-IsAppEncrypted.modulemap -Xcc -fmodule-map-file\=/Users/admin/builder/spi-builder-workspace/.derivedData/Build/Intermediates.noindex/GeneratedModuleMaps/GoogleUtilities-UserDefaults.modulemap -Xcc -fmodule-map-file\=/Users/admin/builder/spi-builder-workspace/.derivedData/Build/Intermediates.noindex/GeneratedModuleMaps/FirebaseCore.modulemap -Xcc -fmodule-map-file\=/Users/admin/builder/spi-builder-workspace/.dependencies/checkouts/firebase-ios-sdk/CoreOnly/Sources/module.modulemap -Xcc -fmodule-map-file\=/Users/admin/builder/spi-builder-workspace/.derivedData/Build/Intermediates.noindex/GeneratedModuleMaps/FirebaseAppCheckInterop.modulemap -Xcc -fmodule-map-file\=/Users/admin/builder/spi-builder-workspace/.derivedData/Build/Intermediates.noindex/GeneratedModuleMaps/FirebaseAppCheck.modulemap -DXcode -plugin-path /Applications/Xcode-27.0.0-Release.Candidate.app/Contents/Developer/Toolchains/XcodeDefault.xctoolchain/usr/lib/swift/host/plugins/testing -enable-experimental-feature DebugDescriptionMacro -sdk /Applications/Xcode-27.0.0-Release.Candidate.app/Contents/Developer/Platforms/MacOSX.platform/Developer/SDKs/MacOSX27.0.sdk -target arm64-apple-macos12.0 -g -module-cache-path /Users/admin/builder/spi-builder-workspace/.derivedData/ModuleCache.noindex -Xfrontend -serialize-debugging-options -profile-coverage-mapping -profile-generate -enable-testing -index-store-path /Users/admin/builder/spi-builder-workspace/.derivedData/Index.noindex/DataStore -Xcc -D_LIBCPP_HARDENING_MODE\=_LIBCPP_HARDENING_MODE_DEBUG -swift-version 6 -I /Users/admin/builder/spi-builder-workspace/.derivedData/Build/Products/Debug -Isystem /Applications/Xcode-27.0.0-Release.Candidate.app/Contents/Developer/Platforms/MacOSX.platform/Developer/usr/lib -F /Users/admin/builder/spi-builder-workspace/.derivedData/Build/Products/Debug/PackageFrameworks -F /Users/admin/builder/spi-builder-workspace/.derivedData/Build/Products/Debug -F /Applications/Xcode-27.0.0-Release.Candidate.app/Contents/Developer/Platforms/MacOSX.platform/Developer/Library/Frameworks -c -j10 -enable-batch-mode -incremental -Xcc -ivfsstatcache -Xcc /Users/admin/builder/spi-builder-workspace/.derivedData/SDKStatCaches.noindex/macosx27.0-26A425-e829b21a6f8c9b70876ba0858053c0446a22442a12e9d48fe1a705f55a1adfc4.sdkstatcache -output-file-map /Users/admin/builder/spi-builder-workspace/.derivedData/Build/Intermediates.noindex/APSignedAPIClient.build/Debug/APSignedAPIClient-t.build/Objects-normal/arm64/APSignedAPIClient-OutputFileMap.json -save-temps -no-color-diagnostics -explicit-module-build -module-cache-path /Users/admin/builder/spi-builder-workspace/.derivedData/Build/Intermediates.noindex/SwiftExplicitPrecompiledModules -clang-scanner-module-cache-path /Users/admin/builder/spi-builder-workspace/.derivedData/ModuleCache.noindex -sdk-module-cache-path /Users/admin/builder/spi-builder-workspace/.derivedData/SDKExplicitPrecompiledModules -emit-dependencies -emit-module -emit-module-path /Users/admin/builder/spi-builder-workspace/.derivedData/Build/Intermediates.noindex/APSignedAPIClient.build/Debug/APSignedAPIClient-t.build/Objects-normal/arm64/APSignedAPIClient.swiftmodule -serialize-diagnostics -dependency-scan-serialize-diagnostics-path /Users/admin/builder/spi-builder-workspace/.derivedData/Build/Intermediates.noindex/APSignedAPIClient.build/Debug/APSignedAPIClient-t.build/Objects-normal/arm64/APSignedAPIClient-dependency-scan.dia -validate-clang-modules-once -clang-build-session-file /Users/admin/builder/spi-builder-workspace/.derivedData/ModuleCache.noindex/Session.modulevalidation -Xcc -fmodules-prune-interval\=86400 -Xcc -fmodules-prune-after\=345600 -package-name spi_builder_workspace -emit-const-values -const-gather-protocols-list /Users/admin/builder/spi-builder-workspace/.derivedData/Build/Intermediates.noindex/APSignedAPIClient.build/Debug/APSignedAPIClient-t.build/Objects-normal/arm64/APSignedAPIClient_const_extract_protocols.json -Xcc -I/Users/admin/builder/spi-builder-workspace/.dependencies/checkouts/GoogleUtilities/GoogleUtilities/NSData+zlib/Public -Xcc -I/Users/admin/builder/spi-builder-workspace/.dependencies/checkouts/interop-ios-for-google-sdks/RecaptchaEnterprise/RecaptchaInterop/Public -Xcc -I/Users/admin/builder/spi-builder-workspace/.dependencies/checkouts/promises/Sources/FBLPromises/include -Xcc -I/Users/admin/builder/spi-builder-workspace/.dependencies/checkouts/app-check/AppCheckCore/Sources/Public -Xcc -I/Users/admin/builder/spi-builder-workspace/.dependencies/checkouts/GoogleUtilities/GoogleUtilities/Logger/Public -Xcc -I/Users/admin/builder/spi-builder-workspace/.dependencies/checkouts/GoogleUtilities/GoogleUtilities/Environment/Public -Xcc -I/Users/admin/builder/spi-builder-workspace/.dependencies/checkouts/GoogleUtilities/third_party/IsAppEncrypted/Public -Xcc -I/Users/admin/builder/spi-builder-workspace/.dependencies/checkouts/GoogleUtilities/GoogleUtilities/UserDefaults/Public -Xcc -I/Users/admin/builder/spi-builder-workspace/.dependencies/checkouts/firebase-ios-sdk/FirebaseCore/Sources/Public -Xcc -I/Users/admin/builder/spi-builder-workspace/.dependencies/checkouts/firebase-ios-sdk/CoreOnly/Sources -Xcc -I/Users/admin/builder/spi-builder-workspace/.dependencies/checkouts/firebase-ios-sdk/FirebaseAppCheck/Interop/Public -Xcc -I/Users/admin/builder/spi-builder-workspace/.dependencies/checkouts/firebase-ios-sdk/FirebaseAppCheck/Sources/Public -Xcc -I/Users/admin/builder/spi-builder-workspace/.derivedData/Build/Products/Debug/include -Xcc -I/Users/admin/builder/spi-builder-workspace/.derivedData/Build/Intermediates.noindex/APSignedAPIClient.build/Debug/APSignedAPIClient-t.build/DerivedSources-normal/arm64 -Xcc -I/Users/admin/builder/spi-builder-workspace/.derivedData/Build/Intermediates.noindex/APSignedAPIClient.build/Debug/APSignedAPIClient-t.build/DerivedSources/arm64 -Xcc -I/Users/admin/builder/spi-builder-workspace/.derivedData/Build/Intermediates.noindex/APSignedAPIClient.build/Debug/APSignedAPIClient-t.build/DerivedSources -Xcc -DSWIFT_PACKAGE -Xcc -DDEBUG\=1 -emit-objc-header -emit-objc-header-path /Users/admin/builder/spi-builder-workspace/.derivedData/Build/Intermediates.noindex/APSignedAPIClient.build/Debug/APSignedAPIClient-t.build/Objects-normal/arm64/APSignedAPIClient-Swift.h -working-directory /Users/admin/builder/spi-builder-workspace/.swiftpm/xcode -experimental-emit-module-separately -disable-cmo
PrecompileModule /Users/admin/builder/spi-builder-workspace/.derivedData/Build/Intermediates.noindex/ExplicitPrecompiledModules/CoreGraphics-AOTX90THYFBEIAEOB9E2NE7RC.scan
cd /
builtin-precompileModule /Users/admin/builder/spi-builder-workspace/.derivedData/Build/Intermediates.noindex/ExplicitPrecompiledModules/CoreGraphics-AOTX90THYFBEIAEOB9E2NE7RC.scan
PrecompileModule /Users/admin/builder/spi-builder-workspace/.derivedData/Build/Intermediates.noindex/ExplicitPrecompiledModules/DiskArbitration-C2ET6S73PLF3R17NRCYK9QKEU.scan
cd /
builtin-precompileModule /Users/admin/builder/spi-builder-workspace/.derivedData/Build/Intermediates.noindex/ExplicitPrecompiledModules/DiskArbitration-C2ET6S73PLF3R17NRCYK9QKEU.scan
CompileC /Users/admin/builder/spi-builder-workspace/.derivedData/Build/Intermediates.noindex/Firebase.build/Debug/FirebaseAppCheck-t.build/Objects-normal/arm64/FIRAppAttestProvider.o /Users/admin/builder/spi-builder-workspace/.dependencies/checkouts/firebase-ios-sdk/FirebaseAppCheck/Sources/AppAttestProvider/FIRAppAttestProvider.m normal arm64 objective-c com.apple.compilers.llvm.clang.1_0.compiler (in target 'FirebaseAppCheck' from project 'Firebase')
cd /Users/admin/builder/spi-builder-workspace/.swiftpm/xcode
Using response file: /Users/admin/builder/spi-builder-workspace/.derivedData/Build/Intermediates.noindex/Firebase.build/Debug/FirebaseAppCheck-t.build/Objects-normal/arm64/e6072d4f65d7061329687fe24e3d63a7-common-args.resp
/Applications/Xcode-27.0.0-Release.Candidate.app/Contents/Developer/Toolchains/XcodeDefault.xctoolchain/usr/bin/clang -x objective-c -ivfsstatcache /Users/admin/builder/spi-builder-workspace/.derivedData/SDKStatCaches.noindex/macosx27.0-26A425-e829b21a6f8c9b70876ba0858053c0446a22442a12e9d48fe1a705f55a1adfc4.sdkstatcache -target arm64-apple-macos12.0 -fmessage-length\=0 -fdiagnostics-show-note-include-stack -fmacro-backtrace-limit\=0 -fno-color-diagnostics -fmodules-prune-interval\=86400 -fmodules-prune-after\=345600 -fbuild-session-file\=/Users/admin/builder/spi-builder-workspace/.derivedData/ModuleCache.noindex/Session.modulevalidation -fmodules-validate-once-per-build-session -Wnon-modular-include-in-framework-module -Werror\=non-modular-include-in-framework-module -Wno-trigraphs -Wno-missing-field-initializers -Wno-missing-prototypes -Wno-return-type -Wno-implicit-atomic-properties -Wno-objc-interface-ivars -Wno-arc-repeated-use-of-weak -Wno-missing-braces -Wparentheses -Wswitch -Wno-unused-function -Wno-unused-label -Wno-unused-parameter -Wno-unused-variable -Wunused-value -Wno-empty-body -Wno-uninitialized -Wno-unknown-pragmas -w -Wno-shadow -Wno-four-char-constants -Wno-conversion -Wno-constant-conversion -Wno-int-conversion -Wno-bool-conversion -Wno-enum-conversion -Wno-float-conversion -Wno-non-literal-null-conversion -Wno-objc-literal-conversion -Wshorten-64-to-32 -Wpointer-sign -Wno-newline-eof -Wno-selector -Wno-strict-selector-match -Wno-undeclared-selector -Wno-deprecated-implementations -Wno-implicit-fallthrough -isysroot /Applications/Xcode-27.0.0-Release.Candidate.app/Contents/Developer/Platforms/MacOSX.platform/Developer/SDKs/MacOSX27.0.sdk -fstrict-aliasing -Wprotocol -Wdeprecated-declarations -Wno-sign-conversion -Wno-infinite-recursion -Wno-comma -Wno-block-capture-autoreleasing -Wno-strict-prototypes -Wno-semicolon-before-method-body -index-store-path /Users/admin/builder/spi-builder-workspace/.derivedData/Index.noindex/DataStore @/Users/admin/builder/spi-builder-workspace/.derivedData/Build/Intermediates.noindex/Firebase.build/Debug/FirebaseAppCheck-t.build/Objects-normal/arm64/e6072d4f65d7061329687fe24e3d63a7-common-args.resp -MMD -MT dependencies -MF /Users/admin/builder/spi-builder-workspace/.derivedData/Build/Intermediates.noindex/Firebase.build/Debug/FirebaseAppCheck-t.build/Objects-normal/arm64/FIRAppAttestProvider.d --serialize-diagnostics /Users/admin/builder/spi-builder-workspace/.derivedData/Build/Intermediates.noindex/Firebase.build/Debug/FirebaseAppCheck-t.build/Objects-normal/arm64/FIRAppAttestProvider.dia -c /Users/admin/builder/spi-builder-workspace/.dependencies/checkouts/firebase-ios-sdk/FirebaseAppCheck/Sources/AppAttestProvider/FIRAppAttestProvider.m -o /Users/admin/builder/spi-builder-workspace/.derivedData/Build/Intermediates.noindex/Firebase.build/Debug/FirebaseAppCheck-t.build/Objects-normal/arm64/FIRAppAttestProvider.o -index-unit-output-path /Firebase.build/Debug/FirebaseAppCheck-t.build/Objects-normal/arm64/FIRAppAttestProvider.o
CompileC /Users/admin/builder/spi-builder-workspace/.derivedData/Build/Intermediates.noindex/Firebase.build/Debug/FirebaseAppCheck-t.build/Objects-normal/arm64/FIRApp+AppCheck.o /Users/admin/builder/spi-builder-workspace/.dependencies/checkouts/firebase-ios-sdk/FirebaseAppCheck/Sources/Core/FIRApp+AppCheck.m normal arm64 objective-c com.apple.compilers.llvm.clang.1_0.compiler (in target 'FirebaseAppCheck' from project 'Firebase')
cd /Users/admin/builder/spi-builder-workspace/.swiftpm/xcode
Using response file: /Users/admin/builder/spi-builder-workspace/.derivedData/Build/Intermediates.noindex/Firebase.build/Debug/FirebaseAppCheck-t.build/Objects-normal/arm64/e6072d4f65d7061329687fe24e3d63a7-common-args.resp
/Applications/Xcode-27.0.0-Release.Candidate.app/Contents/Developer/Toolchains/XcodeDefault.xctoolchain/usr/bin/clang -x objective-c -ivfsstatcache /Users/admin/builder/spi-builder-workspace/.derivedData/SDKStatCaches.noindex/macosx27.0-26A425-e829b21a6f8c9b70876ba0858053c0446a22442a12e9d48fe1a705f55a1adfc4.sdkstatcache -target arm64-apple-macos12.0 -fmessage-length\=0 -fdiagnostics-show-note-include-stack -fmacro-backtrace-limit\=0 -fno-color-diagnostics -fmodules-prune-interval\=86400 -fmodules-prune-after\=345600 -fbuild-session-file\=/Users/admin/builder/spi-builder-workspace/.derivedData/ModuleCache.noindex/Session.modulevalidation -fmodules-validate-once-per-build-session -Wnon-modular-include-in-framework-module -Werror\=non-modular-include-in-framework-module -Wno-trigraphs -Wno-missing-field-initializers -Wno-missing-prototypes -Wno-return-type -Wno-implicit-atomic-properties -Wno-objc-interface-ivars -Wno-arc-repeated-use-of-weak -Wno-missing-braces -Wparentheses -Wswitch -Wno-unused-function -Wno-unused-label -Wno-unused-parameter -Wno-unused-variable -Wunused-value -Wno-empty-body -Wno-uninitialized -Wno-unknown-pragmas -w -Wno-shadow -Wno-four-char-constants -Wno-conversion -Wno-constant-conversion -Wno-int-conversion -Wno-bool-conversion -Wno-enum-conversion -Wno-float-conversion -Wno-non-literal-null-conversion -Wno-objc-literal-conversion -Wshorten-64-to-32 -Wpointer-sign -Wno-newline-eof -Wno-selector -Wno-strict-selector-match -Wno-undeclared-selector -Wno-deprecated-implementations -Wno-implicit-fallthrough -isysroot /Applications/Xcode-27.0.0-Release.Candidate.app/Contents/Developer/Platforms/MacOSX.platform/Developer/SDKs/MacOSX27.0.sdk -fstrict-aliasing -Wprotocol -Wdeprecated-declarations -Wno-sign-conversion -Wno-infinite-recursion -Wno-comma -Wno-block-capture-autoreleasing -Wno-strict-prototypes -Wno-semicolon-before-method-body -index-store-path /Users/admin/builder/spi-builder-workspace/.derivedData/Index.noindex/DataStore @/Users/admin/builder/spi-builder-workspace/.derivedData/Build/Intermediates.noindex/Firebase.build/Debug/FirebaseAppCheck-t.build/Objects-normal/arm64/e6072d4f65d7061329687fe24e3d63a7-common-args.resp -MMD -MT dependencies -MF /Users/admin/builder/spi-builder-workspace/.derivedData/Build/Intermediates.noindex/Firebase.build/Debug/FirebaseAppCheck-t.build/Objects-normal/arm64/FIRApp+AppCheck.d --serialize-diagnostics /Users/admin/builder/spi-builder-workspace/.derivedData/Build/Intermediates.noindex/Firebase.build/Debug/FirebaseAppCheck-t.build/Objects-normal/arm64/FIRApp+AppCheck.dia -c /Users/admin/builder/spi-builder-workspace/.dependencies/checkouts/firebase-ios-sdk/FirebaseAppCheck/Sources/Core/FIRApp+AppCheck.m -o /Users/admin/builder/spi-builder-workspace/.derivedData/Build/Intermediates.noindex/Firebase.build/Debug/FirebaseAppCheck-t.build/Objects-normal/arm64/FIRApp+AppCheck.o -index-unit-output-path /Firebase.build/Debug/FirebaseAppCheck-t.build/Objects-normal/arm64/FIRApp+AppCheck.o
ExtractAppIntentsMetadata (in target 'AppCheckRecaptchaProvider' from project 'AppCheck')
cd /Users/admin/builder/spi-builder-workspace/.dependencies/checkouts/app-check
/Applications/Xcode-27.0.0-Release.Candidate.app/Contents/Developer/Toolchains/XcodeDefault.xctoolchain/usr/bin/appintentsmetadataprocessor --toolchain-dir /var/run/com.apple.security.cryptexd/mnt/com.apple.MobileAsset.MetalToolchain-v27.1.266.1.Ct3ltP/Metal.xctoolchain --module-name AppCheckRecaptchaProvider --sdk-root /Applications/Xcode-27.0.0-Release.Candidate.app/Contents/Developer/Platforms/MacOSX.platform/Developer/SDKs/MacOSX27.0.sdk --xcode-version 27A266a --platform-family macOS --deployment-target 12.0 --bundle-identifier app-check.AppCheckRecaptchaProvider --output /Users/admin/builder/spi-builder-workspace/.derivedData/Build/Products/Debug/AppCheckRecaptchaProvider.appintents --target-triple arm64-apple-macos12.0 --binary-file /Users/admin/builder/spi-builder-workspace/.derivedData/Build/Products/Debug/AppCheckRecaptchaProvider.o --dependency-file /Users/admin/builder/spi-builder-workspace/.derivedData/Build/Intermediates.noindex/AppCheck.build/Debug/AppCheckRecaptchaProvider-t.build/Objects-normal/arm64/AppCheckRecaptchaProvider_dependency_info.dat --stringsdata-file /Users/admin/builder/spi-builder-workspace/.derivedData/Build/Intermediates.noindex/AppCheck.build/Debug/AppCheckRecaptchaProvider-t.build/Objects-normal/arm64/ExtractedAppShortcutsMetadata.stringsdata --source-file-list /Users/admin/builder/spi-builder-workspace/.derivedData/Build/Intermediates.noindex/AppCheck.build/Debug/AppCheckRecaptchaProvider-t.build/Objects-normal/arm64/AppCheckRecaptchaProvider.SwiftFileList --metadata-file-list /Users/admin/builder/spi-builder-workspace/.derivedData/Build/Intermediates.noindex/AppCheck.build/Debug/AppCheckRecaptchaProvider-t.build/AppCheckRecaptchaProvider.DependencyMetadataFileList --static-metadata-file-list /Users/admin/builder/spi-builder-workspace/.derivedData/Build/Intermediates.noindex/AppCheck.build/Debug/AppCheckRecaptchaProvider-t.build/AppCheckRecaptchaProvider.DependencyStaticMetadataFileList --swift-const-vals-list /Users/admin/builder/spi-builder-workspace/.derivedData/Build/Intermediates.noindex/AppCheck.build/Debug/AppCheckRecaptchaProvider-t.build/Objects-normal/arm64/AppCheckRecaptchaProvider.SwiftConstValuesFileList --force --compile-time-extraction --deployment-aware-processing --no-app-shortcuts-localization
2026-09-20 20:34:38.994 appintentsmetadataprocessor[1870:9288] Starting appintentsmetadataprocessor export
2026-09-20 20:34:39.068 appintentsmetadataprocessor[1870:9288] Extracted no relevant App Intents symbols, skipping writing output
PrecompileModule /Users/admin/builder/spi-builder-workspace/.derivedData/Build/Intermediates.noindex/ExplicitPrecompiledModules/CoreServices-CG3Y275ODBWSQL7CK8KOIFA5T.scan
cd /
builtin-precompileModule /Users/admin/builder/spi-builder-workspace/.derivedData/Build/Intermediates.noindex/ExplicitPrecompiledModules/CoreServices-CG3Y275ODBWSQL7CK8KOIFA5T.scan
PrecompileModule /Users/admin/builder/spi-builder-workspace/.derivedData/Build/Intermediates.noindex/ExplicitPrecompiledModules/ImageIO-9XKH1JJ6ELOYVOZYRHVW6ENL3.scan
cd /
builtin-precompileModule /Users/admin/builder/spi-builder-workspace/.derivedData/Build/Intermediates.noindex/ExplicitPrecompiledModules/ImageIO-9XKH1JJ6ELOYVOZYRHVW6ENL3.scan
PrecompileModule /Users/admin/builder/spi-builder-workspace/.derivedData/Build/Intermediates.noindex/ExplicitPrecompiledModules/CoreText-7KHW51O5TEIIFUTIVKXYP981Q.scan
cd /
builtin-precompileModule /Users/admin/builder/spi-builder-workspace/.derivedData/Build/Intermediates.noindex/ExplicitPrecompiledModules/CoreText-7KHW51O5TEIIFUTIVKXYP981Q.scan
PrecompileModule /Users/admin/builder/spi-builder-workspace/.derivedData/Build/Intermediates.noindex/ExplicitPrecompiledModules/Foundation-A72EQTVNP9BCVX1ZI3E4BQV73.scan
cd /
builtin-precompileModule /Users/admin/builder/spi-builder-workspace/.derivedData/Build/Intermediates.noindex/ExplicitPrecompiledModules/Foundation-A72EQTVNP9BCVX1ZI3E4BQV73.scan
SwiftExplicitDependencyGeneratePcm arm64 /Users/admin/builder/spi-builder-workspace/.derivedData/Build/Intermediates.noindex/SwiftExplicitPrecompiledModules/FirebaseAppCheck-BQRCAWXZPCX7R0Z43TDXW8NBZ.pcm
SwiftExplicitDependencyGeneratePcm arm64 /Users/admin/builder/spi-builder-workspace/.derivedData/SDKExplicitPrecompiledModules/UniformTypeIdentifiers-6NDBDVQ68S18YF9RX0ITE5UKU.pcm
SwiftExplicitDependencyGeneratePcm arm64 /Users/admin/builder/spi-builder-workspace/.derivedData/SDKExplicitPrecompiledModules/zlib-E7TWWV63PAM5FR6QOMB5U7PDA.pcm
SwiftExplicitDependencyGeneratePcm arm64 /Users/admin/builder/spi-builder-workspace/.derivedData/SDKExplicitPrecompiledModules/LocalAuthentication-2XUT0NSQVVXF0PG9XL3V20KE7.pcm
SwiftExplicitDependencyGeneratePcm arm64 /Users/admin/builder/spi-builder-workspace/.derivedData/SDKExplicitPrecompiledModules/SystemConfiguration-CNF3BH7QZP3K2B9V9VARCOHPM.pcm
SwiftExplicitDependencyGeneratePcm arm64 /Users/admin/builder/spi-builder-workspace/.derivedData/SDKExplicitPrecompiledModules/dnssd-4I0SWWSLSLTPIN7ANLDDCRSNM.pcm
SwiftExplicitDependencyGeneratePcm arm64 /Users/admin/builder/spi-builder-workspace/.derivedData/SDKExplicitPrecompiledModules/Network-68Q3UFNF4HLEBF36CP848XXVB.pcm
PrecompileModule /Users/admin/builder/spi-builder-workspace/.derivedData/Build/Intermediates.noindex/ExplicitPrecompiledModules/_LocationEssentials-16IZUYGCTFQ0PYZSPCS86D6HR.scan
cd /
builtin-precompileModule /Users/admin/builder/spi-builder-workspace/.derivedData/Build/Intermediates.noindex/ExplicitPrecompiledModules/_LocationEssentials-16IZUYGCTFQ0PYZSPCS86D6HR.scan
PrecompileModule /Users/admin/builder/spi-builder-workspace/.derivedData/Build/Intermediates.noindex/ExplicitPrecompiledModules/ApplicationServices-2JVIJJNJU2YKML34IO7EUSFQP.scan
cd /
builtin-precompileModule /Users/admin/builder/spi-builder-workspace/.derivedData/Build/Intermediates.noindex/ExplicitPrecompiledModules/ApplicationServices-2JVIJJNJU2YKML34IO7EUSFQP.scan
PrecompileModule /Users/admin/builder/spi-builder-workspace/.derivedData/Build/Intermediates.noindex/ExplicitPrecompiledModules/Symbols-EJTU71WRCZTA7GV6GLPRB8AMC.scan
cd /
builtin-precompileModule /Users/admin/builder/spi-builder-workspace/.derivedData/Build/Intermediates.noindex/ExplicitPrecompiledModules/Symbols-EJTU71WRCZTA7GV6GLPRB8AMC.scan
PrecompileModule /Users/admin/builder/spi-builder-workspace/.derivedData/Build/Intermediates.noindex/ExplicitPrecompiledModules/IOSurface-7ENHU3OVAXLK46MMHHJ62MS6L.scan
cd /
builtin-precompileModule /Users/admin/builder/spi-builder-workspace/.derivedData/Build/Intermediates.noindex/ExplicitPrecompiledModules/IOSurface-7ENHU3OVAXLK46MMHHJ62MS6L.scan
CompileC /Users/admin/builder/spi-builder-workspace/.derivedData/Build/Intermediates.noindex/Firebase.build/Debug/FirebaseCore-t.build/Objects-normal/arm64/FIRAnalyticsConfiguration.o /Users/admin/builder/spi-builder-workspace/.dependencies/checkouts/firebase-ios-sdk/FirebaseCore/Sources/FIRAnalyticsConfiguration.m normal arm64 objective-c com.apple.compilers.llvm.clang.1_0.compiler (in target 'FirebaseCore' from project 'Firebase')
cd /Users/admin/builder/spi-builder-workspace/.swiftpm/xcode
Using response file: /Users/admin/builder/spi-builder-workspace/.derivedData/Build/Intermediates.noindex/Firebase.build/Debug/FirebaseCore-t.build/Objects-normal/arm64/e6072d4f65d7061329687fe24e3d63a7-common-args.resp
/Applications/Xcode-27.0.0-Release.Candidate.app/Contents/Developer/Toolchains/XcodeDefault.xctoolchain/usr/bin/clang -x objective-c -ivfsstatcache /Users/admin/builder/spi-builder-workspace/.derivedData/SDKStatCaches.noindex/macosx27.0-26A425-e829b21a6f8c9b70876ba0858053c0446a22442a12e9d48fe1a705f55a1adfc4.sdkstatcache -target arm64-apple-macos12.0 -fmessage-length\=0 -fdiagnostics-show-note-include-stack -fmacro-backtrace-limit\=0 -fno-color-diagnostics -fmodules-prune-interval\=86400 -fmodules-prune-after\=345600 -fbuild-session-file\=/Users/admin/builder/spi-builder-workspace/.derivedData/ModuleCache.noindex/Session.modulevalidation -fmodules-validate-once-per-build-session -Wnon-modular-include-in-framework-module -Werror\=non-modular-include-in-framework-module -Wno-trigraphs -Wno-missing-field-initializers -Wno-missing-prototypes -Wno-return-type -Wno-implicit-atomic-properties -Wno-objc-interface-ivars -Wno-arc-repeated-use-of-weak -Wno-missing-braces -Wparentheses -Wswitch -Wno-unused-function -Wno-unused-label -Wno-unused-parameter -Wno-unused-variable -Wunused-value -Wno-empty-body -Wno-uninitialized -Wno-unknown-pragmas -w -Wno-shadow -Wno-four-char-constants -Wno-conversion -Wno-constant-conversion -Wno-int-conversion -Wno-bool-conversion -Wno-enum-conversion -Wno-float-conversion -Wno-non-literal-null-conversion -Wno-objc-literal-conversion -Wshorten-64-to-32 -Wpointer-sign -Wno-newline-eof -Wno-selector -Wno-strict-selector-match -Wno-undeclared-selector -Wno-deprecated-implementations -Wno-implicit-fallthrough -isysroot /Applications/Xcode-27.0.0-Release.Candidate.app/Contents/Developer/Platforms/MacOSX.platform/Developer/SDKs/MacOSX27.0.sdk -fstrict-aliasing -Wprotocol -Wdeprecated-declarations -Wno-sign-conversion -Wno-infinite-recursion -Wno-comma -Wno-block-capture-autoreleasing -Wno-strict-prototypes -Wno-semicolon-before-method-body -index-store-path /Users/admin/builder/spi-builder-workspace/.derivedData/Index.noindex/DataStore @/Users/admin/builder/spi-builder-workspace/.derivedData/Build/Intermediates.noindex/Firebase.build/Debug/FirebaseCore-t.build/Objects-normal/arm64/e6072d4f65d7061329687fe24e3d63a7-common-args.resp -include /Users/admin/builder/spi-builder-workspace/.derivedData/Build/Intermediates.noindex/Firebase.build/Debug/FirebaseCore-t.build/DerivedSources/resource_bundle_accessor.h -MMD -MT dependencies -MF /Users/admin/builder/spi-builder-workspace/.derivedData/Build/Intermediates.noindex/Firebase.build/Debug/FirebaseCore-t.build/Objects-normal/arm64/FIRAnalyticsConfiguration.d --serialize-diagnostics /Users/admin/builder/spi-builder-workspace/.derivedData/Build/Intermediates.noindex/Firebase.build/Debug/FirebaseCore-t.build/Objects-normal/arm64/FIRAnalyticsConfiguration.dia -c /Users/admin/builder/spi-builder-workspace/.dependencies/checkouts/firebase-ios-sdk/FirebaseCore/Sources/FIRAnalyticsConfiguration.m -o /Users/admin/builder/spi-builder-workspace/.derivedData/Build/Intermediates.noindex/Firebase.build/Debug/FirebaseCore-t.build/Objects-normal/arm64/FIRAnalyticsConfiguration.o -index-unit-output-path /Firebase.build/Debug/FirebaseCore-t.build/Objects-normal/arm64/FIRAnalyticsConfiguration.o
CompileC /Users/admin/builder/spi-builder-workspace/.derivedData/Build/Intermediates.noindex/Firebase.build/Debug/FirebaseCore-t.build/Objects-normal/arm64/FIRComponentType.o /Users/admin/builder/spi-builder-workspace/.dependencies/checkouts/firebase-ios-sdk/FirebaseCore/Sources/FIRComponentType.m normal arm64 objective-c com.apple.compilers.llvm.clang.1_0.compiler (in target 'FirebaseCore' from project 'Firebase')
cd /Users/admin/builder/spi-builder-workspace/.swiftpm/xcode
Using response file: /Users/admin/builder/spi-builder-workspace/.derivedData/Build/Intermediates.noindex/Firebase.build/Debug/FirebaseCore-t.build/Objects-normal/arm64/e6072d4f65d7061329687fe24e3d63a7-common-args.resp
/Applications/Xcode-27.0.0-Release.Candidate.app/Contents/Developer/Toolchains/XcodeDefault.xctoolchain/usr/bin/clang -x objective-c -ivfsstatcache /Users/admin/builder/spi-builder-workspace/.derivedData/SDKStatCaches.noindex/macosx27.0-26A425-e829b21a6f8c9b70876ba0858053c0446a22442a12e9d48fe1a705f55a1adfc4.sdkstatcache -target arm64-apple-macos12.0 -fmessage-length\=0 -fdiagnostics-show-note-include-stack -fmacro-backtrace-limit\=0 -fno-color-diagnostics -fmodules-prune-interval\=86400 -fmodules-prune-after\=345600 -fbuild-session-file\=/Users/admin/builder/spi-builder-workspace/.derivedData/ModuleCache.noindex/Session.modulevalidation -fmodules-validate-once-per-build-session -Wnon-modular-include-in-framework-module -Werror\=non-modular-include-in-framework-module -Wno-trigraphs -Wno-missing-field-initializers -Wno-missing-prototypes -Wno-return-type -Wno-implicit-atomic-properties -Wno-objc-interface-ivars -Wno-arc-repeated-use-of-weak -Wno-missing-braces -Wparentheses -Wswitch -Wno-unused-function -Wno-unused-label -Wno-unused-parameter -Wno-unused-variable -Wunused-value -Wno-empty-body -Wno-uninitialized -Wno-unknown-pragmas -w -Wno-shadow -Wno-four-char-constants -Wno-conversion -Wno-constant-conversion -Wno-int-conversion -Wno-bool-conversion -Wno-enum-conversion -Wno-float-conversion -Wno-non-literal-null-conversion -Wno-objc-literal-conversion -Wshorten-64-to-32 -Wpointer-sign -Wno-newline-eof -Wno-selector -Wno-strict-selector-match -Wno-undeclared-selector -Wno-deprecated-implementations -Wno-implicit-fallthrough -isysroot /Applications/Xcode-27.0.0-Release.Candidate.app/Contents/Developer/Platforms/MacOSX.platform/Developer/SDKs/MacOSX27.0.sdk -fstrict-aliasing -Wprotocol -Wdeprecated-declarations -Wno-sign-conversion -Wno-infinite-recursion -Wno-comma -Wno-block-capture-autoreleasing -Wno-strict-prototypes -Wno-semicolon-before-method-body -index-store-path /Users/admin/builder/spi-builder-workspace/.derivedData/Index.noindex/DataStore @/Users/admin/builder/spi-builder-workspace/.derivedData/Build/Intermediates.noindex/Firebase.build/Debug/FirebaseCore-t.build/Objects-normal/arm64/e6072d4f65d7061329687fe24e3d63a7-common-args.resp -include /Users/admin/builder/spi-builder-workspace/.derivedData/Build/Intermediates.noindex/Firebase.build/Debug/FirebaseCore-t.build/DerivedSources/resource_bundle_accessor.h -MMD -MT dependencies -MF /Users/admin/builder/spi-builder-workspace/.derivedData/Build/Intermediates.noindex/Firebase.build/Debug/FirebaseCore-t.build/Objects-normal/arm64/FIRComponentType.d --serialize-diagnostics /Users/admin/builder/spi-builder-workspace/.derivedData/Build/Intermediates.noindex/Firebase.build/Debug/FirebaseCore-t.build/Objects-normal/arm64/FIRComponentType.dia -c /Users/admin/builder/spi-builder-workspace/.dependencies/checkouts/firebase-ios-sdk/FirebaseCore/Sources/FIRComponentType.m -o /Users/admin/builder/spi-builder-workspace/.derivedData/Build/Intermediates.noindex/Firebase.build/Debug/FirebaseCore-t.build/Objects-normal/arm64/FIRComponentType.o -index-unit-output-path /Firebase.build/Debug/FirebaseCore-t.build/Objects-normal/arm64/FIRComponentType.o
CompileC /Users/admin/builder/spi-builder-workspace/.derivedData/Build/Intermediates.noindex/Firebase.build/Debug/FirebaseCore-t.build/Objects-normal/arm64/FIRComponentContainer.o /Users/admin/builder/spi-builder-workspace/.dependencies/checkouts/firebase-ios-sdk/FirebaseCore/Sources/FIRComponentContainer.m normal arm64 objective-c com.apple.compilers.llvm.clang.1_0.compiler (in target 'FirebaseCore' from project 'Firebase')
cd /Users/admin/builder/spi-builder-workspace/.swiftpm/xcode
Using response file: /Users/admin/builder/spi-builder-workspace/.derivedData/Build/Intermediates.noindex/Firebase.build/Debug/FirebaseCore-t.build/Objects-normal/arm64/e6072d4f65d7061329687fe24e3d63a7-common-args.resp
/Applications/Xcode-27.0.0-Release.Candidate.app/Contents/Developer/Toolchains/XcodeDefault.xctoolchain/usr/bin/clang -x objective-c -ivfsstatcache /Users/admin/builder/spi-builder-workspace/.derivedData/SDKStatCaches.noindex/macosx27.0-26A425-e829b21a6f8c9b70876ba0858053c0446a22442a12e9d48fe1a705f55a1adfc4.sdkstatcache -target arm64-apple-macos12.0 -fmessage-length\=0 -fdiagnostics-show-note-include-stack -fmacro-backtrace-limit\=0 -fno-color-diagnostics -fmodules-prune-interval\=86400 -fmodules-prune-after\=345600 -fbuild-session-file\=/Users/admin/builder/spi-builder-workspace/.derivedData/ModuleCache.noindex/Session.modulevalidation -fmodules-validate-once-per-build-session -Wnon-modular-include-in-framework-module -Werror\=non-modular-include-in-framework-module -Wno-trigraphs -Wno-missing-field-initializers -Wno-missing-prototypes -Wno-return-type -Wno-implicit-atomic-properties -Wno-objc-interface-ivars -Wno-arc-repeated-use-of-weak -Wno-missing-braces -Wparentheses -Wswitch -Wno-unused-function -Wno-unused-label -Wno-unused-parameter -Wno-unused-variable -Wunused-value -Wno-empty-body -Wno-uninitialized -Wno-unknown-pragmas -w -Wno-shadow -Wno-four-char-constants -Wno-conversion -Wno-constant-conversion -Wno-int-conversion -Wno-bool-conversion -Wno-enum-conversion -Wno-float-conversion -Wno-non-literal-null-conversion -Wno-objc-literal-conversion -Wshorten-64-to-32 -Wpointer-sign -Wno-newline-eof -Wno-selector -Wno-strict-selector-match -Wno-undeclared-selector -Wno-deprecated-implementations -Wno-implicit-fallthrough -isysroot /Applications/Xcode-27.0.0-Release.Candidate.app/Contents/Developer/Platforms/MacOSX.platform/Developer/SDKs/MacOSX27.0.sdk -fstrict-aliasing -Wprotocol -Wdeprecated-declarations -Wno-sign-conversion -Wno-infinite-recursion -Wno-comma -Wno-block-capture-autoreleasing -Wno-strict-prototypes -Wno-semicolon-before-method-body -index-store-path /Users/admin/builder/spi-builder-workspace/.derivedData/Index.noindex/DataStore @/Users/admin/builder/spi-builder-workspace/.derivedData/Build/Intermediates.noindex/Firebase.build/Debug/FirebaseCore-t.build/Objects-normal/arm64/e6072d4f65d7061329687fe24e3d63a7-common-args.resp -include /Users/admin/builder/spi-builder-workspace/.derivedData/Build/Intermediates.noindex/Firebase.build/Debug/FirebaseCore-t.build/DerivedSources/resource_bundle_accessor.h -MMD -MT dependencies -MF /Users/admin/builder/spi-builder-workspace/.derivedData/Build/Intermediates.noindex/Firebase.build/Debug/FirebaseCore-t.build/Objects-normal/arm64/FIRComponentContainer.d --serialize-diagnostics /Users/admin/builder/spi-builder-workspace/.derivedData/Build/Intermediates.noindex/Firebase.build/Debug/FirebaseCore-t.build/Objects-normal/arm64/FIRComponentContainer.dia -c /Users/admin/builder/spi-builder-workspace/.dependencies/checkouts/firebase-ios-sdk/FirebaseCore/Sources/FIRComponentContainer.m -o /Users/admin/builder/spi-builder-workspace/.derivedData/Build/Intermediates.noindex/Firebase.build/Debug/FirebaseCore-t.build/Objects-normal/arm64/FIRComponentContainer.o -index-unit-output-path /Firebase.build/Debug/FirebaseCore-t.build/Objects-normal/arm64/FIRComponentContainer.o
CompileC /Users/admin/builder/spi-builder-workspace/.derivedData/Build/Intermediates.noindex/Firebase.build/Debug/FirebaseCore-t.build/Objects-normal/arm64/resource_bundle_accessor.o /Users/admin/builder/spi-builder-workspace/.derivedData/Build/Intermediates.noindex/Firebase.build/Debug/FirebaseCore-t.build/DerivedSources/resource_bundle_accessor.m normal arm64 objective-c com.apple.compilers.llvm.clang.1_0.compiler (in target 'FirebaseCore' from project 'Firebase')
cd /Users/admin/builder/spi-builder-workspace/.swiftpm/xcode
Using response file: /Users/admin/builder/spi-builder-workspace/.derivedData/Build/Intermediates.noindex/Firebase.build/Debug/FirebaseCore-t.build/Objects-normal/arm64/e6072d4f65d7061329687fe24e3d63a7-common-args.resp
/Applications/Xcode-27.0.0-Release.Candidate.app/Contents/Developer/Toolchains/XcodeDefault.xctoolchain/usr/bin/clang -x objective-c -ivfsstatcache /Users/admin/builder/spi-builder-workspace/.derivedData/SDKStatCaches.noindex/macosx27.0-26A425-e829b21a6f8c9b70876ba0858053c0446a22442a12e9d48fe1a705f55a1adfc4.sdkstatcache -target arm64-apple-macos12.0 -fmessage-length\=0 -fdiagnostics-show-note-include-stack -fmacro-backtrace-limit\=0 -fno-color-diagnostics -fmodules-prune-interval\=86400 -fmodules-prune-after\=345600 -fbuild-session-file\=/Users/admin/builder/spi-builder-workspace/.derivedData/ModuleCache.noindex/Session.modulevalidation -fmodules-validate-once-per-build-session -Wnon-modular-include-in-framework-module -Werror\=non-modular-include-in-framework-module -Wno-trigraphs -Wno-missing-field-initializers -Wno-missing-prototypes -Wno-return-type -Wno-implicit-atomic-properties -Wno-objc-interface-ivars -Wno-arc-repeated-use-of-weak -Wno-missing-braces -Wparentheses -Wswitch -Wno-unused-function -Wno-unused-label -Wno-unused-parameter -Wno-unused-variable -Wunused-value -Wno-empty-body -Wno-uninitialized -Wno-unknown-pragmas -w -Wno-shadow -Wno-four-char-constants -Wno-conversion -Wno-constant-conversion -Wno-int-conversion -Wno-bool-conversion -Wno-enum-conversion -Wno-float-conversion -Wno-non-literal-null-conversion -Wno-objc-literal-conversion -Wshorten-64-to-32 -Wpointer-sign -Wno-newline-eof -Wno-selector -Wno-strict-selector-match -Wno-undeclared-selector -Wno-deprecated-implementations -Wno-implicit-fallthrough -isysroot /Applications/Xcode-27.0.0-Release.Candidate.app/Contents/Developer/Platforms/MacOSX.platform/Developer/SDKs/MacOSX27.0.sdk -fstrict-aliasing -Wprotocol -Wdeprecated-declarations -Wno-sign-conversion -Wno-infinite-recursion -Wno-comma -Wno-block-capture-autoreleasing -Wno-strict-prototypes -Wno-semicolon-before-method-body -index-store-path /Users/admin/builder/spi-builder-workspace/.derivedData/Index.noindex/DataStore @/Users/admin/builder/spi-builder-workspace/.derivedData/Build/Intermediates.noindex/Firebase.build/Debug/FirebaseCore-t.build/Objects-normal/arm64/e6072d4f65d7061329687fe24e3d63a7-common-args.resp -include /Users/admin/builder/spi-builder-workspace/.derivedData/Build/Intermediates.noindex/Firebase.build/Debug/FirebaseCore-t.build/DerivedSources/resource_bundle_accessor.h -MMD -MT dependencies -MF /Users/admin/builder/spi-builder-workspace/.derivedData/Build/Intermediates.noindex/Firebase.build/Debug/FirebaseCore-t.build/Objects-normal/arm64/resource_bundle_accessor.d --serialize-diagnostics /Users/admin/builder/spi-builder-workspace/.derivedData/Build/Intermediates.noindex/Firebase.build/Debug/FirebaseCore-t.build/Objects-normal/arm64/resource_bundle_accessor.dia -c /Users/admin/builder/spi-builder-workspace/.derivedData/Build/Intermediates.noindex/Firebase.build/Debug/FirebaseCore-t.build/DerivedSources/resource_bundle_accessor.m -o /Users/admin/builder/spi-builder-workspace/.derivedData/Build/Intermediates.noindex/Firebase.build/Debug/FirebaseCore-t.build/Objects-normal/arm64/resource_bundle_accessor.o -index-unit-output-path /Firebase.build/Debug/FirebaseCore-t.build/Objects-normal/arm64/resource_bundle_accessor.o
CompileC /Users/admin/builder/spi-builder-workspace/.derivedData/Build/Intermediates.noindex/Firebase.build/Debug/FirebaseCore-t.build/Objects-normal/arm64/FIRVersion.o /Users/admin/builder/spi-builder-workspace/.dependencies/checkouts/firebase-ios-sdk/FirebaseCore/Sources/FIRVersion.m normal arm64 objective-c com.apple.compilers.llvm.clang.1_0.compiler (in target 'FirebaseCore' from project 'Firebase')
cd /Users/admin/builder/spi-builder-workspace/.swiftpm/xcode
Using response file: /Users/admin/builder/spi-builder-workspace/.derivedData/Build/Intermediates.noindex/Firebase.build/Debug/FirebaseCore-t.build/Objects-normal/arm64/e6072d4f65d7061329687fe24e3d63a7-common-args.resp
/Applications/Xcode-27.0.0-Release.Candidate.app/Contents/Developer/Toolchains/XcodeDefault.xctoolchain/usr/bin/clang -x objective-c -ivfsstatcache /Users/admin/builder/spi-builder-workspace/.derivedData/SDKStatCaches.noindex/macosx27.0-26A425-e829b21a6f8c9b70876ba0858053c0446a22442a12e9d48fe1a705f55a1adfc4.sdkstatcache -target arm64-apple-macos12.0 -fmessage-length\=0 -fdiagnostics-show-note-include-stack -fmacro-backtrace-limit\=0 -fno-color-diagnostics -fmodules-prune-interval\=86400 -fmodules-prune-after\=345600 -fbuild-session-file\=/Users/admin/builder/spi-builder-workspace/.derivedData/ModuleCache.noindex/Session.modulevalidation -fmodules-validate-once-per-build-session -Wnon-modular-include-in-framework-module -Werror\=non-modular-include-in-framework-module -Wno-trigraphs -Wno-missing-field-initializers -Wno-missing-prototypes -Wno-return-type -Wno-implicit-atomic-properties -Wno-objc-interface-ivars -Wno-arc-repeated-use-of-weak -Wno-missing-braces -Wparentheses -Wswitch -Wno-unused-function -Wno-unused-label -Wno-unused-parameter -Wno-unused-variable -Wunused-value -Wno-empty-body -Wno-uninitialized -Wno-unknown-pragmas -w -Wno-shadow -Wno-four-char-constants -Wno-conversion -Wno-constant-conversion -Wno-int-conversion -Wno-bool-conversion -Wno-enum-conversion -Wno-float-conversion -Wno-non-literal-null-conversion -Wno-objc-literal-conversion -Wshorten-64-to-32 -Wpointer-sign -Wno-newline-eof -Wno-selector -Wno-strict-selector-match -Wno-undeclared-selector -Wno-deprecated-implementations -Wno-implicit-fallthrough -isysroot /Applications/Xcode-27.0.0-Release.Candidate.app/Contents/Developer/Platforms/MacOSX.platform/Developer/SDKs/MacOSX27.0.sdk -fstrict-aliasing -Wprotocol -Wdeprecated-declarations -Wno-sign-conversion -Wno-infinite-recursion -Wno-comma -Wno-block-capture-autoreleasing -Wno-strict-prototypes -Wno-semicolon-before-method-body -index-store-path /Users/admin/builder/spi-builder-workspace/.derivedData/Index.noindex/DataStore @/Users/admin/builder/spi-builder-workspace/.derivedData/Build/Intermediates.noindex/Firebase.build/Debug/FirebaseCore-t.build/Objects-normal/arm64/e6072d4f65d7061329687fe24e3d63a7-common-args.resp -include /Users/admin/builder/spi-builder-workspace/.derivedData/Build/Intermediates.noindex/Firebase.build/Debug/FirebaseCore-t.build/DerivedSources/resource_bundle_accessor.h -MMD -MT dependencies -MF /Users/admin/builder/spi-builder-workspace/.derivedData/Build/Intermediates.noindex/Firebase.build/Debug/FirebaseCore-t.build/Objects-normal/arm64/FIRVersion.d --serialize-diagnostics /Users/admin/builder/spi-builder-workspace/.derivedData/Build/Intermediates.noindex/Firebase.build/Debug/FirebaseCore-t.build/Objects-normal/arm64/FIRVersion.dia -c /Users/admin/builder/spi-builder-workspace/.dependencies/checkouts/firebase-ios-sdk/FirebaseCore/Sources/FIRVersion.m -o /Users/admin/builder/spi-builder-workspace/.derivedData/Build/Intermediates.noindex/Firebase.build/Debug/FirebaseCore-t.build/Objects-normal/arm64/FIRVersion.o -index-unit-output-path /Firebase.build/Debug/FirebaseCore-t.build/Objects-normal/arm64/FIRVersion.o
CompileC /Users/admin/builder/spi-builder-workspace/.derivedData/Build/Intermediates.noindex/Firebase.build/Debug/FirebaseCore-t.build/Objects-normal/arm64/FIRTimestamp.o /Users/admin/builder/spi-builder-workspace/.dependencies/checkouts/firebase-ios-sdk/FirebaseCore/Sources/FIRTimestamp.m normal arm64 objective-c com.apple.compilers.llvm.clang.1_0.compiler (in target 'FirebaseCore' from project 'Firebase')
cd /Users/admin/builder/spi-builder-workspace/.swiftpm/xcode
Using response file: /Users/admin/builder/spi-builder-workspace/.derivedData/Build/Intermediates.noindex/Firebase.build/Debug/FirebaseCore-t.build/Objects-normal/arm64/e6072d4f65d7061329687fe24e3d63a7-common-args.resp
/Applications/Xcode-27.0.0-Release.Candidate.app/Contents/Developer/Toolchains/XcodeDefault.xctoolchain/usr/bin/clang -x objective-c -ivfsstatcache /Users/admin/builder/spi-builder-workspace/.derivedData/SDKStatCaches.noindex/macosx27.0-26A425-e829b21a6f8c9b70876ba0858053c0446a22442a12e9d48fe1a705f55a1adfc4.sdkstatcache -target arm64-apple-macos12.0 -fmessage-length\=0 -fdiagnostics-show-note-include-stack -fmacro-backtrace-limit\=0 -fno-color-diagnostics -fmodules-prune-interval\=86400 -fmodules-prune-after\=345600 -fbuild-session-file\=/Users/admin/builder/spi-builder-workspace/.derivedData/ModuleCache.noindex/Session.modulevalidation -fmodules-validate-once-per-build-session -Wnon-modular-include-in-framework-module -Werror\=non-modular-include-in-framework-module -Wno-trigraphs -Wno-missing-field-initializers -Wno-missing-prototypes -Wno-return-type -Wno-implicit-atomic-properties -Wno-objc-interface-ivars -Wno-arc-repeated-use-of-weak -Wno-missing-braces -Wparentheses -Wswitch -Wno-unused-function -Wno-unused-label -Wno-unused-parameter -Wno-unused-variable -Wunused-value -Wno-empty-body -Wno-uninitialized -Wno-unknown-pragmas -w -Wno-shadow -Wno-four-char-constants -Wno-conversion -Wno-constant-conversion -Wno-int-conversion -Wno-bool-conversion -Wno-enum-conversion -Wno-float-conversion -Wno-non-literal-null-conversion -Wno-objc-literal-conversion -Wshorten-64-to-32 -Wpointer-sign -Wno-newline-eof -Wno-selector -Wno-strict-selector-match -Wno-undeclared-selector -Wno-deprecated-implementations -Wno-implicit-fallthrough -isysroot /Applications/Xcode-27.0.0-Release.Candidate.app/Contents/Developer/Platforms/MacOSX.platform/Developer/SDKs/MacOSX27.0.sdk -fstrict-aliasing -Wprotocol -Wdeprecated-declarations -Wno-sign-conversion -Wno-infinite-recursion -Wno-comma -Wno-block-capture-autoreleasing -Wno-strict-prototypes -Wno-semicolon-before-method-body -index-store-path /Users/admin/builder/spi-builder-workspace/.derivedData/Index.noindex/DataStore @/Users/admin/builder/spi-builder-workspace/.derivedData/Build/Intermediates.noindex/Firebase.build/Debug/FirebaseCore-t.build/Objects-normal/arm64/e6072d4f65d7061329687fe24e3d63a7-common-args.resp -include /Users/admin/builder/spi-builder-workspace/.derivedData/Build/Intermediates.noindex/Firebase.build/Debug/FirebaseCore-t.build/DerivedSources/resource_bundle_accessor.h -MMD -MT dependencies -MF /Users/admin/builder/spi-builder-workspace/.derivedData/Build/Intermediates.noindex/Firebase.build/Debug/FirebaseCore-t.build/Objects-normal/arm64/FIRTimestamp.d --serialize-diagnostics /Users/admin/builder/spi-builder-workspace/.derivedData/Build/Intermediates.noindex/Firebase.build/Debug/FirebaseCore-t.build/Objects-normal/arm64/FIRTimestamp.dia -c /Users/admin/builder/spi-builder-workspace/.dependencies/checkouts/firebase-ios-sdk/FirebaseCore/Sources/FIRTimestamp.m -o /Users/admin/builder/spi-builder-workspace/.derivedData/Build/Intermediates.noindex/Firebase.build/Debug/FirebaseCore-t.build/Objects-normal/arm64/FIRTimestamp.o -index-unit-output-path /Firebase.build/Debug/FirebaseCore-t.build/Objects-normal/arm64/FIRTimestamp.o
CompileC /Users/admin/builder/spi-builder-workspace/.derivedData/Build/Intermediates.noindex/Firebase.build/Debug/FirebaseCore-t.build/Objects-normal/arm64/FIROptions.o /Users/admin/builder/spi-builder-workspace/.dependencies/checkouts/firebase-ios-sdk/FirebaseCore/Sources/FIROptions.m normal arm64 objective-c com.apple.compilers.llvm.clang.1_0.compiler (in target 'FirebaseCore' from project 'Firebase')
cd /Users/admin/builder/spi-builder-workspace/.swiftpm/xcode
Using response file: /Users/admin/builder/spi-builder-workspace/.derivedData/Build/Intermediates.noindex/Firebase.build/Debug/FirebaseCore-t.build/Objects-normal/arm64/e6072d4f65d7061329687fe24e3d63a7-common-args.resp
/Applications/Xcode-27.0.0-Release.Candidate.app/Contents/Developer/Toolchains/XcodeDefault.xctoolchain/usr/bin/clang -x objective-c -ivfsstatcache /Users/admin/builder/spi-builder-workspace/.derivedData/SDKStatCaches.noindex/macosx27.0-26A425-e829b21a6f8c9b70876ba0858053c0446a22442a12e9d48fe1a705f55a1adfc4.sdkstatcache -target arm64-apple-macos12.0 -fmessage-length\=0 -fdiagnostics-show-note-include-stack -fmacro-backtrace-limit\=0 -fno-color-diagnostics -fmodules-prune-interval\=86400 -fmodules-prune-after\=345600 -fbuild-session-file\=/Users/admin/builder/spi-builder-workspace/.derivedData/ModuleCache.noindex/Session.modulevalidation -fmodules-validate-once-per-build-session -Wnon-modular-include-in-framework-module -Werror\=non-modular-include-in-framework-module -Wno-trigraphs -Wno-missing-field-initializers -Wno-missing-prototypes -Wno-return-type -Wno-implicit-atomic-properties -Wno-objc-interface-ivars -Wno-arc-repeated-use-of-weak -Wno-missing-braces -Wparentheses -Wswitch -Wno-unused-function -Wno-unused-label -Wno-unused-parameter -Wno-unused-variable -Wunused-value -Wno-empty-body -Wno-uninitialized -Wno-unknown-pragmas -w -Wno-shadow -Wno-four-char-constants -Wno-conversion -Wno-constant-conversion -Wno-int-conversion -Wno-bool-conversion -Wno-enum-conversion -Wno-float-conversion -Wno-non-literal-null-conversion -Wno-objc-literal-conversion -Wshorten-64-to-32 -Wpointer-sign -Wno-newline-eof -Wno-selector -Wno-strict-selector-match -Wno-undeclared-selector -Wno-deprecated-implementations -Wno-implicit-fallthrough -isysroot /Applications/Xcode-27.0.0-Release.Candidate.app/Contents/Developer/Platforms/MacOSX.platform/Developer/SDKs/MacOSX27.0.sdk -fstrict-aliasing -Wprotocol -Wdeprecated-declarations -Wno-sign-conversion -Wno-infinite-recursion -Wno-comma -Wno-block-capture-autoreleasing -Wno-strict-prototypes -Wno-semicolon-before-method-body -index-store-path /Users/admin/builder/spi-builder-workspace/.derivedData/Index.noindex/DataStore @/Users/admin/builder/spi-builder-workspace/.derivedData/Build/Intermediates.noindex/Firebase.build/Debug/FirebaseCore-t.build/Objects-normal/arm64/e6072d4f65d7061329687fe24e3d63a7-common-args.resp -include /Users/admin/builder/spi-builder-workspace/.derivedData/Build/Intermediates.noindex/Firebase.build/Debug/FirebaseCore-t.build/DerivedSources/resource_bundle_accessor.h -MMD -MT dependencies -MF /Users/admin/builder/spi-builder-workspace/.derivedData/Build/Intermediates.noindex/Firebase.build/Debug/FirebaseCore-t.build/Objects-normal/arm64/FIROptions.d --serialize-diagnostics /Users/admin/builder/spi-builder-workspace/.derivedData/Build/Intermediates.noindex/Firebase.build/Debug/FirebaseCore-t.build/Objects-normal/arm64/FIROptions.dia -c /Users/admin/builder/spi-builder-workspace/.dependencies/checkouts/firebase-ios-sdk/FirebaseCore/Sources/FIROptions.m -o /Users/admin/builder/spi-builder-workspace/.derivedData/Build/Intermediates.noindex/Firebase.build/Debug/FirebaseCore-t.build/Objects-normal/arm64/FIROptions.o -index-unit-output-path /Firebase.build/Debug/FirebaseCore-t.build/Objects-normal/arm64/FIROptions.o
CompileC /Users/admin/builder/spi-builder-workspace/.derivedData/Build/Intermediates.noindex/Firebase.build/Debug/FirebaseCore-t.build/Objects-normal/arm64/FIRConfiguration.o /Users/admin/builder/spi-builder-workspace/.dependencies/checkouts/firebase-ios-sdk/FirebaseCore/Sources/FIRConfiguration.m normal arm64 objective-c com.apple.compilers.llvm.clang.1_0.compiler (in target 'FirebaseCore' from project 'Firebase')
cd /Users/admin/builder/spi-builder-workspace/.swiftpm/xcode
Using response file: /Users/admin/builder/spi-builder-workspace/.derivedData/Build/Intermediates.noindex/Firebase.build/Debug/FirebaseCore-t.build/Objects-normal/arm64/e6072d4f65d7061329687fe24e3d63a7-common-args.resp
/Applications/Xcode-27.0.0-Release.Candidate.app/Contents/Developer/Toolchains/XcodeDefault.xctoolchain/usr/bin/clang -x objective-c -ivfsstatcache /Users/admin/builder/spi-builder-workspace/.derivedData/SDKStatCaches.noindex/macosx27.0-26A425-e829b21a6f8c9b70876ba0858053c0446a22442a12e9d48fe1a705f55a1adfc4.sdkstatcache -target arm64-apple-macos12.0 -fmessage-length\=0 -fdiagnostics-show-note-include-stack -fmacro-backtrace-limit\=0 -fno-color-diagnostics -fmodules-prune-interval\=86400 -fmodules-prune-after\=345600 -fbuild-session-file\=/Users/admin/builder/spi-builder-workspace/.derivedData/ModuleCache.noindex/Session.modulevalidation -fmodules-validate-once-per-build-session -Wnon-modular-include-in-framework-module -Werror\=non-modular-include-in-framework-module -Wno-trigraphs -Wno-missing-field-initializers -Wno-missing-prototypes -Wno-return-type -Wno-implicit-atomic-properties -Wno-objc-interface-ivars -Wno-arc-repeated-use-of-weak -Wno-missing-braces -Wparentheses -Wswitch -Wno-unused-function -Wno-unused-label -Wno-unused-parameter -Wno-unused-variable -Wunused-value -Wno-empty-body -Wno-uninitialized -Wno-unknown-pragmas -w -Wno-shadow -Wno-four-char-constants -Wno-conversion -Wno-constant-conversion -Wno-int-conversion -Wno-bool-conversion -Wno-enum-conversion -Wno-float-conversion -Wno-non-literal-null-conversion -Wno-objc-literal-conversion -Wshorten-64-to-32 -Wpointer-sign -Wno-newline-eof -Wno-selector -Wno-strict-selector-match -Wno-undeclared-selector -Wno-deprecated-implementations -Wno-implicit-fallthrough -isysroot /Applications/Xcode-27.0.0-Release.Candidate.app/Contents/Developer/Platforms/MacOSX.platform/Developer/SDKs/MacOSX27.0.sdk -fstrict-aliasing -Wprotocol -Wdeprecated-declarations -Wno-sign-conversion -Wno-infinite-recursion -Wno-comma -Wno-block-capture-autoreleasing -Wno-strict-prototypes -Wno-semicolon-before-method-body -index-store-path /Users/admin/builder/spi-builder-workspace/.derivedData/Index.noindex/DataStore @/Users/admin/builder/spi-builder-workspace/.derivedData/Build/Intermediates.noindex/Firebase.build/Debug/FirebaseCore-t.build/Objects-normal/arm64/e6072d4f65d7061329687fe24e3d63a7-common-args.resp -include /Users/admin/builder/spi-builder-workspace/.derivedData/Build/Intermediates.noindex/Firebase.build/Debug/FirebaseCore-t.build/DerivedSources/resource_bundle_accessor.h -MMD -MT dependencies -MF /Users/admin/builder/spi-builder-workspace/.derivedData/Build/Intermediates.noindex/Firebase.build/Debug/FirebaseCore-t.build/Objects-normal/arm64/FIRConfiguration.d --serialize-diagnostics /Users/admin/builder/spi-builder-workspace/.derivedData/Build/Intermediates.noindex/Firebase.build/Debug/FirebaseCore-t.build/Objects-normal/arm64/FIRConfiguration.dia -c /Users/admin/builder/spi-builder-workspace/.dependencies/checkouts/firebase-ios-sdk/FirebaseCore/Sources/FIRConfiguration.m -o /Users/admin/builder/spi-builder-workspace/.derivedData/Build/Intermediates.noindex/Firebase.build/Debug/FirebaseCore-t.build/Objects-normal/arm64/FIRConfiguration.o -index-unit-output-path /Firebase.build/Debug/FirebaseCore-t.build/Objects-normal/arm64/FIRConfiguration.o
CompileC /Users/admin/builder/spi-builder-workspace/.derivedData/Build/Intermediates.noindex/Firebase.build/Debug/FirebaseCore-t.build/Objects-normal/arm64/FIRComponent.o /Users/admin/builder/spi-builder-workspace/.dependencies/checkouts/firebase-ios-sdk/FirebaseCore/Sources/FIRComponent.m normal arm64 objective-c com.apple.compilers.llvm.clang.1_0.compiler (in target 'FirebaseCore' from project 'Firebase')
cd /Users/admin/builder/spi-builder-workspace/.swiftpm/xcode
Using response file: /Users/admin/builder/spi-builder-workspace/.derivedData/Build/Intermediates.noindex/Firebase.build/Debug/FirebaseCore-t.build/Objects-normal/arm64/e6072d4f65d7061329687fe24e3d63a7-common-args.resp
/Applications/Xcode-27.0.0-Release.Candidate.app/Contents/Developer/Toolchains/XcodeDefault.xctoolchain/usr/bin/clang -x objective-c -ivfsstatcache /Users/admin/builder/spi-builder-workspace/.derivedData/SDKStatCaches.noindex/macosx27.0-26A425-e829b21a6f8c9b70876ba0858053c0446a22442a12e9d48fe1a705f55a1adfc4.sdkstatcache -target arm64-apple-macos12.0 -fmessage-length\=0 -fdiagnostics-show-note-include-stack -fmacro-backtrace-limit\=0 -fno-color-diagnostics -fmodules-prune-interval\=86400 -fmodules-prune-after\=345600 -fbuild-session-file\=/Users/admin/builder/spi-builder-workspace/.derivedData/ModuleCache.noindex/Session.modulevalidation -fmodules-validate-once-per-build-session -Wnon-modular-include-in-framework-module -Werror\=non-modular-include-in-framework-module -Wno-trigraphs -Wno-missing-field-initializers -Wno-missing-prototypes -Wno-return-type -Wno-implicit-atomic-properties -Wno-objc-interface-ivars -Wno-arc-repeated-use-of-weak -Wno-missing-braces -Wparentheses -Wswitch -Wno-unused-function -Wno-unused-label -Wno-unused-parameter -Wno-unused-variable -Wunused-value -Wno-empty-body -Wno-uninitialized -Wno-unknown-pragmas -w -Wno-shadow -Wno-four-char-constants -Wno-conversion -Wno-constant-conversion -Wno-int-conversion -Wno-bool-conversion -Wno-enum-conversion -Wno-float-conversion -Wno-non-literal-null-conversion -Wno-objc-literal-conversion -Wshorten-64-to-32 -Wpointer-sign -Wno-newline-eof -Wno-selector -Wno-strict-selector-match -Wno-undeclared-selector -Wno-deprecated-implementations -Wno-implicit-fallthrough -isysroot /Applications/Xcode-27.0.0-Release.Candidate.app/Contents/Developer/Platforms/MacOSX.platform/Developer/SDKs/MacOSX27.0.sdk -fstrict-aliasing -Wprotocol -Wdeprecated-declarations -Wno-sign-conversion -Wno-infinite-recursion -Wno-comma -Wno-block-capture-autoreleasing -Wno-strict-prototypes -Wno-semicolon-before-method-body -index-store-path /Users/admin/builder/spi-builder-workspace/.derivedData/Index.noindex/DataStore @/Users/admin/builder/spi-builder-workspace/.derivedData/Build/Intermediates.noindex/Firebase.build/Debug/FirebaseCore-t.build/Objects-normal/arm64/e6072d4f65d7061329687fe24e3d63a7-common-args.resp -include /Users/admin/builder/spi-builder-workspace/.derivedData/Build/Intermediates.noindex/Firebase.build/Debug/FirebaseCore-t.build/DerivedSources/resource_bundle_accessor.h -MMD -MT dependencies -MF /Users/admin/builder/spi-builder-workspace/.derivedData/Build/Intermediates.noindex/Firebase.build/Debug/FirebaseCore-t.build/Objects-normal/arm64/FIRComponent.d --serialize-diagnostics /Users/admin/builder/spi-builder-workspace/.derivedData/Build/Intermediates.noindex/Firebase.build/Debug/FirebaseCore-t.build/Objects-normal/arm64/FIRComponent.dia -c /Users/admin/builder/spi-builder-workspace/.dependencies/checkouts/firebase-ios-sdk/FirebaseCore/Sources/FIRComponent.m -o /Users/admin/builder/spi-builder-workspace/.derivedData/Build/Intermediates.noindex/Firebase.build/Debug/FirebaseCore-t.build/Objects-normal/arm64/FIRComponent.o -index-unit-output-path /Firebase.build/Debug/FirebaseCore-t.build/Objects-normal/arm64/FIRComponent.o
PrecompileModule /Users/admin/builder/spi-builder-workspace/.derivedData/Build/Intermediates.noindex/ExplicitPrecompiledModules/GoogleUtilities_Environment-1YJ8MFYRLZDBZEKAKOUJIG8JE.scan
cd /
builtin-precompileModule /Users/admin/builder/spi-builder-workspace/.derivedData/Build/Intermediates.noindex/ExplicitPrecompiledModules/GoogleUtilities_Environment-1YJ8MFYRLZDBZEKAKOUJIG8JE.scan
PrecompileModule /Users/admin/builder/spi-builder-workspace/.derivedData/Build/Intermediates.noindex/ExplicitPrecompiledModules/FirebaseCoreInternal-6XB805EC9NUHZ922WG4NVL4AJ.scan
cd /
builtin-precompileModule /Users/admin/builder/spi-builder-workspace/.derivedData/Build/Intermediates.noindex/ExplicitPrecompiledModules/FirebaseCoreInternal-6XB805EC9NUHZ922WG4NVL4AJ.scan
PrecompileModule /Users/admin/builder/spi-builder-workspace/.derivedData/Build/Intermediates.noindex/ExplicitPrecompiledModules/CoreLocation-2KJKXL0QUGEYCINGY8Q965OTI.scan
cd /
builtin-precompileModule /Users/admin/builder/spi-builder-workspace/.derivedData/Build/Intermediates.noindex/ExplicitPrecompiledModules/CoreLocation-2KJKXL0QUGEYCINGY8Q965OTI.scan
PrecompileModule /Users/admin/builder/spi-builder-workspace/.derivedData/Build/Intermediates.noindex/ExplicitPrecompiledModules/Metal-8PTS3YIGSPVLCAJHRRH6KT9HQ.scan
cd /
builtin-precompileModule /Users/admin/builder/spi-builder-workspace/.derivedData/Build/Intermediates.noindex/ExplicitPrecompiledModules/Metal-8PTS3YIGSPVLCAJHRRH6KT9HQ.scan
PrecompileModule /Users/admin/builder/spi-builder-workspace/.derivedData/Build/Intermediates.noindex/ExplicitPrecompiledModules/GoogleUtilities_Logger-6KSOJXMA4BZQRGJNIHE7PMC09.scan
cd /
builtin-precompileModule /Users/admin/builder/spi-builder-workspace/.derivedData/Build/Intermediates.noindex/ExplicitPrecompiledModules/GoogleUtilities_Logger-6KSOJXMA4BZQRGJNIHE7PMC09.scan
SwiftEmitModule normal arm64 Emitting\ module\ for\ APSignedAPIClient (in target 'APSignedAPIClient' from project 'APSignedAPIClient')
/Users/admin/builder/spi-builder-workspace/Sources/CoreAPIClient.swift:108:40: error: 'OSAllocatedUnfairLock' is only available in macOS 13.0 or newer
98 | // MARK: - Configuration
99 |
100 | public struct Configuration {
| `- note: add '@available' attribute to enclosing struct
101 | nonisolated(unsafe) public static var baseURLString = ""
102 | nonisolated(unsafe) public static var appName = ""
:
106 | nonisolated(unsafe) public static var userAgent = ""
107 |
108 | private static let tokenLock = OSAllocatedUnfairLock(initialState: (account: String?.none, user: String?.none, device: String?.none))
| | `- error: 'OSAllocatedUnfairLock' is only available in macOS 13.0 or newer
| `- note: add '@available' attribute to enclosing static property
109 |
110 | public static var accountAuthToken: String? {
/Users/admin/builder/spi-builder-workspace/Sources/CoreAPIClient.swift:108:40: error: 'init(initialState:)' is only available in macOS 13.0 or newer
98 | // MARK: - Configuration
99 |
100 | public struct Configuration {
| `- note: add '@available' attribute to enclosing struct
101 | nonisolated(unsafe) public static var baseURLString = ""
102 | nonisolated(unsafe) public static var appName = ""
:
106 | nonisolated(unsafe) public static var userAgent = ""
107 |
108 | private static let tokenLock = OSAllocatedUnfairLock(initialState: (account: String?.none, user: String?.none, device: String?.none))
| | `- error: 'init(initialState:)' is only available in macOS 13.0 or newer
| `- note: add '@available' attribute to enclosing static property
109 |
110 | public static var accountAuthToken: String? {
/Users/admin/builder/spi-builder-workspace/Sources/CoreAPIInterceptor.swift:13:44: error: 'OSAllocatedUnfairLock' is only available in macOS 13.0 or newer
5 | @preconcurrency import FirebaseAppCheck
6 |
7 | final class CoreAPIInterceptor: RequestInterceptor, Sendable {
| `- note: add '@available' attribute to enclosing class
8 |
9 | // MARK: - Properties
:
11 | private let maxRetryCount: UInt = 5
12 |
13 | private let isReloadingCancelledLock = OSAllocatedUnfairLock(initialState: false)
| `- error: 'OSAllocatedUnfairLock' is only available in macOS 13.0 or newer
14 |
15 | var isReloadingCancelled: Bool {
/Users/admin/builder/spi-builder-workspace/Sources/CoreAPIInterceptor.swift:13:44: error: 'init(initialState:)' is only available in macOS 13.0 or newer
5 | @preconcurrency import FirebaseAppCheck
6 |
7 | final class CoreAPIInterceptor: RequestInterceptor, Sendable {
| `- note: add '@available' attribute to enclosing class
8 |
9 | // MARK: - Properties
:
11 | private let maxRetryCount: UInt = 5
12 |
13 | private let isReloadingCancelledLock = OSAllocatedUnfairLock(initialState: false)
| `- error: 'init(initialState:)' is only available in macOS 13.0 or newer
14 |
15 | var isReloadingCancelled: Bool {
Failed frontend command:
SwiftCompile normal arm64 (in target 'APSignedAPIClient' from project 'APSignedAPIClient')
cd /Users/admin/builder/spi-builder-workspace/.swiftpm/xcode
/Applications/Xcode-27.0.0-Release.Candidate.app/Contents/Developer/Toolchains/XcodeDefault.xctoolchain/usr/bin/swift-frontend -frontend -emit-module -experimental-skip-non-inlinable-function-bodies-without-types /Users/admin/builder/spi-builder-workspace/.derivedData/Build/Intermediates.noindex/APSignedAPIClient.build/Debug/APSignedAPIClient-t.build/DerivedSources/resource_bundle_accessor.swift /Users/admin/builder/spi-builder-workspace/Sources/CoreAPIClient.swift /Users/admin/builder/spi-builder-workspace/Sources/CoreAPIInterceptor.swift -target arm64-apple-macos12.0 -disable-cross-import-overlay-search -load-resolved-plugin /Applications/Xcode-27.0.0-Release.Candidate.app/Contents/Developer/Platforms/MacOSX.platform/Developer/usr/lib/swift/host/plugins/libFoundationMacros.dylib\#/Applications/Xcode-27.0.0-Release.Candidate.app/Contents/Developer/Platforms/MacOSX.platform/Developer/usr/bin/swift-plugin-server\#FoundationMacros -load-resolved-plugin /Applications/Xcode-27.0.0-Release.Candidate.app/Contents/Developer/Platforms/MacOSX.platform/Developer/usr/lib/swift/host/plugins/libObservationMacros.dylib\#/Applications/Xcode-27.0.0-Release.Candidate.app/Contents/Developer/Platforms/MacOSX.platform/Developer/usr/bin/swift-plugin-server\#ObservationMacros -load-resolved-plugin /Applications/Xcode-27.0.0-Release.Candidate.app/Contents/Developer/Platforms/MacOSX.platform/Developer/usr/lib/swift/host/plugins/libSwiftMacros.dylib\#/Applications/Xcode-27.0.0-Release.Candidate.app/Contents/Developer/Platforms/MacOSX.platform/Developer/usr/bin/swift-plugin-server\#SwiftMacros -disable-implicit-swift-modules -Xcc -fno-implicit-modules -Xcc -fno-implicit-module-maps -explicit-swift-module-map-file /Users/admin/builder/spi-builder-workspace/.derivedData/Build/Intermediates.noindex/APSignedAPIClient.build/Debug/APSignedAPIClient-t.build/Objects-normal/arm64/APSignedAPIClient-dependencies-1.json -Xllvm -aarch64-use-tbi -enable-objc-interop -stack-check -sdk /Applications/Xcode-27.0.0-Release.Candidate.app/Contents/Developer/Platforms/MacOSX.platform/Developer/SDKs/MacOSX27.0.sdk -I /Users/admin/builder/spi-builder-workspace/.derivedData/Build/Products/Debug -Isystem /Applications/Xcode-27.0.0-Release.Candidate.app/Contents/Developer/Platforms/MacOSX.platform/Developer/usr/lib -F /Users/admin/builder/spi-builder-workspace/.derivedData/Build/Products/Debug/PackageFrameworks -F /Users/admin/builder/spi-builder-workspace/.derivedData/Build/Products/Debug -F /Applications/Xcode-27.0.0-Release.Candidate.app/Contents/Developer/Platforms/MacOSX.platform/Developer/Library/Frameworks -module-cache-path /Users/admin/builder/spi-builder-workspace/.derivedData/Build/Intermediates.noindex/SwiftExplicitPrecompiledModules -no-color-diagnostics -Xcc -fno-color-diagnostics -enable-testing -g -debug-info-format\=dwarf -dwarf-version\=4 -profile-generate -profile-coverage-mapping -swift-version 6 -Onone -D SWIFT_PACKAGE -D DEBUG -D SWIFT_MODULE_RESOURCE_BUNDLE_AVAILABLE -D Xcode -serialize-debugging-options -enable-experimental-feature DebugDescriptionMacro -empty-abi-descriptor -validate-clang-modules-once -clang-build-session-file /Users/admin/builder/spi-builder-workspace/.derivedData/ModuleCache.noindex/Session.modulevalidation -Xcc -working-directory -Xcc /Users/admin/builder/spi-builder-workspace/.swiftpm/xcode -enable-anonymous-context-mangled-names -file-compilation-dir /Users/admin/builder/spi-builder-workspace/.swiftpm/xcode -Xcc -fmodule-map-file\=/Users/admin/builder/spi-builder-workspace/.derivedData/Build/Intermediates.noindex/GeneratedModuleMaps/GoogleUtilities-NSData.modulemap -Xcc -fmodule-map-file\=/Users/admin/builder/spi-builder-workspace/.derivedData/Build/Intermediates.noindex/GeneratedModuleMaps/RecaptchaInterop.modulemap -Xcc -fmodule-map-file\=/Users/admin/builder/spi-builder-workspace/.dependencies/checkouts/promises/Sources/FBLPromises/include/module.modulemap -Xcc -fmodule-map-file\=/Users/admin/builder/spi-builder-workspace/.derivedData/Build/Intermediates.noindex/GeneratedModuleMaps/AppCheckCore.modulemap -Xcc -fmodule-map-file\=/Users/admin/builder/spi-builder-workspace/.derivedData/Build/Intermediates.noindex/GeneratedModuleMaps/GoogleUtilities-Logger.modulemap -Xcc -fmodule-map-file\=/Users/admin/builder/spi-builder-workspace/.derivedData/Build/Intermediates.noindex/GeneratedModuleMaps/GoogleUtilities-Environment.modulemap -Xcc -fmodule-map-file\=/Users/admin/builder/spi-builder-workspace/.derivedData/Build/Intermediates.noindex/GeneratedModuleMaps/third-party-IsAppEncrypted.modulemap -Xcc -fmodule-map-file\=/Users/admin/builder/spi-builder-workspace/.derivedData/Build/Intermediates.noindex/GeneratedModuleMaps/GoogleUtilities-UserDefaults.modulemap -Xcc -fmodule-map-file\=/Users/admin/builder/spi-builder-workspace/.derivedData/Build/Intermediates.noindex/GeneratedModuleMaps/FirebaseCore.modulemap -Xcc -fmodule-map-file\=/Users/admin/builder/spi-builder-workspace/.dependencies/checkouts/firebase-ios-sdk/CoreOnly/Sources/module.modulemap -Xcc -fmodule-map-file\=/Users/admin/builder/spi-builder-workspace/.derivedData/Build/Intermediates.noindex/GeneratedModuleMaps/FirebaseAppCheckInterop.modulemap -Xcc -fmodule-map-file\=/Users/admin/builder/spi-builder-workspace/.derivedData/Build/Intermediates.noindex/GeneratedModuleMaps/FirebaseAppCheck.modulemap -Xcc -D_LIBCPP_HARDENING_MODE\=_LIBCPP_HARDENING_MODE_DEBUG -Xcc -ivfsstatcache -Xcc /Users/admin/builder/spi-builder-workspace/.derivedData/SDKStatCaches.noindex/macosx27.0-26A425-e829b21a6f8c9b70876ba0858053c0446a22442a12e9d48fe1a705f55a1adfc4.sdkstatcache -Xcc -fmodules-prune-interval\=86400 -Xcc -fmodules-prune-after\=345600 -Xcc -I/Users/admin/builder/spi-builder-workspace/.dependencies/checkouts/GoogleUtilities/GoogleUtilities/NSData+zlib/Public -Xcc -I/Users/admin/builder/spi-builder-workspace/.dependencies/checkouts/interop-ios-for-google-sdks/RecaptchaEnterprise/RecaptchaInterop/Public -Xcc -I/Users/admin/builder/spi-builder-workspace/.dependencies/checkouts/promises/Sources/FBLPromises/include -Xcc -I/Users/admin/builder/spi-builder-workspace/.dependencies/checkouts/app-check/AppCheckCore/Sources/Public -Xcc -I/Users/admin/builder/spi-builder-workspace/.dependencies/checkouts/GoogleUtilities/GoogleUtilities/Logger/Public -Xcc -I/Users/admin/builder/spi-builder-workspace/.dependencies/checkouts/GoogleUtilities/GoogleUtilities/Environment/Public -Xcc -I/Users/admin/builder/spi-builder-workspace/.dependencies/checkouts/GoogleUtilities/third_party/IsAppEncrypted/Public -Xcc -I/Users/admin/builder/spi-builder-workspace/.dependencies/checkouts/GoogleUtilities/GoogleUtilities/UserDefaults/Public -Xcc -I/Users/admin/builder/spi-builder-workspace/.dependencies/checkouts/firebase-ios-sdk/FirebaseCore/Sources/Public -Xcc -I/Users/admin/builder/spi-builder-workspace/.dependencies/checkouts/firebase-ios-sdk/CoreOnly/Sources -Xcc -I/Users/admin/builder/spi-builder-workspace/.dependencies/checkouts/firebase-ios-sdk/FirebaseAppCheck/Interop/Public -Xcc -I/Users/admin/builder/spi-builder-workspace/.dependencies/checkouts/firebase-ios-sdk/FirebaseAppCheck/Sources/Public -Xcc -I/Users/admin/builder/spi-builder-workspace/.derivedData/Build/Products/Debug/include -Xcc -I/Users/admin/builder/spi-builder-workspace/.derivedData/Build/Intermediates.noindex/APSignedAPIClient.build/Debug/APSignedAPIClient-t.build/DerivedSources-normal/arm64 -Xcc -I/Users/admin/builder/spi-builder-workspace/.derivedData/Build/Intermediates.noindex/APSignedAPIClient.build/Debug/APSignedAPIClient-t.build/DerivedSources/arm64 -Xcc -I/Users/admin/builder/spi-builder-workspace/.derivedData/Build/Intermediates.noindex/APSignedAPIClient.build/Debug/APSignedAPIClient-t.build/DerivedSources -Xcc -DSWIFT_PACKAGE -Xcc -DDEBUG\=1 -no-auto-bridging-header-chaining -module-name APSignedAPIClient -package-name spi_builder_workspace -const-gather-protocols-file /Users/admin/builder/spi-builder-workspace/.derivedData/Build/Intermediates.noindex/APSignedAPIClient.build/Debug/APSignedAPIClient-t.build/Objects-normal/arm64/APSignedAPIClient_const_extract_protocols.json -disable-clang-spi -clang-target arm64-apple-macos27.0 -target-sdk-version 27.0 -target-sdk-name macosx27.0 -in-process-plugin-server-path /Applications/Xcode-27.0.0-Release.Candidate.app/Contents/Developer/Toolchains/XcodeDefault.xctoolchain/usr/lib/swift/host/libSwiftInProcPluginServer.dylib -emit-module-doc-path /Users/admin/builder/spi-builder-workspace/.derivedData/Build/Intermediates.noindex/APSignedAPIClient.build/Debug/APSignedAPIClient-t.build/Objects-normal/arm64/APSignedAPIClient.swiftdoc -emit-module-source-info-path /Users/admin/builder/spi-builder-workspace/.derivedData/Build/Intermediates.noindex/APSignedAPIClient.build/Debug/APSignedAPIClient-t.build/Objects-normal/arm64/APSignedAPIClient.swiftsourceinfo -emit-objc-header-path /Users/admin/builder/spi-builder-workspace/.derivedData/Build/Intermediates.noindex/APSignedAPIClient.build/Debug/APSignedAPIClient-t.build/Objects-normal/arm64/APSignedAPIClient-Swift.h -serialize-diagnostics-path /Users/admin/builder/spi-builder-workspace/.derivedData/Build/Intermediates.noindex/APSignedAPIClient.build/Debug/APSignedAPIClient-t.build/Objects-normal/arm64/APSignedAPIClient-primary-emit-module.dia -emit-dependencies-path /Users/admin/builder/spi-builder-workspace/.derivedData/Build/Intermediates.noindex/APSignedAPIClient.build/Debug/APSignedAPIClient-t.build/Objects-normal/arm64/APSignedAPIClient-primary-emit-module.d -parse-as-library -o /Users/admin/builder/spi-builder-workspace/.derivedData/Build/Intermediates.noindex/APSignedAPIClient.build/Debug/APSignedAPIClient-t.build/Objects-normal/arm64/APSignedAPIClient.swiftmodule -emit-abi-descriptor-path /Users/admin/builder/spi-builder-workspace/.derivedData/Build/Intermediates.noindex/APSignedAPIClient.build/Debug/APSignedAPIClient-t.build/Objects-normal/arm64/APSignedAPIClient.abi.json
SwiftCompile normal arm64 Compiling\ CoreAPIInterceptor.swift /Users/admin/builder/spi-builder-workspace/Sources/CoreAPIInterceptor.swift (in target 'APSignedAPIClient' from project 'APSignedAPIClient')
SwiftCompile normal arm64 /Users/admin/builder/spi-builder-workspace/Sources/CoreAPIInterceptor.swift (in target 'APSignedAPIClient' from project 'APSignedAPIClient')
cd /Users/admin/builder/spi-builder-workspace/.swiftpm/xcode
builtin-SwiftPerFileCompile CoreAPIInterceptor.swift
/Users/admin/builder/spi-builder-workspace/Sources/CoreAPIInterceptor.swift:13:44: error: 'OSAllocatedUnfairLock' is only available in macOS 13.0 or newer
5 | @preconcurrency import FirebaseAppCheck
6 |
7 | final class CoreAPIInterceptor: RequestInterceptor, Sendable {
| `- note: add '@available' attribute to enclosing class
8 |
9 | // MARK: - Properties
:
11 | private let maxRetryCount: UInt = 5
12 |
13 | private let isReloadingCancelledLock = OSAllocatedUnfairLock(initialState: false)
| `- error: 'OSAllocatedUnfairLock' is only available in macOS 13.0 or newer
14 |
15 | var isReloadingCancelled: Bool {
CompileC /Users/admin/builder/spi-builder-workspace/.derivedData/Build/Intermediates.noindex/Firebase.build/Debug/FirebaseCore-t.build/Objects-normal/arm64/FIRFirebaseUserAgent.o /Users/admin/builder/spi-builder-workspace/.dependencies/checkouts/firebase-ios-sdk/FirebaseCore/Sources/FIRFirebaseUserAgent.m normal arm64 objective-c com.apple.compilers.llvm.clang.1_0.compiler (in target 'FirebaseCore' from project 'Firebase')
cd /Users/admin/builder/spi-builder-workspace/.swiftpm/xcode
Using response file: /Users/admin/builder/spi-builder-workspace/.derivedData/Build/Intermediates.noindex/Firebase.build/Debug/FirebaseCore-t.build/Objects-normal/arm64/e6072d4f65d7061329687fe24e3d63a7-common-args.resp
/Applications/Xcode-27.0.0-Release.Candidate.app/Contents/Developer/Toolchains/XcodeDefault.xctoolchain/usr/bin/clang -x objective-c -ivfsstatcache /Users/admin/builder/spi-builder-workspace/.derivedData/SDKStatCaches.noindex/macosx27.0-26A425-e829b21a6f8c9b70876ba0858053c0446a22442a12e9d48fe1a705f55a1adfc4.sdkstatcache -target arm64-apple-macos12.0 -fmessage-length\=0 -fdiagnostics-show-note-include-stack -fmacro-backtrace-limit\=0 -fno-color-diagnostics -fmodules-prune-interval\=86400 -fmodules-prune-after\=345600 -fbuild-session-file\=/Users/admin/builder/spi-builder-workspace/.derivedData/ModuleCache.noindex/Session.modulevalidation -fmodules-validate-once-per-build-session -Wnon-modular-include-in-framework-module -Werror\=non-modular-include-in-framework-module -Wno-trigraphs -Wno-missing-field-initializers -Wno-missing-prototypes -Wno-return-type -Wno-implicit-atomic-properties -Wno-objc-interface-ivars -Wno-arc-repeated-use-of-weak -Wno-missing-braces -Wparentheses -Wswitch -Wno-unused-function -Wno-unused-label -Wno-unused-parameter -Wno-unused-variable -Wunused-value -Wno-empty-body -Wno-uninitialized -Wno-unknown-pragmas -w -Wno-shadow -Wno-four-char-constants -Wno-conversion -Wno-constant-conversion -Wno-int-conversion -Wno-bool-conversion -Wno-enum-conversion -Wno-float-conversion -Wno-non-literal-null-conversion -Wno-objc-literal-conversion -Wshorten-64-to-32 -Wpointer-sign -Wno-newline-eof -Wno-selector -Wno-strict-selector-match -Wno-undeclared-selector -Wno-deprecated-implementations -Wno-implicit-fallthrough -isysroot /Applications/Xcode-27.0.0-Release.Candidate.app/Contents/Developer/Platforms/MacOSX.platform/Developer/SDKs/MacOSX27.0.sdk -fstrict-aliasing -Wprotocol -Wdeprecated-declarations -Wno-sign-conversion -Wno-infinite-recursion -Wno-comma -Wno-block-capture-autoreleasing -Wno-strict-prototypes -Wno-semicolon-before-method-body -index-store-path /Users/admin/builder/spi-builder-workspace/.derivedData/Index.noindex/DataStore @/Users/admin/builder/spi-builder-workspace/.derivedData/Build/Intermediates.noindex/Firebase.build/Debug/FirebaseCore-t.build/Objects-normal/arm64/e6072d4f65d7061329687fe24e3d63a7-common-args.resp -include /Users/admin/builder/spi-builder-workspace/.derivedData/Build/Intermediates.noindex/Firebase.build/Debug/FirebaseCore-t.build/DerivedSources/resource_bundle_accessor.h -MMD -MT dependencies -MF /Users/admin/builder/spi-builder-workspace/.derivedData/Build/Intermediates.noindex/Firebase.build/Debug/FirebaseCore-t.build/Objects-normal/arm64/FIRFirebaseUserAgent.d --serialize-diagnostics /Users/admin/builder/spi-builder-workspace/.derivedData/Build/Intermediates.noindex/Firebase.build/Debug/FirebaseCore-t.build/Objects-normal/arm64/FIRFirebaseUserAgent.dia -c /Users/admin/builder/spi-builder-workspace/.dependencies/checkouts/firebase-ios-sdk/FirebaseCore/Sources/FIRFirebaseUserAgent.m -o /Users/admin/builder/spi-builder-workspace/.derivedData/Build/Intermediates.noindex/Firebase.build/Debug/FirebaseCore-t.build/Objects-normal/arm64/FIRFirebaseUserAgent.o -index-unit-output-path /Firebase.build/Debug/FirebaseCore-t.build/Objects-normal/arm64/FIRFirebaseUserAgent.o
CompileC /Users/admin/builder/spi-builder-workspace/.derivedData/Build/Intermediates.noindex/Firebase.build/Debug/FirebaseCore-t.build/Objects-normal/arm64/FIRHeartbeatLogger.o /Users/admin/builder/spi-builder-workspace/.dependencies/checkouts/firebase-ios-sdk/FirebaseCore/Sources/FIRHeartbeatLogger.m normal arm64 objective-c com.apple.compilers.llvm.clang.1_0.compiler (in target 'FirebaseCore' from project 'Firebase')
cd /Users/admin/builder/spi-builder-workspace/.swiftpm/xcode
Using response file: /Users/admin/builder/spi-builder-workspace/.derivedData/Build/Intermediates.noindex/Firebase.build/Debug/FirebaseCore-t.build/Objects-normal/arm64/e6072d4f65d7061329687fe24e3d63a7-common-args.resp
/Applications/Xcode-27.0.0-Release.Candidate.app/Contents/Developer/Toolchains/XcodeDefault.xctoolchain/usr/bin/clang -x objective-c -ivfsstatcache /Users/admin/builder/spi-builder-workspace/.derivedData/SDKStatCaches.noindex/macosx27.0-26A425-e829b21a6f8c9b70876ba0858053c0446a22442a12e9d48fe1a705f55a1adfc4.sdkstatcache -target arm64-apple-macos12.0 -fmessage-length\=0 -fdiagnostics-show-note-include-stack -fmacro-backtrace-limit\=0 -fno-color-diagnostics -fmodules-prune-interval\=86400 -fmodules-prune-after\=345600 -fbuild-session-file\=/Users/admin/builder/spi-builder-workspace/.derivedData/ModuleCache.noindex/Session.modulevalidation -fmodules-validate-once-per-build-session -Wnon-modular-include-in-framework-module -Werror\=non-modular-include-in-framework-module -Wno-trigraphs -Wno-missing-field-initializers -Wno-missing-prototypes -Wno-return-type -Wno-implicit-atomic-properties -Wno-objc-interface-ivars -Wno-arc-repeated-use-of-weak -Wno-missing-braces -Wparentheses -Wswitch -Wno-unused-function -Wno-unused-label -Wno-unused-parameter -Wno-unused-variable -Wunused-value -Wno-empty-body -Wno-uninitialized -Wno-unknown-pragmas -w -Wno-shadow -Wno-four-char-constants -Wno-conversion -Wno-constant-conversion -Wno-int-conversion -Wno-bool-conversion -Wno-enum-conversion -Wno-float-conversion -Wno-non-literal-null-conversion -Wno-objc-literal-conversion -Wshorten-64-to-32 -Wpointer-sign -Wno-newline-eof -Wno-selector -Wno-strict-selector-match -Wno-undeclared-selector -Wno-deprecated-implementations -Wno-implicit-fallthrough -isysroot /Applications/Xcode-27.0.0-Release.Candidate.app/Contents/Developer/Platforms/MacOSX.platform/Developer/SDKs/MacOSX27.0.sdk -fstrict-aliasing -Wprotocol -Wdeprecated-declarations -Wno-sign-conversion -Wno-infinite-recursion -Wno-comma -Wno-block-capture-autoreleasing -Wno-strict-prototypes -Wno-semicolon-before-method-body -index-store-path /Users/admin/builder/spi-builder-workspace/.derivedData/Index.noindex/DataStore @/Users/admin/builder/spi-builder-workspace/.derivedData/Build/Intermediates.noindex/Firebase.build/Debug/FirebaseCore-t.build/Objects-normal/arm64/e6072d4f65d7061329687fe24e3d63a7-common-args.resp -include /Users/admin/builder/spi-builder-workspace/.derivedData/Build/Intermediates.noindex/Firebase.build/Debug/FirebaseCore-t.build/DerivedSources/resource_bundle_accessor.h -MMD -MT dependencies -MF /Users/admin/builder/spi-builder-workspace/.derivedData/Build/Intermediates.noindex/Firebase.build/Debug/FirebaseCore-t.build/Objects-normal/arm64/FIRHeartbeatLogger.d --serialize-diagnostics /Users/admin/builder/spi-builder-workspace/.derivedData/Build/Intermediates.noindex/Firebase.build/Debug/FirebaseCore-t.build/Objects-normal/arm64/FIRHeartbeatLogger.dia -c /Users/admin/builder/spi-builder-workspace/.dependencies/checkouts/firebase-ios-sdk/FirebaseCore/Sources/FIRHeartbeatLogger.m -o /Users/admin/builder/spi-builder-workspace/.derivedData/Build/Intermediates.noindex/Firebase.build/Debug/FirebaseCore-t.build/Objects-normal/arm64/FIRHeartbeatLogger.o -index-unit-output-path /Firebase.build/Debug/FirebaseCore-t.build/Objects-normal/arm64/FIRHeartbeatLogger.o
CompileC /Users/admin/builder/spi-builder-workspace/.derivedData/Build/Intermediates.noindex/Firebase.build/Debug/FirebaseCore-t.build/Objects-normal/arm64/FIRBundleUtil.o /Users/admin/builder/spi-builder-workspace/.dependencies/checkouts/firebase-ios-sdk/FirebaseCore/Sources/FIRBundleUtil.m normal arm64 objective-c com.apple.compilers.llvm.clang.1_0.compiler (in target 'FirebaseCore' from project 'Firebase')
cd /Users/admin/builder/spi-builder-workspace/.swiftpm/xcode
Using response file: /Users/admin/builder/spi-builder-workspace/.derivedData/Build/Intermediates.noindex/Firebase.build/Debug/FirebaseCore-t.build/Objects-normal/arm64/e6072d4f65d7061329687fe24e3d63a7-common-args.resp
/Applications/Xcode-27.0.0-Release.Candidate.app/Contents/Developer/Toolchains/XcodeDefault.xctoolchain/usr/bin/clang -x objective-c -ivfsstatcache /Users/admin/builder/spi-builder-workspace/.derivedData/SDKStatCaches.noindex/macosx27.0-26A425-e829b21a6f8c9b70876ba0858053c0446a22442a12e9d48fe1a705f55a1adfc4.sdkstatcache -target arm64-apple-macos12.0 -fmessage-length\=0 -fdiagnostics-show-note-include-stack -fmacro-backtrace-limit\=0 -fno-color-diagnostics -fmodules-prune-interval\=86400 -fmodules-prune-after\=345600 -fbuild-session-file\=/Users/admin/builder/spi-builder-workspace/.derivedData/ModuleCache.noindex/Session.modulevalidation -fmodules-validate-once-per-build-session -Wnon-modular-include-in-framework-module -Werror\=non-modular-include-in-framework-module -Wno-trigraphs -Wno-missing-field-initializers -Wno-missing-prototypes -Wno-return-type -Wno-implicit-atomic-properties -Wno-objc-interface-ivars -Wno-arc-repeated-use-of-weak -Wno-missing-braces -Wparentheses -Wswitch -Wno-unused-function -Wno-unused-label -Wno-unused-parameter -Wno-unused-variable -Wunused-value -Wno-empty-body -Wno-uninitialized -Wno-unknown-pragmas -w -Wno-shadow -Wno-four-char-constants -Wno-conversion -Wno-constant-conversion -Wno-int-conversion -Wno-bool-conversion -Wno-enum-conversion -Wno-float-conversion -Wno-non-literal-null-conversion -Wno-objc-literal-conversion -Wshorten-64-to-32 -Wpointer-sign -Wno-newline-eof -Wno-selector -Wno-strict-selector-match -Wno-undeclared-selector -Wno-deprecated-implementations -Wno-implicit-fallthrough -isysroot /Applications/Xcode-27.0.0-Release.Candidate.app/Contents/Developer/Platforms/MacOSX.platform/Developer/SDKs/MacOSX27.0.sdk -fstrict-aliasing -Wprotocol -Wdeprecated-declarations -Wno-sign-conversion -Wno-infinite-recursion -Wno-comma -Wno-block-capture-autoreleasing -Wno-strict-prototypes -Wno-semicolon-before-method-body -index-store-path /Users/admin/builder/spi-builder-workspace/.derivedData/Index.noindex/DataStore @/Users/admin/builder/spi-builder-workspace/.derivedData/Build/Intermediates.noindex/Firebase.build/Debug/FirebaseCore-t.build/Objects-normal/arm64/e6072d4f65d7061329687fe24e3d63a7-common-args.resp -include /Users/admin/builder/spi-builder-workspace/.derivedData/Build/Intermediates.noindex/Firebase.build/Debug/FirebaseCore-t.build/DerivedSources/resource_bundle_accessor.h -MMD -MT dependencies -MF /Users/admin/builder/spi-builder-workspace/.derivedData/Build/Intermediates.noindex/Firebase.build/Debug/FirebaseCore-t.build/Objects-normal/arm64/FIRBundleUtil.d --serialize-diagnostics /Users/admin/builder/spi-builder-workspace/.derivedData/Build/Intermediates.noindex/Firebase.build/Debug/FirebaseCore-t.build/Objects-normal/arm64/FIRBundleUtil.dia -c /Users/admin/builder/spi-builder-workspace/.dependencies/checkouts/firebase-ios-sdk/FirebaseCore/Sources/FIRBundleUtil.m -o /Users/admin/builder/spi-builder-workspace/.derivedData/Build/Intermediates.noindex/Firebase.build/Debug/FirebaseCore-t.build/Objects-normal/arm64/FIRBundleUtil.o -index-unit-output-path /Firebase.build/Debug/FirebaseCore-t.build/Objects-normal/arm64/FIRBundleUtil.o
SwiftCompile normal arm64 Compiling\ resource_bundle_accessor.swift /Users/admin/builder/spi-builder-workspace/.derivedData/Build/Intermediates.noindex/APSignedAPIClient.build/Debug/APSignedAPIClient-t.build/DerivedSources/resource_bundle_accessor.swift (in target 'APSignedAPIClient' from project 'APSignedAPIClient')
SwiftCompile normal arm64 /Users/admin/builder/spi-builder-workspace/.derivedData/Build/Intermediates.noindex/APSignedAPIClient.build/Debug/APSignedAPIClient-t.build/DerivedSources/resource_bundle_accessor.swift (in target 'APSignedAPIClient' from project 'APSignedAPIClient')
cd /Users/admin/builder/spi-builder-workspace/.swiftpm/xcode
builtin-SwiftPerFileCompile resource_bundle_accessor.swift
SwiftCompile normal arm64 Compiling\ CoreAPIClient.swift /Users/admin/builder/spi-builder-workspace/Sources/CoreAPIClient.swift (in target 'APSignedAPIClient' from project 'APSignedAPIClient')
/Users/admin/builder/spi-builder-workspace/Sources/CoreAPIClient.swift:108:40: error: 'OSAllocatedUnfairLock' is only available in macOS 13.0 or newer
98 | // MARK: - Configuration
99 |
100 | public struct Configuration {
| `- note: add '@available' attribute to enclosing struct
101 | nonisolated(unsafe) public static var baseURLString = ""
102 | nonisolated(unsafe) public static var appName = ""
:
106 | nonisolated(unsafe) public static var userAgent = ""
107 |
108 | private static let tokenLock = OSAllocatedUnfairLock(initialState: (account: String?.none, user: String?.none, device: String?.none))
| | `- error: 'OSAllocatedUnfairLock' is only available in macOS 13.0 or newer
| `- note: add '@available' attribute to enclosing static property
109 |
110 | public static var accountAuthToken: String? {
/Users/admin/builder/spi-builder-workspace/Sources/CoreAPIClient.swift:108:40: error: 'init(initialState:)' is only available in macOS 13.0 or newer
98 | // MARK: - Configuration
99 |
100 | public struct Configuration {
| `- note: add '@available' attribute to enclosing struct
101 | nonisolated(unsafe) public static var baseURLString = ""
102 | nonisolated(unsafe) public static var appName = ""
:
106 | nonisolated(unsafe) public static var userAgent = ""
107 |
108 | private static let tokenLock = OSAllocatedUnfairLock(initialState: (account: String?.none, user: String?.none, device: String?.none))
| | `- error: 'init(initialState:)' is only available in macOS 13.0 or newer
| `- note: add '@available' attribute to enclosing static property
109 |
110 | public static var accountAuthToken: String? {
/Users/admin/builder/spi-builder-workspace/Sources/CoreAPIInterceptor.swift:13:44: error: 'OSAllocatedUnfairLock' is only available in macOS 13.0 or newer
5 | @preconcurrency import FirebaseAppCheck
6 |
7 | final class CoreAPIInterceptor: RequestInterceptor, Sendable {
| `- note: add '@available' attribute to enclosing class
8 |
9 | // MARK: - Properties
:
11 | private let maxRetryCount: UInt = 5
12 |
13 | private let isReloadingCancelledLock = OSAllocatedUnfairLock(initialState: false)
| `- error: 'OSAllocatedUnfairLock' is only available in macOS 13.0 or newer
14 |
15 | var isReloadingCancelled: Bool {
SwiftCompile normal arm64 /Users/admin/builder/spi-builder-workspace/Sources/CoreAPIClient.swift (in target 'APSignedAPIClient' from project 'APSignedAPIClient')
cd /Users/admin/builder/spi-builder-workspace/.swiftpm/xcode
builtin-SwiftPerFileCompile CoreAPIClient.swift
CompileC /Users/admin/builder/spi-builder-workspace/.derivedData/Build/Intermediates.noindex/Firebase.build/Debug/FirebaseCore-t.build/Objects-normal/arm64/FIRLogger.o /Users/admin/builder/spi-builder-workspace/.dependencies/checkouts/firebase-ios-sdk/FirebaseCore/Sources/FIRLogger.m normal arm64 objective-c com.apple.compilers.llvm.clang.1_0.compiler (in target 'FirebaseCore' from project 'Firebase')
cd /Users/admin/builder/spi-builder-workspace/.swiftpm/xcode
Using response file: /Users/admin/builder/spi-builder-workspace/.derivedData/Build/Intermediates.noindex/Firebase.build/Debug/FirebaseCore-t.build/Objects-normal/arm64/e6072d4f65d7061329687fe24e3d63a7-common-args.resp
/Applications/Xcode-27.0.0-Release.Candidate.app/Contents/Developer/Toolchains/XcodeDefault.xctoolchain/usr/bin/clang -x objective-c -ivfsstatcache /Users/admin/builder/spi-builder-workspace/.derivedData/SDKStatCaches.noindex/macosx27.0-26A425-e829b21a6f8c9b70876ba0858053c0446a22442a12e9d48fe1a705f55a1adfc4.sdkstatcache -target arm64-apple-macos12.0 -fmessage-length\=0 -fdiagnostics-show-note-include-stack -fmacro-backtrace-limit\=0 -fno-color-diagnostics -fmodules-prune-interval\=86400 -fmodules-prune-after\=345600 -fbuild-session-file\=/Users/admin/builder/spi-builder-workspace/.derivedData/ModuleCache.noindex/Session.modulevalidation -fmodules-validate-once-per-build-session -Wnon-modular-include-in-framework-module -Werror\=non-modular-include-in-framework-module -Wno-trigraphs -Wno-missing-field-initializers -Wno-missing-prototypes -Wno-return-type -Wno-implicit-atomic-properties -Wno-objc-interface-ivars -Wno-arc-repeated-use-of-weak -Wno-missing-braces -Wparentheses -Wswitch -Wno-unused-function -Wno-unused-label -Wno-unused-parameter -Wno-unused-variable -Wunused-value -Wno-empty-body -Wno-uninitialized -Wno-unknown-pragmas -w -Wno-shadow -Wno-four-char-constants -Wno-conversion -Wno-constant-conversion -Wno-int-conversion -Wno-bool-conversion -Wno-enum-conversion -Wno-float-conversion -Wno-non-literal-null-conversion -Wno-objc-literal-conversion -Wshorten-64-to-32 -Wpointer-sign -Wno-newline-eof -Wno-selector -Wno-strict-selector-match -Wno-undeclared-selector -Wno-deprecated-implementations -Wno-implicit-fallthrough -isysroot /Applications/Xcode-27.0.0-Release.Candidate.app/Contents/Developer/Platforms/MacOSX.platform/Developer/SDKs/MacOSX27.0.sdk -fstrict-aliasing -Wprotocol -Wdeprecated-declarations -Wno-sign-conversion -Wno-infinite-recursion -Wno-comma -Wno-block-capture-autoreleasing -Wno-strict-prototypes -Wno-semicolon-before-method-body -index-store-path /Users/admin/builder/spi-builder-workspace/.derivedData/Index.noindex/DataStore @/Users/admin/builder/spi-builder-workspace/.derivedData/Build/Intermediates.noindex/Firebase.build/Debug/FirebaseCore-t.build/Objects-normal/arm64/e6072d4f65d7061329687fe24e3d63a7-common-args.resp -include /Users/admin/builder/spi-builder-workspace/.derivedData/Build/Intermediates.noindex/Firebase.build/Debug/FirebaseCore-t.build/DerivedSources/resource_bundle_accessor.h -MMD -MT dependencies -MF /Users/admin/builder/spi-builder-workspace/.derivedData/Build/Intermediates.noindex/Firebase.build/Debug/FirebaseCore-t.build/Objects-normal/arm64/FIRLogger.d --serialize-diagnostics /Users/admin/builder/spi-builder-workspace/.derivedData/Build/Intermediates.noindex/Firebase.build/Debug/FirebaseCore-t.build/Objects-normal/arm64/FIRLogger.dia -c /Users/admin/builder/spi-builder-workspace/.dependencies/checkouts/firebase-ios-sdk/FirebaseCore/Sources/FIRLogger.m -o /Users/admin/builder/spi-builder-workspace/.derivedData/Build/Intermediates.noindex/Firebase.build/Debug/FirebaseCore-t.build/Objects-normal/arm64/FIRLogger.o -index-unit-output-path /Firebase.build/Debug/FirebaseCore-t.build/Objects-normal/arm64/FIRLogger.o
PrecompileModule /Users/admin/builder/spi-builder-workspace/.derivedData/Build/Intermediates.noindex/ExplicitPrecompiledModules/CloudKit-4R41NMUFSGQKG6P22UJEHU8TA.scan
cd /
builtin-precompileModule /Users/admin/builder/spi-builder-workspace/.derivedData/Build/Intermediates.noindex/ExplicitPrecompiledModules/CloudKit-4R41NMUFSGQKG6P22UJEHU8TA.scan
PrecompileModule /Users/admin/builder/spi-builder-workspace/.derivedData/Build/Intermediates.noindex/ExplicitPrecompiledModules/CoreData-DKSE1KP1BKTXB52IQXFBI2EL3.scan
cd /
builtin-precompileModule /Users/admin/builder/spi-builder-workspace/.derivedData/Build/Intermediates.noindex/ExplicitPrecompiledModules/CoreData-DKSE1KP1BKTXB52IQXFBI2EL3.scan
PrecompileModule /Users/admin/builder/spi-builder-workspace/.derivedData/Build/Intermediates.noindex/ExplicitPrecompiledModules/CoreVideo-URBK0YH64QPDFNIZ2Q9CQT2H.scan
cd /
builtin-precompileModule /Users/admin/builder/spi-builder-workspace/.derivedData/Build/Intermediates.noindex/ExplicitPrecompiledModules/CoreVideo-URBK0YH64QPDFNIZ2Q9CQT2H.scan
PruneExplicitPrecompiledModules /Users/admin/builder/spi-builder-workspace/.derivedData/SDKExplicitPrecompiledModules
PruneExplicitPrecompiledModules /Users/admin/builder/spi-builder-workspace/.derivedData/Build/Intermediates.noindex/ExplicitPrecompiledModules
PruneExplicitPrecompiledModules /Users/admin/builder/spi-builder-workspace/.derivedData/Build/Intermediates.noindex/SwiftExplicitPrecompiledModules
2026-09-20 20:34:25.308 xcodebuild[1349:6949] [MT] IDERunDestination: Supported platforms for the buildables in the current scheme is empty.
--- xcodebuild: WARNING: Using the first of multiple matching destinations:
{ platform:macOS, arch:arm64, id:1beeb3915dec7210f44a860e29f9f53003987c8a, name:My Mac }
{ platform:macOS, arch:arm64, variant:Mac Catalyst, id:1beeb3915dec7210f44a860e29f9f53003987c8a, name:My Mac }
{ platform:macOS, arch:arm64, variant:DriverKit, id:1beeb3915dec7210f44a860e29f9f53003987c8a, name:My Mac }
{ platform:macOS, arch:arm64, variant:Designed for [iPad,iPhone], id:1beeb3915dec7210f44a860e29f9f53003987c8a, name:My Mac }
** BUILD FAILED **
The following build commands failed:
SwiftCompile normal arm64 (in target 'APSignedAPIClient' from project 'APSignedAPIClient')
SwiftEmitModule normal arm64 Emitting\ module\ for\ APSignedAPIClient (in target 'APSignedAPIClient' from project 'APSignedAPIClient')
Building workspace APSignedAPIClient with scheme APSignedAPIClient
(3 failures)
Command line invocation:
/Applications/Xcode-27.0.0-Release.Candidate.app/Contents/Developer/usr/bin/xcodebuild -IDEClonedSourcePackagesDirPathOverride=/Users/admin/builder/spi-builder-workspace/.dependencies -resolvePackageDependencies
Resolve Package Graph
Resolved source packages:
GoogleDataTransport: https://github.com/google/GoogleDataTransport.git @ 10.1.1
GoogleAdsOnDeviceConversion: https://github.com/googleads/google-ads-on-device-conversion-ios-sdk @ 3.7.0
InteropForGoogle: https://github.com/google/interop-ios-for-google-sdks.git @ 101.0.0
APSignedAPIClient: /Users/admin/builder/spi-builder-workspace
leveldb: https://github.com/firebase/leveldb.git @ 1.22.5
GTMSessionFetcher: https://github.com/google/gtm-session-fetcher.git @ 5.3.1
gRPC: https://github.com/google/grpc-binary.git @ 1.69.1
abseil: https://github.com/google/abseil-cpp-binary.git @ 1.2024072200.0
Alamofire: https://github.com/Alamofire/Alamofire.git @ 5.12.2
AppCheck: https://github.com/google/app-check.git @ 11.3.2
GoogleUtilities: https://github.com/google/GoogleUtilities.git @ 8.1.3
HTTPStatusCodes: https://github.com/rhodgkins/SwiftHTTPStatusCodes.git @ 3.3.2
GoogleAppMeasurement: https://github.com/google/GoogleAppMeasurement.git @ 12.19.2
Promises: https://github.com/google/promises.git @ 2.4.1
nanopb: https://github.com/firebase/nanopb.git @ 2.30910.1
Firebase: https://github.com/firebase/firebase-ios-sdk.git @ 12.19.2
SwiftyJSON: https://github.com/SwiftyJSON/SwiftyJSON.git @ 5.0.2
resolved source packages: GoogleDataTransport, GoogleAdsOnDeviceConversion, InteropForGoogle, APSignedAPIClient, leveldb, GTMSessionFetcher, gRPC, abseil, Alamofire, AppCheck, GoogleUtilities, HTTPStatusCodes, GoogleAppMeasurement, Promises, nanopb, Firebase, SwiftyJSON
2026-09-20 20:34:42.005 xcodebuild[1911:9448] [MT] IDERunDestination: Supported platforms for the buildables in the current scheme is empty.
{
"dependencies" : [
{
"identity" : "alamofire",
"requirement" : {
"range" : [
{
"lower_bound" : "5.0.0",
"upper_bound" : "6.0.0"
}
]
},
"type" : "sourceControl",
"url" : "https://github.com/Alamofire/Alamofire.git"
},
{
"identity" : "swiftyjson",
"requirement" : {
"range" : [
{
"lower_bound" : "5.0.0",
"upper_bound" : "6.0.0"
}
]
},
"type" : "sourceControl",
"url" : "https://github.com/SwiftyJSON/SwiftyJSON.git"
},
{
"identity" : "firebase-ios-sdk",
"requirement" : {
"range" : [
{
"lower_bound" : "12.0.0",
"upper_bound" : "13.0.0"
}
]
},
"type" : "sourceControl",
"url" : "https://github.com/firebase/firebase-ios-sdk.git"
},
{
"identity" : "swifthttpstatuscodes",
"requirement" : {
"range" : [
{
"lower_bound" : "3.3.0",
"upper_bound" : "4.0.0"
}
]
},
"type" : "sourceControl",
"url" : "https://github.com/rhodgkins/SwiftHTTPStatusCodes.git"
}
],
"manifest_display_name" : "APSignedAPIClient",
"name" : "APSignedAPIClient",
"path" : "/Users/admin/builder/spi-builder-workspace",
"platforms" : [
{
"name" : "ios",
"version" : "17.0"
}
],
"products" : [
{
"name" : "APSignedAPIClient",
"targets" : [
"APSignedAPIClient"
],
"type" : {
"library" : [
"automatic"
]
}
}
],
"targets" : [
{
"c99name" : "APSignedAPIClientTests",
"module_type" : "SwiftTarget",
"name" : "APSignedAPIClientTests",
"path" : "Tests",
"product_dependencies" : [
"Alamofire"
],
"sources" : [
"CoreAPIClientTests.swift"
],
"target_dependencies" : [
"APSignedAPIClient"
],
"type" : "test"
},
{
"c99name" : "APSignedAPIClient",
"module_type" : "SwiftTarget",
"name" : "APSignedAPIClient",
"path" : "Sources",
"product_dependencies" : [
"Alamofire",
"FirebaseAppCheck",
"HTTPStatusCodes",
"SwiftyJSON"
],
"product_memberships" : [
"APSignedAPIClient"
],
"resources" : [
{
"path" : "/Users/admin/builder/spi-builder-workspace/Sources/PrivacyInfo.xcprivacy",
"rule" : {
"process" : {
}
}
}
],
"sources" : [
"CoreAPIClient.swift",
"CoreAPIInterceptor.swift"
],
"type" : "library"
}
],
"tools_version" : "6.0"
}
{
"workspace" : {
"name" : "APSignedAPIClient",
"schemes" : [
"APSignedAPIClient"
]
}
}
2026-09-20 20:34:44.698 xcodebuild[1919:9518] [MT] IDERunDestination: Supported platforms for the buildables in the current scheme is empty.
Running build ...
env DEVELOPER_DIR=/Applications/Xcode-27.0.0-Release.Candidate.app xcrun xcodebuild -IDEClonedSourcePackagesDirPathOverride=$PWD/.dependencies -skipMacroValidation -skipPackagePluginValidation -derivedDataPath $PWD/.derivedData build -scheme APSignedAPIClient -destination platform=macOS,arch=arm64
Command line invocation:
/Applications/Xcode-27.0.0-Release.Candidate.app/Contents/Developer/usr/bin/xcodebuild -IDEClonedSourcePackagesDirPathOverride=/Users/admin/builder/spi-builder-workspace/.dependencies -skipMacroValidation -skipPackagePluginValidation -derivedDataPath /Users/admin/builder/spi-builder-workspace/.derivedData build -scheme APSignedAPIClient -destination platform=macOS,arch=arm64
Resolve Package Graph
Resolved source packages:
Promises: https://github.com/google/promises.git @ 2.4.1
GoogleAppMeasurement: https://github.com/google/GoogleAppMeasurement.git @ 12.19.2
HTTPStatusCodes: https://github.com/rhodgkins/SwiftHTTPStatusCodes.git @ 3.3.2
Alamofire: https://github.com/Alamofire/Alamofire.git @ 5.12.2
abseil: https://github.com/google/abseil-cpp-binary.git @ 1.2024072200.0
nanopb: https://github.com/firebase/nanopb.git @ 2.30910.1
leveldb: https://github.com/firebase/leveldb.git @ 1.22.5
GoogleDataTransport: https://github.com/google/GoogleDataTransport.git @ 10.1.1
GoogleUtilities: https://github.com/google/GoogleUtilities.git @ 8.1.3
SwiftyJSON: https://github.com/SwiftyJSON/SwiftyJSON.git @ 5.0.2
InteropForGoogle: https://github.com/google/interop-ios-for-google-sdks.git @ 101.0.0
APSignedAPIClient: /Users/admin/builder/spi-builder-workspace
AppCheck: https://github.com/google/app-check.git @ 11.3.2
GTMSessionFetcher: https://github.com/google/gtm-session-fetcher.git @ 5.3.1
gRPC: https://github.com/google/grpc-binary.git @ 1.69.1
GoogleAdsOnDeviceConversion: https://github.com/googleads/google-ads-on-device-conversion-ios-sdk @ 3.7.0
Firebase: https://github.com/firebase/firebase-ios-sdk.git @ 12.19.2
ComputePackagePrebuildTargetDependencyGraph
Prepare packages
CreateBuildRequest
SendProjectDescription
CreateBuildOperation
ComputeTargetDependencyGraph
note: Building targets in dependency order
note: Target dependency graph (44 targets)
Target 'APSignedAPIClient-product' in project 'APSignedAPIClient'
➜ Explicit dependency on target 'APSignedAPIClient' in project 'APSignedAPIClient'
➜ Explicit dependency on target 'APSignedAPIClient_APSignedAPIClient' in project 'APSignedAPIClient'
➜ Explicit dependency on target 'Alamofire-product' in project 'Alamofire'
➜ Explicit dependency on target 'FirebaseAppCheck-product' in project 'Firebase'
➜ Explicit dependency on target 'HTTPStatusCodes-product' in project 'HTTPStatusCodes'
➜ Explicit dependency on target 'SwiftyJSON-product' in project 'SwiftyJSON'
Target 'APSignedAPIClient' in project 'APSignedAPIClient'
➜ Explicit dependency on target 'APSignedAPIClient_APSignedAPIClient' in project 'APSignedAPIClient'
➜ Explicit dependency on target 'Alamofire-product' in project 'Alamofire'
➜ Explicit dependency on target 'FirebaseAppCheck-product' in project 'Firebase'
➜ Explicit dependency on target 'HTTPStatusCodes-product' in project 'HTTPStatusCodes'
➜ Explicit dependency on target 'SwiftyJSON-product' in project 'SwiftyJSON'
Target 'SwiftyJSON-product' in project 'SwiftyJSON'
➜ Explicit dependency on target 'SwiftyJSON' in project 'SwiftyJSON'
➜ Explicit dependency on target 'SwiftyJSON_SwiftyJSON' in project 'SwiftyJSON'
Target 'SwiftyJSON' in project 'SwiftyJSON'
➜ Explicit dependency on target 'SwiftyJSON_SwiftyJSON' in project 'SwiftyJSON'
Target 'SwiftyJSON_SwiftyJSON' in project 'SwiftyJSON' (no dependencies)
Target 'HTTPStatusCodes-product' in project 'HTTPStatusCodes'
➜ Explicit dependency on target 'HTTPStatusCodes' in project 'HTTPStatusCodes'
Target 'HTTPStatusCodes' in project 'HTTPStatusCodes' (no dependencies)
Target 'FirebaseAppCheck-product' in project 'Firebase'
➜ Explicit dependency on target 'FirebaseAppCheck' in project 'Firebase'
➜ Explicit dependency on target 'FirebaseAppCheckInterop' in project 'Firebase'
➜ Explicit dependency on target 'Firebase' in project 'Firebase'
➜ Explicit dependency on target 'FirebaseCoreInternal' in project 'Firebase'
➜ Explicit dependency on target 'FirebaseCore' in project 'Firebase'
➜ Explicit dependency on target 'GULNSData-product' in project 'GoogleUtilities'
➜ Explicit dependency on target 'GULEnvironment-product' in project 'GoogleUtilities'
➜ Explicit dependency on target 'GULLogger-product' in project 'GoogleUtilities'
➜ Explicit dependency on target 'AppCheckCore-product' in project 'AppCheck'
➜ Explicit dependency on target 'AppCheckRecaptchaProvider-product' in project 'AppCheck'
➜ Explicit dependency on target 'GULUserDefaults-product' in project 'GoogleUtilities'
Target 'FirebaseAppCheck' in project 'Firebase'
➜ Explicit dependency on target 'FirebaseAppCheckInterop' in project 'Firebase'
➜ Explicit dependency on target 'Firebase' in project 'Firebase'
➜ Explicit dependency on target 'FirebaseCoreInternal' in project 'Firebase'
➜ Explicit dependency on target 'FirebaseCore' in project 'Firebase'
➜ Explicit dependency on target 'GULNSData-product' in project 'GoogleUtilities'
➜ Explicit dependency on target 'GULEnvironment-product' in project 'GoogleUtilities'
➜ Explicit dependency on target 'GULLogger-product' in project 'GoogleUtilities'
➜ Explicit dependency on target 'AppCheckCore-product' in project 'AppCheck'
➜ Explicit dependency on target 'AppCheckRecaptchaProvider-product' in project 'AppCheck'
➜ Explicit dependency on target 'GULUserDefaults-product' in project 'GoogleUtilities'
Target 'AppCheckRecaptchaProvider-product' in project 'AppCheck'
➜ Explicit dependency on target 'AppCheckRecaptchaProvider' in project 'AppCheck'
➜ Explicit dependency on target 'AppCheckCore' in project 'AppCheck'
➜ Explicit dependency on target 'FBLPromises-product' in project 'Promises'
➜ Explicit dependency on target 'GULEnvironment-product' in project 'GoogleUtilities'
➜ Explicit dependency on target 'GULUserDefaults-product' in project 'GoogleUtilities'
➜ Explicit dependency on target 'RecaptchaInterop-product' in project 'InteropForGoogle'
➜ Explicit dependency on target 'Promises-product' in project 'Promises'
Target 'AppCheckRecaptchaProvider' in project 'AppCheck'
➜ Explicit dependency on target 'AppCheckCore' in project 'AppCheck'
➜ Explicit dependency on target 'FBLPromises-product' in project 'Promises'
➜ Explicit dependency on target 'GULEnvironment-product' in project 'GoogleUtilities'
➜ Explicit dependency on target 'GULUserDefaults-product' in project 'GoogleUtilities'
➜ Explicit dependency on target 'RecaptchaInterop-product' in project 'InteropForGoogle'
➜ Explicit dependency on target 'Promises-product' in project 'Promises'
Target 'Promises-product' in project 'Promises'
➜ Explicit dependency on target 'Promises' in project 'Promises'
➜ Explicit dependency on target 'Promises_Promises' in project 'Promises'
➜ Explicit dependency on target 'FBLPromises' in project 'Promises'
Target 'Promises' in project 'Promises'
➜ Explicit dependency on target 'Promises_Promises' in project 'Promises'
➜ Explicit dependency on target 'FBLPromises' in project 'Promises'
Target 'Promises_Promises' in project 'Promises' (no dependencies)
Target 'RecaptchaInterop-product' in project 'InteropForGoogle'
➜ Explicit dependency on target 'RecaptchaInterop' in project 'InteropForGoogle'
Target 'RecaptchaInterop' in project 'InteropForGoogle' (no dependencies)
Target 'AppCheckCore-product' in project 'AppCheck'
➜ Explicit dependency on target 'AppCheckCore' in project 'AppCheck'
➜ Explicit dependency on target 'FBLPromises-product' in project 'Promises'
➜ Explicit dependency on target 'GULEnvironment-product' in project 'GoogleUtilities'
➜ Explicit dependency on target 'GULUserDefaults-product' in project 'GoogleUtilities'
Target 'AppCheckCore' in project 'AppCheck'
➜ Explicit dependency on target 'FBLPromises-product' in project 'Promises'
➜ Explicit dependency on target 'GULEnvironment-product' in project 'GoogleUtilities'
➜ Explicit dependency on target 'GULUserDefaults-product' in project 'GoogleUtilities'
Target 'GULUserDefaults-product' in project 'GoogleUtilities'
➜ Explicit dependency on target 'GoogleUtilities-UserDefaults' in project 'GoogleUtilities'
➜ Explicit dependency on target 'GoogleUtilities_GoogleUtilities-UserDefaults' in project 'GoogleUtilities'
➜ Explicit dependency on target 'third-party-IsAppEncrypted' in project 'GoogleUtilities'
➜ Explicit dependency on target 'GoogleUtilities-Environment' in project 'GoogleUtilities'
➜ Explicit dependency on target 'GoogleUtilities-Logger' in project 'GoogleUtilities'
Target 'GoogleUtilities-UserDefaults' in project 'GoogleUtilities'
➜ Explicit dependency on target 'GoogleUtilities_GoogleUtilities-UserDefaults' in project 'GoogleUtilities'
➜ Explicit dependency on target 'third-party-IsAppEncrypted' in project 'GoogleUtilities'
➜ Explicit dependency on target 'GoogleUtilities-Environment' in project 'GoogleUtilities'
➜ Explicit dependency on target 'GoogleUtilities-Logger' in project 'GoogleUtilities'
Target 'GoogleUtilities_GoogleUtilities-UserDefaults' in project 'GoogleUtilities' (no dependencies)
Target 'FBLPromises-product' in project 'Promises'
➜ Explicit dependency on target 'FBLPromises' in project 'Promises'
➜ Explicit dependency on target 'Promises_FBLPromises' in project 'Promises'
Target 'FBLPromises' in project 'Promises'
➜ Explicit dependency on target 'Promises_FBLPromises' in project 'Promises'
Target 'Promises_FBLPromises' in project 'Promises' (no dependencies)
Target 'FirebaseCore' in project 'Firebase'
➜ Explicit dependency on target 'Firebase_FirebaseCore' in project 'Firebase'
➜ Explicit dependency on target 'Firebase' in project 'Firebase'
➜ Explicit dependency on target 'FirebaseCoreInternal' in project 'Firebase'
➜ Explicit dependency on target 'GULNSData-product' in project 'GoogleUtilities'
➜ Explicit dependency on target 'GULEnvironment-product' in project 'GoogleUtilities'
➜ Explicit dependency on target 'GULLogger-product' in project 'GoogleUtilities'
Target 'GULLogger-product' in project 'GoogleUtilities'
➜ Explicit dependency on target 'GoogleUtilities-Logger' in project 'GoogleUtilities'
➜ Explicit dependency on target 'GoogleUtilities_GoogleUtilities-Logger' in project 'GoogleUtilities'
➜ Explicit dependency on target 'third-party-IsAppEncrypted' in project 'GoogleUtilities'
➜ Explicit dependency on target 'GoogleUtilities-Environment' in project 'GoogleUtilities'
Target 'GoogleUtilities-Logger' in project 'GoogleUtilities'
➜ Explicit dependency on target 'GoogleUtilities_GoogleUtilities-Logger' in project 'GoogleUtilities'
➜ Explicit dependency on target 'third-party-IsAppEncrypted' in project 'GoogleUtilities'
➜ Explicit dependency on target 'GoogleUtilities-Environment' in project 'GoogleUtilities'
Target 'GoogleUtilities_GoogleUtilities-Logger' in project 'GoogleUtilities' (no dependencies)
Target 'GULEnvironment-product' in project 'GoogleUtilities'
➜ Explicit dependency on target 'GoogleUtilities-Environment' in project 'GoogleUtilities'
➜ Explicit dependency on target 'GoogleUtilities_GoogleUtilities-Environment' in project 'GoogleUtilities'
➜ Explicit dependency on target 'third-party-IsAppEncrypted' in project 'GoogleUtilities'
Target 'GoogleUtilities-Environment' in project 'GoogleUtilities'
➜ Explicit dependency on target 'GoogleUtilities_GoogleUtilities-Environment' in project 'GoogleUtilities'
➜ Explicit dependency on target 'third-party-IsAppEncrypted' in project 'GoogleUtilities'
Target 'third-party-IsAppEncrypted' in project 'GoogleUtilities' (no dependencies)
Target 'GoogleUtilities_GoogleUtilities-Environment' in project 'GoogleUtilities' (no dependencies)
Target 'Firebase_FirebaseCore' in project 'Firebase' (no dependencies)
Target 'FirebaseCoreInternal' in project 'Firebase'
➜ Explicit dependency on target 'Firebase_FirebaseCoreInternal' in project 'Firebase'
➜ Explicit dependency on target 'GULNSData-product' in project 'GoogleUtilities'
Target 'GULNSData-product' in project 'GoogleUtilities'
➜ Explicit dependency on target 'GoogleUtilities-NSData' in project 'GoogleUtilities'
➜ Explicit dependency on target 'GoogleUtilities_GoogleUtilities-NSData' in project 'GoogleUtilities'
Target 'GoogleUtilities-NSData' in project 'GoogleUtilities'
➜ Explicit dependency on target 'GoogleUtilities_GoogleUtilities-NSData' in project 'GoogleUtilities'
Target 'GoogleUtilities_GoogleUtilities-NSData' in project 'GoogleUtilities' (no dependencies)
Target 'Firebase_FirebaseCoreInternal' in project 'Firebase' (no dependencies)
Target 'Firebase' in project 'Firebase' (no dependencies)
Target 'FirebaseAppCheckInterop' in project 'Firebase' (no dependencies)
Target 'Alamofire-product' in project 'Alamofire'
➜ Explicit dependency on target 'Alamofire' in project 'Alamofire'
➜ Explicit dependency on target 'Alamofire_Alamofire' in project 'Alamofire'
Target 'Alamofire' in project 'Alamofire'
➜ Explicit dependency on target 'Alamofire_Alamofire' in project 'Alamofire'
Target 'Alamofire_Alamofire' in project 'Alamofire' (no dependencies)
Target 'APSignedAPIClient_APSignedAPIClient' in project 'APSignedAPIClient' (no dependencies)
GatherProvisioningInputs
CreateBuildDescription
ClangStatCache /Applications/Xcode-27.0.0-Release.Candidate.app/Contents/Developer/Toolchains/XcodeDefault.xctoolchain/usr/bin/clang-stat-cache /Applications/Xcode-27.0.0-Release.Candidate.app/Contents/Developer/Platforms/MacOSX.platform/Developer/SDKs/MacOSX27.0.sdk /Users/admin/builder/spi-builder-workspace/.derivedData/SDKStatCaches.noindex/macosx27.0-26A425-e829b21a6f8c9b70876ba0858053c0446a22442a12e9d48fe1a705f55a1adfc4.sdkstatcache
cd /Users/admin/builder/spi-builder-workspace/.swiftpm/xcode
/Applications/Xcode-27.0.0-Release.Candidate.app/Contents/Developer/Toolchains/XcodeDefault.xctoolchain/usr/bin/clang-stat-cache /Applications/Xcode-27.0.0-Release.Candidate.app/Contents/Developer/Platforms/MacOSX.platform/Developer/SDKs/MacOSX27.0.sdk -o /Users/admin/builder/spi-builder-workspace/.derivedData/SDKStatCaches.noindex/macosx27.0-26A425-e829b21a6f8c9b70876ba0858053c0446a22442a12e9d48fe1a705f55a1adfc4.sdkstatcache
SwiftDriver APSignedAPIClient normal arm64 com.apple.xcode.tools.swift.compiler (in target 'APSignedAPIClient' from project 'APSignedAPIClient')
cd /Users/admin/builder/spi-builder-workspace/.swiftpm/xcode
builtin-SwiftDriver -- /Applications/Xcode-27.0.0-Release.Candidate.app/Contents/Developer/Toolchains/XcodeDefault.xctoolchain/usr/bin/swiftc -parse-as-library -module-name APSignedAPIClient -Onone @/Users/admin/builder/spi-builder-workspace/.derivedData/Build/Intermediates.noindex/APSignedAPIClient.build/Debug/APSignedAPIClient-t.build/Objects-normal/arm64/APSignedAPIClient.SwiftFileList -DSWIFT_PACKAGE -DDEBUG -DSWIFT_MODULE_RESOURCE_BUNDLE_AVAILABLE -Xcc -fmodule-map-file\=/Users/admin/builder/spi-builder-workspace/.derivedData/Build/Intermediates.noindex/GeneratedModuleMaps/GoogleUtilities-NSData.modulemap -Xcc -fmodule-map-file\=/Users/admin/builder/spi-builder-workspace/.derivedData/Build/Intermediates.noindex/GeneratedModuleMaps/RecaptchaInterop.modulemap -Xcc -fmodule-map-file\=/Users/admin/builder/spi-builder-workspace/.dependencies/checkouts/promises/Sources/FBLPromises/include/module.modulemap -Xcc -fmodule-map-file\=/Users/admin/builder/spi-builder-workspace/.derivedData/Build/Intermediates.noindex/GeneratedModuleMaps/AppCheckCore.modulemap -Xcc -fmodule-map-file\=/Users/admin/builder/spi-builder-workspace/.derivedData/Build/Intermediates.noindex/GeneratedModuleMaps/GoogleUtilities-Logger.modulemap -Xcc -fmodule-map-file\=/Users/admin/builder/spi-builder-workspace/.derivedData/Build/Intermediates.noindex/GeneratedModuleMaps/GoogleUtilities-Environment.modulemap -Xcc -fmodule-map-file\=/Users/admin/builder/spi-builder-workspace/.derivedData/Build/Intermediates.noindex/GeneratedModuleMaps/third-party-IsAppEncrypted.modulemap -Xcc -fmodule-map-file\=/Users/admin/builder/spi-builder-workspace/.derivedData/Build/Intermediates.noindex/GeneratedModuleMaps/GoogleUtilities-UserDefaults.modulemap -Xcc -fmodule-map-file\=/Users/admin/builder/spi-builder-workspace/.derivedData/Build/Intermediates.noindex/GeneratedModuleMaps/FirebaseCore.modulemap -Xcc -fmodule-map-file\=/Users/admin/builder/spi-builder-workspace/.dependencies/checkouts/firebase-ios-sdk/CoreOnly/Sources/module.modulemap -Xcc -fmodule-map-file\=/Users/admin/builder/spi-builder-workspace/.derivedData/Build/Intermediates.noindex/GeneratedModuleMaps/FirebaseAppCheckInterop.modulemap -Xcc -fmodule-map-file\=/Users/admin/builder/spi-builder-workspace/.derivedData/Build/Intermediates.noindex/GeneratedModuleMaps/FirebaseAppCheck.modulemap -DXcode -plugin-path /Applications/Xcode-27.0.0-Release.Candidate.app/Contents/Developer/Toolchains/XcodeDefault.xctoolchain/usr/lib/swift/host/plugins/testing -enable-experimental-feature DebugDescriptionMacro -sdk /Applications/Xcode-27.0.0-Release.Candidate.app/Contents/Developer/Platforms/MacOSX.platform/Developer/SDKs/MacOSX27.0.sdk -target arm64-apple-macos12.0 -g -module-cache-path /Users/admin/builder/spi-builder-workspace/.derivedData/ModuleCache.noindex -Xfrontend -serialize-debugging-options -profile-coverage-mapping -profile-generate -enable-testing -index-store-path /Users/admin/builder/spi-builder-workspace/.derivedData/Index.noindex/DataStore -Xcc -D_LIBCPP_HARDENING_MODE\=_LIBCPP_HARDENING_MODE_DEBUG -swift-version 6 -I /Users/admin/builder/spi-builder-workspace/.derivedData/Build/Products/Debug -Isystem /Applications/Xcode-27.0.0-Release.Candidate.app/Contents/Developer/Platforms/MacOSX.platform/Developer/usr/lib -F /Users/admin/builder/spi-builder-workspace/.derivedData/Build/Products/Debug/PackageFrameworks -F /Users/admin/builder/spi-builder-workspace/.derivedData/Build/Products/Debug -F /Applications/Xcode-27.0.0-Release.Candidate.app/Contents/Developer/Platforms/MacOSX.platform/Developer/Library/Frameworks -c -j10 -enable-batch-mode -incremental -Xcc -ivfsstatcache -Xcc /Users/admin/builder/spi-builder-workspace/.derivedData/SDKStatCaches.noindex/macosx27.0-26A425-e829b21a6f8c9b70876ba0858053c0446a22442a12e9d48fe1a705f55a1adfc4.sdkstatcache -output-file-map /Users/admin/builder/spi-builder-workspace/.derivedData/Build/Intermediates.noindex/APSignedAPIClient.build/Debug/APSignedAPIClient-t.build/Objects-normal/arm64/APSignedAPIClient-OutputFileMap.json -save-temps -no-color-diagnostics -explicit-module-build -module-cache-path /Users/admin/builder/spi-builder-workspace/.derivedData/Build/Intermediates.noindex/SwiftExplicitPrecompiledModules -clang-scanner-module-cache-path /Users/admin/builder/spi-builder-workspace/.derivedData/ModuleCache.noindex -sdk-module-cache-path /Users/admin/builder/spi-builder-workspace/.derivedData/SDKExplicitPrecompiledModules -emit-dependencies -emit-module -emit-module-path /Users/admin/builder/spi-builder-workspace/.derivedData/Build/Intermediates.noindex/APSignedAPIClient.build/Debug/APSignedAPIClient-t.build/Objects-normal/arm64/APSignedAPIClient.swiftmodule -serialize-diagnostics -dependency-scan-serialize-diagnostics-path /Users/admin/builder/spi-builder-workspace/.derivedData/Build/Intermediates.noindex/APSignedAPIClient.build/Debug/APSignedAPIClient-t.build/Objects-normal/arm64/APSignedAPIClient-dependency-scan.dia -validate-clang-modules-once -clang-build-session-file /Users/admin/builder/spi-builder-workspace/.derivedData/ModuleCache.noindex/Session.modulevalidation -Xcc -fmodules-prune-interval\=86400 -Xcc -fmodules-prune-after\=345600 -package-name spi_builder_workspace -emit-const-values -const-gather-protocols-list /Users/admin/builder/spi-builder-workspace/.derivedData/Build/Intermediates.noindex/APSignedAPIClient.build/Debug/APSignedAPIClient-t.build/Objects-normal/arm64/APSignedAPIClient_const_extract_protocols.json -Xcc -I/Users/admin/builder/spi-builder-workspace/.dependencies/checkouts/GoogleUtilities/GoogleUtilities/NSData+zlib/Public -Xcc -I/Users/admin/builder/spi-builder-workspace/.dependencies/checkouts/interop-ios-for-google-sdks/RecaptchaEnterprise/RecaptchaInterop/Public -Xcc -I/Users/admin/builder/spi-builder-workspace/.dependencies/checkouts/promises/Sources/FBLPromises/include -Xcc -I/Users/admin/builder/spi-builder-workspace/.dependencies/checkouts/app-check/AppCheckCore/Sources/Public -Xcc -I/Users/admin/builder/spi-builder-workspace/.dependencies/checkouts/GoogleUtilities/GoogleUtilities/Logger/Public -Xcc -I/Users/admin/builder/spi-builder-workspace/.dependencies/checkouts/GoogleUtilities/GoogleUtilities/Environment/Public -Xcc -I/Users/admin/builder/spi-builder-workspace/.dependencies/checkouts/GoogleUtilities/third_party/IsAppEncrypted/Public -Xcc -I/Users/admin/builder/spi-builder-workspace/.dependencies/checkouts/GoogleUtilities/GoogleUtilities/UserDefaults/Public -Xcc -I/Users/admin/builder/spi-builder-workspace/.dependencies/checkouts/firebase-ios-sdk/FirebaseCore/Sources/Public -Xcc -I/Users/admin/builder/spi-builder-workspace/.dependencies/checkouts/firebase-ios-sdk/CoreOnly/Sources -Xcc -I/Users/admin/builder/spi-builder-workspace/.dependencies/checkouts/firebase-ios-sdk/FirebaseAppCheck/Interop/Public -Xcc -I/Users/admin/builder/spi-builder-workspace/.dependencies/checkouts/firebase-ios-sdk/FirebaseAppCheck/Sources/Public -Xcc -I/Users/admin/builder/spi-builder-workspace/.derivedData/Build/Products/Debug/include -Xcc -I/Users/admin/builder/spi-builder-workspace/.derivedData/Build/Intermediates.noindex/APSignedAPIClient.build/Debug/APSignedAPIClient-t.build/DerivedSources-normal/arm64 -Xcc -I/Users/admin/builder/spi-builder-workspace/.derivedData/Build/Intermediates.noindex/APSignedAPIClient.build/Debug/APSignedAPIClient-t.build/DerivedSources/arm64 -Xcc -I/Users/admin/builder/spi-builder-workspace/.derivedData/Build/Intermediates.noindex/APSignedAPIClient.build/Debug/APSignedAPIClient-t.build/DerivedSources -Xcc -DSWIFT_PACKAGE -Xcc -DDEBUG\=1 -emit-objc-header -emit-objc-header-path /Users/admin/builder/spi-builder-workspace/.derivedData/Build/Intermediates.noindex/APSignedAPIClient.build/Debug/APSignedAPIClient-t.build/Objects-normal/arm64/APSignedAPIClient-Swift.h -working-directory /Users/admin/builder/spi-builder-workspace/.swiftpm/xcode -experimental-emit-module-separately -disable-cmo
PrecompileModule /Users/admin/builder/spi-builder-workspace/.derivedData/Build/Intermediates.noindex/ExplicitPrecompiledModules/CoreData-DKSE1KP1BKTXB52IQXFBI2EL3.scan
cd /
builtin-precompileModule /Users/admin/builder/spi-builder-workspace/.derivedData/Build/Intermediates.noindex/ExplicitPrecompiledModules/CoreData-DKSE1KP1BKTXB52IQXFBI2EL3.scan
PrecompileModule /Users/admin/builder/spi-builder-workspace/.derivedData/Build/Intermediates.noindex/ExplicitPrecompiledModules/CoreVideo-URBK0YH64QPDFNIZ2Q9CQT2H.scan
cd /
builtin-precompileModule /Users/admin/builder/spi-builder-workspace/.derivedData/Build/Intermediates.noindex/ExplicitPrecompiledModules/CoreVideo-URBK0YH64QPDFNIZ2Q9CQT2H.scan
PrecompileModule /Users/admin/builder/spi-builder-workspace/.derivedData/Build/Intermediates.noindex/ExplicitPrecompiledModules/CoreImage-4SFXQVD4APXNC0HTTTYXH4UKD.scan
cd /
builtin-precompileModule /Users/admin/builder/spi-builder-workspace/.derivedData/Build/Intermediates.noindex/ExplicitPrecompiledModules/CoreImage-4SFXQVD4APXNC0HTTTYXH4UKD.scan
PrecompileModule /Users/admin/builder/spi-builder-workspace/.derivedData/Build/Intermediates.noindex/ExplicitPrecompiledModules/QuartzCore-7RS51KX1ELOH8EREDVLVW5M7S.scan
cd /
builtin-precompileModule /Users/admin/builder/spi-builder-workspace/.derivedData/Build/Intermediates.noindex/ExplicitPrecompiledModules/QuartzCore-7RS51KX1ELOH8EREDVLVW5M7S.scan
PrecompileModule /Users/admin/builder/spi-builder-workspace/.derivedData/Build/Intermediates.noindex/ExplicitPrecompiledModules/AppKit-F7Q6M667GM350KB0TZAIVFV4.scan
cd /
builtin-precompileModule /Users/admin/builder/spi-builder-workspace/.derivedData/Build/Intermediates.noindex/ExplicitPrecompiledModules/AppKit-F7Q6M667GM350KB0TZAIVFV4.scan
SwiftCompile normal arm64 Compiling\ CoreAPIInterceptor.swift /Users/admin/builder/spi-builder-workspace/Sources/CoreAPIInterceptor.swift (in target 'APSignedAPIClient' from project 'APSignedAPIClient')
SwiftCompile normal arm64 /Users/admin/builder/spi-builder-workspace/Sources/CoreAPIInterceptor.swift (in target 'APSignedAPIClient' from project 'APSignedAPIClient')
cd /Users/admin/builder/spi-builder-workspace/.swiftpm/xcode
builtin-SwiftPerFileCompile CoreAPIInterceptor.swift
/Users/admin/builder/spi-builder-workspace/Sources/CoreAPIInterceptor.swift:13:44: error: 'OSAllocatedUnfairLock' is only available in macOS 13.0 or newer
5 | @preconcurrency import FirebaseAppCheck
6 |
7 | final class CoreAPIInterceptor: RequestInterceptor, Sendable {
| `- note: add '@available' attribute to enclosing class
8 |
9 | // MARK: - Properties
:
11 | private let maxRetryCount: UInt = 5
12 |
13 | private let isReloadingCancelledLock = OSAllocatedUnfairLock(initialState: false)
| `- error: 'OSAllocatedUnfairLock' is only available in macOS 13.0 or newer
14 |
15 | var isReloadingCancelled: Bool {
SwiftEmitModule normal arm64 Emitting\ module\ for\ APSignedAPIClient (in target 'APSignedAPIClient' from project 'APSignedAPIClient')
/Users/admin/builder/spi-builder-workspace/Sources/CoreAPIClient.swift:108:40: error: 'OSAllocatedUnfairLock' is only available in macOS 13.0 or newer
98 | // MARK: - Configuration
99 |
100 | public struct Configuration {
| `- note: add '@available' attribute to enclosing struct
101 | nonisolated(unsafe) public static var baseURLString = ""
102 | nonisolated(unsafe) public static var appName = ""
:
106 | nonisolated(unsafe) public static var userAgent = ""
107 |
108 | private static let tokenLock = OSAllocatedUnfairLock(initialState: (account: String?.none, user: String?.none, device: String?.none))
| | `- error: 'OSAllocatedUnfairLock' is only available in macOS 13.0 or newer
| `- note: add '@available' attribute to enclosing static property
109 |
110 | public static var accountAuthToken: String? {
/Users/admin/builder/spi-builder-workspace/Sources/CoreAPIClient.swift:108:40: error: 'init(initialState:)' is only available in macOS 13.0 or newer
98 | // MARK: - Configuration
99 |
100 | public struct Configuration {
| `- note: add '@available' attribute to enclosing struct
101 | nonisolated(unsafe) public static var baseURLString = ""
102 | nonisolated(unsafe) public static var appName = ""
:
106 | nonisolated(unsafe) public static var userAgent = ""
107 |
108 | private static let tokenLock = OSAllocatedUnfairLock(initialState: (account: String?.none, user: String?.none, device: String?.none))
| | `- error: 'init(initialState:)' is only available in macOS 13.0 or newer
| `- note: add '@available' attribute to enclosing static property
109 |
110 | public static var accountAuthToken: String? {
/Users/admin/builder/spi-builder-workspace/Sources/CoreAPIInterceptor.swift:13:44: error: 'OSAllocatedUnfairLock' is only available in macOS 13.0 or newer
5 | @preconcurrency import FirebaseAppCheck
6 |
7 | final class CoreAPIInterceptor: RequestInterceptor, Sendable {
| `- note: add '@available' attribute to enclosing class
8 |
9 | // MARK: - Properties
:
11 | private let maxRetryCount: UInt = 5
12 |
13 | private let isReloadingCancelledLock = OSAllocatedUnfairLock(initialState: false)
| `- error: 'OSAllocatedUnfairLock' is only available in macOS 13.0 or newer
14 |
15 | var isReloadingCancelled: Bool {
/Users/admin/builder/spi-builder-workspace/Sources/CoreAPIInterceptor.swift:13:44: error: 'init(initialState:)' is only available in macOS 13.0 or newer
5 | @preconcurrency import FirebaseAppCheck
6 |
7 | final class CoreAPIInterceptor: RequestInterceptor, Sendable {
| `- note: add '@available' attribute to enclosing class
8 |
9 | // MARK: - Properties
:
11 | private let maxRetryCount: UInt = 5
12 |
13 | private let isReloadingCancelledLock = OSAllocatedUnfairLock(initialState: false)
| `- error: 'init(initialState:)' is only available in macOS 13.0 or newer
14 |
15 | var isReloadingCancelled: Bool {
Failed frontend command:
/Applications/Xcode-27.0.0-Release.Candidate.app/Contents/Developer/Toolchains/XcodeDefault.xctoolchain/usr/bin/swift-frontend -frontend -emit-module -experimental-skip-non-inlinable-function-bodies-without-types /Users/admin/builder/spi-builder-workspace/.derivedData/Build/Intermediates.noindex/APSignedAPIClient.build/Debug/APSignedAPIClient-t.build/DerivedSources/resource_bundle_accessor.swift /Users/admin/builder/spi-builder-workspace/Sources/CoreAPIClient.swift /Users/admin/builder/spi-builder-workspace/Sources/CoreAPIInterceptor.swift -target arm64-apple-macos12.0 -disable-cross-import-overlay-search -load-resolved-plugin /Applications/Xcode-27.0.0-Release.Candidate.app/Contents/Developer/Platforms/MacOSX.platform/Developer/usr/lib/swift/host/plugins/libFoundationMacros.dylib\#/Applications/Xcode-27.0.0-Release.Candidate.app/Contents/Developer/Platforms/MacOSX.platform/Developer/usr/bin/swift-plugin-server\#FoundationMacros -load-resolved-plugin /Applications/Xcode-27.0.0-Release.Candidate.app/Contents/Developer/Platforms/MacOSX.platform/Developer/usr/lib/swift/host/plugins/libObservationMacros.dylib\#/Applications/Xcode-27.0.0-Release.Candidate.app/Contents/Developer/Platforms/MacOSX.platform/Developer/usr/bin/swift-plugin-server\#ObservationMacros -load-resolved-plugin /Applications/Xcode-27.0.0-Release.Candidate.app/Contents/Developer/Platforms/MacOSX.platform/Developer/usr/lib/swift/host/plugins/libSwiftMacros.dylib\#/Applications/Xcode-27.0.0-Release.Candidate.app/Contents/Developer/Platforms/MacOSX.platform/Developer/usr/bin/swift-plugin-server\#SwiftMacros -disable-implicit-swift-modules -Xcc -fno-implicit-modules -Xcc -fno-implicit-module-maps -explicit-swift-module-map-file /Users/admin/builder/spi-builder-workspace/.derivedData/Build/Intermediates.noindex/APSignedAPIClient.build/Debug/APSignedAPIClient-t.build/Objects-normal/arm64/APSignedAPIClient-dependencies-1.json -Xllvm -aarch64-use-tbi -enable-objc-interop -stack-check -sdk /Applications/Xcode-27.0.0-Release.Candidate.app/Contents/Developer/Platforms/MacOSX.platform/Developer/SDKs/MacOSX27.0.sdk -I /Users/admin/builder/spi-builder-workspace/.derivedData/Build/Products/Debug -Isystem /Applications/Xcode-27.0.0-Release.Candidate.app/Contents/Developer/Platforms/MacOSX.platform/Developer/usr/lib -F /Users/admin/builder/spi-builder-workspace/.derivedData/Build/Products/Debug/PackageFrameworks -F /Users/admin/builder/spi-builder-workspace/.derivedData/Build/Products/Debug -F /Applications/Xcode-27.0.0-Release.Candidate.app/Contents/Developer/Platforms/MacOSX.platform/Developer/Library/Frameworks -module-cache-path /Users/admin/builder/spi-builder-workspace/.derivedData/Build/Intermediates.noindex/SwiftExplicitPrecompiledModules -no-color-diagnostics -Xcc -fno-color-diagnostics -enable-testing -g -debug-info-format\=dwarf -dwarf-version\=4 -profile-generate -profile-coverage-mapping -swift-version 6 -Onone -D SWIFT_PACKAGE -D DEBUG -D SWIFT_MODULE_RESOURCE_BUNDLE_AVAILABLE -D Xcode -serialize-debugging-options -enable-experimental-feature DebugDescriptionMacro -empty-abi-descriptor -validate-clang-modules-once -clang-build-session-file /Users/admin/builder/spi-builder-workspace/.derivedData/ModuleCache.noindex/Session.modulevalidation -Xcc -working-directory -Xcc /Users/admin/builder/spi-builder-workspace/.swiftpm/xcode -enable-anonymous-context-mangled-names -file-compilation-dir /Users/admin/builder/spi-builder-workspace/.swiftpm/xcode -Xcc -fmodule-map-file\=/Users/admin/builder/spi-builder-workspace/.derivedData/Build/Intermediates.noindex/GeneratedModuleMaps/GoogleUtilities-NSData.modulemap -Xcc -fmodule-map-file\=/Users/admin/builder/spi-builder-workspace/.derivedData/Build/Intermediates.noindex/GeneratedModuleMaps/RecaptchaInterop.modulemap -Xcc -fmodule-map-file\=/Users/admin/builder/spi-builder-workspace/.dependencies/checkouts/promises/Sources/FBLPromises/include/module.modulemap -Xcc -fmodule-map-file\=/Users/admin/builder/spi-builder-workspace/.derivedData/Build/Intermediates.noindex/GeneratedModuleMaps/AppCheckCore.modulemap -Xcc -fmodule-map-file\=/Users/admin/builder/spi-builder-workspace/.derivedData/Build/Intermediates.noindex/GeneratedModuleMaps/GoogleUtilities-Logger.modulemap -Xcc -fmodule-map-file\=/Users/admin/builder/spi-builder-workspace/.derivedData/Build/Intermediates.noindex/GeneratedModuleMaps/GoogleUtilities-Environment.modulemap -Xcc -fmodule-map-file\=/Users/admin/builder/spi-builder-workspace/.derivedData/Build/Intermediates.noindex/GeneratedModuleMaps/third-party-IsAppEncrypted.modulemap -Xcc -fmodule-map-file\=/Users/admin/builder/spi-builder-workspace/.derivedData/Build/Intermediates.noindex/GeneratedModuleMaps/GoogleUtilities-UserDefaults.modulemap -Xcc -fmodule-map-file\=/Users/admin/builder/spi-builder-workspace/.derivedData/Build/Intermediates.noindex/GeneratedModuleMaps/FirebaseCore.modulemap -Xcc -fmodule-map-file\=/Users/admin/builder/spi-builder-workspace/.dependencies/checkouts/firebase-ios-sdk/CoreOnly/Sources/module.modulemap -Xcc -fmodule-map-file\=/Users/admin/builder/spi-builder-workspace/.derivedData/Build/Intermediates.noindex/GeneratedModuleMaps/FirebaseAppCheckInterop.modulemap -Xcc -fmodule-map-file\=/Users/admin/builder/spi-builder-workspace/.derivedData/Build/Intermediates.noindex/GeneratedModuleMaps/FirebaseAppCheck.modulemap -Xcc -D_LIBCPP_HARDENING_MODE\=_LIBCPP_HARDENING_MODE_DEBUG -Xcc -ivfsstatcache -Xcc /Users/admin/builder/spi-builder-workspace/.derivedData/SDKStatCaches.noindex/macosx27.0-26A425-e829b21a6f8c9b70876ba0858053c0446a22442a12e9d48fe1a705f55a1adfc4.sdkstatcache -Xcc -fmodules-prune-interval\=86400 -Xcc -fmodules-prune-after\=345600 -Xcc -I/Users/admin/builder/spi-builder-workspace/.dependencies/checkouts/GoogleUtilities/GoogleUtilities/NSData+zlib/Public -Xcc -I/Users/admin/builder/spi-builder-workspace/.dependencies/checkouts/interop-ios-for-google-sdks/RecaptchaEnterprise/RecaptchaInterop/Public -Xcc -I/Users/admin/builder/spi-builder-workspace/.dependencies/checkouts/promises/Sources/FBLPromises/include -Xcc -I/Users/admin/builder/spi-builder-workspace/.dependencies/checkouts/app-check/AppCheckCore/Sources/Public -Xcc -I/Users/admin/builder/spi-builder-workspace/.dependencies/checkouts/GoogleUtilities/GoogleUtilities/Logger/Public -Xcc -I/Users/admin/builder/spi-builder-workspace/.dependencies/checkouts/GoogleUtilities/GoogleUtilities/Environment/Public -Xcc -I/Users/admin/builder/spi-builder-workspace/.dependencies/checkouts/GoogleUtilities/third_party/IsAppEncrypted/Public -Xcc -I/Users/admin/builder/spi-builder-workspace/.dependencies/checkouts/GoogleUtilities/GoogleUtilities/UserDefaults/Public -Xcc -I/Users/admin/builder/spi-builder-workspace/.dependencies/checkouts/firebase-ios-sdk/FirebaseCore/Sources/Public -Xcc -I/Users/admin/builder/spi-builder-workspace/.dependencies/checkouts/firebase-ios-sdk/CoreOnly/Sources -Xcc -I/Users/admin/builder/spi-builder-workspace/.dependencies/checkouts/firebase-ios-sdk/FirebaseAppCheck/Interop/Public -Xcc -I/Users/admin/builder/spi-builder-workspace/.dependencies/checkouts/firebase-ios-sdk/FirebaseAppCheck/Sources/Public -Xcc -I/Users/admin/builder/spi-builder-workspace/.derivedData/Build/Products/Debug/include -Xcc -I/Users/admin/builder/spi-builder-workspace/.derivedData/Build/Intermediates.noindex/APSignedAPIClient.build/Debug/APSignedAPIClient-t.build/DerivedSources-normal/arm64 -Xcc -I/Users/admin/builder/spi-builder-workspace/.derivedData/Build/Intermediates.noindex/APSignedAPIClient.build/Debug/APSignedAPIClient-t.build/DerivedSources/arm64 -Xcc -I/Users/admin/builder/spi-builder-workspace/.derivedData/Build/Intermediates.noindex/APSignedAPIClient.build/Debug/APSignedAPIClient-t.build/DerivedSources -Xcc -DSWIFT_PACKAGE -Xcc -DDEBUG\=1 -no-auto-bridging-header-chaining -module-name APSignedAPIClient -package-name spi_builder_workspace -const-gather-protocols-file /Users/admin/builder/spi-builder-workspace/.derivedData/Build/Intermediates.noindex/APSignedAPIClient.build/Debug/APSignedAPIClient-t.build/Objects-normal/arm64/APSignedAPIClient_const_extract_protocols.json -disable-clang-spi -clang-target arm64-apple-macos27.0 -target-sdk-version 27.0 -target-sdk-name macosx27.0 -in-process-plugin-server-path /Applications/Xcode-27.0.0-Release.Candidate.app/Contents/Developer/Toolchains/XcodeDefault.xctoolchain/usr/lib/swift/host/libSwiftInProcPluginServer.dylib -emit-module-doc-path /Users/admin/builder/spi-builder-workspace/.derivedData/Build/Intermediates.noindex/APSignedAPIClient.build/Debug/APSignedAPIClient-t.build/Objects-normal/arm64/APSignedAPIClient.swiftdoc -emit-module-source-info-path /Users/admin/builder/spi-builder-workspace/.derivedData/Build/Intermediates.noindex/APSignedAPIClient.build/Debug/APSignedAPIClient-t.build/Objects-normal/arm64/APSignedAPIClient.swiftsourceinfo -emit-objc-header-path /Users/admin/builder/spi-builder-workspace/.derivedData/Build/Intermediates.noindex/APSignedAPIClient.build/Debug/APSignedAPIClient-t.build/Objects-normal/arm64/APSignedAPIClient-Swift.h -serialize-diagnostics-path /Users/admin/builder/spi-builder-workspace/.derivedData/Build/Intermediates.noindex/APSignedAPIClient.build/Debug/APSignedAPIClient-t.build/Objects-normal/arm64/APSignedAPIClient-primary-emit-module.dia -emit-dependencies-path /Users/admin/builder/spi-builder-workspace/.derivedData/Build/Intermediates.noindex/APSignedAPIClient.build/Debug/APSignedAPIClient-t.build/Objects-normal/arm64/APSignedAPIClient-primary-emit-module.d -parse-as-library -o /Users/admin/builder/spi-builder-workspace/.derivedData/Build/Intermediates.noindex/APSignedAPIClient.build/Debug/APSignedAPIClient-t.build/Objects-normal/arm64/APSignedAPIClient.swiftmodule -emit-abi-descriptor-path /Users/admin/builder/spi-builder-workspace/.derivedData/Build/Intermediates.noindex/APSignedAPIClient.build/Debug/APSignedAPIClient-t.build/Objects-normal/arm64/APSignedAPIClient.abi.json
SwiftCompile normal arm64 (in target 'APSignedAPIClient' from project 'APSignedAPIClient')
cd /Users/admin/builder/spi-builder-workspace/.swiftpm/xcode
SwiftCompile normal arm64 Compiling\ CoreAPIClient.swift /Users/admin/builder/spi-builder-workspace/Sources/CoreAPIClient.swift (in target 'APSignedAPIClient' from project 'APSignedAPIClient')
SwiftCompile normal arm64 /Users/admin/builder/spi-builder-workspace/Sources/CoreAPIClient.swift (in target 'APSignedAPIClient' from project 'APSignedAPIClient')
cd /Users/admin/builder/spi-builder-workspace/.swiftpm/xcode
builtin-SwiftPerFileCompile CoreAPIClient.swift
/Users/admin/builder/spi-builder-workspace/Sources/CoreAPIClient.swift:108:40: error: 'OSAllocatedUnfairLock' is only available in macOS 13.0 or newer
98 | // MARK: - Configuration
99 |
100 | public struct Configuration {
| `- note: add '@available' attribute to enclosing struct
101 | nonisolated(unsafe) public static var baseURLString = ""
102 | nonisolated(unsafe) public static var appName = ""
:
106 | nonisolated(unsafe) public static var userAgent = ""
107 |
108 | private static let tokenLock = OSAllocatedUnfairLock(initialState: (account: String?.none, user: String?.none, device: String?.none))
| | `- error: 'OSAllocatedUnfairLock' is only available in macOS 13.0 or newer
| `- note: add '@available' attribute to enclosing static property
109 |
110 | public static var accountAuthToken: String? {
/Users/admin/builder/spi-builder-workspace/Sources/CoreAPIClient.swift:108:40: error: 'init(initialState:)' is only available in macOS 13.0 or newer
98 | // MARK: - Configuration
99 |
100 | public struct Configuration {
| `- note: add '@available' attribute to enclosing struct
101 | nonisolated(unsafe) public static var baseURLString = ""
102 | nonisolated(unsafe) public static var appName = ""
:
106 | nonisolated(unsafe) public static var userAgent = ""
107 |
108 | private static let tokenLock = OSAllocatedUnfairLock(initialState: (account: String?.none, user: String?.none, device: String?.none))
| | `- error: 'init(initialState:)' is only available in macOS 13.0 or newer
| `- note: add '@available' attribute to enclosing static property
109 |
110 | public static var accountAuthToken: String? {
/Users/admin/builder/spi-builder-workspace/Sources/CoreAPIInterceptor.swift:13:44: error: 'OSAllocatedUnfairLock' is only available in macOS 13.0 or newer
5 | @preconcurrency import FirebaseAppCheck
6 |
7 | final class CoreAPIInterceptor: RequestInterceptor, Sendable {
| `- note: add '@available' attribute to enclosing class
8 |
9 | // MARK: - Properties
:
11 | private let maxRetryCount: UInt = 5
12 |
13 | private let isReloadingCancelledLock = OSAllocatedUnfairLock(initialState: false)
| `- error: 'OSAllocatedUnfairLock' is only available in macOS 13.0 or newer
14 |
15 | var isReloadingCancelled: Bool {
SwiftCompile normal arm64 Compiling\ resource_bundle_accessor.swift /Users/admin/builder/spi-builder-workspace/.derivedData/Build/Intermediates.noindex/APSignedAPIClient.build/Debug/APSignedAPIClient-t.build/DerivedSources/resource_bundle_accessor.swift (in target 'APSignedAPIClient' from project 'APSignedAPIClient')
SwiftCompile normal arm64 /Users/admin/builder/spi-builder-workspace/.derivedData/Build/Intermediates.noindex/APSignedAPIClient.build/Debug/APSignedAPIClient-t.build/DerivedSources/resource_bundle_accessor.swift (in target 'APSignedAPIClient' from project 'APSignedAPIClient')
cd /Users/admin/builder/spi-builder-workspace/.swiftpm/xcode
builtin-SwiftPerFileCompile resource_bundle_accessor.swift
PruneExplicitPrecompiledModules /Users/admin/builder/spi-builder-workspace/.derivedData/Build/Intermediates.noindex/ExplicitPrecompiledModules
PruneExplicitPrecompiledModules /Users/admin/builder/spi-builder-workspace/.derivedData/SDKExplicitPrecompiledModules
PruneExplicitPrecompiledModules /Users/admin/builder/spi-builder-workspace/.derivedData/Build/Intermediates.noindex/SwiftExplicitPrecompiledModules
2026-09-20 20:34:47.103 xcodebuild[1920:9546] [MT] IDERunDestination: Supported platforms for the buildables in the current scheme is empty.
--- xcodebuild: WARNING: Using the first of multiple matching destinations:
{ platform:macOS, arch:arm64, id:1beeb3915dec7210f44a860e29f9f53003987c8a, name:My Mac }
{ platform:macOS, arch:arm64, variant:Mac Catalyst, id:1beeb3915dec7210f44a860e29f9f53003987c8a, name:My Mac }
{ platform:macOS, arch:arm64, variant:DriverKit, id:1beeb3915dec7210f44a860e29f9f53003987c8a, name:My Mac }
{ platform:macOS, arch:arm64, variant:Designed for [iPad,iPhone], id:1beeb3915dec7210f44a860e29f9f53003987c8a, name:My Mac }
** BUILD FAILED **
The following build commands failed:
SwiftEmitModule normal arm64 Emitting\ module\ for\ APSignedAPIClient (in target 'APSignedAPIClient' from project 'APSignedAPIClient')
SwiftCompile normal arm64 (in target 'APSignedAPIClient' from project 'APSignedAPIClient')
Building workspace APSignedAPIClient with scheme APSignedAPIClient
(3 failures)
BUILD FAILURE 6.4 macosXcodebuild