The Swift Package Index logo.Swift Package Index

Build Information

Failed to build PersonaCam, reference main (a781b5), with Swift 6.4 for iOS using Xcode 27.0 on 25 Sep 2026 13:25:52 UTC.

Build Command

env DEVELOPER_DIR=/Applications/Xcode-27.0.0-Release.Candidate.app xcrun xcodebuild -IDEClonedSourcePackagesDirPathOverride=$PWD/.dependencies -skipMacroValidation -skipPackagePluginValidation -derivedDataPath $PWD/.derivedData build -scheme PersonaCam -destination generic/platform=iOS

Build Log

========================================
RunAll
========================================
Builder version: 5.1.0
Interrupt handler set up.
========================================
Checkout
========================================
Clone URL: https://github.com/robomex/PersonaCam.git
Reference: main
Initialized empty Git repository in /Users/admin/builder/spi-builder-workspace/.git/
From https://github.com/robomex/PersonaCam
 * branch            main       -> FETCH_HEAD
 * [new branch]      main       -> origin/main
HEAD is now at a781b50 Update README
Cloned https://github.com/robomex/PersonaCam.git
Revision (git rev-parse @):
a781b50d4a4b8341f9dfdeb3942e914e2ec59974
SUCCESS checkout https://github.com/robomex/PersonaCam.git at main
========================================
Build
========================================
Selected platform:         iOS
Swift version:             6.4
Building package at path:  $PWD
https://github.com/robomex/PersonaCam.git
Command line invocation:
    /Applications/Xcode-27.0.0-Release.Candidate.app/Contents/Developer/usr/bin/xcodebuild -IDEClonedSourcePackagesDirPathOverride=/Users/admin/builder/spi-builder-workspace/.dependencies -resolvePackageDependencies
Resolve Package Graph
Resolve Package Graph
Resolved source packages:
  PersonaCam: /Users/admin/builder/spi-builder-workspace
resolved source packages: PersonaCam
2026-09-25 09:25:08.535 xcodebuild[526:3005] [MT] IDERunDestination: Supported platforms for the buildables in the current scheme is empty.
{
  "dependencies" : [
  ],
  "manifest_display_name" : "PersonaCam",
  "name" : "PersonaCam",
  "path" : "/Users/admin/builder/spi-builder-workspace",
  "platforms" : [
    {
      "name" : "visionos",
      "version" : "2.1"
    }
  ],
  "products" : [
    {
      "name" : "PersonaCam",
      "targets" : [
        "PersonaCam"
      ],
      "type" : {
        "library" : [
          "automatic"
        ]
      }
    }
  ],
  "targets" : [
    {
      "c99name" : "PersonaCamTests",
      "module_type" : "SwiftTarget",
      "name" : "PersonaCamTests",
      "path" : "Tests/PersonaCamTests",
      "sources" : [
        "PersonaCamTests.swift"
      ],
      "target_dependencies" : [
        "PersonaCam"
      ],
      "type" : "test"
    },
    {
      "c99name" : "PersonaCam",
      "module_type" : "SwiftTarget",
      "name" : "PersonaCam",
      "path" : "Sources/PersonaCam",
      "product_memberships" : [
        "PersonaCam"
      ],
      "sources" : [
        "API/PersonaCamPosition.swift",
        "API/PersonaCamScene.swift",
        "API/PersonaCamSize.swift",
        "API/RealityViewContent+PersonaCam.swift",
        "Capture/CameraPreviewView.swift",
        "Capture/CaptureSessionManager.swift",
        "Internal/HeadFrameMath.swift",
        "Internal/PersonaCamAttachment.swift",
        "Tracking/HeadFollowSystem.swift",
        "Tracking/HeadPoseTracker.swift"
      ],
      "type" : "library"
    }
  ],
  "tools_version" : "6.0"
}
{
  "workspace" : {
    "name" : "PersonaCam",
    "schemes" : [
      "PersonaCam"
    ]
  }
}
2026-09-25 09:25:40.391 xcodebuild[623:3801] [MT] IDERunDestination: Supported platforms for the buildables in the current scheme is empty.
Running build ...
env DEVELOPER_DIR=/Applications/Xcode-27.0.0-Release.Candidate.app xcrun xcodebuild -IDEClonedSourcePackagesDirPathOverride=$PWD/.dependencies -skipMacroValidation -skipPackagePluginValidation -derivedDataPath $PWD/.derivedData build -scheme PersonaCam -destination generic/platform=iOS
Command line invocation:
    /Applications/Xcode-27.0.0-Release.Candidate.app/Contents/Developer/usr/bin/xcodebuild -IDEClonedSourcePackagesDirPathOverride=/Users/admin/builder/spi-builder-workspace/.dependencies -skipMacroValidation -skipPackagePluginValidation -derivedDataPath /Users/admin/builder/spi-builder-workspace/.derivedData build -scheme PersonaCam -destination generic/platform=iOS
Resolve Package Graph
Resolved source packages:
  PersonaCam: /Users/admin/builder/spi-builder-workspace
ComputePackagePrebuildTargetDependencyGraph
Prepare packages
CreateBuildRequest
SendProjectDescription
CreateBuildOperation
ComputeTargetDependencyGraph
note: Building targets in dependency order
note: Target dependency graph (2 targets)
    Target 'PersonaCam-product' in project 'PersonaCam'
        ➜ Explicit dependency on target 'PersonaCam' in project 'PersonaCam'
    Target 'PersonaCam' in project 'PersonaCam' (no dependencies)
GatherProvisioningInputs
CreateBuildDescription
ExecuteExternalTool /Applications/Xcode-27.0.0-Release.Candidate.app/Contents/Developer/Toolchains/XcodeDefault.xctoolchain/usr/bin/clang -v -E -dM -isysroot /Applications/Xcode-27.0.0-Release.Candidate.app/Contents/Developer/Platforms/iPhoneOS.platform/Developer/SDKs/iPhoneOS27.0.sdk -x c -c /dev/null
ExecuteExternalTool /Applications/Xcode-27.0.0-Release.Candidate.app/Contents/Developer/Toolchains/XcodeDefault.xctoolchain/usr/bin/swiftc --version
ExecuteExternalTool /Applications/Xcode-27.0.0-Release.Candidate.app/Contents/Developer/Toolchains/XcodeDefault.xctoolchain/usr/bin/ld -version_details
Build description signature: 1177d7dabdbeb2833e2013cc6ab00f58
Build description path: /Users/admin/builder/spi-builder-workspace/.derivedData/Build/Intermediates.noindex/XCBuildData/1177d7dabdbeb2833e2013cc6ab00f58.xcbuilddata
CreateBuildDirectory /Users/admin/builder/spi-builder-workspace/.derivedData/SDKExplicitPrecompiledModules
    cd /Users/admin/builder/spi-builder-workspace/.swiftpm/xcode
    builtin-create-build-directory /Users/admin/builder/spi-builder-workspace/.derivedData/SDKExplicitPrecompiledModules
CreateBuildDirectory /Users/admin/builder/spi-builder-workspace/.derivedData/CompilationCache.noindex
    cd /Users/admin/builder/spi-builder-workspace/.swiftpm/xcode
    builtin-create-build-directory /Users/admin/builder/spi-builder-workspace/.derivedData/CompilationCache.noindex
CreateBuildDirectory /Users/admin/builder/spi-builder-workspace/.derivedData/ModuleCache.noindex
    cd /Users/admin/builder/spi-builder-workspace/.swiftpm/xcode
    builtin-create-build-directory /Users/admin/builder/spi-builder-workspace/.derivedData/ModuleCache.noindex
CreateBuildDirectory /Users/admin/builder/spi-builder-workspace/.derivedData/Build/Products
    cd /Users/admin/builder/spi-builder-workspace/.swiftpm/xcode
    builtin-create-build-directory /Users/admin/builder/spi-builder-workspace/.derivedData/Build/Products
CreateBuildDirectory /Users/admin/builder/spi-builder-workspace/.derivedData/Build/Intermediates.noindex
    cd /Users/admin/builder/spi-builder-workspace/.swiftpm/xcode
    builtin-create-build-directory /Users/admin/builder/spi-builder-workspace/.derivedData/Build/Intermediates.noindex
ClangStatCache /Applications/Xcode-27.0.0-Release.Candidate.app/Contents/Developer/Toolchains/XcodeDefault.xctoolchain/usr/bin/clang-stat-cache /Applications/Xcode-27.0.0-Release.Candidate.app/Contents/Developer/Platforms/iPhoneOS.platform/Developer/SDKs/iPhoneOS27.0.sdk /Users/admin/builder/spi-builder-workspace/.derivedData/SDKStatCaches.noindex/iphoneos27.0-24A430-e829b21a6f8c9b70876ba0858053c04440ceaa042ed91876912b2eeea4e3aa14.sdkstatcache
    cd /Users/admin/builder/spi-builder-workspace/.swiftpm/xcode
    /Applications/Xcode-27.0.0-Release.Candidate.app/Contents/Developer/Toolchains/XcodeDefault.xctoolchain/usr/bin/clang-stat-cache /Applications/Xcode-27.0.0-Release.Candidate.app/Contents/Developer/Platforms/iPhoneOS.platform/Developer/SDKs/iPhoneOS27.0.sdk -o /Users/admin/builder/spi-builder-workspace/.derivedData/SDKStatCaches.noindex/iphoneos27.0-24A430-e829b21a6f8c9b70876ba0858053c04440ceaa042ed91876912b2eeea4e3aa14.sdkstatcache
CreateBuildDirectory /Users/admin/builder/spi-builder-workspace/.derivedData/Build/Intermediates.noindex/SwiftExplicitPrecompiledModules
    cd /Users/admin/builder/spi-builder-workspace/.swiftpm/xcode
    builtin-create-build-directory /Users/admin/builder/spi-builder-workspace/.derivedData/Build/Intermediates.noindex/SwiftExplicitPrecompiledModules
CreateBuildDirectory /Users/admin/builder/spi-builder-workspace/.derivedData/Build/Intermediates.noindex/PrecompiledHeaders
    cd /Users/admin/builder/spi-builder-workspace/.swiftpm/xcode
    builtin-create-build-directory /Users/admin/builder/spi-builder-workspace/.derivedData/Build/Intermediates.noindex/PrecompiledHeaders
CreateBuildDirectory /Users/admin/builder/spi-builder-workspace/.derivedData/Build/Intermediates.noindex/ExplicitPrecompiledModules
    cd /Users/admin/builder/spi-builder-workspace/.swiftpm/xcode
    builtin-create-build-directory /Users/admin/builder/spi-builder-workspace/.derivedData/Build/Intermediates.noindex/ExplicitPrecompiledModules
CreateBuildDirectory /Users/admin/builder/spi-builder-workspace/.derivedData/Build/Products/Debug-iphoneos
    cd /Users/admin/builder/spi-builder-workspace/.swiftpm/xcode
    builtin-create-build-directory /Users/admin/builder/spi-builder-workspace/.derivedData/Build/Products/Debug-iphoneos
CreateBuildDirectory /Users/admin/builder/spi-builder-workspace/.derivedData/Build/Intermediates.noindex/EagerLinkingTBDs/Debug-iphoneos
    cd /Users/admin/builder/spi-builder-workspace/.swiftpm/xcode
    builtin-create-build-directory /Users/admin/builder/spi-builder-workspace/.derivedData/Build/Intermediates.noindex/EagerLinkingTBDs/Debug-iphoneos
CreateBuildDirectory /Users/admin/builder/spi-builder-workspace/.derivedData/Build/Products/Debug-iphoneos/PackageFrameworks
    cd /Users/admin/builder/spi-builder-workspace/.swiftpm/xcode
    builtin-create-build-directory /Users/admin/builder/spi-builder-workspace/.derivedData/Build/Products/Debug-iphoneos/PackageFrameworks
WriteAuxiliaryFile /Users/admin/builder/spi-builder-workspace/.derivedData/Build/Intermediates.noindex/PersonaCam.build/Debug-iphoneos/PersonaCam-t.build/PersonaCam.modulemap (in target 'PersonaCam' from project 'PersonaCam')
    cd /Users/admin/builder/spi-builder-workspace
    write-file /Users/admin/builder/spi-builder-workspace/.derivedData/Build/Intermediates.noindex/PersonaCam.build/Debug-iphoneos/PersonaCam-t.build/PersonaCam.modulemap
WriteAuxiliaryFile /Users/admin/builder/spi-builder-workspace/.derivedData/Build/Intermediates.noindex/PersonaCam.build/Debug-iphoneos/PersonaCam-t.build/PersonaCam.DependencyMetadataFileList (in target 'PersonaCam' from project 'PersonaCam')
    cd /Users/admin/builder/spi-builder-workspace
    write-file /Users/admin/builder/spi-builder-workspace/.derivedData/Build/Intermediates.noindex/PersonaCam.build/Debug-iphoneos/PersonaCam-t.build/PersonaCam.DependencyMetadataFileList
WriteAuxiliaryFile /Users/admin/builder/spi-builder-workspace/.derivedData/Build/Intermediates.noindex/PersonaCam.build/Debug-iphoneos/PersonaCam-t.build/PersonaCam.DependencyStaticMetadataFileList (in target 'PersonaCam' from project 'PersonaCam')
    cd /Users/admin/builder/spi-builder-workspace
    write-file /Users/admin/builder/spi-builder-workspace/.derivedData/Build/Intermediates.noindex/PersonaCam.build/Debug-iphoneos/PersonaCam-t.build/PersonaCam.DependencyStaticMetadataFileList
WriteAuxiliaryFile /Users/admin/builder/spi-builder-workspace/.derivedData/Build/Intermediates.noindex/PersonaCam.build/Debug-iphoneos/PersonaCam-t.build/Objects-normal/arm64/PersonaCam.SwiftConstValuesFileList (in target 'PersonaCam' from project 'PersonaCam')
    cd /Users/admin/builder/spi-builder-workspace
    write-file /Users/admin/builder/spi-builder-workspace/.derivedData/Build/Intermediates.noindex/PersonaCam.build/Debug-iphoneos/PersonaCam-t.build/Objects-normal/arm64/PersonaCam.SwiftConstValuesFileList
WriteAuxiliaryFile /Users/admin/builder/spi-builder-workspace/.derivedData/Build/Intermediates.noindex/PersonaCam.build/Debug-iphoneos/PersonaCam-t.build/Objects-normal/arm64/PersonaCam.SwiftFileList (in target 'PersonaCam' from project 'PersonaCam')
    cd /Users/admin/builder/spi-builder-workspace
    write-file /Users/admin/builder/spi-builder-workspace/.derivedData/Build/Intermediates.noindex/PersonaCam.build/Debug-iphoneos/PersonaCam-t.build/Objects-normal/arm64/PersonaCam.SwiftFileList
WriteAuxiliaryFile /Users/admin/builder/spi-builder-workspace/.derivedData/Build/Intermediates.noindex/PersonaCam.build/Debug-iphoneos/PersonaCam-t.build/Objects-normal/arm64/PersonaCam-OutputFileMap.json (in target 'PersonaCam' from project 'PersonaCam')
    cd /Users/admin/builder/spi-builder-workspace
    write-file /Users/admin/builder/spi-builder-workspace/.derivedData/Build/Intermediates.noindex/PersonaCam.build/Debug-iphoneos/PersonaCam-t.build/Objects-normal/arm64/PersonaCam-OutputFileMap.json
WriteAuxiliaryFile /Users/admin/builder/spi-builder-workspace/.derivedData/Build/Intermediates.noindex/PersonaCam.build/Debug-iphoneos/PersonaCam-t.build/Objects-normal/arm64/PersonaCam_const_extract_protocols.json (in target 'PersonaCam' from project 'PersonaCam')
    cd /Users/admin/builder/spi-builder-workspace
    write-file /Users/admin/builder/spi-builder-workspace/.derivedData/Build/Intermediates.noindex/PersonaCam.build/Debug-iphoneos/PersonaCam-t.build/Objects-normal/arm64/PersonaCam_const_extract_protocols.json
WriteAuxiliaryFile /Users/admin/builder/spi-builder-workspace/.derivedData/Build/Intermediates.noindex/PersonaCam.build/Debug-iphoneos/PersonaCam-t.build/Objects-normal/arm64/PersonaCam.LinkFileList (in target 'PersonaCam' from project 'PersonaCam')
    cd /Users/admin/builder/spi-builder-workspace
    write-file /Users/admin/builder/spi-builder-workspace/.derivedData/Build/Intermediates.noindex/PersonaCam.build/Debug-iphoneos/PersonaCam-t.build/Objects-normal/arm64/PersonaCam.LinkFileList
Copy /Users/admin/builder/spi-builder-workspace/.derivedData/Build/Intermediates.noindex/GeneratedModuleMaps-iphoneos/PersonaCam.modulemap /Users/admin/builder/spi-builder-workspace/.derivedData/Build/Intermediates.noindex/PersonaCam.build/Debug-iphoneos/PersonaCam-t.build/PersonaCam.modulemap (in target 'PersonaCam' from project 'PersonaCam')
    cd /Users/admin/builder/spi-builder-workspace
    builtin-copy -exclude .DS_Store -exclude CVS -exclude .svn -exclude .git -exclude .hg -resolve-src-symlinks /Users/admin/builder/spi-builder-workspace/.derivedData/Build/Intermediates.noindex/PersonaCam.build/Debug-iphoneos/PersonaCam-t.build/PersonaCam.modulemap /Users/admin/builder/spi-builder-workspace/.derivedData/Build/Intermediates.noindex/GeneratedModuleMaps-iphoneos
SwiftDriver PersonaCam normal arm64 com.apple.xcode.tools.swift.compiler (in target 'PersonaCam' from project 'PersonaCam')
    cd /Users/admin/builder/spi-builder-workspace/.swiftpm/xcode
    builtin-SwiftDriver -- /Applications/Xcode-27.0.0-Release.Candidate.app/Contents/Developer/Toolchains/XcodeDefault.xctoolchain/usr/bin/swiftc -parse-as-library -module-name PersonaCam -Onone @/Users/admin/builder/spi-builder-workspace/.derivedData/Build/Intermediates.noindex/PersonaCam.build/Debug-iphoneos/PersonaCam-t.build/Objects-normal/arm64/PersonaCam.SwiftFileList -DSWIFT_PACKAGE -DDEBUG -DSWIFT_MODULE_RESOURCE_BUNDLE_UNAVAILABLE -DXcode -plugin-path /Applications/Xcode-27.0.0-Release.Candidate.app/Contents/Developer/Toolchains/XcodeDefault.xctoolchain/usr/lib/swift/host/plugins/testing -enable-experimental-feature DebugDescriptionMacro -sdk /Applications/Xcode-27.0.0-Release.Candidate.app/Contents/Developer/Platforms/iPhoneOS.platform/Developer/SDKs/iPhoneOS27.0.sdk -target arm64-apple-ios15.0 -g -module-cache-path /Users/admin/builder/spi-builder-workspace/.derivedData/ModuleCache.noindex -Xfrontend -serialize-debugging-options -profile-coverage-mapping -profile-generate -enable-testing -index-store-path /Users/admin/builder/spi-builder-workspace/.derivedData/Index.noindex/DataStore -Xcc -D_LIBCPP_HARDENING_MODE\=_LIBCPP_HARDENING_MODE_DEBUG -swift-version 6 -I /Users/admin/builder/spi-builder-workspace/.derivedData/Build/Products/Debug-iphoneos -Isystem /Applications/Xcode-27.0.0-Release.Candidate.app/Contents/Developer/Platforms/iPhoneOS.platform/Developer/usr/lib -F /Users/admin/builder/spi-builder-workspace/.derivedData/Build/Products/Debug-iphoneos -F /Applications/Xcode-27.0.0-Release.Candidate.app/Contents/Developer/Platforms/iPhoneOS.platform/Developer/Library/Frameworks -F /Applications/Xcode-27.0.0-Release.Candidate.app/Contents/Developer/Platforms/iPhoneOS.platform/Developer/SDKs/iPhoneOS27.0.sdk/Developer/Library/Frameworks -c -j10 -enable-batch-mode -incremental -Xcc -ivfsstatcache -Xcc /Users/admin/builder/spi-builder-workspace/.derivedData/SDKStatCaches.noindex/iphoneos27.0-24A430-e829b21a6f8c9b70876ba0858053c04440ceaa042ed91876912b2eeea4e3aa14.sdkstatcache -output-file-map /Users/admin/builder/spi-builder-workspace/.derivedData/Build/Intermediates.noindex/PersonaCam.build/Debug-iphoneos/PersonaCam-t.build/Objects-normal/arm64/PersonaCam-OutputFileMap.json -save-temps -no-color-diagnostics -explicit-module-build -module-cache-path /Users/admin/builder/spi-builder-workspace/.derivedData/Build/Intermediates.noindex/SwiftExplicitPrecompiledModules -clang-scanner-module-cache-path /Users/admin/builder/spi-builder-workspace/.derivedData/ModuleCache.noindex -sdk-module-cache-path /Users/admin/builder/spi-builder-workspace/.derivedData/SDKExplicitPrecompiledModules -emit-dependencies -emit-module -emit-module-path /Users/admin/builder/spi-builder-workspace/.derivedData/Build/Intermediates.noindex/PersonaCam.build/Debug-iphoneos/PersonaCam-t.build/Objects-normal/arm64/PersonaCam.swiftmodule -serialize-diagnostics -dependency-scan-serialize-diagnostics-path /Users/admin/builder/spi-builder-workspace/.derivedData/Build/Intermediates.noindex/PersonaCam.build/Debug-iphoneos/PersonaCam-t.build/Objects-normal/arm64/PersonaCam-dependency-scan.dia -validate-clang-modules-once -clang-build-session-file /Users/admin/builder/spi-builder-workspace/.derivedData/ModuleCache.noindex/Session.modulevalidation -Xcc -fmodules-prune-interval\=86400 -Xcc -fmodules-prune-after\=345600 -package-name spi_builder_workspace -emit-const-values -const-gather-protocols-list /Users/admin/builder/spi-builder-workspace/.derivedData/Build/Intermediates.noindex/PersonaCam.build/Debug-iphoneos/PersonaCam-t.build/Objects-normal/arm64/PersonaCam_const_extract_protocols.json -Xcc -I/Users/admin/builder/spi-builder-workspace/.derivedData/Build/Products/Debug-iphoneos/include -Xcc -I/Users/admin/builder/spi-builder-workspace/.derivedData/Build/Intermediates.noindex/PersonaCam.build/Debug-iphoneos/PersonaCam-t.build/DerivedSources-normal/arm64 -Xcc -I/Users/admin/builder/spi-builder-workspace/.derivedData/Build/Intermediates.noindex/PersonaCam.build/Debug-iphoneos/PersonaCam-t.build/DerivedSources/arm64 -Xcc -I/Users/admin/builder/spi-builder-workspace/.derivedData/Build/Intermediates.noindex/PersonaCam.build/Debug-iphoneos/PersonaCam-t.build/DerivedSources -Xcc -DSWIFT_PACKAGE -Xcc -DDEBUG\=1 -emit-objc-header -emit-objc-header-path /Users/admin/builder/spi-builder-workspace/.derivedData/Build/Intermediates.noindex/PersonaCam.build/Debug-iphoneos/PersonaCam-t.build/Objects-normal/arm64/PersonaCam-Swift.h -working-directory /Users/admin/builder/spi-builder-workspace/.swiftpm/xcode -experimental-emit-module-separately -disable-cmo
SwiftExplicitDependencyGeneratePcm arm64 /Users/admin/builder/spi-builder-workspace/.derivedData/SDKExplicitPrecompiledModules/SwiftShims-2T1JKJY1CNAX17AUPWM2I7WV9.pcm
SwiftExplicitDependencyGeneratePcm arm64 /Users/admin/builder/spi-builder-workspace/.derivedData/SDKExplicitPrecompiledModules/_Builtin_float-C9YPEHM4CFZRZANG7FZUAXNEM.pcm
SwiftExplicitDependencyGeneratePcm arm64 /Users/admin/builder/spi-builder-workspace/.derivedData/SDKExplicitPrecompiledModules/DeveloperToolsSupport-E3M7T8YO39KX9LNWWYMQL2RQM.pcm
SwiftExplicitDependencyGeneratePcm arm64 /Users/admin/builder/spi-builder-workspace/.derivedData/SDKExplicitPrecompiledModules/_AvailabilityInternal-3RI5Y5TKNUVCSZS0AWA4QTVBL.pcm
SwiftExplicitDependencyGeneratePcm arm64 /Users/admin/builder/spi-builder-workspace/.derivedData/SDKExplicitPrecompiledModules/_Builtin_stddef-497PWUKWYPOGQHRSPKM0T1465.pcm
SwiftExplicitDependencyGeneratePcm arm64 /Users/admin/builder/spi-builder-workspace/.derivedData/SDKExplicitPrecompiledModules/ShaderGraph-939LF7BF8OGRTQ5HPMQ05T3TT.pcm
SwiftExplicitDependencyGeneratePcm arm64 /Users/admin/builder/spi-builder-workspace/.derivedData/SDKExplicitPrecompiledModules/ptrcheck-7IAJ7MPM56KRQ7DVR098RZHZ.pcm
SwiftExplicitDependencyGeneratePcm arm64 /Users/admin/builder/spi-builder-workspace/.derivedData/SDKExplicitPrecompiledModules/ptrauth-AW885YIGD3C9FM93EVUVX6RSX.pcm
SwiftExplicitDependencyGeneratePcm arm64 /Users/admin/builder/spi-builder-workspace/.derivedData/SDKExplicitPrecompiledModules/_SwiftConcurrencyShims-1YQ444MGGYMS6A2AOV77GJGQW.pcm
SwiftExplicitDependencyGeneratePcm arm64 /Users/admin/builder/spi-builder-workspace/.derivedData/SDKExplicitPrecompiledModules/_Builtin_stdbool-8O3N4J6YVKHLL0V45IVQS8NH2.pcm
SwiftExplicitDependencyGeneratePcm arm64 /Users/admin/builder/spi-builder-workspace/.derivedData/SDKExplicitPrecompiledModules/_Builtin_stdarg-68742DYUXT1W2MV2M7VLNH88N.pcm
SwiftExplicitDependencyGeneratePcm arm64 /Users/admin/builder/spi-builder-workspace/.derivedData/SDKExplicitPrecompiledModules/RealityCoreTextureProcessing-7UNFSC69ME3U70U1KKVZKA3LK.pcm
SwiftExplicitDependencyGeneratePcm arm64 /Users/admin/builder/spi-builder-workspace/.derivedData/SDKExplicitPrecompiledModules/GroupActivities-2PYGXH7628HAK1LAXPXL05EGP.pcm
SwiftExplicitDependencyGeneratePcm arm64 /Users/admin/builder/spi-builder-workspace/.derivedData/SDKExplicitPrecompiledModules/_DarwinFoundation1-CM7XFNS1BWR7TJ77APPPZNEYV.pcm
SwiftExplicitDependencyGeneratePcm arm64 /Users/admin/builder/spi-builder-workspace/.derivedData/SDKExplicitPrecompiledModules/_Builtin_limits-DZCNUPSJE8VFID4WNCB288197.pcm
SwiftExplicitDependencyGeneratePcm arm64 /Users/admin/builder/spi-builder-workspace/.derivedData/SDKExplicitPrecompiledModules/_DarwinFoundation2-B59V6W3XU16CLURAS03HJS6YW.pcm
SwiftExplicitDependencyGeneratePcm arm64 /Users/admin/builder/spi-builder-workspace/.derivedData/SDKExplicitPrecompiledModules/sys_types-362M33UJYX5FN4RCNSGM7NM1D.pcm
SwiftExplicitDependencyGeneratePcm arm64 /Users/admin/builder/spi-builder-workspace/.derivedData/SDKExplicitPrecompiledModules/string_h-1Q2U6QG8BMVR0IC2U25873FPM.pcm
SwiftExplicitDependencyGeneratePcm arm64 /Users/admin/builder/spi-builder-workspace/.derivedData/SDKExplicitPrecompiledModules/_Builtin_stdint-6SFA8FHKKN84TABC4YGTRQP9K.pcm
SwiftExplicitDependencyGeneratePcm arm64 /Users/admin/builder/spi-builder-workspace/.derivedData/SDKExplicitPrecompiledModules/_Builtin_tgmath-1VC6S81XZSCCNC4LS513DH6JX.pcm
SwiftExplicitDependencyGeneratePcm arm64 /Users/admin/builder/spi-builder-workspace/.derivedData/SDKExplicitPrecompiledModules/_Builtin_stdatomic-1KLSPMZHFV28VLY03WH70TKRQ.pcm
SwiftExplicitDependencyGeneratePcm arm64 /Users/admin/builder/spi-builder-workspace/.derivedData/SDKExplicitPrecompiledModules/_DarwinFoundation3-DYY938WDNPDWGPOGH1M1QUITA.pcm
SwiftExplicitDependencyGeneratePcm arm64 /Users/admin/builder/spi-builder-workspace/.derivedData/SDKExplicitPrecompiledModules/_Builtin_intrinsics-EFHOTPPKN8RTFDKJ1PQWKATA8.pcm
SwiftExplicitDependencyGeneratePcm arm64 /Users/admin/builder/spi-builder-workspace/.derivedData/SDKExplicitPrecompiledModules/_Builtin_inttypes-65FJ2B2J1AEG8S0QD4ORVM8AF.pcm
SwiftExplicitDependencyGeneratePcm arm64 /Users/admin/builder/spi-builder-workspace/.derivedData/SDKExplicitPrecompiledModules/Darwin-7BRJ35O6AB5WG6M0QJKB4XRFG.pcm
SwiftExplicitDependencyGeneratePcm arm64 /Users/admin/builder/spi-builder-workspace/.derivedData/SDKExplicitPrecompiledModules/simd-AXUK2DHYTDQBWPN6H5Q60OYPK.pcm
SwiftExplicitDependencyGeneratePcm arm64 /Users/admin/builder/spi-builder-workspace/.derivedData/SDKExplicitPrecompiledModules/ObjectiveC-2XPQ6U9PP7GEYPPG4LGBZBUCL.pcm
SwiftExplicitDependencyGeneratePcm arm64 /Users/admin/builder/spi-builder-workspace/.derivedData/SDKExplicitPrecompiledModules/MachO-9F4BG5KR6TOP88211XYW7B1FV.pcm
SwiftExplicitDependencyGeneratePcm arm64 /Users/admin/builder/spi-builder-workspace/.derivedData/SDKExplicitPrecompiledModules/Compression-EMH5S4EZO1LR5DA7FC7KJ3E3S.pcm
SwiftExplicitDependencyGeneratePcm arm64 /Users/admin/builder/spi-builder-workspace/.derivedData/SDKExplicitPrecompiledModules/os_object-CN4Y7T89Q3YQ2MKXLFROZXLDT.pcm
SwiftExplicitDependencyGeneratePcm arm64 /Users/admin/builder/spi-builder-workspace/.derivedData/SDKExplicitPrecompiledModules/os_workgroup-5UBI4P9YBOBEVSY2WVPGNJBP0.pcm
SwiftExplicitDependencyGeneratePcm arm64 /Users/admin/builder/spi-builder-workspace/.derivedData/SDKExplicitPrecompiledModules/Dispatch-BO6SVQF0IH8VODEHY7FQBERTL.pcm
SwiftExplicitDependencyGeneratePcm arm64 /Users/admin/builder/spi-builder-workspace/.derivedData/SDKExplicitPrecompiledModules/Spatial-4QPEZ4O0LJRHECUXL00ZQSX6Q.pcm
SwiftExplicitDependencyGeneratePcm arm64 /Users/admin/builder/spi-builder-workspace/.derivedData/SDKExplicitPrecompiledModules/XPC-8RGSM7SGRDPX6RCK48IA80D7H.pcm
SwiftExplicitDependencyGeneratePcm arm64 /Users/admin/builder/spi-builder-workspace/.derivedData/SDKExplicitPrecompiledModules/CoreFoundation-3BXWUG13YYK3VV3PI7VYJJI74.pcm
SwiftExplicitDependencyGeneratePcm arm64 /Users/admin/builder/spi-builder-workspace/.derivedData/SDKExplicitPrecompiledModules/dnssd-CLCA37YRRJW3G7TAOYSSURKA3.pcm
SwiftExplicitDependencyGeneratePcm arm64 /Users/admin/builder/spi-builder-workspace/.derivedData/SDKExplicitPrecompiledModules/os-46UXIJFHVWSAV5L5JXKGWDZIQ.pcm
SwiftExplicitDependencyGeneratePcm arm64 /Users/admin/builder/spi-builder-workspace/.derivedData/SDKExplicitPrecompiledModules/CFNetwork-6ICAZ6DACHUVURN640VOBA1EC.pcm
SwiftExplicitDependencyGeneratePcm arm64 /Users/admin/builder/spi-builder-workspace/.derivedData/SDKExplicitPrecompiledModules/CoreAudioTypes-3HZ3YIQUFLAEDIOVO4MTL03JX.pcm
SwiftExplicitDependencyGeneratePcm arm64 /Users/admin/builder/spi-builder-workspace/.derivedData/SDKExplicitPrecompiledModules/Security-8HI917VU3DURPJQDVV46744EJ.pcm
SwiftExplicitDependencyGeneratePcm arm64 /Users/admin/builder/spi-builder-workspace/.derivedData/SDKExplicitPrecompiledModules/CoreGraphics-EQHYKMI9DLTUCSXR4BHA8SLQW.pcm
SwiftExplicitDependencyGeneratePcm arm64 /Users/admin/builder/spi-builder-workspace/.derivedData/SDKExplicitPrecompiledModules/CoreAudio-8Z3V0T9690TVOA9OA0PU5QDT1.pcm
SwiftExplicitDependencyGeneratePcm arm64 /Users/admin/builder/spi-builder-workspace/.derivedData/SDKExplicitPrecompiledModules/Foundation-ECOO1J2N4MYJUH0P49Q2U9DM8.pcm
SwiftExplicitDependencyGeneratePcm arm64 /Users/admin/builder/spi-builder-workspace/.derivedData/SDKExplicitPrecompiledModules/CoreText-F441EI3YEWW5ODX5J4BZSHVKW.pcm
SwiftExplicitDependencyGeneratePcm arm64 /Users/admin/builder/spi-builder-workspace/.derivedData/SDKExplicitPrecompiledModules/ImageIO-CUCVE4XKXH3T7DFBHT5D1NY9P.pcm
SwiftExplicitDependencyGeneratePcm arm64 /Users/admin/builder/spi-builder-workspace/.derivedData/SDKExplicitPrecompiledModules/FileProvider-1XNCL2ZE587ZFI507QO4YISQK.pcm
SwiftExplicitDependencyGeneratePcm arm64 /Users/admin/builder/spi-builder-workspace/.derivedData/SDKExplicitPrecompiledModules/CoreMIDI-2L85UPHQ9TN51R81IDHTOVGWR.pcm
SwiftExplicitDependencyGeneratePcm arm64 /Users/admin/builder/spi-builder-workspace/.derivedData/SDKExplicitPrecompiledModules/DataDetection-D7YJDKEOCBSR1L7KLARELJ3DL.pcm
SwiftExplicitDependencyGeneratePcm arm64 /Users/admin/builder/spi-builder-workspace/.derivedData/SDKExplicitPrecompiledModules/UIUtilities-AY9TTMMPFCDU9HKM2OEJT599J.pcm
SwiftExplicitDependencyGeneratePcm arm64 /Users/admin/builder/spi-builder-workspace/.derivedData/SDKExplicitPrecompiledModules/OSLog-6QFWL0D2G7V2W1UIEQCOBYMLC.pcm
SwiftExplicitDependencyGeneratePcm arm64 /Users/admin/builder/spi-builder-workspace/.derivedData/SDKExplicitPrecompiledModules/LocalAuthentication-2ZC4OYT4M8FY3RERR56U4HM3A.pcm
SwiftExplicitDependencyGeneratePcm arm64 /Users/admin/builder/spi-builder-workspace/.derivedData/SDKExplicitPrecompiledModules/Network-C1WMXMNMQZQYXASY6WPYEJ5DR.pcm
SwiftExplicitDependencyGeneratePcm arm64 /Users/admin/builder/spi-builder-workspace/.derivedData/SDKExplicitPrecompiledModules/UserNotifications-5Q6DXZG4O1TQENU5PY3LE9XWQ.pcm
SwiftExplicitDependencyGeneratePcm arm64 /Users/admin/builder/spi-builder-workspace/.derivedData/SDKExplicitPrecompiledModules/CoreTransferable-71DK7R73USO1WXF3LULJFJ7P5.pcm
SwiftExplicitDependencyGeneratePcm arm64 /Users/admin/builder/spi-builder-workspace/.derivedData/SDKExplicitPrecompiledModules/UniformTypeIdentifiers-1XVHW9RBFJV5SU0E14TR35BAF.pcm
SwiftExplicitDependencyGeneratePcm arm64 /Users/admin/builder/spi-builder-workspace/.derivedData/SDKExplicitPrecompiledModules/CoreData-22PL8LA9CJZ296BLCIG7OGV35.pcm
SwiftExplicitDependencyGeneratePcm arm64 /Users/admin/builder/spi-builder-workspace/.derivedData/SDKExplicitPrecompiledModules/Accessibility-CU9RBD56APUKVOBXEQH4CWKKK.pcm
SwiftExplicitDependencyGeneratePcm arm64 /Users/admin/builder/spi-builder-workspace/.derivedData/SDKExplicitPrecompiledModules/ModelIO-8XR2BAIHWODDO14KMVYE53NT0.pcm
SwiftExplicitDependencyGeneratePcm arm64 /Users/admin/builder/spi-builder-workspace/.derivedData/SDKExplicitPrecompiledModules/_LocationEssentials-SEUXG8KRGQOEGUJAHWO2J8HV.pcm
SwiftExplicitDependencyGeneratePcm arm64 /Users/admin/builder/spi-builder-workspace/.derivedData/SDKExplicitPrecompiledModules/IOSurface-BVOQ3PY8ENVCHM4KO1E52BEKJ.pcm
SwiftExplicitDependencyGeneratePcm arm64 /Users/admin/builder/spi-builder-workspace/.derivedData/SDKExplicitPrecompiledModules/Symbols-3AVAPTFLBF51P1VEZ450OIJZC.pcm
SwiftExplicitDependencyGeneratePcm arm64 /Users/admin/builder/spi-builder-workspace/.derivedData/SDKExplicitPrecompiledModules/AudioToolbox-D23ZC41Y9OTMYS3BTCODDCM2D.pcm
SwiftExplicitDependencyGeneratePcm arm64 /Users/admin/builder/spi-builder-workspace/.derivedData/SDKExplicitPrecompiledModules/AVRouting-BD0W2R7QI1BEG55F9FFTJWI0L.pcm
SwiftExplicitDependencyGeneratePcm arm64 /Users/admin/builder/spi-builder-workspace/.derivedData/SDKExplicitPrecompiledModules/CoreLocation-8Y6Z8XLZS1E5DAFL26U72D2G8.pcm
SwiftExplicitDependencyGeneratePcm arm64 /Users/admin/builder/spi-builder-workspace/.derivedData/SDKExplicitPrecompiledModules/OpenGLES-E6A4CVQK2JI0M7EWMSD8KOKE1.pcm
SwiftExplicitDependencyGeneratePcm arm64 /Users/admin/builder/spi-builder-workspace/.derivedData/SDKExplicitPrecompiledModules/Metal-6FJSFS7KGNJY3YLGFBPMC3X1C.pcm
SwiftExplicitDependencyGeneratePcm arm64 /Users/admin/builder/spi-builder-workspace/.derivedData/SDKExplicitPrecompiledModules/CloudKit-DVXANSX1SNQZ18OPOFFDAF05H.pcm
SwiftExplicitDependencyGeneratePcm arm64 /Users/admin/builder/spi-builder-workspace/.derivedData/SDKExplicitPrecompiledModules/CoreMotion-EN648Z97DWCOE8D4NSAJNX3F3.pcm
SwiftExplicitDependencyGeneratePcm arm64 /Users/admin/builder/spi-builder-workspace/.derivedData/SDKExplicitPrecompiledModules/CoreVideo-331US8I15S21BR0S9MOP9Z8YB.pcm
SwiftExplicitDependencyCompileModuleFromInterface arm64 /Users/admin/builder/spi-builder-workspace/.derivedData/SDKExplicitPrecompiledModules/ShaderGraph-E4TCNPR8SPOE.swiftmodule
SwiftExplicitDependencyCompileModuleFromInterface arm64 /Users/admin/builder/spi-builder-workspace/.derivedData/SDKExplicitPrecompiledModules/RealityCoreDeformation-3Q1H8KXADE2M8.swiftmodule
SwiftExplicitDependencyCompileModuleFromInterface arm64 /Users/admin/builder/spi-builder-workspace/.derivedData/SDKExplicitPrecompiledModules/RealityCoreTextureProcessing-1I7QK7RKROZL7.swiftmodule
SwiftExplicitDependencyGeneratePcm arm64 /Users/admin/builder/spi-builder-workspace/.derivedData/SDKExplicitPrecompiledModules/QuartzCore-BI3R5F4A0NAH7HJGWQI50Y39I.pcm
SwiftExplicitDependencyGeneratePcm arm64 /Users/admin/builder/spi-builder-workspace/.derivedData/SDKExplicitPrecompiledModules/ARKitFoundation-2T6WTBD3VFHR1WPB15Z0U6OA3.pcm
SwiftExplicitDependencyGeneratePcm arm64 /Users/admin/builder/spi-builder-workspace/.derivedData/SDKExplicitPrecompiledModules/CoreMedia-56QOOG3UZ4E8MHJQXH9SAU8ZM.pcm
SwiftExplicitDependencyGeneratePcm arm64 /Users/admin/builder/spi-builder-workspace/.derivedData/SDKExplicitPrecompiledModules/CoreML-57MBOO24BTQH7YEVUYYG79I7G.pcm
SwiftExplicitDependencyGeneratePcm arm64 /Users/admin/builder/spi-builder-workspace/.derivedData/SDKExplicitPrecompiledModules/Accelerate-4ZLNH78299FGBIWIGMXXKDPKE.pcm
SwiftExplicitDependencyGeneratePcm arm64 /Users/admin/builder/spi-builder-workspace/.derivedData/SDKExplicitPrecompiledModules/CoreImage-41NMJQHYS55XFS95WEZX0486H.pcm
SwiftExplicitDependencyGeneratePcm arm64 /Users/admin/builder/spi-builder-workspace/.derivedData/SDKExplicitPrecompiledModules/SwiftUICore-228ME0CGKKKDMG1CH356V12ML.pcm
SwiftExplicitDependencyGeneratePcm arm64 /Users/admin/builder/spi-builder-workspace/.derivedData/SDKExplicitPrecompiledModules/UIKit-EW2BTCKF6GWXBZ1TVGESDQ29D.pcm
SwiftExplicitDependencyGeneratePcm arm64 /Users/admin/builder/spi-builder-workspace/.derivedData/SDKExplicitPrecompiledModules/Vision-39544VWVLM3NEZ5FEXVNUTTJE.pcm
SwiftExplicitDependencyGeneratePcm arm64 /Users/admin/builder/spi-builder-workspace/.derivedData/SDKExplicitPrecompiledModules/MediaToolbox-1Q363G6GPINQZANGGZN4ACY88.pcm
SwiftExplicitDependencyGeneratePcm arm64 /Users/admin/builder/spi-builder-workspace/.derivedData/SDKExplicitPrecompiledModules/AVFAudio-3UXSQMBYEVDIK8BDLAWAOE8PW.pcm
SwiftExplicitDependencyGeneratePcm arm64 /Users/admin/builder/spi-builder-workspace/.derivedData/SDKExplicitPrecompiledModules/VideoToolbox-C4RA34VO87RVF1S6901J3V3N7.pcm
SwiftExplicitDependencyCompileModuleFromInterface arm64 /Users/admin/builder/spi-builder-workspace/.derivedData/SDKExplicitPrecompiledModules/RealityCoreRenderer-Y6374OTZDTAF.swiftmodule
SwiftExplicitDependencyGeneratePcm arm64 /Users/admin/builder/spi-builder-workspace/.derivedData/SDKExplicitPrecompiledModules/AVFoundation-8VFF7YI648BZ139LD0UNKZ3CU.pcm
SwiftExplicitDependencyCompileModuleFromInterface arm64 /Users/admin/builder/spi-builder-workspace/.derivedData/SDKExplicitPrecompiledModules/RealityFoundationCloth-3RCO9YQH2EUX4.swiftmodule
SwiftExplicitDependencyGeneratePcm arm64 /Users/admin/builder/spi-builder-workspace/.derivedData/SDKExplicitPrecompiledModules/ARKitCore-BMQBQIO6956LLP2URFSU1TKP1.pcm
SwiftExplicitDependencyGeneratePcm arm64 /Users/admin/builder/spi-builder-workspace/.derivedData/SDKExplicitPrecompiledModules/GLKit-BIR58EYJLOZ1179GAR0WMW7PT.pcm
SwiftExplicitDependencyGeneratePcm arm64 /Users/admin/builder/spi-builder-workspace/.derivedData/SDKExplicitPrecompiledModules/SwiftUI-29HIXNQCFUV9XUACGXLP9WW06.pcm
SwiftExplicitDependencyGeneratePcm arm64 /Users/admin/builder/spi-builder-workspace/.derivedData/SDKExplicitPrecompiledModules/GameController-1G3S0ITZ321S0AR2RELM7NJOU.pcm
SwiftExplicitDependencyGeneratePcm arm64 /Users/admin/builder/spi-builder-workspace/.derivedData/SDKExplicitPrecompiledModules/MultipeerConnectivity-7RYU92R5J6Z9QDF1RK73LSM7B.pcm
SwiftExplicitDependencyGeneratePcm arm64 /Users/admin/builder/spi-builder-workspace/.derivedData/SDKExplicitPrecompiledModules/SceneKit-4BL4CDYIE62IUW9JNQRZEA6Q6.pcm
SwiftExplicitDependencyGeneratePcm arm64 /Users/admin/builder/spi-builder-workspace/.derivedData/SDKExplicitPrecompiledModules/SpriteKit-D0SU03C4POVVAQKXJMFIOJTCZ.pcm
SwiftExplicitDependencyGeneratePcm arm64 /Users/admin/builder/spi-builder-workspace/.derivedData/SDKExplicitPrecompiledModules/ARKitUI-5E375ZU4B0TQREDKHPPHBXQHC.pcm
SwiftExplicitDependencyGeneratePcm arm64 /Users/admin/builder/spi-builder-workspace/.derivedData/SDKExplicitPrecompiledModules/ARKit-1EUNJFJAYY5AZCIPLDB1VL5VD.pcm
SwiftEmitModule normal arm64 Emitting\ module\ for\ PersonaCam (in target 'PersonaCam' from project 'PersonaCam')
/Users/admin/builder/spi-builder-workspace/Sources/PersonaCam/API/PersonaCamScene.swift:48:20: error: 'openImmersiveSpace' is unavailable in iOS
46 |     let id: String
47 |
48 |     @Environment(\.openImmersiveSpace) private var openImmersiveSpace
   |                    `- error: 'openImmersiveSpace' is unavailable in iOS
49 |     @State private var hasOpened = false
50 |
SwiftUI.EnvironmentValues.openImmersiveSpace:2:12: note: 'openImmersiveSpace' has been explicitly marked unavailable here
1 | struct EnvironmentValues {
2 | public var openImmersiveSpace: OpenImmersiveSpaceAction { get }}
  |            `- note: 'openImmersiveSpace' has been explicitly marked unavailable here
3 |
/Users/admin/builder/spi-builder-workspace/Sources/PersonaCam/API/RealityViewContent+PersonaCam.swift:9:11: error: cannot find type 'RealityViewContent' in scope
 7 | private var currentPersonaCamRoot: Entity?
 8 |
 9 | extension RealityViewContent {
   |           `- error: cannot find type 'RealityViewContent' in scope
10 |     /// Adds the persona camera as a head-anchored attachment in this `RealityView`.
11 |     ///
/Users/admin/builder/spi-builder-workspace/Sources/PersonaCam/Capture/CameraPreviewView.swift:13:18: error: cannot convert value of type 'KeyPath<Root, Value>' to expected argument type 'Value.Type'
11 |     let size: PersonaCamSize
12 |
13 |     @Environment(\.physicalMetrics) private var physicalMetrics
   |                  `- error: cannot convert value of type 'KeyPath<Root, Value>' to expected argument type 'Value.Type'
14 |
15 |     public init(size: PersonaCamSize = .regular) {
/Users/admin/builder/spi-builder-workspace/Sources/PersonaCam/Capture/CameraPreviewView.swift:13:6: error: generic parameter 'Value' could not be inferred
11 |     let size: PersonaCamSize
12 |
13 |     @Environment(\.physicalMetrics) private var physicalMetrics
   |      `- error: generic parameter 'Value' could not be inferred
14 |
15 |     public init(size: PersonaCamSize = .regular) {
/Users/admin/builder/spi-builder-workspace/Sources/PersonaCam/Capture/CameraPreviewView.swift:13:18: error: cannot infer key path type from context; consider explicitly specifying a root type
11 |     let size: PersonaCamSize
12 |
13 |     @Environment(\.physicalMetrics) private var physicalMetrics
   |                  `- error: cannot infer key path type from context; consider explicitly specifying a root type
14 |
15 |     public init(size: PersonaCamSize = .regular) {
/Users/admin/builder/spi-builder-workspace/Sources/PersonaCam/Internal/PersonaCamAttachment.swift:17:75: error: cannot find type 'AttachmentContent' in scope
15 | @MainActor
16 | @AttachmentContentBuilder
17 | public func PersonaCamAttachment(size: PersonaCamSize = .regular) -> some AttachmentContent {
   |                                                                           `- error: cannot find type 'AttachmentContent' in scope
18 |     Attachment(id: personaCamAttachmentID) {
19 |         PersonaCamView(size: size)
/Users/admin/builder/spi-builder-workspace/Sources/PersonaCam/Internal/PersonaCamAttachment.swift:16:2: error: unknown attribute 'AttachmentContentBuilder'
14 | /// ```
15 | @MainActor
16 | @AttachmentContentBuilder
   |  `- error: unknown attribute 'AttachmentContentBuilder'
17 | public func PersonaCamAttachment(size: PersonaCamSize = .regular) -> some AttachmentContent {
18 |     Attachment(id: personaCamAttachmentID) {
/Users/admin/builder/spi-builder-workspace/Sources/PersonaCam/Tracking/HeadPoseTracker.swift:17:27: error: cannot find 'ARKitSession' in scope
15 |     static let shared = HeadPoseTracker()
16 |
17 |     private let session = ARKitSession()
   |                           `- error: cannot find 'ARKitSession' in scope
18 |     private let provider = WorldTrackingProvider()
19 |     private let logger = Logger(subsystem: "com.personacam", category: "head-tracking")
/Users/admin/builder/spi-builder-workspace/Sources/PersonaCam/Tracking/HeadPoseTracker.swift:18:28: error: cannot find 'WorldTrackingProvider' in scope
16 |
17 |     private let session = ARKitSession()
18 |     private let provider = WorldTrackingProvider()
   |                            `- error: cannot find 'WorldTrackingProvider' in scope
19 |     private let logger = Logger(subsystem: "com.personacam", category: "head-tracking")
20 |     private var hasStarted = false
Failed frontend command:
SwiftCompile normal arm64 (in target 'PersonaCam' from project 'PersonaCam')
    cd /Users/admin/builder/spi-builder-workspace/.swiftpm/xcode

/Applications/Xcode-27.0.0-Release.Candidate.app/Contents/Developer/Toolchains/XcodeDefault.xctoolchain/usr/bin/swift-frontend -frontend -emit-module -experimental-skip-non-inlinable-function-bodies-without-types /Users/admin/builder/spi-builder-workspace/Sources/PersonaCam/API/PersonaCamPosition.swift /Users/admin/builder/spi-builder-workspace/Sources/PersonaCam/API/PersonaCamScene.swift /Users/admin/builder/spi-builder-workspace/Sources/PersonaCam/API/PersonaCamSize.swift /Users/admin/builder/spi-builder-workspace/Sources/PersonaCam/API/RealityViewContent+PersonaCam.swift /Users/admin/builder/spi-builder-workspace/Sources/PersonaCam/Capture/CameraPreviewView.swift /Users/admin/builder/spi-builder-workspace/Sources/PersonaCam/Capture/CaptureSessionManager.swift /Users/admin/builder/spi-builder-workspace/Sources/PersonaCam/Internal/HeadFrameMath.swift /Users/admin/builder/spi-builder-workspace/Sources/PersonaCam/Internal/PersonaCamAttachment.swift /Users/admin/builder/spi-builder-workspace/Sources/PersonaCam/Tracking/HeadFollowSystem.swift /Users/admin/builder/spi-builder-workspace/Sources/PersonaCam/Tracking/HeadPoseTracker.swift -target arm64-apple-ios15.0 -disable-cross-import-overlay-search -swift-module-cross-import RealityKit /Applications/Xcode-27.0.0-Release.Candidate.app/Contents/Developer/Platforms/iPhoneOS.platform/Developer/SDKs/iPhoneOS27.0.sdk/System/Library/Frameworks/RealityKit.framework/Modules/RealityKit.swiftcrossimport/ComputeGraph.swiftoverlay -swift-module-cross-import RealityKit /Applications/Xcode-27.0.0-Release.Candidate.app/Contents/Developer/Platforms/iPhoneOS.platform/Developer/SDKs/iPhoneOS27.0.sdk/System/Library/Frameworks/RealityKit.framework/Modules/RealityKit.swiftcrossimport/SwiftUI.swiftoverlay -load-resolved-plugin /Applications/Xcode-27.0.0-Release.Candidate.app/Contents/Developer/Platforms/iPhoneOS.platform/Developer/usr/lib/swift/host/plugins/libFoundationMacros.dylib\#/Applications/Xcode-27.0.0-Release.Candidate.app/Contents/Developer/Platforms/iPhoneOS.platform/Developer/usr/bin/swift-plugin-server\#FoundationMacros -load-resolved-plugin /Applications/Xcode-27.0.0-Release.Candidate.app/Contents/Developer/Platforms/iPhoneOS.platform/Developer/usr/lib/swift/host/plugins/libObservationMacros.dylib\#/Applications/Xcode-27.0.0-Release.Candidate.app/Contents/Developer/Platforms/iPhoneOS.platform/Developer/usr/bin/swift-plugin-server\#ObservationMacros -load-resolved-plugin /Applications/Xcode-27.0.0-Release.Candidate.app/Contents/Developer/Platforms/iPhoneOS.platform/Developer/usr/lib/swift/host/plugins/libPreviewsMacros.dylib\#/Applications/Xcode-27.0.0-Release.Candidate.app/Contents/Developer/Platforms/iPhoneOS.platform/Developer/usr/bin/swift-plugin-server\#PreviewsMacros -load-resolved-plugin /Applications/Xcode-27.0.0-Release.Candidate.app/Contents/Developer/Platforms/iPhoneOS.platform/Developer/usr/lib/swift/host/plugins/libSwiftMacros.dylib\#/Applications/Xcode-27.0.0-Release.Candidate.app/Contents/Developer/Platforms/iPhoneOS.platform/Developer/usr/bin/swift-plugin-server\#SwiftMacros -load-resolved-plugin /Applications/Xcode-27.0.0-Release.Candidate.app/Contents/Developer/Platforms/iPhoneOS.platform/Developer/usr/lib/swift/host/plugins/libSwiftUIMacros.dylib\#/Applications/Xcode-27.0.0-Release.Candidate.app/Contents/Developer/Platforms/iPhoneOS.platform/Developer/usr/bin/swift-plugin-server\#SwiftUIMacros -disable-implicit-swift-modules -Xcc -fno-implicit-modules -Xcc -fno-implicit-module-maps -explicit-swift-module-map-file /Users/admin/builder/spi-builder-workspace/.derivedData/Build/Intermediates.noindex/PersonaCam.build/Debug-iphoneos/PersonaCam-t.build/Objects-normal/arm64/PersonaCam-dependencies-1.json -Xllvm -aarch64-use-tbi -enable-objc-interop -stack-check -sdk /Applications/Xcode-27.0.0-Release.Candidate.app/Contents/Developer/Platforms/iPhoneOS.platform/Developer/SDKs/iPhoneOS27.0.sdk -I /Users/admin/builder/spi-builder-workspace/.derivedData/Build/Products/Debug-iphoneos -Isystem /Applications/Xcode-27.0.0-Release.Candidate.app/Contents/Developer/Platforms/iPhoneOS.platform/Developer/usr/lib -F /Users/admin/builder/spi-builder-workspace/.derivedData/Build/Products/Debug-iphoneos -F /Applications/Xcode-27.0.0-Release.Candidate.app/Contents/Developer/Platforms/iPhoneOS.platform/Developer/Library/Frameworks -F /Applications/Xcode-27.0.0-Release.Candidate.app/Contents/Developer/Platforms/iPhoneOS.platform/Developer/SDKs/iPhoneOS27.0.sdk/Developer/Library/Frameworks -module-cache-path /Users/admin/builder/spi-builder-workspace/.derivedData/Build/Intermediates.noindex/SwiftExplicitPrecompiledModules -no-color-diagnostics -Xcc -fno-color-diagnostics -enable-testing -g -debug-info-format\=dwarf -dwarf-version\=4 -profile-generate -profile-coverage-mapping -swift-version 6 -Onone -D SWIFT_PACKAGE -D DEBUG -D SWIFT_MODULE_RESOURCE_BUNDLE_UNAVAILABLE -D Xcode -serialize-debugging-options -enable-experimental-feature DebugDescriptionMacro -empty-abi-descriptor -validate-clang-modules-once -clang-build-session-file /Users/admin/builder/spi-builder-workspace/.derivedData/ModuleCache.noindex/Session.modulevalidation -Xcc -working-directory -Xcc /Users/admin/builder/spi-builder-workspace/.swiftpm/xcode -enable-anonymous-context-mangled-names -file-compilation-dir /Users/admin/builder/spi-builder-workspace/.swiftpm/xcode -Xcc -D_LIBCPP_HARDENING_MODE\=_LIBCPP_HARDENING_MODE_DEBUG -Xcc -ivfsstatcache -Xcc /Users/admin/builder/spi-builder-workspace/.derivedData/SDKStatCaches.noindex/iphoneos27.0-24A430-e829b21a6f8c9b70876ba0858053c04440ceaa042ed91876912b2eeea4e3aa14.sdkstatcache -Xcc -fmodules-prune-interval\=86400 -Xcc -fmodules-prune-after\=345600 -Xcc -I/Users/admin/builder/spi-builder-workspace/.derivedData/Build/Products/Debug-iphoneos/include -Xcc -I/Users/admin/builder/spi-builder-workspace/.derivedData/Build/Intermediates.noindex/PersonaCam.build/Debug-iphoneos/PersonaCam-t.build/DerivedSources-normal/arm64 -Xcc -I/Users/admin/builder/spi-builder-workspace/.derivedData/Build/Intermediates.noindex/PersonaCam.build/Debug-iphoneos/PersonaCam-t.build/DerivedSources/arm64 -Xcc -I/Users/admin/builder/spi-builder-workspace/.derivedData/Build/Intermediates.noindex/PersonaCam.build/Debug-iphoneos/PersonaCam-t.build/DerivedSources -Xcc -DSWIFT_PACKAGE -Xcc -DDEBUG\=1 -no-auto-bridging-header-chaining -module-name PersonaCam -package-name spi_builder_workspace -const-gather-protocols-file /Users/admin/builder/spi-builder-workspace/.derivedData/Build/Intermediates.noindex/PersonaCam.build/Debug-iphoneos/PersonaCam-t.build/Objects-normal/arm64/PersonaCam_const_extract_protocols.json -disable-clang-spi -clang-target arm64-apple-ios27.0 -target-sdk-version 27.0 -target-sdk-name iphoneos27.0 -in-process-plugin-server-path /Applications/Xcode-27.0.0-Release.Candidate.app/Contents/Developer/Toolchains/XcodeDefault.xctoolchain/usr/lib/swift/host/libSwiftInProcPluginServer.dylib -emit-module-doc-path /Users/admin/builder/spi-builder-workspace/.derivedData/Build/Intermediates.noindex/PersonaCam.build/Debug-iphoneos/PersonaCam-t.build/Objects-normal/arm64/PersonaCam.swiftdoc -emit-module-source-info-path /Users/admin/builder/spi-builder-workspace/.derivedData/Build/Intermediates.noindex/PersonaCam.build/Debug-iphoneos/PersonaCam-t.build/Objects-normal/arm64/PersonaCam.swiftsourceinfo -emit-objc-header-path /Users/admin/builder/spi-builder-workspace/.derivedData/Build/Intermediates.noindex/PersonaCam.build/Debug-iphoneos/PersonaCam-t.build/Objects-normal/arm64/PersonaCam-Swift.h -serialize-diagnostics-path /Users/admin/builder/spi-builder-workspace/.derivedData/Build/Intermediates.noindex/PersonaCam.build/Debug-iphoneos/PersonaCam-t.build/Objects-normal/arm64/PersonaCam-primary-emit-module.dia -emit-dependencies-path /Users/admin/builder/spi-builder-workspace/.derivedData/Build/Intermediates.noindex/PersonaCam.build/Debug-iphoneos/PersonaCam-t.build/Objects-normal/arm64/PersonaCam-primary-emit-module.d -parse-as-library -o /Users/admin/builder/spi-builder-workspace/.derivedData/Build/Intermediates.noindex/PersonaCam.build/Debug-iphoneos/PersonaCam-t.build/Objects-normal/arm64/PersonaCam.swiftmodule -emit-abi-descriptor-path /Users/admin/builder/spi-builder-workspace/.derivedData/Build/Intermediates.noindex/PersonaCam.build/Debug-iphoneos/PersonaCam-t.build/Objects-normal/arm64/PersonaCam.abi.json
SwiftCompile normal arm64 Compiling\ PersonaCamAttachment.swift /Users/admin/builder/spi-builder-workspace/Sources/PersonaCam/Internal/PersonaCamAttachment.swift (in target 'PersonaCam' from project 'PersonaCam')
SwiftCompile normal arm64 /Users/admin/builder/spi-builder-workspace/Sources/PersonaCam/Internal/PersonaCamAttachment.swift (in target 'PersonaCam' from project 'PersonaCam')
    cd /Users/admin/builder/spi-builder-workspace/.swiftpm/xcode
    builtin-SwiftPerFileCompile PersonaCamAttachment.swift
/Users/admin/builder/spi-builder-workspace/Sources/PersonaCam/Internal/PersonaCamAttachment.swift:17:75: error: cannot find type 'AttachmentContent' in scope
15 | @MainActor
16 | @AttachmentContentBuilder
17 | public func PersonaCamAttachment(size: PersonaCamSize = .regular) -> some AttachmentContent {
   |                                                                           `- error: cannot find type 'AttachmentContent' in scope
18 |     Attachment(id: personaCamAttachmentID) {
19 |         PersonaCamView(size: size)
/Users/admin/builder/spi-builder-workspace/Sources/PersonaCam/Internal/PersonaCamAttachment.swift:16:2: error: unknown attribute 'AttachmentContentBuilder'
14 | /// ```
15 | @MainActor
16 | @AttachmentContentBuilder
   |  `- error: unknown attribute 'AttachmentContentBuilder'
17 | public func PersonaCamAttachment(size: PersonaCamSize = .regular) -> some AttachmentContent {
18 |     Attachment(id: personaCamAttachmentID) {
SwiftCompile normal arm64 Compiling\ CaptureSessionManager.swift /Users/admin/builder/spi-builder-workspace/Sources/PersonaCam/Capture/CaptureSessionManager.swift (in target 'PersonaCam' from project 'PersonaCam')
SwiftCompile normal arm64 /Users/admin/builder/spi-builder-workspace/Sources/PersonaCam/Capture/CaptureSessionManager.swift (in target 'PersonaCam' from project 'PersonaCam')
    cd /Users/admin/builder/spi-builder-workspace/.swiftpm/xcode
    builtin-SwiftPerFileCompile CaptureSessionManager.swift
/Users/admin/builder/spi-builder-workspace/Sources/PersonaCam/Capture/CaptureSessionManager.swift:94:37: error: 'sampleBufferRenderer' is only available in iOS 17.0 or newer
87 | }
88 |
89 | extension CaptureSessionManager: AVCaptureVideoDataOutputSampleBufferDelegate {
   | `- note: add '@available' attribute to enclosing extension
90 |     func captureOutput(_ output: AVCaptureOutput,
   |          `- note: add '@available' attribute to enclosing instance method
91 |                        didOutput sampleBuffer: CMSampleBuffer,
92 |                        from connection: AVCaptureConnection)
93 |     {
94 |         let renderer = displayLayer.sampleBufferRenderer
   |                                     |- error: 'sampleBufferRenderer' is only available in iOS 17.0 or newer
   |                                     `- note: add 'if #available' version check
95 |         guard renderer.isReadyForMoreMediaData else { return }
96 |         renderer.enqueue(sampleBuffer)
SwiftCompile normal arm64 Compiling\ HeadFollowSystem.swift /Users/admin/builder/spi-builder-workspace/Sources/PersonaCam/Tracking/HeadFollowSystem.swift (in target 'PersonaCam' from project 'PersonaCam')
SwiftCompile normal arm64 /Users/admin/builder/spi-builder-workspace/Sources/PersonaCam/Tracking/HeadFollowSystem.swift (in target 'PersonaCam' from project 'PersonaCam')
    cd /Users/admin/builder/spi-builder-workspace/.swiftpm/xcode
    builtin-SwiftPerFileCompile HeadFollowSystem.swift
/Users/admin/builder/spi-builder-workspace/Sources/PersonaCam/Tracking/HeadPoseTracker.swift:17:27: error: cannot find 'ARKitSession' in scope
15 |     static let shared = HeadPoseTracker()
16 |
17 |     private let session = ARKitSession()
   |                           `- error: cannot find 'ARKitSession' in scope
18 |     private let provider = WorldTrackingProvider()
19 |     private let logger = Logger(subsystem: "com.personacam", category: "head-tracking")
/Users/admin/builder/spi-builder-workspace/Sources/PersonaCam/Tracking/HeadPoseTracker.swift:18:28: error: cannot find 'WorldTrackingProvider' in scope
16 |
17 |     private let session = ARKitSession()
18 |     private let provider = WorldTrackingProvider()
   |                            `- error: cannot find 'WorldTrackingProvider' in scope
19 |     private let logger = Logger(subsystem: "com.personacam", category: "head-tracking")
20 |     private var hasStarted = false
SwiftCompile normal arm64 Compiling\ HeadFrameMath.swift /Users/admin/builder/spi-builder-workspace/Sources/PersonaCam/Internal/HeadFrameMath.swift (in target 'PersonaCam' from project 'PersonaCam')
SwiftCompile normal arm64 /Users/admin/builder/spi-builder-workspace/Sources/PersonaCam/Internal/HeadFrameMath.swift (in target 'PersonaCam' from project 'PersonaCam')
    cd /Users/admin/builder/spi-builder-workspace/.swiftpm/xcode
    builtin-SwiftPerFileCompile HeadFrameMath.swift
SwiftCompile normal arm64 Compiling\ HeadPoseTracker.swift /Users/admin/builder/spi-builder-workspace/Sources/PersonaCam/Tracking/HeadPoseTracker.swift (in target 'PersonaCam' from project 'PersonaCam')
/Users/admin/builder/spi-builder-workspace/Sources/PersonaCam/Tracking/HeadPoseTracker.swift:17:27: error: cannot find 'ARKitSession' in scope
15 |     static let shared = HeadPoseTracker()
16 |
17 |     private let session = ARKitSession()
   |                           `- error: cannot find 'ARKitSession' in scope
18 |     private let provider = WorldTrackingProvider()
19 |     private let logger = Logger(subsystem: "com.personacam", category: "head-tracking")
/Users/admin/builder/spi-builder-workspace/Sources/PersonaCam/Tracking/HeadPoseTracker.swift:18:28: error: cannot find 'WorldTrackingProvider' in scope
16 |
17 |     private let session = ARKitSession()
18 |     private let provider = WorldTrackingProvider()
   |                            `- error: cannot find 'WorldTrackingProvider' in scope
19 |     private let logger = Logger(subsystem: "com.personacam", category: "head-tracking")
20 |     private var hasStarted = false
SwiftCompile normal arm64 /Users/admin/builder/spi-builder-workspace/Sources/PersonaCam/Tracking/HeadPoseTracker.swift (in target 'PersonaCam' from project 'PersonaCam')
    cd /Users/admin/builder/spi-builder-workspace/.swiftpm/xcode
    builtin-SwiftPerFileCompile HeadPoseTracker.swift
SwiftCompile normal arm64 Compiling\ RealityViewContent+PersonaCam.swift /Users/admin/builder/spi-builder-workspace/Sources/PersonaCam/API/RealityViewContent+PersonaCam.swift (in target 'PersonaCam' from project 'PersonaCam')
SwiftCompile normal arm64 /Users/admin/builder/spi-builder-workspace/Sources/PersonaCam/API/RealityViewContent+PersonaCam.swift (in target 'PersonaCam' from project 'PersonaCam')
    cd /Users/admin/builder/spi-builder-workspace/.swiftpm/xcode
    builtin-SwiftPerFileCompile RealityViewContent+PersonaCam.swift
SwiftCompile normal arm64 Compiling\ CameraPreviewView.swift /Users/admin/builder/spi-builder-workspace/Sources/PersonaCam/Capture/CameraPreviewView.swift (in target 'PersonaCam' from project 'PersonaCam')
/Users/admin/builder/spi-builder-workspace/Sources/PersonaCam/Capture/CameraPreviewView.swift:13:18: error: cannot convert value of type 'KeyPath<Root, Value>' to expected argument type 'Value.Type'
11 |     let size: PersonaCamSize
12 |
13 |     @Environment(\.physicalMetrics) private var physicalMetrics
   |                  `- error: cannot convert value of type 'KeyPath<Root, Value>' to expected argument type 'Value.Type'
14 |
15 |     public init(size: PersonaCamSize = .regular) {
/Users/admin/builder/spi-builder-workspace/Sources/PersonaCam/Capture/CameraPreviewView.swift:13:6: error: generic parameter 'Value' could not be inferred
11 |     let size: PersonaCamSize
12 |
13 |     @Environment(\.physicalMetrics) private var physicalMetrics
   |      `- error: generic parameter 'Value' could not be inferred
14 |
15 |     public init(size: PersonaCamSize = .regular) {
SwiftCompile normal arm64 /Users/admin/builder/spi-builder-workspace/Sources/PersonaCam/Capture/CameraPreviewView.swift (in target 'PersonaCam' from project 'PersonaCam')
    cd /Users/admin/builder/spi-builder-workspace/.swiftpm/xcode
    builtin-SwiftPerFileCompile CameraPreviewView.swift
SwiftCompile normal arm64 Compiling\ PersonaCamScene.swift /Users/admin/builder/spi-builder-workspace/Sources/PersonaCam/API/PersonaCamScene.swift (in target 'PersonaCam' from project 'PersonaCam')
/Users/admin/builder/spi-builder-workspace/Sources/PersonaCam/API/PersonaCamScene.swift:48:20: error: 'openImmersiveSpace' is unavailable in iOS
46 |     let id: String
47 |
48 |     @Environment(\.openImmersiveSpace) private var openImmersiveSpace
   |                    `- error: 'openImmersiveSpace' is unavailable in iOS
49 |     @State private var hasOpened = false
50 |
SwiftUI.EnvironmentValues.openImmersiveSpace:2:12: note: 'openImmersiveSpace' has been explicitly marked unavailable here
1 | struct EnvironmentValues {
2 | public var openImmersiveSpace: OpenImmersiveSpaceAction { get }}
  |            `- note: 'openImmersiveSpace' has been explicitly marked unavailable here
3 |
/Users/admin/builder/spi-builder-workspace/Sources/PersonaCam/API/PersonaCamScene.swift:28:28: error: extra trailing closure passed in call
26 |             RealityView { content, attachments in
27 |                 content.addPersonaCam(position: position, in: attachments)
28 |             } attachments: {
   |                            `- error: extra trailing closure passed in call
29 |                 PersonaCamAttachment(size: size)
30 |             }
/Users/admin/builder/spi-builder-workspace/Sources/PersonaCam/API/PersonaCamScene.swift:26:27: error: contextual closure type '@MainActor @Sendable (inout RealityViewCameraContent) async -> Void' expects 1 argument, but 2 were used in closure body
24 |     public var body: some SwiftUI.Scene {
25 |         ImmersiveSpace(id: id) {
26 |             RealityView { content, attachments in
   |                           `- error: contextual closure type '@MainActor @Sendable (inout RealityViewCameraContent) async -> Void' expects 1 argument, but 2 were used in closure body
27 |                 content.addPersonaCam(position: position, in: attachments)
28 |             } attachments: {
/Users/admin/builder/spi-builder-workspace/Sources/PersonaCam/API/PersonaCamScene.swift:27:25: error: value of type 'RealityViewCameraContent' has no member 'addPersonaCam'
25 |         ImmersiveSpace(id: id) {
26 |             RealityView { content, attachments in
27 |                 content.addPersonaCam(position: position, in: attachments)
   |                         `- error: value of type 'RealityViewCameraContent' has no member 'addPersonaCam'
28 |             } attachments: {
29 |                 PersonaCamAttachment(size: size)
SwiftCompile normal arm64 /Users/admin/builder/spi-builder-workspace/Sources/PersonaCam/API/PersonaCamScene.swift (in target 'PersonaCam' from project 'PersonaCam')
    cd /Users/admin/builder/spi-builder-workspace/.swiftpm/xcode
    builtin-SwiftPerFileCompile PersonaCamScene.swift
SwiftCompile normal arm64 Compiling\ PersonaCamSize.swift /Users/admin/builder/spi-builder-workspace/Sources/PersonaCam/API/PersonaCamSize.swift (in target 'PersonaCam' from project 'PersonaCam')
SwiftCompile normal arm64 /Users/admin/builder/spi-builder-workspace/Sources/PersonaCam/API/PersonaCamSize.swift (in target 'PersonaCam' from project 'PersonaCam')
    cd /Users/admin/builder/spi-builder-workspace/.swiftpm/xcode
    builtin-SwiftPerFileCompile PersonaCamSize.swift
SwiftCompile normal arm64 Compiling\ PersonaCamPosition.swift /Users/admin/builder/spi-builder-workspace/Sources/PersonaCam/API/PersonaCamPosition.swift (in target 'PersonaCam' from project 'PersonaCam')
SwiftCompile normal arm64 /Users/admin/builder/spi-builder-workspace/Sources/PersonaCam/API/PersonaCamPosition.swift (in target 'PersonaCam' from project 'PersonaCam')
    cd /Users/admin/builder/spi-builder-workspace/.swiftpm/xcode
    builtin-SwiftPerFileCompile PersonaCamPosition.swift
PruneExplicitPrecompiledModules /Users/admin/builder/spi-builder-workspace/.derivedData/Build/Intermediates.noindex/SwiftExplicitPrecompiledModules
PruneExplicitPrecompiledModules /Users/admin/builder/spi-builder-workspace/.derivedData/SDKExplicitPrecompiledModules
PruneExplicitPrecompiledModules /Users/admin/builder/spi-builder-workspace/.derivedData/Build/Intermediates.noindex/ExplicitPrecompiledModules
2026-09-25 09:25:41.938 xcodebuild[624:3842] [MT] IDERunDestination: Supported platforms for the buildables in the current scheme is empty.
** BUILD FAILED **
The following build commands failed:
	SwiftCompile normal arm64 (in target 'PersonaCam' from project 'PersonaCam')
	SwiftEmitModule normal arm64 Emitting\ module\ for\ PersonaCam (in target 'PersonaCam' from project 'PersonaCam')
	Building workspace PersonaCam with scheme PersonaCam
(3 failures)
Command line invocation:
    /Applications/Xcode-27.0.0-Release.Candidate.app/Contents/Developer/usr/bin/xcodebuild -IDEClonedSourcePackagesDirPathOverride=/Users/admin/builder/spi-builder-workspace/.dependencies -resolvePackageDependencies
Resolve Package Graph
Resolved source packages:
  PersonaCam: /Users/admin/builder/spi-builder-workspace
resolved source packages: PersonaCam
2026-09-25 09:25:48.907 xcodebuild[748:4322] [MT] IDERunDestination: Supported platforms for the buildables in the current scheme is empty.
{
  "dependencies" : [
  ],
  "manifest_display_name" : "PersonaCam",
  "name" : "PersonaCam",
  "path" : "/Users/admin/builder/spi-builder-workspace",
  "platforms" : [
    {
      "name" : "visionos",
      "version" : "2.1"
    }
  ],
  "products" : [
    {
      "name" : "PersonaCam",
      "targets" : [
        "PersonaCam"
      ],
      "type" : {
        "library" : [
          "automatic"
        ]
      }
    }
  ],
  "targets" : [
    {
      "c99name" : "PersonaCamTests",
      "module_type" : "SwiftTarget",
      "name" : "PersonaCamTests",
      "path" : "Tests/PersonaCamTests",
      "sources" : [
        "PersonaCamTests.swift"
      ],
      "target_dependencies" : [
        "PersonaCam"
      ],
      "type" : "test"
    },
    {
      "c99name" : "PersonaCam",
      "module_type" : "SwiftTarget",
      "name" : "PersonaCam",
      "path" : "Sources/PersonaCam",
      "product_memberships" : [
        "PersonaCam"
      ],
      "sources" : [
        "API/PersonaCamPosition.swift",
        "API/PersonaCamScene.swift",
        "API/PersonaCamSize.swift",
        "API/RealityViewContent+PersonaCam.swift",
        "Capture/CameraPreviewView.swift",
        "Capture/CaptureSessionManager.swift",
        "Internal/HeadFrameMath.swift",
        "Internal/PersonaCamAttachment.swift",
        "Tracking/HeadFollowSystem.swift",
        "Tracking/HeadPoseTracker.swift"
      ],
      "type" : "library"
    }
  ],
  "tools_version" : "6.0"
}
{
  "workspace" : {
    "name" : "PersonaCam",
    "schemes" : [
      "PersonaCam"
    ]
  }
}
2026-09-25 09:25:50.207 xcodebuild[776:4561] [MT] IDERunDestination: Supported platforms for the buildables in the current scheme is empty.
Running build ...
env DEVELOPER_DIR=/Applications/Xcode-27.0.0-Release.Candidate.app xcrun xcodebuild -IDEClonedSourcePackagesDirPathOverride=$PWD/.dependencies -skipMacroValidation -skipPackagePluginValidation -derivedDataPath $PWD/.derivedData build -scheme PersonaCam -destination generic/platform=iOS
Command line invocation:
    /Applications/Xcode-27.0.0-Release.Candidate.app/Contents/Developer/usr/bin/xcodebuild -IDEClonedSourcePackagesDirPathOverride=/Users/admin/builder/spi-builder-workspace/.dependencies -skipMacroValidation -skipPackagePluginValidation -derivedDataPath /Users/admin/builder/spi-builder-workspace/.derivedData build -scheme PersonaCam -destination generic/platform=iOS
Resolve Package Graph
Resolved source packages:
  PersonaCam: /Users/admin/builder/spi-builder-workspace
ComputePackagePrebuildTargetDependencyGraph
Prepare packages
CreateBuildRequest
SendProjectDescription
CreateBuildOperation
ComputeTargetDependencyGraph
note: Building targets in dependency order
note: Target dependency graph (2 targets)
    Target 'PersonaCam-product' in project 'PersonaCam'
        ➜ Explicit dependency on target 'PersonaCam' in project 'PersonaCam'
    Target 'PersonaCam' in project 'PersonaCam' (no dependencies)
GatherProvisioningInputs
CreateBuildDescription
ClangStatCache /Applications/Xcode-27.0.0-Release.Candidate.app/Contents/Developer/Toolchains/XcodeDefault.xctoolchain/usr/bin/clang-stat-cache /Applications/Xcode-27.0.0-Release.Candidate.app/Contents/Developer/Platforms/iPhoneOS.platform/Developer/SDKs/iPhoneOS27.0.sdk /Users/admin/builder/spi-builder-workspace/.derivedData/SDKStatCaches.noindex/iphoneos27.0-24A430-e829b21a6f8c9b70876ba0858053c04440ceaa042ed91876912b2eeea4e3aa14.sdkstatcache
    cd /Users/admin/builder/spi-builder-workspace/.swiftpm/xcode
    /Applications/Xcode-27.0.0-Release.Candidate.app/Contents/Developer/Toolchains/XcodeDefault.xctoolchain/usr/bin/clang-stat-cache /Applications/Xcode-27.0.0-Release.Candidate.app/Contents/Developer/Platforms/iPhoneOS.platform/Developer/SDKs/iPhoneOS27.0.sdk -o /Users/admin/builder/spi-builder-workspace/.derivedData/SDKStatCaches.noindex/iphoneos27.0-24A430-e829b21a6f8c9b70876ba0858053c04440ceaa042ed91876912b2eeea4e3aa14.sdkstatcache
SwiftDriver PersonaCam normal arm64 com.apple.xcode.tools.swift.compiler (in target 'PersonaCam' from project 'PersonaCam')
    cd /Users/admin/builder/spi-builder-workspace/.swiftpm/xcode
    builtin-SwiftDriver -- /Applications/Xcode-27.0.0-Release.Candidate.app/Contents/Developer/Toolchains/XcodeDefault.xctoolchain/usr/bin/swiftc -parse-as-library -module-name PersonaCam -Onone @/Users/admin/builder/spi-builder-workspace/.derivedData/Build/Intermediates.noindex/PersonaCam.build/Debug-iphoneos/PersonaCam-t.build/Objects-normal/arm64/PersonaCam.SwiftFileList -DSWIFT_PACKAGE -DDEBUG -DSWIFT_MODULE_RESOURCE_BUNDLE_UNAVAILABLE -DXcode -plugin-path /Applications/Xcode-27.0.0-Release.Candidate.app/Contents/Developer/Toolchains/XcodeDefault.xctoolchain/usr/lib/swift/host/plugins/testing -enable-experimental-feature DebugDescriptionMacro -sdk /Applications/Xcode-27.0.0-Release.Candidate.app/Contents/Developer/Platforms/iPhoneOS.platform/Developer/SDKs/iPhoneOS27.0.sdk -target arm64-apple-ios15.0 -g -module-cache-path /Users/admin/builder/spi-builder-workspace/.derivedData/ModuleCache.noindex -Xfrontend -serialize-debugging-options -profile-coverage-mapping -profile-generate -enable-testing -index-store-path /Users/admin/builder/spi-builder-workspace/.derivedData/Index.noindex/DataStore -Xcc -D_LIBCPP_HARDENING_MODE\=_LIBCPP_HARDENING_MODE_DEBUG -swift-version 6 -I /Users/admin/builder/spi-builder-workspace/.derivedData/Build/Products/Debug-iphoneos -Isystem /Applications/Xcode-27.0.0-Release.Candidate.app/Contents/Developer/Platforms/iPhoneOS.platform/Developer/usr/lib -F /Users/admin/builder/spi-builder-workspace/.derivedData/Build/Products/Debug-iphoneos -F /Applications/Xcode-27.0.0-Release.Candidate.app/Contents/Developer/Platforms/iPhoneOS.platform/Developer/Library/Frameworks -F /Applications/Xcode-27.0.0-Release.Candidate.app/Contents/Developer/Platforms/iPhoneOS.platform/Developer/SDKs/iPhoneOS27.0.sdk/Developer/Library/Frameworks -c -j10 -enable-batch-mode -incremental -Xcc -ivfsstatcache -Xcc /Users/admin/builder/spi-builder-workspace/.derivedData/SDKStatCaches.noindex/iphoneos27.0-24A430-e829b21a6f8c9b70876ba0858053c04440ceaa042ed91876912b2eeea4e3aa14.sdkstatcache -output-file-map /Users/admin/builder/spi-builder-workspace/.derivedData/Build/Intermediates.noindex/PersonaCam.build/Debug-iphoneos/PersonaCam-t.build/Objects-normal/arm64/PersonaCam-OutputFileMap.json -save-temps -no-color-diagnostics -explicit-module-build -module-cache-path /Users/admin/builder/spi-builder-workspace/.derivedData/Build/Intermediates.noindex/SwiftExplicitPrecompiledModules -clang-scanner-module-cache-path /Users/admin/builder/spi-builder-workspace/.derivedData/ModuleCache.noindex -sdk-module-cache-path /Users/admin/builder/spi-builder-workspace/.derivedData/SDKExplicitPrecompiledModules -emit-dependencies -emit-module -emit-module-path /Users/admin/builder/spi-builder-workspace/.derivedData/Build/Intermediates.noindex/PersonaCam.build/Debug-iphoneos/PersonaCam-t.build/Objects-normal/arm64/PersonaCam.swiftmodule -serialize-diagnostics -dependency-scan-serialize-diagnostics-path /Users/admin/builder/spi-builder-workspace/.derivedData/Build/Intermediates.noindex/PersonaCam.build/Debug-iphoneos/PersonaCam-t.build/Objects-normal/arm64/PersonaCam-dependency-scan.dia -validate-clang-modules-once -clang-build-session-file /Users/admin/builder/spi-builder-workspace/.derivedData/ModuleCache.noindex/Session.modulevalidation -Xcc -fmodules-prune-interval\=86400 -Xcc -fmodules-prune-after\=345600 -package-name spi_builder_workspace -emit-const-values -const-gather-protocols-list /Users/admin/builder/spi-builder-workspace/.derivedData/Build/Intermediates.noindex/PersonaCam.build/Debug-iphoneos/PersonaCam-t.build/Objects-normal/arm64/PersonaCam_const_extract_protocols.json -Xcc -I/Users/admin/builder/spi-builder-workspace/.derivedData/Build/Products/Debug-iphoneos/include -Xcc -I/Users/admin/builder/spi-builder-workspace/.derivedData/Build/Intermediates.noindex/PersonaCam.build/Debug-iphoneos/PersonaCam-t.build/DerivedSources-normal/arm64 -Xcc -I/Users/admin/builder/spi-builder-workspace/.derivedData/Build/Intermediates.noindex/PersonaCam.build/Debug-iphoneos/PersonaCam-t.build/DerivedSources/arm64 -Xcc -I/Users/admin/builder/spi-builder-workspace/.derivedData/Build/Intermediates.noindex/PersonaCam.build/Debug-iphoneos/PersonaCam-t.build/DerivedSources -Xcc -DSWIFT_PACKAGE -Xcc -DDEBUG\=1 -emit-objc-header -emit-objc-header-path /Users/admin/builder/spi-builder-workspace/.derivedData/Build/Intermediates.noindex/PersonaCam.build/Debug-iphoneos/PersonaCam-t.build/Objects-normal/arm64/PersonaCam-Swift.h -working-directory /Users/admin/builder/spi-builder-workspace/.swiftpm/xcode -experimental-emit-module-separately -disable-cmo
SwiftCompile normal arm64 Compiling\ PersonaCamSize.swift /Users/admin/builder/spi-builder-workspace/Sources/PersonaCam/API/PersonaCamSize.swift (in target 'PersonaCam' from project 'PersonaCam')
SwiftCompile normal arm64 /Users/admin/builder/spi-builder-workspace/Sources/PersonaCam/API/PersonaCamSize.swift (in target 'PersonaCam' from project 'PersonaCam')
    cd /Users/admin/builder/spi-builder-workspace/.swiftpm/xcode
    builtin-SwiftPerFileCompile PersonaCamSize.swift
SwiftCompile normal arm64 Compiling\ CameraPreviewView.swift /Users/admin/builder/spi-builder-workspace/Sources/PersonaCam/Capture/CameraPreviewView.swift (in target 'PersonaCam' from project 'PersonaCam')
/Users/admin/builder/spi-builder-workspace/Sources/PersonaCam/Capture/CameraPreviewView.swift:13:6: error: generic parameter 'Value' could not be inferred
11 |     let size: PersonaCamSize
12 |
13 |     @Environment(\.physicalMetrics) private var physicalMetrics
   |      `- error: generic parameter 'Value' could not be inferred
14 |
15 |     public init(size: PersonaCamSize = .regular) {
/Users/admin/builder/spi-builder-workspace/Sources/PersonaCam/Capture/CameraPreviewView.swift:13:18: error: cannot convert value of type 'KeyPath<Root, Value>' to expected argument type 'Value.Type'
11 |     let size: PersonaCamSize
12 |
13 |     @Environment(\.physicalMetrics) private var physicalMetrics
   |                  `- error: cannot convert value of type 'KeyPath<Root, Value>' to expected argument type 'Value.Type'
14 |
15 |     public init(size: PersonaCamSize = .regular) {
SwiftCompile normal arm64 /Users/admin/builder/spi-builder-workspace/Sources/PersonaCam/Capture/CameraPreviewView.swift (in target 'PersonaCam' from project 'PersonaCam')
    cd /Users/admin/builder/spi-builder-workspace/.swiftpm/xcode
    builtin-SwiftPerFileCompile CameraPreviewView.swift
SwiftCompile normal arm64 Compiling\ CaptureSessionManager.swift /Users/admin/builder/spi-builder-workspace/Sources/PersonaCam/Capture/CaptureSessionManager.swift (in target 'PersonaCam' from project 'PersonaCam')
SwiftCompile normal arm64 /Users/admin/builder/spi-builder-workspace/Sources/PersonaCam/Capture/CaptureSessionManager.swift (in target 'PersonaCam' from project 'PersonaCam')
    cd /Users/admin/builder/spi-builder-workspace/.swiftpm/xcode
    builtin-SwiftPerFileCompile CaptureSessionManager.swift
/Users/admin/builder/spi-builder-workspace/Sources/PersonaCam/Capture/CaptureSessionManager.swift:94:37: error: 'sampleBufferRenderer' is only available in iOS 17.0 or newer
87 | }
88 |
89 | extension CaptureSessionManager: AVCaptureVideoDataOutputSampleBufferDelegate {
   | `- note: add '@available' attribute to enclosing extension
90 |     func captureOutput(_ output: AVCaptureOutput,
   |          `- note: add '@available' attribute to enclosing instance method
91 |                        didOutput sampleBuffer: CMSampleBuffer,
92 |                        from connection: AVCaptureConnection)
93 |     {
94 |         let renderer = displayLayer.sampleBufferRenderer
   |                                     |- error: 'sampleBufferRenderer' is only available in iOS 17.0 or newer
   |                                     `- note: add 'if #available' version check
95 |         guard renderer.isReadyForMoreMediaData else { return }
96 |         renderer.enqueue(sampleBuffer)
SwiftCompile normal arm64 Compiling\ PersonaCamPosition.swift /Users/admin/builder/spi-builder-workspace/Sources/PersonaCam/API/PersonaCamPosition.swift (in target 'PersonaCam' from project 'PersonaCam')
SwiftCompile normal arm64 /Users/admin/builder/spi-builder-workspace/Sources/PersonaCam/API/PersonaCamPosition.swift (in target 'PersonaCam' from project 'PersonaCam')
    cd /Users/admin/builder/spi-builder-workspace/.swiftpm/xcode
    builtin-SwiftPerFileCompile PersonaCamPosition.swift
SwiftCompile normal arm64 Compiling\ HeadFollowSystem.swift /Users/admin/builder/spi-builder-workspace/Sources/PersonaCam/Tracking/HeadFollowSystem.swift (in target 'PersonaCam' from project 'PersonaCam')
SwiftCompile normal arm64 /Users/admin/builder/spi-builder-workspace/Sources/PersonaCam/Tracking/HeadFollowSystem.swift (in target 'PersonaCam' from project 'PersonaCam')
    cd /Users/admin/builder/spi-builder-workspace/.swiftpm/xcode
    builtin-SwiftPerFileCompile HeadFollowSystem.swift
/Users/admin/builder/spi-builder-workspace/Sources/PersonaCam/Tracking/HeadPoseTracker.swift:17:27: error: cannot find 'ARKitSession' in scope
15 |     static let shared = HeadPoseTracker()
16 |
17 |     private let session = ARKitSession()
   |                           `- error: cannot find 'ARKitSession' in scope
18 |     private let provider = WorldTrackingProvider()
19 |     private let logger = Logger(subsystem: "com.personacam", category: "head-tracking")
/Users/admin/builder/spi-builder-workspace/Sources/PersonaCam/Tracking/HeadPoseTracker.swift:18:28: error: cannot find 'WorldTrackingProvider' in scope
16 |
17 |     private let session = ARKitSession()
18 |     private let provider = WorldTrackingProvider()
   |                            `- error: cannot find 'WorldTrackingProvider' in scope
19 |     private let logger = Logger(subsystem: "com.personacam", category: "head-tracking")
20 |     private var hasStarted = false
SwiftCompile normal arm64 Compiling\ PersonaCamScene.swift /Users/admin/builder/spi-builder-workspace/Sources/PersonaCam/API/PersonaCamScene.swift (in target 'PersonaCam' from project 'PersonaCam')
/Users/admin/builder/spi-builder-workspace/Sources/PersonaCam/API/PersonaCamScene.swift:48:20: error: 'openImmersiveSpace' is unavailable in iOS
46 |     let id: String
47 |
48 |     @Environment(\.openImmersiveSpace) private var openImmersiveSpace
   |                    `- error: 'openImmersiveSpace' is unavailable in iOS
49 |     @State private var hasOpened = false
50 |
SwiftUI.EnvironmentValues.openImmersiveSpace:2:12: note: 'openImmersiveSpace' has been explicitly marked unavailable here
1 | struct EnvironmentValues {
2 | public var openImmersiveSpace: OpenImmersiveSpaceAction { get }}
  |            `- note: 'openImmersiveSpace' has been explicitly marked unavailable here
3 |
/Users/admin/builder/spi-builder-workspace/Sources/PersonaCam/API/PersonaCamScene.swift:28:28: error: extra trailing closure passed in call
26 |             RealityView { content, attachments in
27 |                 content.addPersonaCam(position: position, in: attachments)
28 |             } attachments: {
   |                            `- error: extra trailing closure passed in call
29 |                 PersonaCamAttachment(size: size)
30 |             }
/Users/admin/builder/spi-builder-workspace/Sources/PersonaCam/API/PersonaCamScene.swift:26:27: error: contextual closure type '@MainActor @Sendable (inout RealityViewCameraContent) async -> Void' expects 1 argument, but 2 were used in closure body
24 |     public var body: some SwiftUI.Scene {
25 |         ImmersiveSpace(id: id) {
26 |             RealityView { content, attachments in
   |                           `- error: contextual closure type '@MainActor @Sendable (inout RealityViewCameraContent) async -> Void' expects 1 argument, but 2 were used in closure body
27 |                 content.addPersonaCam(position: position, in: attachments)
28 |             } attachments: {
/Users/admin/builder/spi-builder-workspace/Sources/PersonaCam/API/PersonaCamScene.swift:27:25: error: value of type 'RealityViewCameraContent' has no member 'addPersonaCam'
25 |         ImmersiveSpace(id: id) {
26 |             RealityView { content, attachments in
27 |                 content.addPersonaCam(position: position, in: attachments)
   |                         `- error: value of type 'RealityViewCameraContent' has no member 'addPersonaCam'
28 |             } attachments: {
29 |                 PersonaCamAttachment(size: size)
SwiftCompile normal arm64 /Users/admin/builder/spi-builder-workspace/Sources/PersonaCam/API/PersonaCamScene.swift (in target 'PersonaCam' from project 'PersonaCam')
    cd /Users/admin/builder/spi-builder-workspace/.swiftpm/xcode
    builtin-SwiftPerFileCompile PersonaCamScene.swift
SwiftCompile normal arm64 Compiling\ PersonaCamAttachment.swift /Users/admin/builder/spi-builder-workspace/Sources/PersonaCam/Internal/PersonaCamAttachment.swift (in target 'PersonaCam' from project 'PersonaCam')
/Users/admin/builder/spi-builder-workspace/Sources/PersonaCam/Internal/PersonaCamAttachment.swift:17:75: error: cannot find type 'AttachmentContent' in scope
15 | @MainActor
16 | @AttachmentContentBuilder
17 | public func PersonaCamAttachment(size: PersonaCamSize = .regular) -> some AttachmentContent {
   |                                                                           `- error: cannot find type 'AttachmentContent' in scope
18 |     Attachment(id: personaCamAttachmentID) {
19 |         PersonaCamView(size: size)
/Users/admin/builder/spi-builder-workspace/Sources/PersonaCam/Internal/PersonaCamAttachment.swift:16:2: error: unknown attribute 'AttachmentContentBuilder'
14 | /// ```
15 | @MainActor
16 | @AttachmentContentBuilder
   |  `- error: unknown attribute 'AttachmentContentBuilder'
17 | public func PersonaCamAttachment(size: PersonaCamSize = .regular) -> some AttachmentContent {
18 |     Attachment(id: personaCamAttachmentID) {
SwiftCompile normal arm64 /Users/admin/builder/spi-builder-workspace/Sources/PersonaCam/Internal/PersonaCamAttachment.swift (in target 'PersonaCam' from project 'PersonaCam')
    cd /Users/admin/builder/spi-builder-workspace/.swiftpm/xcode
    builtin-SwiftPerFileCompile PersonaCamAttachment.swift
SwiftCompile normal arm64 Compiling\ HeadFrameMath.swift /Users/admin/builder/spi-builder-workspace/Sources/PersonaCam/Internal/HeadFrameMath.swift (in target 'PersonaCam' from project 'PersonaCam')
SwiftCompile normal arm64 /Users/admin/builder/spi-builder-workspace/Sources/PersonaCam/Internal/HeadFrameMath.swift (in target 'PersonaCam' from project 'PersonaCam')
    cd /Users/admin/builder/spi-builder-workspace/.swiftpm/xcode
    builtin-SwiftPerFileCompile HeadFrameMath.swift
SwiftEmitModule normal arm64 Emitting\ module\ for\ PersonaCam (in target 'PersonaCam' from project 'PersonaCam')
/Users/admin/builder/spi-builder-workspace/Sources/PersonaCam/API/PersonaCamScene.swift:48:20: error: 'openImmersiveSpace' is unavailable in iOS
46 |     let id: String
47 |
48 |     @Environment(\.openImmersiveSpace) private var openImmersiveSpace
   |                    `- error: 'openImmersiveSpace' is unavailable in iOS
49 |     @State private var hasOpened = false
50 |
SwiftUI.EnvironmentValues.openImmersiveSpace:2:12: note: 'openImmersiveSpace' has been explicitly marked unavailable here
1 | struct EnvironmentValues {
2 | public var openImmersiveSpace: OpenImmersiveSpaceAction { get }}
  |            `- note: 'openImmersiveSpace' has been explicitly marked unavailable here
3 |
/Users/admin/builder/spi-builder-workspace/Sources/PersonaCam/API/RealityViewContent+PersonaCam.swift:9:11: error: cannot find type 'RealityViewContent' in scope
 7 | private var currentPersonaCamRoot: Entity?
 8 |
 9 | extension RealityViewContent {
   |           `- error: cannot find type 'RealityViewContent' in scope
10 |     /// Adds the persona camera as a head-anchored attachment in this `RealityView`.
11 |     ///
/Users/admin/builder/spi-builder-workspace/Sources/PersonaCam/Capture/CameraPreviewView.swift:13:18: error: cannot convert value of type 'KeyPath<Root, Value>' to expected argument type 'Value.Type'
11 |     let size: PersonaCamSize
12 |
13 |     @Environment(\.physicalMetrics) private var physicalMetrics
   |                  `- error: cannot convert value of type 'KeyPath<Root, Value>' to expected argument type 'Value.Type'
14 |
15 |     public init(size: PersonaCamSize = .regular) {
/Users/admin/builder/spi-builder-workspace/Sources/PersonaCam/Capture/CameraPreviewView.swift:13:6: error: generic parameter 'Value' could not be inferred
11 |     let size: PersonaCamSize
12 |
13 |     @Environment(\.physicalMetrics) private var physicalMetrics
   |      `- error: generic parameter 'Value' could not be inferred
14 |
15 |     public init(size: PersonaCamSize = .regular) {
/Users/admin/builder/spi-builder-workspace/Sources/PersonaCam/Capture/CameraPreviewView.swift:13:18: error: cannot infer key path type from context; consider explicitly specifying a root type
11 |     let size: PersonaCamSize
12 |
13 |     @Environment(\.physicalMetrics) private var physicalMetrics
   |                  `- error: cannot infer key path type from context; consider explicitly specifying a root type
14 |
15 |     public init(size: PersonaCamSize = .regular) {
/Users/admin/builder/spi-builder-workspace/Sources/PersonaCam/Internal/PersonaCamAttachment.swift:17:75: error: cannot find type 'AttachmentContent' in scope
15 | @MainActor
16 | @AttachmentContentBuilder
17 | public func PersonaCamAttachment(size: PersonaCamSize = .regular) -> some AttachmentContent {
   |                                                                           `- error: cannot find type 'AttachmentContent' in scope
18 |     Attachment(id: personaCamAttachmentID) {
19 |         PersonaCamView(size: size)
/Users/admin/builder/spi-builder-workspace/Sources/PersonaCam/Internal/PersonaCamAttachment.swift:16:2: error: unknown attribute 'AttachmentContentBuilder'
14 | /// ```
15 | @MainActor
16 | @AttachmentContentBuilder
   |  `- error: unknown attribute 'AttachmentContentBuilder'
17 | public func PersonaCamAttachment(size: PersonaCamSize = .regular) -> some AttachmentContent {
18 |     Attachment(id: personaCamAttachmentID) {
/Users/admin/builder/spi-builder-workspace/Sources/PersonaCam/Tracking/HeadPoseTracker.swift:17:27: error: cannot find 'ARKitSession' in scope
15 |     static let shared = HeadPoseTracker()
16 |
17 |     private let session = ARKitSession()
   |                           `- error: cannot find 'ARKitSession' in scope
18 |     private let provider = WorldTrackingProvider()
19 |     private let logger = Logger(subsystem: "com.personacam", category: "head-tracking")
/Users/admin/builder/spi-builder-workspace/Sources/PersonaCam/Tracking/HeadPoseTracker.swift:18:28: error: cannot find 'WorldTrackingProvider' in scope
16 |
17 |     private let session = ARKitSession()
18 |     private let provider = WorldTrackingProvider()
   |                            `- error: cannot find 'WorldTrackingProvider' in scope
19 |     private let logger = Logger(subsystem: "com.personacam", category: "head-tracking")
20 |     private var hasStarted = false
Failed frontend command:
/Applications/Xcode-27.0.0-Release.Candidate.app/Contents/Developer/Toolchains/XcodeDefault.xctoolchain/usr/bin/swift-frontend -frontend -emit-module -experimental-skip-non-inlinable-function-bodies-without-types /Users/admin/builder/spi-builder-workspace/Sources/PersonaCam/API/PersonaCamPosition.swift /Users/admin/builder/spi-builder-workspace/Sources/PersonaCam/API/PersonaCamScene.swift /Users/admin/builder/spi-builder-workspace/Sources/PersonaCam/API/PersonaCamSize.swift /Users/admin/builder/spi-builder-workspace/Sources/PersonaCam/API/RealityViewContent+PersonaCam.swift /Users/admin/builder/spi-builder-workspace/Sources/PersonaCam/Capture/CameraPreviewView.swift /Users/admin/builder/spi-builder-workspace/Sources/PersonaCam/Capture/CaptureSessionManager.swift /Users/admin/builder/spi-builder-workspace/Sources/PersonaCam/Internal/HeadFrameMath.swift /Users/admin/builder/spi-builder-workspace/Sources/PersonaCam/Internal/PersonaCamAttachment.swift /Users/admin/builder/spi-builder-workspace/Sources/PersonaCam/Tracking/HeadFollowSystem.swift /Users/admin/builder/spi-builder-workspace/Sources/PersonaCam/Tracking/HeadPoseTracker.swift -target arm64-apple-ios15.0 -disable-cross-import-overlay-search -swift-module-cross-import RealityKit /Applications/Xcode-27.0.0-Release.Candidate.app/Contents/Developer/Platforms/iPhoneOS.platform/Developer/SDKs/iPhoneOS27.0.sdk/System/Library/Frameworks/RealityKit.framework/Modules/RealityKit.swiftcrossimport/ComputeGraph.swiftoverlay -swift-module-cross-import RealityKit /Applications/Xcode-27.0.0-Release.Candidate.app/Contents/Developer/Platforms/iPhoneOS.platform/Developer/SDKs/iPhoneOS27.0.sdk/System/Library/Frameworks/RealityKit.framework/Modules/RealityKit.swiftcrossimport/SwiftUI.swiftoverlay -load-resolved-plugin /Applications/Xcode-27.0.0-Release.Candidate.app/Contents/Developer/Platforms/iPhoneOS.platform/Developer/usr/lib/swift/host/plugins/libFoundationMacros.dylib\#/Applications/Xcode-27.0.0-Release.Candidate.app/Contents/Developer/Platforms/iPhoneOS.platform/Developer/usr/bin/swift-plugin-server\#FoundationMacros -load-resolved-plugin /Applications/Xcode-27.0.0-Release.Candidate.app/Contents/Developer/Platforms/iPhoneOS.platform/Developer/usr/lib/swift/host/plugins/libObservationMacros.dylib\#/Applications/Xcode-27.0.0-Release.Candidate.app/Contents/Developer/Platforms/iPhoneOS.platform/Developer/usr/bin/swift-plugin-server\#ObservationMacros -load-resolved-plugin /Applications/Xcode-27.0.0-Release.Candidate.app/Contents/Developer/Platforms/iPhoneOS.platform/Developer/usr/lib/swift/host/plugins/libPreviewsMacros.dylib\#/Applications/Xcode-27.0.0-Release.Candidate.app/Contents/Developer/Platforms/iPhoneOS.platform/Developer/usr/bin/swift-plugin-server\#PreviewsMacros -load-resolved-plugin /Applications/Xcode-27.0.0-Release.Candidate.app/Contents/Developer/Platforms/iPhoneOS.platform/Developer/usr/lib/swift/host/plugins/libSwiftMacros.dylib\#/Applications/Xcode-27.0.0-Release.Candidate.app/Contents/Developer/Platforms/iPhoneOS.platform/Developer/usr/bin/swift-plugin-server\#SwiftMacros -load-resolved-plugin /Applications/Xcode-27.0.0-Release.Candidate.app/Contents/Developer/Platforms/iPhoneOS.platform/Developer/usr/lib/swift/host/plugins/libSwiftUIMacros.dylib\#/Applications/Xcode-27.0.0-Release.Candidate.app/Contents/Developer/Platforms/iPhoneOS.platform/Developer/usr/bin/swift-plugin-server\#SwiftUIMacros -disable-implicit-swift-modules -Xcc -fno-implicit-modules -Xcc -fno-implicit-module-maps -explicit-swift-module-map-file /Users/admin/builder/spi-builder-workspace/.derivedData/Build/Intermediates.noindex/PersonaCam.build/Debug-iphoneos/PersonaCam-t.build/Objects-normal/arm64/PersonaCam-dependencies-1.json -Xllvm -aarch64-use-tbi -enable-objc-interop -stack-check -sdk /Applications/Xcode-27.0.0-Release.Candidate.app/Contents/Developer/Platforms/iPhoneOS.platform/Developer/SDKs/iPhoneOS27.0.sdk -I /Users/admin/builder/spi-builder-workspace/.derivedData/Build/Products/Debug-iphoneos -Isystem /Applications/Xcode-27.0.0-Release.Candidate.app/Contents/Developer/Platforms/iPhoneOS.platform/Developer/usr/lib -F /Users/admin/builder/spi-builder-workspace/.derivedData/Build/Products/Debug-iphoneos -F /Applications/Xcode-27.0.0-Release.Candidate.app/Contents/Developer/Platforms/iPhoneOS.platform/Developer/Library/Frameworks -F /Applications/Xcode-27.0.0-Release.Candidate.app/Contents/Developer/Platforms/iPhoneOS.platform/Developer/SDKs/iPhoneOS27.0.sdk/Developer/Library/Frameworks -module-cache-path /Users/admin/builder/spi-builder-workspace/.derivedData/Build/Intermediates.noindex/SwiftExplicitPrecompiledModules -no-color-diagnostics -Xcc -fno-color-diagnostics -enable-testing -g -debug-info-format\=dwarf -dwarf-version\=4 -profile-generate -profile-coverage-mapping -swift-version 6 -Onone -D SWIFT_PACKAGE -D DEBUG -D SWIFT_MODULE_RESOURCE_BUNDLE_UNAVAILABLE -D Xcode -serialize-debugging-options -enable-experimental-feature DebugDescriptionMacro -empty-abi-descriptor -validate-clang-modules-once -clang-build-session-file /Users/admin/builder/spi-builder-workspace/.derivedData/ModuleCache.noindex/Session.modulevalidation -Xcc -working-directory -Xcc /Users/admin/builder/spi-builder-workspace/.swiftpm/xcode -enable-anonymous-context-mangled-names -file-compilation-dir /Users/admin/builder/spi-builder-workspace/.swiftpm/xcode -Xcc -D_LIBCPP_HARDENING_MODE\=_LIBCPP_HARDENING_MODE_DEBUG -Xcc -ivfsstatcache -Xcc /Users/admin/builder/spi-builder-workspace/.derivedData/SDKStatCaches.noindex/iphoneos27.0-24A430-e829b21a6f8c9b70876ba0858053c04440ceaa042ed91876912b2eeea4e3aa14.sdkstatcache -Xcc -fmodules-prune-interval\=86400 -Xcc -fmodules-prune-after\=345600 -Xcc -I/Users/admin/builder/spi-builder-workspace/.derivedData/Build/Products/Debug-iphoneos/include -Xcc -I/Users/admin/builder/spi-builder-workspace/.derivedData/Build/Intermediates.noindex/PersonaCam.build/Debug-iphoneos/PersonaCam-t.build/DerivedSources-normal/arm64 -Xcc -I/Users/admin/builder/spi-builder-workspace/.derivedData/Build/Intermediates.noindex/PersonaCam.build/Debug-iphoneos/PersonaCam-t.build/DerivedSources/arm64 -Xcc -I/Users/admin/builder/spi-builder-workspace/.derivedData/Build/Intermediates.noindex/PersonaCam.build/Debug-iphoneos/PersonaCam-t.build/DerivedSources -Xcc -DSWIFT_PACKAGE -Xcc -DDEBUG\=1 -no-auto-bridging-header-chaining -module-name PersonaCam -package-name spi_builder_workspace -const-gather-protocols-file /Users/admin/builder/spi-builder-workspace/.derivedData/Build/Intermediates.noindex/PersonaCam.build/Debug-iphoneos/PersonaCam-t.build/Objects-normal/arm64/PersonaCam_const_extract_protocols.json -disable-clang-spi -clang-target arm64-apple-ios27.0 -target-sdk-version 27.0 -target-sdk-name iphoneos27.0 -in-process-plugin-server-path /Applications/Xcode-27.0.0-Release.Candidate.app/Contents/Developer/Toolchains/XcodeDefault.xctoolchain/usr/lib/swift/host/libSwiftInProcPluginServer.dylib -emit-module-doc-path /Users/admin/builder/spi-builder-workspace/.derivedData/Build/Intermediates.noindex/PersonaCam.build/Debug-iphoneos/PersonaCam-t.build/Objects-normal/arm64/PersonaCam.swiftdoc -emit-module-source-info-path /Users/admin/builder/spi-builder-workspace/.derivedData/Build/Intermediates.noindex/PersonaCam.build/Debug-iphoneos/PersonaCam-t.build/Objects-normal/arm64/PersonaCam.swiftsourceinfo -emit-objc-header-path /Users/admin/builder/spi-builder-workspace/.derivedData/Build/Intermediates.noindex/PersonaCam.build/Debug-iphoneos/PersonaCam-t.build/Objects-normal/arm64/PersonaCam-Swift.h -serialize-diagnostics-path /Users/admin/builder/spi-builder-workspace/.derivedData/Build/Intermediates.noindex/PersonaCam.build/Debug-iphoneos/PersonaCam-t.build/Objects-normal/arm64/PersonaCam-primary-emit-module.dia -emit-dependencies-path /Users/admin/builder/spi-builder-workspace/.derivedData/Build/Intermediates.noindex/PersonaCam.build/Debug-iphoneos/PersonaCam-t.build/Objects-normal/arm64/PersonaCam-primary-emit-module.d -parse-as-library -o /Users/admin/builder/spi-builder-workspace/.derivedData/Build/Intermediates.noindex/PersonaCam.build/Debug-iphoneos/PersonaCam-t.build/Objects-normal/arm64/PersonaCam.swiftmodule -emit-abi-descriptor-path /Users/admin/builder/spi-builder-workspace/.derivedData/Build/Intermediates.noindex/PersonaCam.build/Debug-iphoneos/PersonaCam-t.build/Objects-normal/arm64/PersonaCam.abi.json
SwiftCompile normal arm64 (in target 'PersonaCam' from project 'PersonaCam')
    cd /Users/admin/builder/spi-builder-workspace/.swiftpm/xcode

SwiftCompile normal arm64 Compiling\ HeadPoseTracker.swift /Users/admin/builder/spi-builder-workspace/Sources/PersonaCam/Tracking/HeadPoseTracker.swift (in target 'PersonaCam' from project 'PersonaCam')
/Users/admin/builder/spi-builder-workspace/Sources/PersonaCam/Tracking/HeadPoseTracker.swift:17:27: error: cannot find 'ARKitSession' in scope
15 |     static let shared = HeadPoseTracker()
16 |
17 |     private let session = ARKitSession()
   |                           `- error: cannot find 'ARKitSession' in scope
18 |     private let provider = WorldTrackingProvider()
19 |     private let logger = Logger(subsystem: "com.personacam", category: "head-tracking")
/Users/admin/builder/spi-builder-workspace/Sources/PersonaCam/Tracking/HeadPoseTracker.swift:18:28: error: cannot find 'WorldTrackingProvider' in scope
16 |
17 |     private let session = ARKitSession()
18 |     private let provider = WorldTrackingProvider()
   |                            `- error: cannot find 'WorldTrackingProvider' in scope
19 |     private let logger = Logger(subsystem: "com.personacam", category: "head-tracking")
20 |     private var hasStarted = false
SwiftCompile normal arm64 /Users/admin/builder/spi-builder-workspace/Sources/PersonaCam/Tracking/HeadPoseTracker.swift (in target 'PersonaCam' from project 'PersonaCam')
    cd /Users/admin/builder/spi-builder-workspace/.swiftpm/xcode
    builtin-SwiftPerFileCompile HeadPoseTracker.swift
SwiftCompile normal arm64 Compiling\ RealityViewContent+PersonaCam.swift /Users/admin/builder/spi-builder-workspace/Sources/PersonaCam/API/RealityViewContent+PersonaCam.swift (in target 'PersonaCam' from project 'PersonaCam')
SwiftCompile normal arm64 /Users/admin/builder/spi-builder-workspace/Sources/PersonaCam/API/RealityViewContent+PersonaCam.swift (in target 'PersonaCam' from project 'PersonaCam')
    cd /Users/admin/builder/spi-builder-workspace/.swiftpm/xcode
    builtin-SwiftPerFileCompile RealityViewContent+PersonaCam.swift
PruneExplicitPrecompiledModules /Users/admin/builder/spi-builder-workspace/.derivedData/Build/Intermediates.noindex/SwiftExplicitPrecompiledModules
PruneExplicitPrecompiledModules /Users/admin/builder/spi-builder-workspace/.derivedData/Build/Intermediates.noindex/ExplicitPrecompiledModules
PruneExplicitPrecompiledModules /Users/admin/builder/spi-builder-workspace/.derivedData/SDKExplicitPrecompiledModules
2026-09-25 09:25:51.193 xcodebuild[777:4586] [MT] IDERunDestination: Supported platforms for the buildables in the current scheme is empty.
** BUILD FAILED **
The following build commands failed:
	SwiftEmitModule normal arm64 Emitting\ module\ for\ PersonaCam (in target 'PersonaCam' from project 'PersonaCam')
	SwiftCompile normal arm64 (in target 'PersonaCam' from project 'PersonaCam')
	Building workspace PersonaCam with scheme PersonaCam
(3 failures)
BUILD FAILURE 6.4 iOS