The Swift Package Index logo.Swift Package Index

Build Information

Failed to build Afluent, reference 1.0.11 (f90d0f), with Swift 6.4 for Wasm on 23 Sep 2026 10:54:32 UTC.

Build Command

bash -c docker run --pull=always --rm -v "checkouts-53886769-1":/host -w "$PWD" -e JAVA_HOME="/root/.sdkman/candidates/java/current" -e SPI_BUILD="1" -e SPI_PROCESSING="1" registry.gitlab.com/saguaro1/spi-images:wasm-6.4-latest swift build --swift-sdk swift-6.4.x-DEVELOPMENT-SNAPSHOT-2026-09-04-a_wasm 2>&1

Build Log

========================================
RunAll
========================================
Builder version: 5.1.0
Interrupt handler set up.
========================================
Checkout
========================================
Clone URL: https://github.com/Tyler-Keith-Thompson/Afluent.git
Reference: 1.0.11
Initialized empty Git repository in /host/spi-builder-workspace/.git/
hint: Using 'master' as the name for the initial branch. This default branch name
hint: is subject to change. To configure the initial branch name to use in all
hint: of your new repositories, which will suppress this warning, call:
hint:
hint: 	git config --global init.defaultBranch <name>
hint:
hint: Names commonly chosen instead of 'master' are 'main', 'trunk' and
hint: 'development'. The just-created branch can be renamed via this command:
hint:
hint: 	git branch -m <name>
From https://github.com/Tyler-Keith-Thompson/Afluent
 * tag               1.0.11     -> FETCH_HEAD
HEAD is now at f90d0fc Fix hang in SingleValueSubject + Timeout (#198)
Cloned https://github.com/Tyler-Keith-Thompson/Afluent.git
Revision (git rev-parse @):
f90d0fce549ce70aa0cd13071ec3e40ff84b7e58
SUCCESS checkout https://github.com/Tyler-Keith-Thompson/Afluent.git at 1.0.11
========================================
Build
========================================
Selected platform:         wasm
Swift version:             6.4
Building package at path:  $PWD
https://github.com/Tyler-Keith-Thompson/Afluent.git
Running build ...
bash -c docker run --pull=always --rm -v "checkouts-53886769-1":/host -w "$PWD" -e JAVA_HOME="/root/.sdkman/candidates/java/current" -e SPI_BUILD="1" -e SPI_PROCESSING="1" registry.gitlab.com/saguaro1/spi-images:wasm-6.4-latest swift build --swift-sdk swift-6.4.x-DEVELOPMENT-SNAPSHOT-2026-09-04-a_wasm 2>&1
wasm-6.4-latest: Pulling from saguaro1/spi-images
Digest: sha256:4328fdb43c680d205c1d6761b1e3267aa38277eefdda9ddfb17b6a0f1a77857a
Status: Image is up to date for registry.gitlab.com/saguaro1/spi-images:wasm-6.4-latest
Fetching https://github.com/apple/swift-atomics.git
Fetching https://github.com/apple/swift-docc-plugin
Fetching https://github.com/pointfreeco/swift-concurrency-extras.git
Fetching https://github.com/pointfreeco/swift-clocks.git
Fetching https://github.com/AliSoftware/OHHTTPStubs.git
[1/1058] Fetching swift-concurrency-extras
[118/2504] Fetching swift-concurrency-extras, swift-clocks
[379/4379] Fetching swift-concurrency-extras, swift-clocks, swift-atomics
[1141/12279] Fetching swift-concurrency-extras, swift-clocks, swift-atomics, ohhttpstubs
[2890/14624] Fetching swift-concurrency-extras, swift-clocks, swift-atomics, ohhttpstubs, swift-docc-plugin
Fetched https://github.com/pointfreeco/swift-concurrency-extras.git (0.48s)
[3897/13566] Fetching swift-clocks, swift-atomics, ohhttpstubs, swift-docc-plugin
Fetched https://github.com/pointfreeco/swift-clocks.git (0.50s)
[5033/12120] Fetching swift-atomics, ohhttpstubs, swift-docc-plugin
Fetched https://github.com/apple/swift-atomics.git (0.54s)
[8862/10245] Fetching ohhttpstubs, swift-docc-plugin
Fetched https://github.com/apple/swift-docc-plugin (0.58s)
Fetched https://github.com/AliSoftware/OHHTTPStubs.git (0.59s)
Computing version for https://github.com/AliSoftware/OHHTTPStubs.git
Computed https://github.com/AliSoftware/OHHTTPStubs.git at 9.1.0 (1.67s)
Computing version for https://github.com/apple/swift-atomics.git
Computed https://github.com/apple/swift-atomics.git at 1.3.1 (0.17s)
Computing version for https://github.com/pointfreeco/swift-concurrency-extras.git
Computed https://github.com/pointfreeco/swift-concurrency-extras.git at 1.4.1 (0.18s)
Computing version for https://github.com/pointfreeco/swift-clocks.git
Computed https://github.com/pointfreeco/swift-clocks.git at 1.1.1 (0.18s)
Fetching https://github.com/pointfreeco/swift-issue-reporting
[1/6161] Fetching swift-issue-reporting
Fetched https://github.com/pointfreeco/swift-issue-reporting (0.80s)
Computing version for https://github.com/pointfreeco/swift-issue-reporting
Computed https://github.com/pointfreeco/swift-issue-reporting at 2.1.1 (1.90s)
Computing version for https://github.com/apple/swift-docc-plugin
Computed https://github.com/apple/swift-docc-plugin at 1.5.0 (0.19s)
Fetching https://github.com/swiftlang/swift-docc-symbolkit
[1/3829] Fetching swift-docc-symbolkit
Fetched https://github.com/swiftlang/swift-docc-symbolkit (0.55s)
Computing version for https://github.com/swiftlang/swift-docc-symbolkit
Computed https://github.com/swiftlang/swift-docc-symbolkit at 1.0.0 (0.80s)
Creating working copy for https://github.com/pointfreeco/swift-clocks.git
Working copy of https://github.com/pointfreeco/swift-clocks.git resolved at 1.1.1
Creating working copy for https://github.com/apple/swift-docc-plugin
Working copy of https://github.com/apple/swift-docc-plugin resolved at 1.5.0
Creating working copy for https://github.com/AliSoftware/OHHTTPStubs.git
Working copy of https://github.com/AliSoftware/OHHTTPStubs.git resolved at 9.1.0
Creating working copy for https://github.com/pointfreeco/swift-concurrency-extras.git
Working copy of https://github.com/pointfreeco/swift-concurrency-extras.git resolved at 1.4.1
Creating working copy for https://github.com/swiftlang/swift-docc-symbolkit
Working copy of https://github.com/swiftlang/swift-docc-symbolkit resolved at 1.0.0
Creating working copy for https://github.com/pointfreeco/swift-issue-reporting
Working copy of https://github.com/pointfreeco/swift-issue-reporting resolved at 2.1.1
Creating working copy for https://github.com/apple/swift-atomics.git
Working copy of https://github.com/apple/swift-atomics.git resolved at 1.3.1
warning: 'spi-builder-workspace': dependency 'ohhttpstubs' is not used by any target
warning: 'spi-builder-workspace': dependency 'ohhttpstubs' is not used by any target
Building for debugging...
[Computing dependencies]
[Pre-planning 1 / 184]
[Planning deferred tasks]
[31 / 55] _AtomicsShims
[41 / 64] Atomics
[52 / 74] Afluent
[54 / 74] Afluent
[55 / 74] Afluent
error: SwiftCompile normal wasm32 failed with a nonzero exit code. Command line:     cd /host

[56 / 75] Atomics
/host/spi-builder-workspace/Sources/Afluent/Additions/QueueExecutor.swift:13:20: error: cannot find type 'DispatchQueue' in scope
11 |     @available(macOS 15.0, iOS 18.0, watchOS 11.0, tvOS 18.0, visionOS 2.0, *)
12 |     public final class QueueExecutor: TaskExecutor, Sendable, CustomStringConvertible {
13 |         let queue: DispatchQueue
   |                    `- error: cannot find type 'DispatchQueue' in scope
14 |
15 |         init(queue: DispatchQueue) {
/host/spi-builder-workspace/Sources/Afluent/Additions/QueueExecutor.swift:15:21: error: cannot find type 'DispatchQueue' in scope
13 |         let queue: DispatchQueue
14 |
15 |         init(queue: DispatchQueue) {
   |                     `- error: cannot find type 'DispatchQueue' in scope
16 |             self.queue = queue
17 |         }
/host/spi-builder-workspace/Sources/Afluent/Additions/QueueExecutor.swift:47:45: error: cannot find type 'DispatchQoS' in scope
45 |         }
46 |
47 |         public static func globalQueue(qos: DispatchQoS.QoSClass = .default) -> QueueExecutor {
   |                                             `- error: cannot find type 'DispatchQoS' in scope
48 |             switch qos {
49 |                 case .background:
/host/spi-builder-workspace/Sources/Afluent/Additions/QueueExecutor.swift:68:18: error: cannot find type 'DispatchQoS' in scope
66 |         public static func queue(
67 |             label: String,
68 |             qos: DispatchQoS = .unspecified,
   |                  `- error: cannot find type 'DispatchQoS' in scope
69 |             attributes: DispatchQueue.Attributes = [],
70 |             autoreleaseFrequency: DispatchQueue.AutoreleaseFrequency = .inherit,
/host/spi-builder-workspace/Sources/Afluent/Additions/QueueExecutor.swift:69:25: error: cannot find type 'DispatchQueue' in scope
67 |             label: String,
68 |             qos: DispatchQoS = .unspecified,
69 |             attributes: DispatchQueue.Attributes = [],
   |                         `- error: cannot find type 'DispatchQueue' in scope
70 |             autoreleaseFrequency: DispatchQueue.AutoreleaseFrequency = .inherit,
71 |             target: DispatchQueue? = nil
/host/spi-builder-workspace/Sources/Afluent/Additions/QueueExecutor.swift:70:35: error: cannot find type 'DispatchQueue' in scope
68 |             qos: DispatchQoS = .unspecified,
69 |             attributes: DispatchQueue.Attributes = [],
70 |             autoreleaseFrequency: DispatchQueue.AutoreleaseFrequency = .inherit,
   |                                   `- error: cannot find type 'DispatchQueue' in scope
71 |             target: DispatchQueue? = nil
72 |         ) -> QueueExecutor {
/host/spi-builder-workspace/Sources/Afluent/Additions/QueueExecutor.swift:71:21: error: cannot find type 'DispatchQueue' in scope
69 |             attributes: DispatchQueue.Attributes = [],
70 |             autoreleaseFrequency: DispatchQueue.AutoreleaseFrequency = .inherit,
71 |             target: DispatchQueue? = nil
   |                     `- error: cannot find type 'DispatchQueue' in scope
72 |         ) -> QueueExecutor {
73 |             queue(
/host/spi-builder-workspace/Sources/Afluent/Additions/QueueExecutor.swift:79:43: error: cannot find type 'DispatchQueue' in scope
77 |         }
78 |
79 |         public static func queue(_ queue: DispatchQueue) -> QueueExecutor {
   |                                           `- error: cannot find type 'DispatchQueue' in scope
80 |             QueueExecutor(queue: queue)
81 |         }
/host/spi-builder-workspace/Sources/Afluent/Additions/URLSessionAdditions.swift:14:5: error: non-nominal type 'URLSession' (aka 'AnyObject') cannot be extended [#]8;;https://docs.swift.org/compiler/documentation/diagnostics/nominal-types\NominalTypes]8;;\]
12 |     #endif
13 |
14 |     extension URLSession {
   |     `- error: non-nominal type 'URLSession' (aka 'AnyObject') cannot be extended [#]8;;https://docs.swift.org/compiler/documentation/diagnostics/nominal-types\NominalTypes]8;;\]
15 |         /// Returns a deferred data task that wraps a URL session data task for a given URL.
16 |         public func deferredDataTask(from url: URL) -> some AsynchronousUnitOfWork<
/host/spi-builder-workspace/Sources/Afluent/SequenceOperators/BreakpointSequence.swift:38:21: error: cannot find 'raise' in scope
36 |             receiveOutput: { output in
37 |                 if try await receiveOutput?(output) == true {
38 |                     raise(SIGTRAP)
   |                     `- error: cannot find 'raise' in scope
39 |                 }
40 |             },
/host/spi-builder-workspace/Sources/Afluent/SequenceOperators/BreakpointSequence.swift:38:27: error: cannot find 'SIGTRAP' in scope
36 |             receiveOutput: { output in
37 |                 if try await receiveOutput?(output) == true {
38 |                     raise(SIGTRAP)
   |                           `- error: cannot find 'SIGTRAP' in scope
39 |                 }
40 |             },
/host/spi-builder-workspace/Sources/Afluent/SequenceOperators/BreakpointSequence.swift:43:21: error: cannot find 'raise' in scope
41 |             receiveError: { error in
42 |                 if try await receiveError?(error) == true {
43 |                     raise(SIGTRAP)
   |                     `- error: cannot find 'raise' in scope
44 |                 }
45 |             })
/host/spi-builder-workspace/Sources/Afluent/SequenceOperators/BreakpointSequence.swift:43:27: error: cannot find 'SIGTRAP' in scope
41 |             receiveError: { error in
42 |                 if try await receiveError?(error) == true {
43 |                     raise(SIGTRAP)
   |                           `- error: cannot find 'SIGTRAP' in scope
44 |                 }
45 |             })
/host/spi-builder-workspace/Sources/Afluent/SequenceOperators/PlatformLock.swift:36:51: error: cannot find type 'Primitive' in scope
 34 |     #endif
 35 |
 36 |     typealias PlatformLock = UnsafeMutablePointer<Primitive>
    |                                                   `- error: cannot find type 'Primitive' in scope
 37 |     let platformLock: PlatformLock
 38 |
/host/spi-builder-workspace/Sources/Afluent/SequenceOperators/PlatformLock.swift:121:65: error: 'Primitive' is not a member type of struct 'Afluent.Lock'
 25 | #endif
 26 |
 27 | internal struct Lock {
    |                 `- note: 'Lock' declared here
 28 |     #if canImport(Darwin)
 29 |         typealias Primitive = os_unfair_lock
    :
119 |
120 | struct ManagedCriticalState<State> {
121 |     private final class LockedBuffer: ManagedBuffer<State, Lock.Primitive> {
    |                                                                 `- error: 'Primitive' is not a member type of struct 'Afluent.Lock'
122 |         deinit {
123 |             withUnsafeMutablePointerToElements { Lock.deinitialize($0) }
/host/spi-builder-workspace/Sources/Afluent/SequenceOperators/PlatformLock.swift:127:51: error: 'Primitive' is not a member type of struct 'Afluent.Lock'
 25 | #endif
 26 |
 27 | internal struct Lock {
    |                 `- note: 'Lock' declared here
 28 |     #if canImport(Darwin)
 29 |         typealias Primitive = os_unfair_lock
    :
125 |     }
126 |
127 |     private var buffer: ManagedBuffer<State, Lock.Primitive>
    |                                                   `- error: 'Primitive' is not a member type of struct 'Afluent.Lock'
128 |
129 |     init(_ initial: State) {
/host/spi-builder-workspace/Sources/Afluent/Workers/Breakpoint.swift:60:21: error: cannot find 'raise' in scope
58 |             receiveOutput: { output in
59 |                 if try await receiveOutput?(output) == true {
60 |                     raise(SIGTRAP)
   |                     `- error: cannot find 'raise' in scope
61 |                 }
62 |             },
/host/spi-builder-workspace/Sources/Afluent/Workers/Breakpoint.swift:60:27: error: cannot find 'SIGTRAP' in scope
58 |             receiveOutput: { output in
59 |                 if try await receiveOutput?(output) == true {
60 |                     raise(SIGTRAP)
   |                           `- error: cannot find 'SIGTRAP' in scope
61 |                 }
62 |             },
/host/spi-builder-workspace/Sources/Afluent/Workers/Breakpoint.swift:65:21: error: cannot find 'raise' in scope
63 |             receiveError: { error in
64 |                 if try await receiveError?(error) == true {
65 |                     raise(SIGTRAP)
   |                     `- error: cannot find 'raise' in scope
66 |                 }
67 |             })
/host/spi-builder-workspace/Sources/Afluent/Workers/Breakpoint.swift:65:27: error: cannot find 'SIGTRAP' in scope
63 |             receiveError: { error in
64 |                 if try await receiveError?(error) == true {
65 |                     raise(SIGTRAP)
   |                           `- error: cannot find 'SIGTRAP' in scope
66 |                 }
67 |             })
[#NominalTypes]: <https://docs.swift.org/compiler/documentation/diagnostics/nominal-types>
Failed frontend command:
/usr/bin/swift-frontend -frontend -emit-module -experimental-skip-non-inlinable-function-bodies-without-types /host/spi-builder-workspace/Sources/Afluent/AUOWCacheStrategies/AUOWCache+CacheUntilCompletionOrCancellation.swift /host/spi-builder-workspace/Sources/Afluent/AUOWCacheStrategies/AUOWCache+CancelAndRetry.swift /host/spi-builder-workspace/Sources/Afluent/AUOWCacheStrategies/AUOWCacheStrategy.swift /host/spi-builder-workspace/Sources/Afluent/Additions/QueueExecutor.swift /host/spi-builder-workspace/Sources/Afluent/Additions/URLSessionAdditions.swift /host/spi-builder-workspace/Sources/Afluent/AsyncSequenceCache.swift /host/spi-builder-workspace/Sources/Afluent/AsynchronousUnitOfWorkCache.swift /host/spi-builder-workspace/Sources/Afluent/CurrentValueSubject.swift /host/spi-builder-workspace/Sources/Afluent/DeferredTask.swift /host/spi-builder-workspace/Sources/Afluent/Errors/TimeoutError.swift /host/spi-builder-workspace/Sources/Afluent/Extensions/AsyncSequenceExtensions.swift /host/spi-builder-workspace/Sources/Afluent/Extensions/ErrorExtensions.swift /host/spi-builder-workspace/Sources/Afluent/Extensions/KeyPathExtensions.swift /host/spi-builder-workspace/Sources/Afluent/Extensions/RecursiveLockExtensions.swift /host/spi-builder-workspace/Sources/Afluent/PassthroughSubject.swift /host/spi-builder-workspace/Sources/Afluent/Protocols/AsynchronousUnitOfWork.swift /host/spi-builder-workspace/Sources/Afluent/Race.swift /host/spi-builder-workspace/Sources/Afluent/Rethrow.swift /host/spi-builder-workspace/Sources/Afluent/RetryStrategies/RetryByBackoffStrategy.swift /host/spi-builder-workspace/Sources/Afluent/RetryStrategies/RetryByCountStrategy.swift /host/spi-builder-workspace/Sources/Afluent/RetryStrategies/RetryStrategy.swift /host/spi-builder-workspace/Sources/Afluent/SequenceOperators/AnyAsyncSequence.swift /host/spi-builder-workspace/Sources/Afluent/SequenceOperators/AssertNoFailureSequence.swift /host/spi-builder-workspace/Sources/Afluent/SequenceOperators/AsyncSequences.swift /host/spi-builder-workspace/Sources/Afluent/SequenceOperators/BreakpointSequence.swift /host/spi-builder-workspace/Sources/Afluent/SequenceOperators/CatchSequence.swift /host/spi-builder-workspace/Sources/Afluent/SequenceOperators/CollectSequence.swift /host/spi-builder-workspace/Sources/Afluent/SequenceOperators/DecodeSequence.swift /host/spi-builder-workspace/Sources/Afluent/SequenceOperators/Deferred.swift /host/spi-builder-workspace/Sources/Afluent/SequenceOperators/DelaySequence.swift /host/spi-builder-workspace/Sources/Afluent/SequenceOperators/DematerializeSequence.swift /host/spi-builder-workspace/Sources/Afluent/SequenceOperators/DiscardOutputSequence.swift /host/spi-builder-workspace/Sources/Afluent/SequenceOperators/EncodeSequence.swift /host/spi-builder-workspace/Sources/Afluent/SequenceOperators/FlatMapSequence.swift /host/spi-builder-workspace/Sources/Afluent/SequenceOperators/GroupBySequence.swift /host/spi-builder-workspace/Sources/Afluent/SequenceOperators/HandleEventsSequence.swift /host/spi-builder-workspace/Sources/Afluent/SequenceOperators/JustSequence.swift /host/spi-builder-workspace/Sources/Afluent/SequenceOperators/MapErrorSequence.swift /host/spi-builder-workspace/Sources/Afluent/SequenceOperators/MaterializeSequence.swift /host/spi-builder-workspace/Sources/Afluent/SequenceOperators/OutputSequence.swift /host/spi-builder-workspace/Sources/Afluent/SequenceOperators/PlatformLock.swift /host/spi-builder-workspace/Sources/Afluent/SequenceOperators/PrintSequence.swift /host/spi-builder-workspace/Sources/Afluent/SequenceOperators/ReplaceErrorSequence.swift /host/spi-builder-workspace/Sources/Afluent/SequenceOperators/ReplaceNilSequence.swift /host/spi-builder-workspace/Sources/Afluent/SequenceOperators/RetryAfterFlatMappingSequence.swift /host/spi-builder-workspace/Sources/Afluent/SequenceOperators/RetrySequence.swift /host/spi-builder-workspace/Sources/Afluent/SequenceOperators/ScanSequence.swift /host/spi-builder-workspace/Sources/Afluent/SequenceOperators/ShareFromCacheSequence.swift /host/spi-builder-workspace/Sources/Afluent/SequenceOperators/ShareSequence.swift /host/spi-builder-workspace/Sources/Afluent/SequenceOperators/ThrottleSequence.swift /host/spi-builder-workspace/Sources/Afluent/SequenceOperators/TimerSequence.swift /host/spi-builder-workspace/Sources/Afluent/SerialTaskQueue.swift /host/spi-builder-workspace/Sources/Afluent/Subscription/AnyCancellable.swift /host/spi-builder-workspace/Sources/Afluent/Workers/AssertNoFailure.swift /host/spi-builder-workspace/Sources/Afluent/Workers/Assign.swift /host/spi-builder-workspace/Sources/Afluent/Workers/Breakpoint.swift /host/spi-builder-workspace/Sources/Afluent/Workers/Catch.swift /host/spi-builder-workspace/Sources/Afluent/Workers/Decode.swift /host/spi-builder-workspace/Sources/Afluent/Workers/Delay.swift /host/spi-builder-workspace/Sources/Afluent/Workers/Dematerialize.swift /host/spi-builder-workspace/Sources/Afluent/Workers/DiscardOutput.swift /host/spi-builder-workspace/Sources/Afluent/Workers/Encode.swift /host/spi-builder-workspace/Sources/Afluent/Workers/EraseToAnyAsynchronousUnitOfWork.swift /host/spi-builder-workspace/Sources/Afluent/Workers/FlatMap.swift /host/spi-builder-workspace/Sources/Afluent/Workers/HandleEvents.swift /host/spi-builder-workspace/Sources/Afluent/Workers/Map.swift /host/spi-builder-workspace/Sources/Afluent/Workers/MapError.swift /host/spi-builder-workspace/Sources/Afluent/Workers/Materialize.swift /host/spi-builder-workspace/Sources/Afluent/Workers/Print.swift /host/spi-builder-workspace/Sources/Afluent/Workers/ReplaceError.swift /host/spi-builder-workspace/Sources/Afluent/Workers/ReplaceNil.swift /host/spi-builder-workspace/Sources/Afluent/Workers/Retain.swift /host/spi-builder-workspace/Sources/Afluent/Workers/Retry.swift /host/spi-builder-workspace/Sources/Afluent/Workers/RetryAfterFlatMapping.swift /host/spi-builder-workspace/Sources/Afluent/Workers/Share.swift /host/spi-builder-workspace/Sources/Afluent/Workers/ShareFromCache.swift /host/spi-builder-workspace/Sources/Afluent/Workers/SingleValueChannel.swift /host/spi-builder-workspace/Sources/Afluent/Workers/SingleValueSubject.swift /host/spi-builder-workspace/Sources/Afluent/Workers/Timeout.swift /host/spi-builder-workspace/Sources/Afluent/Workers/ToAsyncSequence.swift /host/spi-builder-workspace/Sources/Afluent/Workers/UnwrapOrThrow.swift /host/spi-builder-workspace/Sources/Afluent/Workers/WithUnretained.swift /host/spi-builder-workspace/Sources/Afluent/Workers/Workers.swift /host/spi-builder-workspace/Sources/Afluent/Workers/Zip.swift -target wasm32-unknown-wasip1 -disable-objc-interop -sdk /root/.swiftpm/swift-sdks/swift-6.4.x-DEVELOPMENT-SNAPSHOT-2026-09-04-a_wasm.artifactbundle/swift-6.4.x-DEVELOPMENT-SNAPSHOT-2026-09-04-a_wasm/wasm32-unknown-wasip1/WASI.sdk -sysroot /root/.swiftpm/swift-sdks/swift-6.4.x-DEVELOPMENT-SNAPSHOT-2026-09-04-a_wasm.artifactbundle/swift-6.4.x-DEVELOPMENT-SNAPSHOT-2026-09-04-a_wasm/wasm32-unknown-wasip1/WASI.sdk -I /host/spi-builder-workspace/.build/out/Products/Debug-webassembly-wasm32 -module-cache-path /host/spi-builder-workspace/.build/out/ModuleCache.noindex -color-diagnostics -Xcc -fcolor-diagnostics -enable-testing -g -debug-info-format\=dwarf -dwarf-version\=4 -swift-version 6 -Onone -D SWIFT_PACKAGE -D DEBUG -D SWIFT_MODULE_RESOURCE_BUNDLE_UNAVAILABLE -D Xcode -serialize-debugging-options -enable-experimental-feature StrictConcurrency\=complete -enable-experimental-feature DebugDescriptionMacro -empty-abi-descriptor -external-plugin-path /usr/lib/swift/host/plugins/testing\#/usr/bin/swift-plugin-server -validate-clang-modules-once -clang-build-session-file /host/spi-builder-workspace/.build/out/ModuleCache.noindex/Session.modulevalidation -Xcc -working-directory -Xcc /host -resource-dir /root/.swiftpm/swift-sdks/swift-6.4.x-DEVELOPMENT-SNAPSHOT-2026-09-04-a_wasm.artifactbundle/swift-6.4.x-DEVELOPMENT-SNAPSHOT-2026-09-04-a_wasm/wasm32-unknown-wasip1/swift.xctoolchain/usr/lib/swift_static -use-static-resource-dir -enable-anonymous-context-mangled-names -file-compilation-dir /host -Xcc -resource-dir -Xcc /root/.swiftpm/swift-sdks/swift-6.4.x-DEVELOPMENT-SNAPSHOT-2026-09-04-a_wasm.artifactbundle/swift-6.4.x-DEVELOPMENT-SNAPSHOT-2026-09-04-a_wasm/wasm32-unknown-wasip1/swift.xctoolchain/usr/lib/swift_static/clang -Xcc -fmodule-map-file\=/host/spi-builder-workspace/.build/checkouts/swift-atomics/Sources/_AtomicsShims/include/module.modulemap -Xcc -D_LIBCPP_HARDENING_MODE\=_LIBCPP_HARDENING_MODE_DEBUG -Xcc -fmodules-prune-interval\=86400 -Xcc -fmodules-prune-after\=345600 -Xcc -I/host/spi-builder-workspace/.build/checkouts/swift-atomics/Sources/_AtomicsShims/include -Xcc -I/host/spi-builder-workspace/.build/out/Products/Debug-webassembly-wasm32/include -Xcc -I/host/spi-builder-workspace/.build/out/Intermediates.noindex/Afluent.build/Debug-webassembly-wasm32/Afluent-t.build/DerivedSources-normal/wasm32 -Xcc -I/host/spi-builder-workspace/.build/out/Intermediates.noindex/Afluent.build/Debug-webassembly-wasm32/Afluent-t.build/DerivedSources/wasm32 -Xcc -I/host/spi-builder-workspace/.build/out/Intermediates.noindex/Afluent.build/Debug-webassembly-wasm32/Afluent-t.build/DerivedSources -Xcc -DSWIFT_PACKAGE -Xcc -DDEBUG\=1 -no-auto-bridging-header-chaining -module-name Afluent -package-name spi_builder_workspace -const-gather-protocols-file /host/spi-builder-workspace/.build/out/Intermediates.noindex/Afluent.build/Debug-webassembly-wasm32/Afluent-t.build/Objects-normal/wasm32/Afluent_const_extract_protocols.json -in-process-plugin-server-path /usr/lib/swift/host/libSwiftInProcPluginServer.so -plugin-path /usr/lib/swift/host/plugins -plugin-path /usr/local/lib/swift/host/plugins -emit-module-doc-path /host/spi-builder-workspace/.build/out/Intermediates.noindex/Afluent.build/Debug-webassembly-wasm32/Afluent-t.build/Objects-normal/wasm32/Modules/Afluent.swiftdoc -emit-module-source-info-path /host/spi-builder-workspace/.build/out/Intermediates.noindex/Afluent.build/Debug-webassembly-wasm32/Afluent-t.build/Objects-normal/wasm32/Modules/Afluent.swiftsourceinfo -emit-objc-header-path /host/spi-builder-workspace/.build/out/Intermediates.noindex/Afluent.build/Debug-webassembly-wasm32/Afluent-t.build/Objects-normal/wasm32/Afluent-Swift.h -serialize-diagnostics-path /host/spi-builder-workspace/.build/out/Intermediates.noindex/Afluent.build/Debug-webassembly-wasm32/Afluent-t.build/Objects-normal/wasm32/Afluent-primary-emit-module.dia -emit-dependencies-path /host/spi-builder-workspace/.build/out/Intermediates.noindex/Afluent.build/Debug-webassembly-wasm32/Afluent-t.build/Objects-normal/wasm32/Afluent-primary-emit-module.d -parse-as-library -o /host/spi-builder-workspace/.build/out/Intermediates.noindex/Afluent.build/Debug-webassembly-wasm32/Afluent-t.build/Objects-normal/wasm32/Modules/Afluent.swiftmodule
error: Build failed
BUILD FAILURE 6.4 wasm