Build Information
Failed to build OrderedJSON, reference main (9a4164), with Swift 6.2 for visionOS using Xcode 26.3 on 29 Jun 2026 10:33:55 UTC.
Build Command
No build command. This typically means the build failed at an early stage where we determine the build command.Build Log
========================================
RunAll
========================================
Builder version: undefined version: run 'make version' to update
Interrupt handler set up.
========================================
Checkout
========================================
Clone URL: https://github.com/miamisunset/OrderedJSON.git
Reference: main
Initialized empty Git repository in /Users/admin/builder/spi-builder-workspace/.git/
From https://github.com/miamisunset/OrderedJSON
* branch main -> FETCH_HEAD
* [new branch] main -> origin/main
HEAD is now at 9a4164d docs: remove spec and plan files
Submodule path 'Tests/JSON-Schema-Test-Suite': checked out '584e550cf443b9f9b9f9a3f05fc0b2dbae178dfa'
Submodule 'Tests/JSON-Schema-Test-Suite' (https://github.com/json-schema-org/JSON-Schema-Test-Suite.git) registered for path 'Tests/JSON-Schema-Test-Suite'
Cloning into '/Users/admin/builder/spi-builder-workspace/Tests/JSON-Schema-Test-Suite'...
Cloned https://github.com/miamisunset/OrderedJSON.git
Revision (git rev-parse @):
9a4164d7b44d958db6a2fbb80e17ae5f0678f5a2
SUCCESS checkout https://github.com/miamisunset/OrderedJSON.git at main
========================================
Build
========================================
Selected platform: visionOS
Swift version: 6.2
Building package at path: $PWD
https://github.com/miamisunset/OrderedJSON.git
Command line invocation:
/Applications/Xcode-26.3.0.app/Contents/Developer/usr/bin/xcodebuild -IDEClonedSourcePackagesDirPathOverride=/Users/admin/builder/spi-builder-workspace/.dependencies -resolvePackageDependencies
Resolve Package Graph
package 'spi-builder-workspace' is using Swift tools version 6.3.0 but the installed version is 6.2.4
Resolved source packages:
spi-builder-workspace: (null)
2026-06-29 06:33:54.274 xcodebuild[548:3125] Writing error result bundle to /var/folders/xq/y_g06wb113726d38xsyx71_h0000gn/T/ResultBundle_2026-29-06_06-33-0054.xcresult
xcodebuild: error: Could not resolve package dependencies:
package 'spi-builder-workspace' is using Swift tools version 6.3.0 but the installed version is 6.2.4
Command line invocation:
/Applications/Xcode-26.3.0.app/Contents/Developer/usr/bin/xcodebuild -IDEClonedSourcePackagesDirPathOverride=/Users/admin/builder/spi-builder-workspace/.dependencies -resolvePackageDependencies
Resolve Package Graph
package 'spi-builder-workspace' is using Swift tools version 6.3.0 but the installed version is 6.2.4
Resolved source packages:
spi-builder-workspace: (null)
2026-06-29 06:33:55.185 xcodebuild[610:3653] Writing error result bundle to /var/folders/xq/y_g06wb113726d38xsyx71_h0000gn/T/ResultBundle_2026-29-06_06-33-0055.xcresult
xcodebuild: error: Could not resolve package dependencies:
package 'spi-builder-workspace' is using Swift tools version 6.3.0 but the installed version is 6.2.4
BUILD FAILURE 6.2 visionOS