The Swift Package Index logo.Swift Package Index

Build Information

Failed to build InnoFlow, reference 6.0.2 (1176de), with Swift 6.3 for Android on 10 Oct 2026 09:23:06 UTC.

Build Command

bash -c docker run --pull=always --rm -v "checkouts-54344845-1":/host -w "$PWD" -e JAVA_HOME="/root/.sdkman/candidates/java/current" -e SPI_BUILD="1" -e SPI_PROCESSING="1" registry.gitlab.com/saguaro1/spi-images:android-6.3-latest swift build --swift-sdk aarch64-unknown-linux-android28 2>&1

Build Log

========================================
RunAll
========================================
Builder version: 5.1.1
Interrupt handler set up.
========================================
Checkout
========================================
Clone URL: https://github.com/InnoSquadCorp/InnoFlow.git
Reference: 6.0.2
Initialized empty Git repository in /host/spi-builder-workspace/.git/
hint: Using 'master' as the name for the initial branch. This default branch name
hint: is subject to change. To configure the initial branch name to use in all
hint: of your new repositories, which will suppress this warning, call:
hint:
hint: 	git config --global init.defaultBranch <name>
hint:
hint: Names commonly chosen instead of 'master' are 'main', 'trunk' and
hint: 'development'. The just-created branch can be renamed via this command:
hint:
hint: 	git branch -m <name>
From https://github.com/InnoSquadCorp/InnoFlow
 * tag               6.0.2      -> FETCH_HEAD
HEAD is now at 1176de1 fix: isolate release fixtures from tag environment for 6.0.2 (#59)
Cloned https://github.com/InnoSquadCorp/InnoFlow.git
Revision (git rev-parse @):
1176de1e4783b638c03a9334f43cc49378957148
SPI manifest file found: $PWD/.spi.yml
SUCCESS checkout https://github.com/InnoSquadCorp/InnoFlow.git at 6.0.2
========================================
Build
========================================
Selected platform:         android
Swift version:             6.3
Building package at path:  $PWD
https://github.com/InnoSquadCorp/InnoFlow.git
Running build ...
bash -c docker run --pull=always --rm -v "checkouts-54344845-1":/host -w "$PWD" -e JAVA_HOME="/root/.sdkman/candidates/java/current" -e SPI_BUILD="1" -e SPI_PROCESSING="1" registry.gitlab.com/saguaro1/spi-images:android-6.3-latest swift build --swift-sdk aarch64-unknown-linux-android28 2>&1
android-6.3-latest: Pulling from saguaro1/spi-images
Digest: sha256:a57e63703100e13e1ecb61b565870501ccb169d7515bc7af7f0994f211e1b1f6
Status: Image is up to date for registry.gitlab.com/saguaro1/spi-images:android-6.3-latest
Fetching https://github.com/swiftlang/swift-syntax.git
[1/80412] Fetching swift-syntax
Fetched https://github.com/swiftlang/swift-syntax.git from cache (4.41s)
Computing version for https://github.com/swiftlang/swift-syntax.git
Computed https://github.com/swiftlang/swift-syntax.git at 604.0.0 (5.40s)
Creating working copy for https://github.com/swiftlang/swift-syntax.git
Working copy of https://github.com/swiftlang/swift-syntax.git resolved at 604.0.0
Building for debugging...
[0/72] Write sources
[22/72] Copying PrivacyInfo.xcprivacy
[30/72] Write sources
[38/72] Compiling _SwiftSyntaxCShims PlatformMutex.c
[39/72] Write swift-version-272D24FF697CF451.txt
[41/86] Emitting module SwiftSyntax601
[42/129] Emitting module SwiftSyntax510
[43/129] Compiling SwiftSyntax510 Empty.swift
[45/167] Compiling SwiftSyntax600 Empty.swift
[46/167] Emitting module SwiftSyntax600
[47/174] Wrapping AST for SwiftSyntax510 for debugging
[49/174] Compiling SwiftSyntax602 Empty.swift
[50/174] Emitting module SwiftSyntax602
[50/175] Wrapping AST for SwiftSyntax600 for debugging
[52/175] Compiling SwiftSyntax603 Empty.swift
[54/175] Emitting module SwiftSyntax603
[55/176] Emitting module SwiftSyntax509
[56/176] Compiling SwiftSyntax509 Empty.swift
[57/177] Emitting module SwiftSyntax604
[58/177] Compiling SwiftSyntax604 Empty.swift
[61/178] Compiling SwiftSyntax601 Empty.swift
[61/179] Wrapping AST for SwiftSyntax602 for debugging
[64/179] Wrapping AST for SwiftSyntax604 for debugging
[65/179] Wrapping AST for SwiftSyntax603 for debugging
[66/179] Wrapping AST for SwiftSyntax509 for debugging
[67/179] Wrapping AST for SwiftSyntax601 for debugging
[69/243] Compiling SwiftSyntax RawSyntaxNodesD.swift
/host/spi-builder-workspace/Sources/InnoFlowCore/DispatchContext.swift:2:8: error: no such module 'os'
 1 | import Foundation
 2 | import os
   |        `- error: no such module 'os'
 3 |
 4 | /// Process-local, monotonic identity for a root dispatch and its descendants.
[70/243] Compiling SwiftSyntax RawSyntaxNodesEF.swift
/host/spi-builder-workspace/Sources/InnoFlowCore/DispatchContext.swift:2:8: error: no such module 'os'
 1 | import Foundation
 2 | import os
   |        `- error: no such module 'os'
 3 |
 4 | /// Process-local, monotonic identity for a root dispatch and its descendants.
[71/243] Compiling SwiftSyntax RawSyntaxNodesGHI.swift
/host/spi-builder-workspace/Sources/InnoFlowCore/DispatchContext.swift:2:8: error: no such module 'os'
 1 | import Foundation
 2 | import os
   |        `- error: no such module 'os'
 3 |
 4 | /// Process-local, monotonic identity for a root dispatch and its descendants.
[72/243] Compiling SwiftSyntax RawSyntaxNodesJKLMN.swift
/host/spi-builder-workspace/Sources/InnoFlowCore/DispatchContext.swift:2:8: error: no such module 'os'
 1 | import Foundation
 2 | import os
   |        `- error: no such module 'os'
 3 |
 4 | /// Process-local, monotonic identity for a root dispatch and its descendants.
[73/243] Compiling SwiftSyntax RawSyntaxNodesOP.swift
/host/spi-builder-workspace/Sources/InnoFlowCore/DispatchContext.swift:2:8: error: no such module 'os'
 1 | import Foundation
 2 | import os
   |        `- error: no such module 'os'
 3 |
 4 | /// Process-local, monotonic identity for a root dispatch and its descendants.
[74/243] Compiling SwiftSyntax RawSyntaxNodesQRS.swift
/host/spi-builder-workspace/Sources/InnoFlowCore/DispatchContext.swift:2:8: error: no such module 'os'
 1 | import Foundation
 2 | import os
   |        `- error: no such module 'os'
 3 |
 4 | /// Process-local, monotonic identity for a root dispatch and its descendants.
[75/249] Compiling SwiftSyntax RawSyntax.swift
/host/spi-builder-workspace/Sources/InnoFlowCore/DispatchContext.swift:2:8: error: no such module 'os'
 1 | import Foundation
 2 | import os
   |        `- error: no such module 'os'
 3 |
 4 | /// Process-local, monotonic identity for a root dispatch and its descendants.
[76/249] Compiling SwiftSyntax RawSyntaxArena.swift
/host/spi-builder-workspace/Sources/InnoFlowCore/DispatchContext.swift:2:8: error: no such module 'os'
 1 | import Foundation
 2 | import os
   |        `- error: no such module 'os'
 3 |
 4 | /// Process-local, monotonic identity for a root dispatch and its descendants.
[77/249] Compiling SwiftSyntax RawSyntaxLayoutView.swift
/host/spi-builder-workspace/Sources/InnoFlowCore/DispatchContext.swift:2:8: error: no such module 'os'
 1 | import Foundation
 2 | import os
   |        `- error: no such module 'os'
 3 |
 4 | /// Process-local, monotonic identity for a root dispatch and its descendants.
[78/249] Compiling SwiftSyntax RawSyntaxNodeProtocol.swift
/host/spi-builder-workspace/Sources/InnoFlowCore/DispatchContext.swift:2:8: error: no such module 'os'
 1 | import Foundation
 2 | import os
   |        `- error: no such module 'os'
 3 |
 4 | /// Process-local, monotonic identity for a root dispatch and its descendants.
[79/249] Compiling SwiftSyntax RawSyntaxTokenView.swift
/host/spi-builder-workspace/Sources/InnoFlowCore/DispatchContext.swift:2:8: error: no such module 'os'
 1 | import Foundation
 2 | import os
   |        `- error: no such module 'os'
 3 |
 4 | /// Process-local, monotonic identity for a root dispatch and its descendants.
[80/249] Compiling SwiftSyntax SourceEdit.swift
/host/spi-builder-workspace/Sources/InnoFlowCore/DispatchContext.swift:2:8: error: no such module 'os'
 1 | import Foundation
 2 | import os
   |        `- error: no such module 'os'
 3 |
 4 | /// Process-local, monotonic identity for a root dispatch and its descendants.
[81/249] Compiling SwiftSyntax Utils.swift
/host/spi-builder-workspace/Sources/InnoFlowCore/DispatchContext.swift:2:8: error: no such module 'os'
 1 | import Foundation
 2 | import os
   |        `- error: no such module 'os'
 3 |
 4 | /// Process-local, monotonic identity for a root dispatch and its descendants.
[82/249] Compiling SwiftSyntax ChildNameForKeyPath.swift
/host/spi-builder-workspace/Sources/InnoFlowCore/DispatchContext.swift:2:8: error: no such module 'os'
 1 | import Foundation
 2 | import os
   |        `- error: no such module 'os'
 3 |
 4 | /// Process-local, monotonic identity for a root dispatch and its descendants.
[83/249] Compiling SwiftSyntax Keyword.swift
/host/spi-builder-workspace/Sources/InnoFlowCore/DispatchContext.swift:2:8: error: no such module 'os'
 1 | import Foundation
 2 | import os
   |        `- error: no such module 'os'
 3 |
 4 | /// Process-local, monotonic identity for a root dispatch and its descendants.
[84/249] Compiling SwiftSyntax RenamedChildrenCompatibility.swift
/host/spi-builder-workspace/Sources/InnoFlowCore/DispatchContext.swift:2:8: error: no such module 'os'
 1 | import Foundation
 2 | import os
   |        `- error: no such module 'os'
 3 |
 4 | /// Process-local, monotonic identity for a root dispatch and its descendants.
[85/249] Compiling SwiftSyntax RenamedNodesCompatibility.swift
/host/spi-builder-workspace/Sources/InnoFlowCore/DispatchContext.swift:2:8: error: no such module 'os'
 1 | import Foundation
 2 | import os
   |        `- error: no such module 'os'
 3 |
 4 | /// Process-local, monotonic identity for a root dispatch and its descendants.
[86/249] Compiling SwiftSyntax SyntaxAnyVisitor.swift
/host/spi-builder-workspace/Sources/InnoFlowCore/DispatchContext.swift:2:8: error: no such module 'os'
 1 | import Foundation
 2 | import os
   |        `- error: no such module 'os'
 3 |
 4 | /// Process-local, monotonic identity for a root dispatch and its descendants.
[87/249] Compiling SwiftSyntax Convenience.swift
/host/spi-builder-workspace/Sources/InnoFlowCore/DispatchContext.swift:2:8: error: no such module 'os'
 1 | import Foundation
 2 | import os
   |        `- error: no such module 'os'
 3 |
 4 | /// Process-local, monotonic identity for a root dispatch and its descendants.
[88/249] Compiling SwiftSyntax CustomTraits.swift
/host/spi-builder-workspace/Sources/InnoFlowCore/DispatchContext.swift:2:8: error: no such module 'os'
 1 | import Foundation
 2 | import os
   |        `- error: no such module 'os'
 3 |
 4 | /// Process-local, monotonic identity for a root dispatch and its descendants.
[89/249] Compiling SwiftSyntax EditorPlaceholder.swift
/host/spi-builder-workspace/Sources/InnoFlowCore/DispatchContext.swift:2:8: error: no such module 'os'
 1 | import Foundation
 2 | import os
   |        `- error: no such module 'os'
 3 |
 4 | /// Process-local, monotonic identity for a root dispatch and its descendants.
[90/249] Compiling SwiftSyntax SourceLength.swift
/host/spi-builder-workspace/Sources/InnoFlowCore/DispatchContext.swift:2:8: error: no such module 'os'
 1 | import Foundation
 2 | import os
   |        `- error: no such module 'os'
 3 |
 4 | /// Process-local, monotonic identity for a root dispatch and its descendants.
[91/249] Compiling SwiftSyntax SourceLocation.swift
/host/spi-builder-workspace/Sources/InnoFlowCore/DispatchContext.swift:2:8: error: no such module 'os'
 1 | import Foundation
 2 | import os
   |        `- error: no such module 'os'
 3 |
 4 | /// Process-local, monotonic identity for a root dispatch and its descendants.
[92/249] Compiling SwiftSyntax SourcePresence.swift
/host/spi-builder-workspace/Sources/InnoFlowCore/DispatchContext.swift:2:8: error: no such module 'os'
 1 | import Foundation
 2 | import os
   |        `- error: no such module 'os'
 3 |
 4 | /// Process-local, monotonic identity for a root dispatch and its descendants.
[93/249] Compiling SwiftSyntax SwiftSyntaxCompatibility.swift
/host/spi-builder-workspace/Sources/InnoFlowCore/DispatchContext.swift:2:8: error: no such module 'os'
 1 | import Foundation
 2 | import os
   |        `- error: no such module 'os'
 3 |
 4 | /// Process-local, monotonic identity for a root dispatch and its descendants.
[94/249] Compiling SwiftSyntax Syntax.swift
/host/spi-builder-workspace/Sources/InnoFlowCore/DispatchContext.swift:2:8: error: no such module 'os'
 1 | import Foundation
 2 | import os
   |        `- error: no such module 'os'
 3 |
 4 | /// Process-local, monotonic identity for a root dispatch and its descendants.
[95/249] Compiling SwiftSyntax SyntaxChildren.swift
/host/spi-builder-workspace/Sources/InnoFlowCore/DispatchContext.swift:2:8: error: no such module 'os'
 1 | import Foundation
 2 | import os
   |        `- error: no such module 'os'
 3 |
 4 | /// Process-local, monotonic identity for a root dispatch and its descendants.
[96/249] Compiling SwiftSyntax SyntaxCollection.swift
/host/spi-builder-workspace/Sources/InnoFlowCore/DispatchContext.swift:2:8: error: no such module 'os'
 1 | import Foundation
 2 | import os
   |        `- error: no such module 'os'
 3 |
 4 | /// Process-local, monotonic identity for a root dispatch and its descendants.
[97/249] Compiling SwiftSyntax SyntaxHashable.swift
/host/spi-builder-workspace/Sources/InnoFlowCore/DispatchContext.swift:2:8: error: no such module 'os'
 1 | import Foundation
 2 | import os
   |        `- error: no such module 'os'
 3 |
 4 | /// Process-local, monotonic identity for a root dispatch and its descendants.
[98/249] Compiling SwiftSyntax SyntaxIdentifier.swift
/host/spi-builder-workspace/Sources/InnoFlowCore/DispatchContext.swift:2:8: error: no such module 'os'
 1 | import Foundation
 2 | import os
   |        `- error: no such module 'os'
 3 |
 4 | /// Process-local, monotonic identity for a root dispatch and its descendants.
error: emit-module command failed with exit code 1 (use -v to see invocation)
[99/249] Emitting module InnoFlowCore
/host/spi-builder-workspace/Sources/InnoFlowCore/DispatchContext.swift:2:8: error: no such module 'os'
 1 | import Foundation
 2 | import os
   |        `- error: no such module 'os'
 3 |
 4 | /// Process-local, monotonic identity for a root dispatch and its descendants.
[100/249] Compiling SwiftSyntax AbsolutePosition.swift
/host/spi-builder-workspace/Sources/InnoFlowCore/DispatchContext.swift:2:8: error: no such module 'os'
 1 | import Foundation
 2 | import os
   |        `- error: no such module 'os'
 3 |
 4 | /// Process-local, monotonic identity for a root dispatch and its descendants.
[101/249] Compiling SwiftSyntax AbsoluteSyntaxInfo.swift
/host/spi-builder-workspace/Sources/InnoFlowCore/DispatchContext.swift:2:8: error: no such module 'os'
 1 | import Foundation
 2 | import os
   |        `- error: no such module 'os'
 3 |
 4 | /// Process-local, monotonic identity for a root dispatch and its descendants.
[102/249] Compiling SwiftSyntax ArenaAllocatedBuffer.swift
/host/spi-builder-workspace/Sources/InnoFlowCore/DispatchContext.swift:2:8: error: no such module 'os'
 1 | import Foundation
 2 | import os
   |        `- error: no such module 'os'
 3 |
 4 | /// Process-local, monotonic identity for a root dispatch and its descendants.
[103/249] Compiling SwiftSyntax Assert.swift
/host/spi-builder-workspace/Sources/InnoFlowCore/DispatchContext.swift:2:8: error: no such module 'os'
 1 | import Foundation
 2 | import os
   |        `- error: no such module 'os'
 3 |
 4 | /// Process-local, monotonic identity for a root dispatch and its descendants.
[104/249] Compiling SwiftSyntax BumpPtrAllocator.swift
/host/spi-builder-workspace/Sources/InnoFlowCore/DispatchContext.swift:2:8: error: no such module 'os'
 1 | import Foundation
 2 | import os
   |        `- error: no such module 'os'
 3 |
 4 | /// Process-local, monotonic identity for a root dispatch and its descendants.
[105/249] Compiling SwiftSyntax CommonAncestor.swift
/host/spi-builder-workspace/Sources/InnoFlowCore/DispatchContext.swift:2:8: error: no such module 'os'
 1 | import Foundation
 2 | import os
   |        `- error: no such module 'os'
 3 |
 4 | /// Process-local, monotonic identity for a root dispatch and its descendants.
[106/249] Compiling SwiftSyntax SyntaxBaseNodes.swift
/host/spi-builder-workspace/Sources/InnoFlowCore/DispatchContext.swift:2:8: error: no such module 'os'
 1 | import Foundation
 2 | import os
   |        `- error: no such module 'os'
 3 |
 4 | /// Process-local, monotonic identity for a root dispatch and its descendants.
[107/249] Compiling SwiftSyntax SyntaxCollections.swift
/host/spi-builder-workspace/Sources/InnoFlowCore/DispatchContext.swift:2:8: error: no such module 'os'
 1 | import Foundation
 2 | import os
   |        `- error: no such module 'os'
 3 |
 4 | /// Process-local, monotonic identity for a root dispatch and its descendants.
[108/249] Compiling SwiftSyntax SyntaxEnum.swift
/host/spi-builder-workspace/Sources/InnoFlowCore/DispatchContext.swift:2:8: error: no such module 'os'
 1 | import Foundation
 2 | import os
   |        `- error: no such module 'os'
 3 |
 4 | /// Process-local, monotonic identity for a root dispatch and its descendants.
[109/249] Compiling SwiftSyntax Identifier.swift
/host/spi-builder-workspace/Sources/InnoFlowCore/DispatchContext.swift:2:8: error: no such module 'os'
 1 | import Foundation
 2 | import os
   |        `- error: no such module 'os'
 3 |
 4 | /// Process-local, monotonic identity for a root dispatch and its descendants.
[110/249] Compiling SwiftSyntax MemoryLayout.swift
/host/spi-builder-workspace/Sources/InnoFlowCore/DispatchContext.swift:2:8: error: no such module 'os'
 1 | import Foundation
 2 | import os
   |        `- error: no such module 'os'
 3 |
 4 | /// Process-local, monotonic identity for a root dispatch and its descendants.
[111/249] Compiling SwiftSyntax MissingNodeInitializers.swift
/host/spi-builder-workspace/Sources/InnoFlowCore/DispatchContext.swift:2:8: error: no such module 'os'
 1 | import Foundation
 2 | import os
   |        `- error: no such module 'os'
 3 |
 4 | /// Process-local, monotonic identity for a root dispatch and its descendants.
[112/249] Compiling InnoFlowCore StoreEffectBridge.swift
/host/spi-builder-workspace/Sources/InnoFlowCore/DispatchContext.swift:2:8: error: no such module 'os'
 1 | import Foundation
 2 | import os
   |        `- error: no such module 'os'
 3 |
 4 | /// Process-local, monotonic identity for a root dispatch and its descendants.
[113/249] Compiling InnoFlowCore StoreInstrumentation+Metrics.swift
/host/spi-builder-workspace/Sources/InnoFlowCore/DispatchContext.swift:2:8: error: no such module 'os'
 1 | import Foundation
 2 | import os
   |        `- error: no such module 'os'
 3 |
 4 | /// Process-local, monotonic identity for a root dispatch and its descendants.
[114/249] Compiling InnoFlowCore StoreInstrumentation.swift
/host/spi-builder-workspace/Sources/InnoFlowCore/DispatchContext.swift:2:8: error: no such module 'os'
 1 | import Foundation
 2 | import os
   |        `- error: no such module 'os'
 3 |
 4 | /// Process-local, monotonic identity for a root dispatch and its descendants.
[115/249] Compiling InnoFlowCore StoreLifetimeToken.swift
/host/spi-builder-workspace/Sources/InnoFlowCore/DispatchContext.swift:2:8: error: no such module 'os'
 1 | import Foundation
 2 | import os
   |        `- error: no such module 'os'
 3 |
 4 | /// Process-local, monotonic identity for a root dispatch and its descendants.
[116/249] Compiling InnoFlowCore StoreOutputHub.swift
/host/spi-builder-workspace/Sources/InnoFlowCore/DispatchContext.swift:2:8: error: no such module 'os'
 1 | import Foundation
 2 | import os
   |        `- error: no such module 'os'
 3 |
 4 | /// Process-local, monotonic identity for a root dispatch and its descendants.
[117/249] Compiling InnoFlowCore resource_bundle_accessor.swift
/host/spi-builder-workspace/Sources/InnoFlowCore/DispatchContext.swift:2:8: error: no such module 'os'
 1 | import Foundation
 2 | import os
   |        `- error: no such module 'os'
 3 |
 4 | /// Process-local, monotonic identity for a root dispatch and its descendants.
BUILD FAILURE 6.3 android