The Swift Package Index logo.Swift Package Index

Build Information

Failed to build GRDBSnapshotTesting, reference main (dc9c66), with Swift 6.4 for Linux on 21 Sep 2026 06:45:16 UTC.

Build Command

bash -c docker run --pull=always --rm -v "checkouts-54344847-0":/host -w "$PWD" -e JAVA_HOME="/root/.sdkman/candidates/java/current" -e SPI_BUILD="1" -e SPI_PROCESSING="1" registry.gitlab.com/saguaro1/spi-images:basic-6.4-latest swift build --triple x86_64-unknown-linux-gnu 2>&1

Build Log

========================================
RunAll
========================================
Builder version: 5.1.0
Interrupt handler set up.
========================================
Checkout
========================================
Clone URL: https://github.com/groue/GRDBSnapshotTesting.git
Reference: main
Initialized empty Git repository in /host/spi-builder-workspace/.git/
hint: Using 'master' as the name for the initial branch. This default branch name
hint: is subject to change. To configure the initial branch name to use in all
hint: of your new repositories, which will suppress this warning, call:
hint:
hint: 	git config --global init.defaultBranch <name>
hint:
hint: Names commonly chosen instead of 'master' are 'main', 'trunk' and
hint: 'development'. The just-created branch can be renamed via this command:
hint:
hint: 	git branch -m <name>
From https://github.com/groue/GRDBSnapshotTesting
 * branch            main       -> FETCH_HEAD
 * [new branch]      main       -> origin/main
HEAD is now at dc9c666 CHANGELOG
Cloned https://github.com/groue/GRDBSnapshotTesting.git
Revision (git rev-parse @):
dc9c6664160558980ebe6a327e2aef60829e7ee4
SPI manifest file found: $PWD/.spi.yml
SUCCESS checkout https://github.com/groue/GRDBSnapshotTesting.git at main
========================================
Build
========================================
Selected platform:         linux
Swift version:             6.4
Building package at path:  $PWD
https://github.com/groue/GRDBSnapshotTesting.git
Running build ...
bash -c docker run --pull=always --rm -v "checkouts-54344847-0":/host -w "$PWD" -e JAVA_HOME="/root/.sdkman/candidates/java/current" -e SPI_BUILD="1" -e SPI_PROCESSING="1" registry.gitlab.com/saguaro1/spi-images:basic-6.4-latest swift build --triple x86_64-unknown-linux-gnu 2>&1
basic-6.4-latest: Pulling from saguaro1/spi-images
Digest: sha256:c77fcce225e223ac0fafed844619173fc6de8d62dd560eeb28db3182af6a282b
Status: Image is up to date for registry.gitlab.com/saguaro1/spi-images:basic-6.4-latest
Fetching https://github.com/pointfreeco/swift-snapshot-testing
Fetching https://github.com/groue/GRDB.swift
[1/113884] Fetching grdb.swift
[25056/130300] Fetching grdb.swift, swift-snapshot-testing
Fetched https://github.com/pointfreeco/swift-snapshot-testing (7.73s)
Fetched https://github.com/groue/GRDB.swift (7.82s)
Computing version for https://github.com/pointfreeco/swift-snapshot-testing
Computed https://github.com/pointfreeco/swift-snapshot-testing at 1.19.5 (8.00s)
Fetching https://github.com/swiftlang/swift-syntax
Fetching https://github.com/pointfreeco/swift-custom-dump
[1/5666] Fetching swift-custom-dump
Fetched https://github.com/pointfreeco/swift-custom-dump (0.55s)
[1/79999] Fetching swift-syntax
Fetched https://github.com/swiftlang/swift-syntax (3.08s)
Computing version for https://github.com/pointfreeco/swift-custom-dump
Computed https://github.com/pointfreeco/swift-custom-dump at 1.7.3 (3.27s)
Fetching https://github.com/pointfreeco/swift-issue-reporting
[1/6136] Fetching swift-issue-reporting
Fetched https://github.com/pointfreeco/swift-issue-reporting (0.73s)
Computing version for https://github.com/pointfreeco/swift-issue-reporting
Computed https://github.com/pointfreeco/swift-issue-reporting at 2.1.0 (1.84s)
Computing version for https://github.com/swiftlang/swift-syntax
Computed https://github.com/swiftlang/swift-syntax at 604.0.0 (1.18s)
Computing version for https://github.com/groue/GRDB.swift
Computed https://github.com/groue/GRDB.swift at 7.11.1 (0.24s)
Creating working copy for https://github.com/pointfreeco/swift-snapshot-testing
Working copy of https://github.com/pointfreeco/swift-snapshot-testing resolved at 1.19.5
Creating working copy for https://github.com/groue/GRDB.swift
Working copy of https://github.com/groue/GRDB.swift resolved at 7.11.1
Creating working copy for https://github.com/swiftlang/swift-syntax
Working copy of https://github.com/swiftlang/swift-syntax resolved at 604.0.0
Creating working copy for https://github.com/pointfreeco/swift-custom-dump
Working copy of https://github.com/pointfreeco/swift-custom-dump resolved at 1.7.3
Creating working copy for https://github.com/pointfreeco/swift-issue-reporting
Working copy of https://github.com/pointfreeco/swift-issue-reporting resolved at 2.1.0
Building for debugging...
[Constructing description]
[Planning deferred tasks]
[43 / 65] SnapshotTesting
[52 / 83] GRDB
[52 / 83] SnapshotTesting
[54 / 83] SnapshotTesting
[64 / 83] GRDB
[66 / 84] SnapshotTesting
[73 / 84] GRDB-product
error: SwiftCompile normal x86_64 failed with a nonzero exit code. Command line:     cd /host

/host/spi-builder-workspace/Sources/GRDBSnapshotTesting/SnapshotDumpFormat.swift:2:8: error: no such module 'SQLite3'
 1 | import GRDB
 2 | import SQLite3
   |        `- error: no such module 'SQLite3'
 3 |
 4 | /// A GRDB dump format suited for snapshot testing, that prints one line
Failed frontend command:
/usr/bin/swift-frontend -frontend -emit-module -experimental-skip-non-inlinable-function-bodies-without-types /host/spi-builder-workspace/Sources/GRDBSnapshotTesting/GRDBSnapshotTesting.swift /host/spi-builder-workspace/Sources/GRDBSnapshotTesting/SnapshotDumpFormat.swift /host/spi-builder-workspace/Sources/GRDBSnapshotTesting/SnapshotStream.swift -target x86_64-unknown-linux-gnu -disable-objc-interop -I /host/spi-builder-workspace/.build/out/Products/Debug-linux-x86_64 -module-cache-path /host/spi-builder-workspace/.build/out/ModuleCache.noindex -color-diagnostics -Xcc -fcolor-diagnostics -enable-testing -g -debug-info-format\=dwarf -dwarf-version\=4 -swift-version 6 -Onone -D SWIFT_PACKAGE -D DEBUG -D SWIFT_MODULE_RESOURCE_BUNDLE_UNAVAILABLE -D Xcode -serialize-debugging-options -enable-experimental-feature DebugDescriptionMacro -empty-abi-descriptor -external-plugin-path /usr/lib/swift/host/plugins/testing\#/usr/bin/swift-plugin-server -validate-clang-modules-once -clang-build-session-file /host/spi-builder-workspace/.build/out/ModuleCache.noindex/Session.modulevalidation -Xcc -working-directory -Xcc /host -enable-anonymous-context-mangled-names -file-compilation-dir /host -Xcc -fmodule-map-file\=/host/spi-builder-workspace/.build/checkouts/GRDB.swift/Sources/GRDBSQLite/module.modulemap -Xcc -fno-omit-frame-pointer -Xcc -D_LIBCPP_HARDENING_MODE\=_LIBCPP_HARDENING_MODE_DEBUG -Xcc -fmodules-prune-interval\=86400 -Xcc -fmodules-prune-after\=345600 -Xcc -I/host/spi-builder-workspace/.build/out/Products/Debug-linux-x86_64/include -Xcc -I/host/spi-builder-workspace/.build/out/Intermediates.noindex/GRDBSnapshotTesting.build/Debug-linux-x86_64/GRDBSnapshotTesting-t.build/DerivedSources-normal/x86_64 -Xcc -I/host/spi-builder-workspace/.build/out/Intermediates.noindex/GRDBSnapshotTesting.build/Debug-linux-x86_64/GRDBSnapshotTesting-t.build/DerivedSources/x86_64 -Xcc -I/host/spi-builder-workspace/.build/out/Intermediates.noindex/GRDBSnapshotTesting.build/Debug-linux-x86_64/GRDBSnapshotTesting-t.build/DerivedSources -Xcc -DSWIFT_PACKAGE -Xcc -DDEBUG\=1 -no-auto-bridging-header-chaining -module-name GRDBSnapshotTesting -package-name spi_builder_workspace -const-gather-protocols-file /host/spi-builder-workspace/.build/out/Intermediates.noindex/GRDBSnapshotTesting.build/Debug-linux-x86_64/GRDBSnapshotTesting-t.build/Objects-normal/x86_64/GRDBSnapshotTesting_const_extract_protocols.json -in-process-plugin-server-path /usr/lib/swift/host/libSwiftInProcPluginServer.so -plugin-path /usr/lib/swift/host/plugins -plugin-path /usr/local/lib/swift/host/plugins -emit-module-doc-path /host/spi-builder-workspace/.build/out/Intermediates.noindex/GRDBSnapshotTesting.build/Debug-linux-x86_64/GRDBSnapshotTesting-t.build/Objects-normal/x86_64/Modules/GRDBSnapshotTesting.swiftdoc -emit-module-source-info-path /host/spi-builder-workspace/.build/out/Intermediates.noindex/GRDBSnapshotTesting.build/Debug-linux-x86_64/GRDBSnapshotTesting-t.build/Objects-normal/x86_64/Modules/GRDBSnapshotTesting.swiftsourceinfo -emit-objc-header-path /host/spi-builder-workspace/.build/out/Intermediates.noindex/GRDBSnapshotTesting.build/Debug-linux-x86_64/GRDBSnapshotTesting-t.build/Objects-normal/x86_64/GRDBSnapshotTesting-Swift.h -serialize-diagnostics-path /host/spi-builder-workspace/.build/out/Intermediates.noindex/GRDBSnapshotTesting.build/Debug-linux-x86_64/GRDBSnapshotTesting-t.build/Objects-normal/x86_64/GRDBSnapshotTesting-primary-emit-module.dia -emit-dependencies-path /host/spi-builder-workspace/.build/out/Intermediates.noindex/GRDBSnapshotTesting.build/Debug-linux-x86_64/GRDBSnapshotTesting-t.build/Objects-normal/x86_64/GRDBSnapshotTesting-primary-emit-module.d -parse-as-library -o /host/spi-builder-workspace/.build/out/Intermediates.noindex/GRDBSnapshotTesting.build/Debug-linux-x86_64/GRDBSnapshotTesting-t.build/Objects-normal/x86_64/Modules/GRDBSnapshotTesting.swiftmodule
[78 / 89] GRDBSnapshotTesting
error: SwiftCompile normal x86_64 /host/spi-builder-workspace/Sources/GRDBSnapshotTesting/GRDBSnapshotTesting.swift failed with a nonzero exit code. Command line:     cd /host
    builtin-SwiftPerFileCompile GRDBSnapshotTesting.swift
/host/spi-builder-workspace/Sources/GRDBSnapshotTesting/SnapshotDumpFormat.swift:2:8: error: no such module 'SQLite3'
 1 | import GRDB
 2 | import SQLite3
   |        `- error: no such module 'SQLite3'
 3 |
 4 | /// A GRDB dump format suited for snapshot testing, that prints one line
Failed frontend command:
/usr/bin/swift-frontend -frontend -c -primary-file /host/spi-builder-workspace/Sources/GRDBSnapshotTesting/GRDBSnapshotTesting.swift /host/spi-builder-workspace/Sources/GRDBSnapshotTesting/SnapshotDumpFormat.swift /host/spi-builder-workspace/Sources/GRDBSnapshotTesting/SnapshotStream.swift -emit-dependencies-path /host/spi-builder-workspace/.build/out/Intermediates.noindex/GRDBSnapshotTesting.build/Debug-linux-x86_64/GRDBSnapshotTesting-t.build/Objects-normal/x86_64/GRDBSnapshotTesting.d -emit-const-values-path /host/spi-builder-workspace/.build/out/Intermediates.noindex/GRDBSnapshotTesting.build/Debug-linux-x86_64/GRDBSnapshotTesting-t.build/Objects-normal/x86_64/GRDBSnapshotTesting.swiftconstvalues -emit-reference-dependencies-path /host/spi-builder-workspace/.build/out/Intermediates.noindex/GRDBSnapshotTesting.build/Debug-linux-x86_64/GRDBSnapshotTesting-t.build/Objects-normal/x86_64/GRDBSnapshotTesting.swiftdeps -serialize-diagnostics-path /host/spi-builder-workspace/.build/out/Intermediates.noindex/GRDBSnapshotTesting.build/Debug-linux-x86_64/GRDBSnapshotTesting-t.build/Objects-normal/x86_64/GRDBSnapshotTesting.dia -target x86_64-unknown-linux-gnu -disable-objc-interop -I /host/spi-builder-workspace/.build/out/Products/Debug-linux-x86_64 -module-cache-path /host/spi-builder-workspace/.build/out/ModuleCache.noindex -color-diagnostics -Xcc -fcolor-diagnostics -enable-testing -g -debug-info-format\=dwarf -dwarf-version\=4 -swift-version 6 -Onone -D SWIFT_PACKAGE -D DEBUG -D SWIFT_MODULE_RESOURCE_BUNDLE_UNAVAILABLE -D Xcode -serialize-debugging-options -enable-experimental-feature DebugDescriptionMacro -empty-abi-descriptor -external-plugin-path /usr/lib/swift/host/plugins/testing\#/usr/bin/swift-plugin-server -validate-clang-modules-once -clang-build-session-file /host/spi-builder-workspace/.build/out/ModuleCache.noindex/Session.modulevalidation -Xcc -working-directory -Xcc /host -enable-anonymous-context-mangled-names -file-compilation-dir /host -Xcc -fmodule-map-file\=/host/spi-builder-workspace/.build/checkouts/GRDB.swift/Sources/GRDBSQLite/module.modulemap -Xcc -fno-omit-frame-pointer -Xcc -D_LIBCPP_HARDENING_MODE\=_LIBCPP_HARDENING_MODE_DEBUG -Xcc -fmodules-prune-interval\=86400 -Xcc -fmodules-prune-after\=345600 -Xcc -I/host/spi-builder-workspace/.build/out/Products/Debug-linux-x86_64/include -Xcc -I/host/spi-builder-workspace/.build/out/Intermediates.noindex/GRDBSnapshotTesting.build/Debug-linux-x86_64/GRDBSnapshotTesting-t.build/DerivedSources-normal/x86_64 -Xcc -I/host/spi-builder-workspace/.build/out/Intermediates.noindex/GRDBSnapshotTesting.build/Debug-linux-x86_64/GRDBSnapshotTesting-t.build/DerivedSources/x86_64 -Xcc -I/host/spi-builder-workspace/.build/out/Intermediates.noindex/GRDBSnapshotTesting.build/Debug-linux-x86_64/GRDBSnapshotTesting-t.build/DerivedSources -Xcc -DSWIFT_PACKAGE -Xcc -DDEBUG\=1 -no-auto-bridging-header-chaining -module-name GRDBSnapshotTesting -package-name spi_builder_workspace -const-gather-protocols-file /host/spi-builder-workspace/.build/out/Intermediates.noindex/GRDBSnapshotTesting.build/Debug-linux-x86_64/GRDBSnapshotTesting-t.build/Objects-normal/x86_64/GRDBSnapshotTesting_const_extract_protocols.json -in-process-plugin-server-path /usr/lib/swift/host/libSwiftInProcPluginServer.so -plugin-path /usr/lib/swift/host/plugins -plugin-path /usr/local/lib/swift/host/plugins -parse-as-library -o /host/spi-builder-workspace/.build/out/Intermediates.noindex/GRDBSnapshotTesting.build/Debug-linux-x86_64/GRDBSnapshotTesting-t.build/Objects-normal/x86_64/GRDBSnapshotTesting.o -index-unit-output-path /GRDBSnapshotTesting.build/Debug-linux-x86_64/GRDBSnapshotTesting-t.build/Objects-normal/x86_64/GRDBSnapshotTesting.o -index-store-path /host/spi-builder-workspace/.build/out -index-system-modules
error: Build failed
BUILD FAILURE 6.4 linux