The Swift Package Index logo.Swift Package Index

Build Information

Failed to build swift-faiss, reference main (2a4f50), with Swift 6.4 for visionOS using Xcode 27.0 on 20 Sep 2026 07:18:44 UTC.

Build Command

env DEVELOPER_DIR=/Applications/Xcode-27.0.0-Release.Candidate.app xcrun xcodebuild -IDEClonedSourcePackagesDirPathOverride=$PWD/.dependencies -skipMacroValidation -skipPackagePluginValidation -derivedDataPath $PWD/.derivedData build -scheme swift-faiss-Package -destination generic/platform=xrOS

Build Log

========================================
RunAll
========================================
Builder version: 5.1.0
Interrupt handler set up.
========================================
Checkout
========================================
Clone URL: https://github.com/jkrukowski/SwiftFaiss.git
Reference: main
Initialized empty Git repository in /Users/admin/builder/spi-builder-workspace/.git/
From https://github.com/jkrukowski/SwiftFaiss
 * branch            main       -> FETCH_HEAD
 * [new branch]      main       -> origin/main
HEAD is now at 2a4f50f updated readme
Cloned https://github.com/jkrukowski/SwiftFaiss.git
Revision (git rev-parse @):
2a4f50fe7995ba8746e74fa0c434e0636cf3520d
SPI manifest file found: $PWD/.spi.yml
SUCCESS checkout https://github.com/jkrukowski/SwiftFaiss.git at main
========================================
Build
========================================
Selected platform:         visionOS
Swift version:             6.4
Building package at path:  $PWD
https://github.com/jkrukowski/SwiftFaiss.git
Command line invocation:
    /Applications/Xcode-27.0.0-Release.Candidate.app/Contents/Developer/usr/bin/xcodebuild -IDEClonedSourcePackagesDirPathOverride=/Users/admin/builder/spi-builder-workspace/.dependencies -resolvePackageDependencies
Resolve Package Graph
Fetching from https://github.com/nicklockwood/SwiftFormat
Fetching from https://github.com/apple/swift-argument-parser
Fetching from https://github.com/jkrukowski/FaissMobile
Fetching from https://github.com/apple/swift-log
Creating working copy of package ‘SwiftFormat’
Checking out 0.63.0 of package ‘SwiftFormat’
Creating working copy of package ‘FaissMobile’
Checking out 0.0.1 of package ‘FaissMobile’
Creating working copy of package ‘swift-log’
Checking out 1.15.1 of package ‘swift-log’
Creating working copy of package ‘swift-argument-parser’
Checking out 1.8.2 of package ‘swift-argument-parser’
Resolve Package Graph
Resolved source packages:
  swift-argument-parser: https://github.com/apple/swift-argument-parser @ 1.8.2
  SwiftFormat: https://github.com/nicklockwood/SwiftFormat @ 0.63.0
  swift-log: https://github.com/apple/swift-log @ 1.15.1
  swift-faiss: /Users/admin/builder/spi-builder-workspace
  faiss-mobile: https://github.com/jkrukowski/FaissMobile @ 0.0.1
resolved source packages: swift-argument-parser, SwiftFormat, swift-log, swift-faiss, faiss-mobile
2026-09-20 03:17:47.898 xcodebuild[531:3034] [MT] IDERunDestination: Supported platforms for the buildables in the current scheme is empty.
{
  "dependencies" : [
    {
      "identity" : "faissmobile",
      "requirement" : {
        "range" : [
          {
            "lower_bound" : "0.0.1",
            "upper_bound" : "1.0.0"
          }
        ]
      },
      "type" : "sourceControl",
      "url" : "https://github.com/jkrukowski/FaissMobile"
    },
    {
      "identity" : "swift-argument-parser",
      "requirement" : {
        "range" : [
          {
            "lower_bound" : "1.3.0",
            "upper_bound" : "2.0.0"
          }
        ]
      },
      "type" : "sourceControl",
      "url" : "https://github.com/apple/swift-argument-parser"
    },
    {
      "identity" : "swiftformat",
      "requirement" : {
        "range" : [
          {
            "lower_bound" : "0.50.4",
            "upper_bound" : "1.0.0"
          }
        ]
      },
      "type" : "sourceControl",
      "url" : "https://github.com/nicklockwood/SwiftFormat"
    },
    {
      "identity" : "swift-log",
      "requirement" : {
        "range" : [
          {
            "lower_bound" : "1.5.3",
            "upper_bound" : "2.0.0"
          }
        ]
      },
      "type" : "sourceControl",
      "url" : "https://github.com/apple/swift-log"
    }
  ],
  "manifest_display_name" : "swift-faiss",
  "name" : "swift-faiss",
  "path" : "/Users/admin/builder/spi-builder-workspace",
  "platforms" : [
    {
      "name" : "macos",
      "version" : "14.0"
    },
    {
      "name" : "ios",
      "version" : "17.0"
    },
    {
      "name" : "tvos",
      "version" : "17.0"
    },
    {
      "name" : "watchos",
      "version" : "10.0"
    }
  ],
  "products" : [
    {
      "name" : "SwiftFaiss",
      "targets" : [
        "SwiftFaiss"
      ],
      "type" : {
        "library" : [
          "automatic"
        ]
      }
    },
    {
      "name" : "swift-faiss",
      "targets" : [
        "SwiftFaissCLI"
      ],
      "type" : {
        "executable" : null
      }
    }
  ],
  "targets" : [
    {
      "c99name" : "SwiftFaissTests",
      "module_type" : "SwiftTarget",
      "name" : "SwiftFaissTests",
      "path" : "Sources/SwiftFaissTests",
      "sources" : [
        "AnyIndexTests.swift",
        "ClusteringTests.swift",
        "FlatIndexTests.swift",
        "IDMapTests.swift",
        "IVFFlatIndexTests.swift",
        "IVFScalarQuantizerIndexTests.swift",
        "IndexIOTests.swift",
        "LSHIndexTests.swift",
        "PreTransformIndexTests.swift",
        "RefineFlatIndexTests.swift",
        "ScalarQuantizerIndexTests.swift",
        "TestUtils.swift",
        "VectorTransformTests.swift"
      ],
      "target_dependencies" : [
        "SwiftFaiss"
      ],
      "type" : "test"
    },
    {
      "c99name" : "SwiftFaissCLI",
      "module_type" : "SwiftTarget",
      "name" : "SwiftFaissCLI",
      "path" : "Sources/SwiftFaissCLI",
      "product_dependencies" : [
        "ArgumentParser",
        "Logging",
        "SwiftFormat"
      ],
      "product_memberships" : [
        "swift-faiss"
      ],
      "resources" : [
        {
          "path" : "/Users/admin/builder/spi-builder-workspace/Sources/SwiftFaissCLI/data/embeddings.txt",
          "rule" : {
            "copy" : {
            }
          }
        },
        {
          "path" : "/Users/admin/builder/spi-builder-workspace/Sources/SwiftFaissCLI/data/sentences.txt",
          "rule" : {
            "copy" : {
            }
          }
        }
      ],
      "sources" : [
        "ClusteringExample.swift",
        "FlatIndexExample.swift",
        "IVFFlatIndexExample.swift",
        "Main.swift",
        "PQIndexExample.swift",
        "Utils.swift"
      ],
      "target_dependencies" : [
        "SwiftFaiss"
      ],
      "type" : "executable"
    },
    {
      "c99name" : "SwiftFaissC",
      "module_type" : "ClangTarget",
      "name" : "SwiftFaissC",
      "path" : "Sources/SwiftFaissC",
      "product_dependencies" : [
        "FAISS",
        "FAISS_C",
        "OpenMP"
      ],
      "product_memberships" : [
        "SwiftFaiss",
        "swift-faiss"
      ],
      "sources" : [
        "bridge.c"
      ],
      "type" : "library"
    },
    {
      "c99name" : "SwiftFaiss",
      "module_type" : "SwiftTarget",
      "name" : "SwiftFaiss",
      "path" : "Sources/SwiftFaiss",
      "product_dependencies" : [
        "SwiftFormat"
      ],
      "product_memberships" : [
        "SwiftFaiss",
        "swift-faiss"
      ],
      "sources" : [
        "Clustering/AnyClustering.swift",
        "Clustering/BaseClustering.swift",
        "Clustering/ClusteringParameters.swift",
        "IDMap.swift",
        "IDMap2.swift",
        "IDSelector.swift",
        "Index/AnyIndex.swift",
        "Index/BaseIndex.swift",
        "Index/FlatIndex.swift",
        "Index/IVFFlatIndex.swift",
        "Index/IVFIndex.swift",
        "Index/IVFScalarQuantizerIndex.swift",
        "Index/LSHIndex.swift",
        "Index/PreTransformIndex.swift",
        "Index/RefineFlatIndex.swift",
        "Index/ScalarQuantizerIndex.swift",
        "IndexError.swift",
        "IndexIO.swift",
        "IndexPointer.swift",
        "MetricType.swift",
        "QuantizerType.swift",
        "SearchRangeResult.swift",
        "SearchResult.swift",
        "VectorTransform/BaseLinearTransform.swift",
        "VectorTransform/BaseVectorTransform.swift",
        "VectorTransform/CenteringTransform.swift",
        "VectorTransform/ITQMatrixTransform.swift",
        "VectorTransform/ITQTransform.swift",
        "VectorTransform/NormalizationTransform.swift",
        "VectorTransform/OPQMatrixTransform.swift",
        "VectorTransform/PCAMatrixTransform.swift",
        "VectorTransform/RandomRotationMatrixTransform.swift",
        "VectorTransform/RemapDimensionsTransform.swift"
      ],
      "target_dependencies" : [
        "SwiftFaissC"
      ],
      "type" : "library"
    }
  ],
  "tools_version" : "5.9"
}
{
  "workspace" : {
    "name" : "swift-faiss",
    "schemes" : [
      "swift-faiss",
      "swift-faiss-Package",
      "SwiftFaiss"
    ]
  }
}
2026-09-20 03:18:22.313 xcodebuild[849:5062] [MT] IDERunDestination: Supported platforms for the buildables in the current scheme is empty.
{
  "workspace" : {
    "name" : "swift-faiss",
    "schemes" : [
      "swift-faiss",
      "swift-faiss-Package",
      "SwiftFaiss"
    ]
  }
}
2026-09-20 03:18:24.922 xcodebuild[863:5184] [MT] IDERunDestination: Supported platforms for the buildables in the current scheme is empty.
Running build ...
env DEVELOPER_DIR=/Applications/Xcode-27.0.0-Release.Candidate.app xcrun xcodebuild -IDEClonedSourcePackagesDirPathOverride=$PWD/.dependencies -skipMacroValidation -skipPackagePluginValidation -derivedDataPath $PWD/.derivedData build -scheme swift-faiss-Package -destination generic/platform=xrOS
Command line invocation:
    /Applications/Xcode-27.0.0-Release.Candidate.app/Contents/Developer/usr/bin/xcodebuild -IDEClonedSourcePackagesDirPathOverride=/Users/admin/builder/spi-builder-workspace/.dependencies -skipMacroValidation -skipPackagePluginValidation -derivedDataPath /Users/admin/builder/spi-builder-workspace/.derivedData build -scheme swift-faiss-Package -destination generic/platform=xrOS
Resolve Package Graph
Resolve Package Graph
Resolved source packages:
  swift-argument-parser: https://github.com/apple/swift-argument-parser @ 1.8.2
  SwiftFormat: https://github.com/nicklockwood/SwiftFormat @ 0.63.0
  swift-log: https://github.com/apple/swift-log @ 1.15.1
  faiss-mobile: https://github.com/jkrukowski/FaissMobile @ 0.0.1
  swift-faiss: /Users/admin/builder/spi-builder-workspace
ComputePackagePrebuildTargetDependencyGraph
Prepare packages
CreateBuildRequest
SendProjectDescription
CreateBuildOperation
ComputeTargetDependencyGraph
note: Building targets in dependency order
note: Target dependency graph (15 targets)
    Target 'swift-faiss-product' in project 'swift-faiss'
        ➜ Explicit dependency on target 'swift-faiss_SwiftFaissCLI' in project 'swift-faiss'
        ➜ Explicit dependency on target 'SwiftFaissC' in project 'swift-faiss'
        ➜ Explicit dependency on target 'SwiftFaiss' in project 'swift-faiss'
        ➜ Explicit dependency on target 'FAISS-product' in project 'faiss-mobile'
        ➜ Explicit dependency on target 'FAISS_C-product' in project 'faiss-mobile'
        ➜ Explicit dependency on target 'OpenMP-product' in project 'faiss-mobile'
        ➜ Explicit dependency on target 'SwiftFormat-product' in project 'SwiftFormat'
        ➜ Explicit dependency on target 'ArgumentParser-product' in project 'swift-argument-parser'
        ➜ Explicit dependency on target 'Logging-product' in project 'swift-log'
    Target 'Logging-product' in project 'swift-log'
        ➜ Explicit dependency on target 'Logging' in project 'swift-log'
    Target 'Logging' in project 'swift-log' (no dependencies)
    Target 'ArgumentParser-product' in project 'swift-argument-parser'
        ➜ Explicit dependency on target 'ArgumentParser' in project 'swift-argument-parser'
        ➜ Explicit dependency on target 'ArgumentParserToolInfo' in project 'swift-argument-parser'
    Target 'ArgumentParser' in project 'swift-argument-parser'
        ➜ Explicit dependency on target 'ArgumentParserToolInfo' in project 'swift-argument-parser'
    Target 'ArgumentParserToolInfo' in project 'swift-argument-parser' (no dependencies)
    Target 'swift-faiss_SwiftFaissCLI' in project 'swift-faiss' (no dependencies)
    Target 'SwiftFaiss-product' in project 'swift-faiss'
        ➜ Explicit dependency on target 'SwiftFaiss' in project 'swift-faiss'
        ➜ Explicit dependency on target 'SwiftFaissC' in project 'swift-faiss'
        ➜ Explicit dependency on target 'FAISS-product' in project 'faiss-mobile'
        ➜ Explicit dependency on target 'FAISS_C-product' in project 'faiss-mobile'
        ➜ Explicit dependency on target 'OpenMP-product' in project 'faiss-mobile'
        ➜ Explicit dependency on target 'SwiftFormat-product' in project 'SwiftFormat'
    Target 'SwiftFaiss' in project 'swift-faiss'
        ➜ Explicit dependency on target 'SwiftFaissC' in project 'swift-faiss'
        ➜ Explicit dependency on target 'FAISS-product' in project 'faiss-mobile'
        ➜ Explicit dependency on target 'FAISS_C-product' in project 'faiss-mobile'
        ➜ Explicit dependency on target 'OpenMP-product' in project 'faiss-mobile'
        ➜ Explicit dependency on target 'SwiftFormat-product' in project 'SwiftFormat'
    Target 'SwiftFormat-product' in project 'SwiftFormat'
        ➜ Explicit dependency on target 'SwiftFormat' in project 'SwiftFormat'
    Target 'SwiftFormat' in project 'SwiftFormat' (no dependencies)
    Target 'SwiftFaissC' in project 'swift-faiss'
        ➜ Explicit dependency on target 'FAISS-product' in project 'faiss-mobile'
        ➜ Explicit dependency on target 'FAISS_C-product' in project 'faiss-mobile'
        ➜ Explicit dependency on target 'OpenMP-product' in project 'faiss-mobile'
    Target 'OpenMP-product' in project 'faiss-mobile' (no dependencies)
    Target 'FAISS_C-product' in project 'faiss-mobile' (no dependencies)
    Target 'FAISS-product' in project 'faiss-mobile' (no dependencies)
GatherProvisioningInputs
CreateBuildDescription
ExecuteExternalTool /Applications/Xcode-27.0.0-Release.Candidate.app/Contents/Developer/Toolchains/XcodeDefault.xctoolchain/usr/bin/clang -v -E -dM -arch arm64 -isysroot /Applications/Xcode-27.0.0-Release.Candidate.app/Contents/Developer/Platforms/XROS.platform/Developer/SDKs/XROS27.0.sdk -x c -c /dev/null
ExecuteExternalTool /Applications/Xcode-27.0.0-Release.Candidate.app/Contents/Developer/Toolchains/XcodeDefault.xctoolchain/usr/bin/swiftc --version
ExecuteExternalTool /Applications/Xcode-27.0.0-Release.Candidate.app/Contents/Developer/Toolchains/XcodeDefault.xctoolchain/usr/bin/clang -v -E -dM -isysroot /Applications/Xcode-27.0.0-Release.Candidate.app/Contents/Developer/Platforms/XROS.platform/Developer/SDKs/XROS27.0.sdk -x c -c /dev/null
ExecuteExternalTool /Applications/Xcode-27.0.0-Release.Candidate.app/Contents/Developer/Toolchains/XcodeDefault.xctoolchain/usr/bin/ld -version_details
ReadFileContents /Applications/Xcode-27.0.0-Release.Candidate.app/Contents/Developer/Toolchains/XcodeDefault.xctoolchain/usr/share/docc/features.json
Build description signature: 400457751acf598d8739b892e767f6e4
Build description path: /Users/admin/builder/spi-builder-workspace/.derivedData/Build/Intermediates.noindex/XCBuildData/400457751acf598d8739b892e767f6e4.xcbuilddata
/Users/admin/builder/spi-builder-workspace/.dependencies/artifacts/faissmobile/FAISS/faiss.xcframework:1:1: error: While building for visionOS, no library for this platform was found in '/Users/admin/builder/spi-builder-workspace/.dependencies/artifacts/faissmobile/FAISS/faiss.xcframework'. (in target 'SwiftFaissC' from project 'swift-faiss')
/Users/admin/builder/spi-builder-workspace/.dependencies/artifacts/faissmobile/FAISS_C/faiss_c.xcframework:1:1: error: While building for visionOS, no library for this platform was found in '/Users/admin/builder/spi-builder-workspace/.dependencies/artifacts/faissmobile/FAISS_C/faiss_c.xcframework'. (in target 'SwiftFaissC' from project 'swift-faiss')
/Users/admin/builder/spi-builder-workspace/.dependencies/artifacts/faissmobile/OpenMP/openmp.xcframework:1:1: error: While building for visionOS, no library for this platform was found in '/Users/admin/builder/spi-builder-workspace/.dependencies/artifacts/faissmobile/OpenMP/openmp.xcframework'. (in target 'SwiftFaissC' from project 'swift-faiss')
/Users/admin/builder/spi-builder-workspace/.dependencies/artifacts/faissmobile/FAISS/faiss.xcframework:1:1: error: While building for visionOS, no library for this platform was found in '/Users/admin/builder/spi-builder-workspace/.dependencies/artifacts/faissmobile/FAISS/faiss.xcframework'. (in target 'SwiftFaiss-product' from project 'swift-faiss')
/Users/admin/builder/spi-builder-workspace/.dependencies/artifacts/faissmobile/FAISS_C/faiss_c.xcframework:1:1: error: While building for visionOS, no library for this platform was found in '/Users/admin/builder/spi-builder-workspace/.dependencies/artifacts/faissmobile/FAISS_C/faiss_c.xcframework'. (in target 'SwiftFaiss-product' from project 'swift-faiss')
/Users/admin/builder/spi-builder-workspace/.dependencies/artifacts/faissmobile/OpenMP/openmp.xcframework:1:1: error: While building for visionOS, no library for this platform was found in '/Users/admin/builder/spi-builder-workspace/.dependencies/artifacts/faissmobile/OpenMP/openmp.xcframework'. (in target 'SwiftFaiss-product' from project 'swift-faiss')
/Users/admin/builder/spi-builder-workspace/.dependencies/artifacts/faissmobile/FAISS/faiss.xcframework:1:1: error: While building for visionOS, no library for this platform was found in '/Users/admin/builder/spi-builder-workspace/.dependencies/artifacts/faissmobile/FAISS/faiss.xcframework'. (in target 'SwiftFaiss-product' from project 'swift-faiss')
/Users/admin/builder/spi-builder-workspace/.dependencies/artifacts/faissmobile/FAISS_C/faiss_c.xcframework:1:1: error: While building for visionOS, no library for this platform was found in '/Users/admin/builder/spi-builder-workspace/.dependencies/artifacts/faissmobile/FAISS_C/faiss_c.xcframework'. (in target 'SwiftFaiss-product' from project 'swift-faiss')
/Users/admin/builder/spi-builder-workspace/.dependencies/artifacts/faissmobile/OpenMP/openmp.xcframework:1:1: error: While building for visionOS, no library for this platform was found in '/Users/admin/builder/spi-builder-workspace/.dependencies/artifacts/faissmobile/OpenMP/openmp.xcframework'. (in target 'SwiftFaiss-product' from project 'swift-faiss')
/Users/admin/builder/spi-builder-workspace/.dependencies/artifacts/faissmobile/FAISS/faiss.xcframework:1:1: error: While building for visionOS, no library for this platform was found in '/Users/admin/builder/spi-builder-workspace/.dependencies/artifacts/faissmobile/FAISS/faiss.xcframework'. (in target 'FAISS-product' from project 'faiss-mobile')
/Users/admin/builder/spi-builder-workspace/.dependencies/artifacts/faissmobile/FAISS_C/faiss_c.xcframework:1:1: error: While building for visionOS, no library for this platform was found in '/Users/admin/builder/spi-builder-workspace/.dependencies/artifacts/faissmobile/FAISS_C/faiss_c.xcframework'. (in target 'FAISS_C-product' from project 'faiss-mobile')
/Users/admin/builder/spi-builder-workspace/.dependencies/artifacts/faissmobile/FAISS/faiss.xcframework:1:1: error: While building for visionOS, no library for this platform was found in '/Users/admin/builder/spi-builder-workspace/.dependencies/artifacts/faissmobile/FAISS/faiss.xcframework'. (in target 'swift-faiss-product' from project 'swift-faiss')
/Users/admin/builder/spi-builder-workspace/.dependencies/artifacts/faissmobile/FAISS_C/faiss_c.xcframework:1:1: error: While building for visionOS, no library for this platform was found in '/Users/admin/builder/spi-builder-workspace/.dependencies/artifacts/faissmobile/FAISS_C/faiss_c.xcframework'. (in target 'swift-faiss-product' from project 'swift-faiss')
/Users/admin/builder/spi-builder-workspace/.dependencies/artifacts/faissmobile/OpenMP/openmp.xcframework:1:1: error: While building for visionOS, no library for this platform was found in '/Users/admin/builder/spi-builder-workspace/.dependencies/artifacts/faissmobile/OpenMP/openmp.xcframework'. (in target 'swift-faiss-product' from project 'swift-faiss')
/Users/admin/builder/spi-builder-workspace/.dependencies/artifacts/faissmobile/FAISS/faiss.xcframework:1:1: error: While building for visionOS, no library for this platform was found in '/Users/admin/builder/spi-builder-workspace/.dependencies/artifacts/faissmobile/FAISS/faiss.xcframework'. (in target 'swift-faiss-product' from project 'swift-faiss')
/Users/admin/builder/spi-builder-workspace/.dependencies/artifacts/faissmobile/FAISS_C/faiss_c.xcframework:1:1: error: While building for visionOS, no library for this platform was found in '/Users/admin/builder/spi-builder-workspace/.dependencies/artifacts/faissmobile/FAISS_C/faiss_c.xcframework'. (in target 'swift-faiss-product' from project 'swift-faiss')
/Users/admin/builder/spi-builder-workspace/.dependencies/artifacts/faissmobile/OpenMP/openmp.xcframework:1:1: error: While building for visionOS, no library for this platform was found in '/Users/admin/builder/spi-builder-workspace/.dependencies/artifacts/faissmobile/OpenMP/openmp.xcframework'. (in target 'swift-faiss-product' from project 'swift-faiss')
/Users/admin/builder/spi-builder-workspace/.dependencies/artifacts/faissmobile/FAISS/faiss.xcframework:1:1: error: While building for visionOS, no library for this platform was found in '/Users/admin/builder/spi-builder-workspace/.dependencies/artifacts/faissmobile/FAISS/faiss.xcframework'. (in target 'SwiftFaiss' from project 'swift-faiss')
/Users/admin/builder/spi-builder-workspace/.dependencies/artifacts/faissmobile/FAISS_C/faiss_c.xcframework:1:1: error: While building for visionOS, no library for this platform was found in '/Users/admin/builder/spi-builder-workspace/.dependencies/artifacts/faissmobile/FAISS_C/faiss_c.xcframework'. (in target 'SwiftFaiss' from project 'swift-faiss')
/Users/admin/builder/spi-builder-workspace/.dependencies/artifacts/faissmobile/OpenMP/openmp.xcframework:1:1: error: While building for visionOS, no library for this platform was found in '/Users/admin/builder/spi-builder-workspace/.dependencies/artifacts/faissmobile/OpenMP/openmp.xcframework'. (in target 'SwiftFaiss' from project 'swift-faiss')
/Users/admin/builder/spi-builder-workspace/.dependencies/artifacts/faissmobile/OpenMP/openmp.xcframework:1:1: error: While building for visionOS, no library for this platform was found in '/Users/admin/builder/spi-builder-workspace/.dependencies/artifacts/faissmobile/OpenMP/openmp.xcframework'. (in target 'OpenMP-product' from project 'faiss-mobile')
2026-09-20 03:18:29.497 xcodebuild[876:5281] [MT] IDERunDestination: Supported platforms for the buildables in the current scheme is empty.
** BUILD FAILED **
The following build commands failed:
	Building workspace swift-faiss with scheme swift-faiss-Package
(1 failure)
Command line invocation:
    /Applications/Xcode-27.0.0-Release.Candidate.app/Contents/Developer/usr/bin/xcodebuild -IDEClonedSourcePackagesDirPathOverride=/Users/admin/builder/spi-builder-workspace/.dependencies -resolvePackageDependencies
Resolve Package Graph
Resolved source packages:
  faiss-mobile: https://github.com/jkrukowski/FaissMobile @ 0.0.1
  SwiftFormat: https://github.com/nicklockwood/SwiftFormat @ 0.63.0
  swift-faiss: /Users/admin/builder/spi-builder-workspace
  swift-log: https://github.com/apple/swift-log @ 1.15.1
  swift-argument-parser: https://github.com/apple/swift-argument-parser @ 1.8.2
resolved source packages: faiss-mobile, SwiftFormat, swift-faiss, swift-log, swift-argument-parser
2026-09-20 03:18:34.884 xcodebuild[948:5720] [MT] IDERunDestination: Supported platforms for the buildables in the current scheme is empty.
{
  "dependencies" : [
    {
      "identity" : "faissmobile",
      "requirement" : {
        "range" : [
          {
            "lower_bound" : "0.0.1",
            "upper_bound" : "1.0.0"
          }
        ]
      },
      "type" : "sourceControl",
      "url" : "https://github.com/jkrukowski/FaissMobile"
    },
    {
      "identity" : "swift-argument-parser",
      "requirement" : {
        "range" : [
          {
            "lower_bound" : "1.3.0",
            "upper_bound" : "2.0.0"
          }
        ]
      },
      "type" : "sourceControl",
      "url" : "https://github.com/apple/swift-argument-parser"
    },
    {
      "identity" : "swiftformat",
      "requirement" : {
        "range" : [
          {
            "lower_bound" : "0.50.4",
            "upper_bound" : "1.0.0"
          }
        ]
      },
      "type" : "sourceControl",
      "url" : "https://github.com/nicklockwood/SwiftFormat"
    },
    {
      "identity" : "swift-log",
      "requirement" : {
        "range" : [
          {
            "lower_bound" : "1.5.3",
            "upper_bound" : "2.0.0"
          }
        ]
      },
      "type" : "sourceControl",
      "url" : "https://github.com/apple/swift-log"
    }
  ],
  "manifest_display_name" : "swift-faiss",
  "name" : "swift-faiss",
  "path" : "/Users/admin/builder/spi-builder-workspace",
  "platforms" : [
    {
      "name" : "macos",
      "version" : "14.0"
    },
    {
      "name" : "ios",
      "version" : "17.0"
    },
    {
      "name" : "tvos",
      "version" : "17.0"
    },
    {
      "name" : "watchos",
      "version" : "10.0"
    }
  ],
  "products" : [
    {
      "name" : "SwiftFaiss",
      "targets" : [
        "SwiftFaiss"
      ],
      "type" : {
        "library" : [
          "automatic"
        ]
      }
    },
    {
      "name" : "swift-faiss",
      "targets" : [
        "SwiftFaissCLI"
      ],
      "type" : {
        "executable" : null
      }
    }
  ],
  "targets" : [
    {
      "c99name" : "SwiftFaissTests",
      "module_type" : "SwiftTarget",
      "name" : "SwiftFaissTests",
      "path" : "Sources/SwiftFaissTests",
      "sources" : [
        "AnyIndexTests.swift",
        "ClusteringTests.swift",
        "FlatIndexTests.swift",
        "IDMapTests.swift",
        "IVFFlatIndexTests.swift",
        "IVFScalarQuantizerIndexTests.swift",
        "IndexIOTests.swift",
        "LSHIndexTests.swift",
        "PreTransformIndexTests.swift",
        "RefineFlatIndexTests.swift",
        "ScalarQuantizerIndexTests.swift",
        "TestUtils.swift",
        "VectorTransformTests.swift"
      ],
      "target_dependencies" : [
        "SwiftFaiss"
      ],
      "type" : "test"
    },
    {
      "c99name" : "SwiftFaissCLI",
      "module_type" : "SwiftTarget",
      "name" : "SwiftFaissCLI",
      "path" : "Sources/SwiftFaissCLI",
      "product_dependencies" : [
        "ArgumentParser",
        "Logging",
        "SwiftFormat"
      ],
      "product_memberships" : [
        "swift-faiss"
      ],
      "resources" : [
        {
          "path" : "/Users/admin/builder/spi-builder-workspace/Sources/SwiftFaissCLI/data/embeddings.txt",
          "rule" : {
            "copy" : {
            }
          }
        },
        {
          "path" : "/Users/admin/builder/spi-builder-workspace/Sources/SwiftFaissCLI/data/sentences.txt",
          "rule" : {
            "copy" : {
            }
          }
        }
      ],
      "sources" : [
        "ClusteringExample.swift",
        "FlatIndexExample.swift",
        "IVFFlatIndexExample.swift",
        "Main.swift",
        "PQIndexExample.swift",
        "Utils.swift"
      ],
      "target_dependencies" : [
        "SwiftFaiss"
      ],
      "type" : "executable"
    },
    {
      "c99name" : "SwiftFaissC",
      "module_type" : "ClangTarget",
      "name" : "SwiftFaissC",
      "path" : "Sources/SwiftFaissC",
      "product_dependencies" : [
        "FAISS",
        "FAISS_C",
        "OpenMP"
      ],
      "product_memberships" : [
        "SwiftFaiss",
        "swift-faiss"
      ],
      "sources" : [
        "bridge.c"
      ],
      "type" : "library"
    },
    {
      "c99name" : "SwiftFaiss",
      "module_type" : "SwiftTarget",
      "name" : "SwiftFaiss",
      "path" : "Sources/SwiftFaiss",
      "product_dependencies" : [
        "SwiftFormat"
      ],
      "product_memberships" : [
        "SwiftFaiss",
        "swift-faiss"
      ],
      "sources" : [
        "Clustering/AnyClustering.swift",
        "Clustering/BaseClustering.swift",
        "Clustering/ClusteringParameters.swift",
        "IDMap.swift",
        "IDMap2.swift",
        "IDSelector.swift",
        "Index/AnyIndex.swift",
        "Index/BaseIndex.swift",
        "Index/FlatIndex.swift",
        "Index/IVFFlatIndex.swift",
        "Index/IVFIndex.swift",
        "Index/IVFScalarQuantizerIndex.swift",
        "Index/LSHIndex.swift",
        "Index/PreTransformIndex.swift",
        "Index/RefineFlatIndex.swift",
        "Index/ScalarQuantizerIndex.swift",
        "IndexError.swift",
        "IndexIO.swift",
        "IndexPointer.swift",
        "MetricType.swift",
        "QuantizerType.swift",
        "SearchRangeResult.swift",
        "SearchResult.swift",
        "VectorTransform/BaseLinearTransform.swift",
        "VectorTransform/BaseVectorTransform.swift",
        "VectorTransform/CenteringTransform.swift",
        "VectorTransform/ITQMatrixTransform.swift",
        "VectorTransform/ITQTransform.swift",
        "VectorTransform/NormalizationTransform.swift",
        "VectorTransform/OPQMatrixTransform.swift",
        "VectorTransform/PCAMatrixTransform.swift",
        "VectorTransform/RandomRotationMatrixTransform.swift",
        "VectorTransform/RemapDimensionsTransform.swift"
      ],
      "target_dependencies" : [
        "SwiftFaissC"
      ],
      "type" : "library"
    }
  ],
  "tools_version" : "5.9"
}
{
  "workspace" : {
    "name" : "swift-faiss",
    "schemes" : [
      "swift-faiss",
      "swift-faiss-Package",
      "SwiftFaiss"
    ]
  }
}
2026-09-20 03:18:37.737 xcodebuild[968:5857] [MT] IDERunDestination: Supported platforms for the buildables in the current scheme is empty.
{
  "workspace" : {
    "name" : "swift-faiss",
    "schemes" : [
      "swift-faiss",
      "swift-faiss-Package",
      "SwiftFaiss"
    ]
  }
}
2026-09-20 03:18:40.540 xcodebuild[982:5961] [MT] IDERunDestination: Supported platforms for the buildables in the current scheme is empty.
Running build ...
env DEVELOPER_DIR=/Applications/Xcode-27.0.0-Release.Candidate.app xcrun xcodebuild -IDEClonedSourcePackagesDirPathOverride=$PWD/.dependencies -skipMacroValidation -skipPackagePluginValidation -derivedDataPath $PWD/.derivedData build -scheme swift-faiss-Package -destination generic/platform=xrOS
Command line invocation:
    /Applications/Xcode-27.0.0-Release.Candidate.app/Contents/Developer/usr/bin/xcodebuild -IDEClonedSourcePackagesDirPathOverride=/Users/admin/builder/spi-builder-workspace/.dependencies -skipMacroValidation -skipPackagePluginValidation -derivedDataPath /Users/admin/builder/spi-builder-workspace/.derivedData build -scheme swift-faiss-Package -destination generic/platform=xrOS
Resolve Package Graph
Resolved source packages:
  swift-log: https://github.com/apple/swift-log @ 1.15.1
  SwiftFormat: https://github.com/nicklockwood/SwiftFormat @ 0.63.0
  faiss-mobile: https://github.com/jkrukowski/FaissMobile @ 0.0.1
  swift-faiss: /Users/admin/builder/spi-builder-workspace
  swift-argument-parser: https://github.com/apple/swift-argument-parser @ 1.8.2
ComputePackagePrebuildTargetDependencyGraph
Prepare packages
CreateBuildRequest
SendProjectDescription
CreateBuildOperation
ComputeTargetDependencyGraph
note: Building targets in dependency order
note: Target dependency graph (15 targets)
    Target 'swift-faiss-product' in project 'swift-faiss'
        ➜ Explicit dependency on target 'swift-faiss_SwiftFaissCLI' in project 'swift-faiss'
        ➜ Explicit dependency on target 'SwiftFaissC' in project 'swift-faiss'
        ➜ Explicit dependency on target 'SwiftFaiss' in project 'swift-faiss'
        ➜ Explicit dependency on target 'FAISS-product' in project 'faiss-mobile'
        ➜ Explicit dependency on target 'FAISS_C-product' in project 'faiss-mobile'
        ➜ Explicit dependency on target 'OpenMP-product' in project 'faiss-mobile'
        ➜ Explicit dependency on target 'SwiftFormat-product' in project 'SwiftFormat'
        ➜ Explicit dependency on target 'ArgumentParser-product' in project 'swift-argument-parser'
        ➜ Explicit dependency on target 'Logging-product' in project 'swift-log'
    Target 'Logging-product' in project 'swift-log'
        ➜ Explicit dependency on target 'Logging' in project 'swift-log'
    Target 'Logging' in project 'swift-log' (no dependencies)
    Target 'ArgumentParser-product' in project 'swift-argument-parser'
        ➜ Explicit dependency on target 'ArgumentParser' in project 'swift-argument-parser'
        ➜ Explicit dependency on target 'ArgumentParserToolInfo' in project 'swift-argument-parser'
    Target 'ArgumentParser' in project 'swift-argument-parser'
        ➜ Explicit dependency on target 'ArgumentParserToolInfo' in project 'swift-argument-parser'
    Target 'ArgumentParserToolInfo' in project 'swift-argument-parser' (no dependencies)
    Target 'swift-faiss_SwiftFaissCLI' in project 'swift-faiss' (no dependencies)
    Target 'SwiftFaiss-product' in project 'swift-faiss'
        ➜ Explicit dependency on target 'SwiftFaiss' in project 'swift-faiss'
        ➜ Explicit dependency on target 'SwiftFaissC' in project 'swift-faiss'
        ➜ Explicit dependency on target 'FAISS-product' in project 'faiss-mobile'
        ➜ Explicit dependency on target 'FAISS_C-product' in project 'faiss-mobile'
        ➜ Explicit dependency on target 'OpenMP-product' in project 'faiss-mobile'
        ➜ Explicit dependency on target 'SwiftFormat-product' in project 'SwiftFormat'
    Target 'SwiftFaiss' in project 'swift-faiss'
        ➜ Explicit dependency on target 'SwiftFaissC' in project 'swift-faiss'
        ➜ Explicit dependency on target 'FAISS-product' in project 'faiss-mobile'
        ➜ Explicit dependency on target 'FAISS_C-product' in project 'faiss-mobile'
        ➜ Explicit dependency on target 'OpenMP-product' in project 'faiss-mobile'
        ➜ Explicit dependency on target 'SwiftFormat-product' in project 'SwiftFormat'
    Target 'SwiftFormat-product' in project 'SwiftFormat'
        ➜ Explicit dependency on target 'SwiftFormat' in project 'SwiftFormat'
    Target 'SwiftFormat' in project 'SwiftFormat' (no dependencies)
    Target 'SwiftFaissC' in project 'swift-faiss'
        ➜ Explicit dependency on target 'FAISS-product' in project 'faiss-mobile'
        ➜ Explicit dependency on target 'FAISS_C-product' in project 'faiss-mobile'
        ➜ Explicit dependency on target 'OpenMP-product' in project 'faiss-mobile'
    Target 'OpenMP-product' in project 'faiss-mobile' (no dependencies)
    Target 'FAISS_C-product' in project 'faiss-mobile' (no dependencies)
    Target 'FAISS-product' in project 'faiss-mobile' (no dependencies)
GatherProvisioningInputs
CreateBuildDescription
/Users/admin/builder/spi-builder-workspace/.dependencies/artifacts/faissmobile/FAISS/faiss.xcframework:1:1: error: While building for visionOS, no library for this platform was found in '/Users/admin/builder/spi-builder-workspace/.dependencies/artifacts/faissmobile/FAISS/faiss.xcframework'. (in target 'FAISS-product' from project 'faiss-mobile')
/Users/admin/builder/spi-builder-workspace/.dependencies/artifacts/faissmobile/FAISS/faiss.xcframework:1:1: error: While building for visionOS, no library for this platform was found in '/Users/admin/builder/spi-builder-workspace/.dependencies/artifacts/faissmobile/FAISS/faiss.xcframework'. (in target 'SwiftFaiss-product' from project 'swift-faiss')
/Users/admin/builder/spi-builder-workspace/.dependencies/artifacts/faissmobile/FAISS/faiss.xcframework:1:1: error: While building for visionOS, no library for this platform was found in '/Users/admin/builder/spi-builder-workspace/.dependencies/artifacts/faissmobile/FAISS/faiss.xcframework'. (in target 'SwiftFaiss-product' from project 'swift-faiss')
/Users/admin/builder/spi-builder-workspace/.dependencies/artifacts/faissmobile/FAISS_C/faiss_c.xcframework:1:1: error: While building for visionOS, no library for this platform was found in '/Users/admin/builder/spi-builder-workspace/.dependencies/artifacts/faissmobile/FAISS_C/faiss_c.xcframework'. (in target 'SwiftFaiss-product' from project 'swift-faiss')
/Users/admin/builder/spi-builder-workspace/.dependencies/artifacts/faissmobile/FAISS_C/faiss_c.xcframework:1:1: error: While building for visionOS, no library for this platform was found in '/Users/admin/builder/spi-builder-workspace/.dependencies/artifacts/faissmobile/FAISS_C/faiss_c.xcframework'. (in target 'SwiftFaiss-product' from project 'swift-faiss')
/Users/admin/builder/spi-builder-workspace/.dependencies/artifacts/faissmobile/OpenMP/openmp.xcframework:1:1: error: While building for visionOS, no library for this platform was found in '/Users/admin/builder/spi-builder-workspace/.dependencies/artifacts/faissmobile/OpenMP/openmp.xcframework'. (in target 'SwiftFaiss-product' from project 'swift-faiss')
/Users/admin/builder/spi-builder-workspace/.dependencies/artifacts/faissmobile/OpenMP/openmp.xcframework:1:1: error: While building for visionOS, no library for this platform was found in '/Users/admin/builder/spi-builder-workspace/.dependencies/artifacts/faissmobile/OpenMP/openmp.xcframework'. (in target 'SwiftFaiss-product' from project 'swift-faiss')
/Users/admin/builder/spi-builder-workspace/.dependencies/artifacts/faissmobile/FAISS/faiss.xcframework:1:1: error: While building for visionOS, no library for this platform was found in '/Users/admin/builder/spi-builder-workspace/.dependencies/artifacts/faissmobile/FAISS/faiss.xcframework'. (in target 'SwiftFaissC' from project 'swift-faiss')
/Users/admin/builder/spi-builder-workspace/.dependencies/artifacts/faissmobile/FAISS_C/faiss_c.xcframework:1:1: error: While building for visionOS, no library for this platform was found in '/Users/admin/builder/spi-builder-workspace/.dependencies/artifacts/faissmobile/FAISS_C/faiss_c.xcframework'. (in target 'SwiftFaissC' from project 'swift-faiss')
/Users/admin/builder/spi-builder-workspace/.dependencies/artifacts/faissmobile/OpenMP/openmp.xcframework:1:1: error: While building for visionOS, no library for this platform was found in '/Users/admin/builder/spi-builder-workspace/.dependencies/artifacts/faissmobile/OpenMP/openmp.xcframework'. (in target 'SwiftFaissC' from project 'swift-faiss')
/Users/admin/builder/spi-builder-workspace/.dependencies/artifacts/faissmobile/FAISS_C/faiss_c.xcframework:1:1: error: While building for visionOS, no library for this platform was found in '/Users/admin/builder/spi-builder-workspace/.dependencies/artifacts/faissmobile/FAISS_C/faiss_c.xcframework'. (in target 'FAISS_C-product' from project 'faiss-mobile')
/Users/admin/builder/spi-builder-workspace/.dependencies/artifacts/faissmobile/FAISS/faiss.xcframework:1:1: error: While building for visionOS, no library for this platform was found in '/Users/admin/builder/spi-builder-workspace/.dependencies/artifacts/faissmobile/FAISS/faiss.xcframework'. (in target 'swift-faiss-product' from project 'swift-faiss')
/Users/admin/builder/spi-builder-workspace/.dependencies/artifacts/faissmobile/FAISS/faiss.xcframework:1:1: error: While building for visionOS, no library for this platform was found in '/Users/admin/builder/spi-builder-workspace/.dependencies/artifacts/faissmobile/FAISS/faiss.xcframework'. (in target 'swift-faiss-product' from project 'swift-faiss')
/Users/admin/builder/spi-builder-workspace/.dependencies/artifacts/faissmobile/FAISS_C/faiss_c.xcframework:1:1: error: While building for visionOS, no library for this platform was found in '/Users/admin/builder/spi-builder-workspace/.dependencies/artifacts/faissmobile/FAISS_C/faiss_c.xcframework'. (in target 'swift-faiss-product' from project 'swift-faiss')
/Users/admin/builder/spi-builder-workspace/.dependencies/artifacts/faissmobile/FAISS_C/faiss_c.xcframework:1:1: error: While building for visionOS, no library for this platform was found in '/Users/admin/builder/spi-builder-workspace/.dependencies/artifacts/faissmobile/FAISS_C/faiss_c.xcframework'. (in target 'swift-faiss-product' from project 'swift-faiss')
/Users/admin/builder/spi-builder-workspace/.dependencies/artifacts/faissmobile/OpenMP/openmp.xcframework:1:1: error: While building for visionOS, no library for this platform was found in '/Users/admin/builder/spi-builder-workspace/.dependencies/artifacts/faissmobile/OpenMP/openmp.xcframework'. (in target 'swift-faiss-product' from project 'swift-faiss')
/Users/admin/builder/spi-builder-workspace/.dependencies/artifacts/faissmobile/OpenMP/openmp.xcframework:1:1: error: While building for visionOS, no library for this platform was found in '/Users/admin/builder/spi-builder-workspace/.dependencies/artifacts/faissmobile/OpenMP/openmp.xcframework'. (in target 'swift-faiss-product' from project 'swift-faiss')
/Users/admin/builder/spi-builder-workspace/.dependencies/artifacts/faissmobile/FAISS/faiss.xcframework:1:1: error: While building for visionOS, no library for this platform was found in '/Users/admin/builder/spi-builder-workspace/.dependencies/artifacts/faissmobile/FAISS/faiss.xcframework'. (in target 'SwiftFaiss' from project 'swift-faiss')
/Users/admin/builder/spi-builder-workspace/.dependencies/artifacts/faissmobile/FAISS_C/faiss_c.xcframework:1:1: error: While building for visionOS, no library for this platform was found in '/Users/admin/builder/spi-builder-workspace/.dependencies/artifacts/faissmobile/FAISS_C/faiss_c.xcframework'. (in target 'SwiftFaiss' from project 'swift-faiss')
/Users/admin/builder/spi-builder-workspace/.dependencies/artifacts/faissmobile/OpenMP/openmp.xcframework:1:1: error: While building for visionOS, no library for this platform was found in '/Users/admin/builder/spi-builder-workspace/.dependencies/artifacts/faissmobile/OpenMP/openmp.xcframework'. (in target 'SwiftFaiss' from project 'swift-faiss')
/Users/admin/builder/spi-builder-workspace/.dependencies/artifacts/faissmobile/OpenMP/openmp.xcframework:1:1: error: While building for visionOS, no library for this platform was found in '/Users/admin/builder/spi-builder-workspace/.dependencies/artifacts/faissmobile/OpenMP/openmp.xcframework'. (in target 'OpenMP-product' from project 'faiss-mobile')
2026-09-20 03:18:43.346 xcodebuild[995:6058] [MT] IDERunDestination: Supported platforms for the buildables in the current scheme is empty.
** BUILD FAILED **
The following build commands failed:
	Building workspace swift-faiss with scheme swift-faiss-Package
(1 failure)
BUILD FAILURE 6.4 visionOS