The Swift Package Index logo.Swift Package Index

Build Information

Failed to build AuthSessionKit, reference 0.1.1 (14359d), with Swift 6.3 for Linux on 18 Jul 2026 20:09:54 UTC.

Build Command

bash -c docker run --pull=always --rm -v "checkouts-54344844-1":/host -w "$PWD" -e JAVA_HOME="/root/.sdkman/candidates/java/current" -e SPI_BUILD="1" -e SPI_PROCESSING="1" registry.gitlab.com/saguaro1/spi-images:basic-6.3-latest swift build --triple x86_64-unknown-linux-gnu 2>&1

Build Log

========================================
RunAll
========================================
Builder version: 333316120c8b89ed7d21f1b34865290794301d91
Interrupt handler set up.
========================================
Checkout
========================================
Clone URL: https://github.com/kaVish2214/AuthSessionKit.git
Reference: 0.1.1
Initialized empty Git repository in /host/spi-builder-workspace/.git/
hint: Using 'master' as the name for the initial branch. This default branch name
hint: is subject to change. To configure the initial branch name to use in all
hint: of your new repositories, which will suppress this warning, call:
hint:
hint: 	git config --global init.defaultBranch <name>
hint:
hint: Names commonly chosen instead of 'master' are 'main', 'trunk' and
hint: 'development'. The just-created branch can be renamed via this command:
hint:
hint: 	git branch -m <name>
From https://github.com/kaVish2214/AuthSessionKit
 * tag               0.1.1      -> FETCH_HEAD
HEAD is now at 14359de Release 0.1.1
Cloned https://github.com/kaVish2214/AuthSessionKit.git
Revision (git rev-parse @):
14359deedd6c4b718644a7703062dff0679ad921
SUCCESS checkout https://github.com/kaVish2214/AuthSessionKit.git at 0.1.1
========================================
Build
========================================
Selected platform:         linux
Swift version:             6.3
Building package at path:  $PWD
https://github.com/kaVish2214/AuthSessionKit.git
Running build ...
bash -c docker run --pull=always --rm -v "checkouts-54344844-1":/host -w "$PWD" -e JAVA_HOME="/root/.sdkman/candidates/java/current" -e SPI_BUILD="1" -e SPI_PROCESSING="1" registry.gitlab.com/saguaro1/spi-images:basic-6.3-latest swift build --triple x86_64-unknown-linux-gnu 2>&1
basic-6.3-latest: Pulling from saguaro1/spi-images
Digest: sha256:518d581a7f3cc0f988d8921e0dce92c3361f942cd4cc7d944cb46f8707e06c63
Status: Image is up to date for registry.gitlab.com/saguaro1/spi-images:basic-6.3-latest
Fetching https://github.com/kaVish2214/BiometricAuthKit
Fetching https://github.com/kaVish2214/UtilityKit
[1/314] Fetching biometricauthkit
Fetched https://github.com/kaVish2214/BiometricAuthKit from cache (0.34s)
[1/266] Fetching utilitykit
Fetched https://github.com/kaVish2214/UtilityKit from cache (0.39s)
Computing version for https://github.com/kaVish2214/UtilityKit
Computed https://github.com/kaVish2214/UtilityKit at 0.1.1 (0.55s)
Fetching https://github.com/hmlongco/Factory
[1/23821] Fetching factory
Fetched https://github.com/hmlongco/Factory from cache (0.88s)
Computing version for https://github.com/kaVish2214/BiometricAuthKit
Computed https://github.com/kaVish2214/BiometricAuthKit at 0.1.1 (1.03s)
Computing version for https://github.com/hmlongco/Factory
Computed https://github.com/hmlongco/Factory at 2.5.3 (0.18s)
Creating working copy for https://github.com/kaVish2214/BiometricAuthKit
Working copy of https://github.com/kaVish2214/BiometricAuthKit resolved at 0.1.1
Creating working copy for https://github.com/kaVish2214/UtilityKit
Working copy of https://github.com/kaVish2214/UtilityKit resolved at 0.1.1
Creating working copy for https://github.com/hmlongco/Factory
Working copy of https://github.com/hmlongco/Factory resolved at 2.5.3
Building for debugging...
[0/7] Write sources
[6/7] Write swift-version-24593BA9C3E375BF.txt
error: emit-module command failed with exit code 1 (use -v to see invocation)
[8/24] Emitting module BiometricAuthInterface
/host/spi-builder-workspace/.build/checkouts/BiometricAuthKit/Sources/BiometricAuthInterface/Interface/Enum/AuthError.swift:15:8: error: no such module 'LocalAuthentication'
 13 |
 14 | import Foundation
 15 | import LocalAuthentication
    |        `- error: no such module 'LocalAuthentication'
 16 |
 17 |
[9/24] Compiling BiometricAuthInterface AuthError.swift
/host/spi-builder-workspace/.build/checkouts/BiometricAuthKit/Sources/BiometricAuthInterface/Interface/Enum/AuthError.swift:15:8: error: no such module 'LocalAuthentication'
 13 |
 14 | import Foundation
 15 | import LocalAuthentication
    |        `- error: no such module 'LocalAuthentication'
 16 |
 17 |
[10/24] Compiling BiometricAuthInterface AuthPolicy.swift
/host/spi-builder-workspace/.build/checkouts/BiometricAuthKit/Sources/BiometricAuthInterface/Interface/Enum/AuthError.swift:15:8: error: no such module 'LocalAuthentication'
 13 |
 14 | import Foundation
 15 | import LocalAuthentication
    |        `- error: no such module 'LocalAuthentication'
 16 |
 17 |
[11/24] Compiling BiometricAuthInterface BiometricAuthentication.swift
/host/spi-builder-workspace/.build/checkouts/BiometricAuthKit/Sources/BiometricAuthInterface/Interface/Enum/AuthError.swift:15:8: error: no such module 'LocalAuthentication'
 13 |
 14 | import Foundation
 15 | import LocalAuthentication
    |        `- error: no such module 'LocalAuthentication'
 16 |
 17 |
error: emit-module command failed with exit code 1 (use -v to see invocation)
[12/24] Emitting module SwiftConcurrency
/host/spi-builder-workspace/.build/checkouts/UtilityKit/Sources/SwiftConcurrency/Classes/ConcurrencySafeContainer.swift:14:8: error: no such module 'os'
12 |
13 | import Foundation
14 | import os
   |        `- error: no such module 'os'
15 |
16 | // MARK: - ConcurrencySafeContainer
[13/24] Compiling SwiftConcurrency ConcurrencySafeContainer.swift
/host/spi-builder-workspace/.build/checkouts/UtilityKit/Sources/SwiftConcurrency/Classes/ConcurrencySafeContainer.swift:14:8: error: no such module 'os'
12 |
13 | import Foundation
14 | import os
   |        `- error: no such module 'os'
15 |
16 | // MARK: - ConcurrencySafeContainer
[14/24] Compiling BiometricAuthInterface AuthResult.swift
/host/spi-builder-workspace/.build/checkouts/BiometricAuthKit/Sources/BiometricAuthInterface/Interface/Enum/AuthError.swift:15:8: error: no such module 'LocalAuthentication'
 13 |
 14 | import Foundation
 15 | import LocalAuthentication
    |        `- error: no such module 'LocalAuthentication'
 16 |
 17 |
[15/24] Compiling BiometricAuthInterface AuthRequestor.swift
/host/spi-builder-workspace/.build/checkouts/BiometricAuthKit/Sources/BiometricAuthInterface/Interface/Enum/AuthError.swift:15:8: error: no such module 'LocalAuthentication'
 13 |
 14 | import Foundation
 15 | import LocalAuthentication
    |        `- error: no such module 'LocalAuthentication'
 16 |
 17 |
[16/24] Compiling BiometricAuthInterface AuthType.swift
/host/spi-builder-workspace/.build/checkouts/BiometricAuthKit/Sources/BiometricAuthInterface/Interface/Enum/AuthError.swift:15:8: error: no such module 'LocalAuthentication'
 13 |
 14 | import Foundation
 15 | import LocalAuthentication
    |        `- error: no such module 'LocalAuthentication'
 16 |
 17 |
[17/24] Compiling BiometricAuthInterface AuthDelegator.swift
/host/spi-builder-workspace/.build/checkouts/BiometricAuthKit/Sources/BiometricAuthInterface/Interface/Enum/AuthError.swift:15:8: error: no such module 'LocalAuthentication'
 13 |
 14 | import Foundation
 15 | import LocalAuthentication
    |        `- error: no such module 'LocalAuthentication'
 16 |
 17 |
[18/24] Compiling MultiCastDelegate DelegateSubscription.swift
[19/24] Compiling MultiCastDelegate DelegateMultiCasting.swift
error: emit-module command failed with exit code 1 (use -v to see invocation)
[20/24] Emitting module MultiCastDelegate
/host/spi-builder-workspace/.build/checkouts/UtilityKit/Sources/MultiCastDelegate/Classes/DelegateSubscriptionHandle.swift:43:34: error: cannot find type 'NSHashTable' in scope
41 |
42 |     private let lock = NSLock()
43 |     private let delegateStorage: NSHashTable<AnyObject> = .weakObjects()
   |                                  `- error: cannot find type 'NSHashTable' in scope
44 |     private let queueStorage: NSMapTable<AnyObject, DispatchQueue> = .weakToStrongObjects()
45 |
/host/spi-builder-workspace/.build/checkouts/UtilityKit/Sources/MultiCastDelegate/Classes/DelegateSubscriptionHandle.swift:44:31: error: cannot find type 'NSMapTable' in scope
42 |     private let lock = NSLock()
43 |     private let delegateStorage: NSHashTable<AnyObject> = .weakObjects()
44 |     private let queueStorage: NSMapTable<AnyObject, DispatchQueue> = .weakToStrongObjects()
   |                               `- error: cannot find type 'NSMapTable' in scope
45 |
46 |     // MARK: - Initializer
/host/spi-builder-workspace/.build/checkouts/UtilityKit/Sources/SwiftConcurrency/Classes/ConcurrencySafeContainer.swift:14:8: error: no such module 'os'
12 |
13 | import Foundation
14 | import os
   |        `- error: no such module 'os'
15 |
16 | // MARK: - ConcurrencySafeContainer
BUILD FAILURE 6.3 linux