Build Information
Failed to build InnoNetwork, reference 6.1.1 (44e4ca), with Swift 6.3 for Android on 10 Oct 2026 04:48:30 UTC.
Build Command
bash -c docker run --pull=always --rm -v "checkouts-54344843-0":/host -w "$PWD" -e JAVA_HOME="/root/.sdkman/candidates/java/current" -e SPI_BUILD="1" -e SPI_PROCESSING="1" registry.gitlab.com/saguaro1/spi-images:android-6.3-latest swift build --swift-sdk aarch64-unknown-linux-android28 2>&1Build Log
========================================
RunAll
========================================
Builder version: 5.1.1
Interrupt handler set up.
========================================
Checkout
========================================
Clone URL: https://github.com/InnoSquadCorp/InnoNetwork.git
Reference: 6.1.1
Initialized empty Git repository in /host/spi-builder-workspace/.git/
hint: Using 'master' as the name for the initial branch. This default branch name
hint: is subject to change. To configure the initial branch name to use in all
hint: of your new repositories, which will suppress this warning, call:
hint:
hint: git config --global init.defaultBranch <name>
hint:
hint: Names commonly chosen instead of 'master' are 'main', 'trunk' and
hint: 'development'. The just-created branch can be renamed via this command:
hint:
hint: git branch -m <name>
From https://github.com/InnoSquadCorp/InnoNetwork
* tag 6.1.1 -> FETCH_HEAD
HEAD is now at 44e4ca2 docs: approve 6.1.1 contents after full preflight (#151)
Cloned https://github.com/InnoSquadCorp/InnoNetwork.git
Revision (git rev-parse @):
44e4ca28c50c03f817231a077c0f3bdfdbc859c8
SPI manifest file found: $PWD/.spi.yml
SUCCESS checkout https://github.com/InnoSquadCorp/InnoNetwork.git at 6.1.1
========================================
Build
========================================
Selected platform: android
Swift version: 6.3
Building package at path: $PWD
https://github.com/InnoSquadCorp/InnoNetwork.git
Running build ...
bash -c docker run --pull=always --rm -v "checkouts-54344843-0":/host -w "$PWD" -e JAVA_HOME="/root/.sdkman/candidates/java/current" -e SPI_BUILD="1" -e SPI_PROCESSING="1" registry.gitlab.com/saguaro1/spi-images:android-6.3-latest swift build --swift-sdk aarch64-unknown-linux-android28 2>&1
android-6.3-latest: Pulling from saguaro1/spi-images
Digest: sha256:a57e63703100e13e1ecb61b565870501ccb169d7515bc7af7f0994f211e1b1f6
Status: Image is up to date for registry.gitlab.com/saguaro1/spi-images:android-6.3-latest
Fetching https://github.com/swiftlang/swift-syntax.git
Fetching https://github.com/apple/swift-http-types
Fetching https://github.com/apple/swift-crypto
Fetching https://github.com/apple/swift-openapi-runtime
[1/1939] Fetching swift-http-types
[118/20559] Fetching swift-http-types, swift-crypto
[487/27712] Fetching swift-http-types, swift-crypto, swift-openapi-runtime
Fetched https://github.com/apple/swift-openapi-runtime from cache (0.55s)
[3801/20559] Fetching swift-http-types, swift-crypto
[15347/100970] Fetching swift-http-types, swift-crypto, swift-syntax
Fetched https://github.com/apple/swift-http-types from cache (1.80s)
[50785/99031] Fetching swift-crypto, swift-syntax
Fetched https://github.com/apple/swift-crypto from cache (1.81s)
[32969/80411] Fetching swift-syntax
Fetched https://github.com/swiftlang/swift-syntax.git from cache (4.55s)
Computing version for https://github.com/apple/swift-crypto
Computed https://github.com/apple/swift-crypto at 5.0.0 (5.55s)
Fetching https://github.com/apple/swift-asn1.git
[1/2009] Fetching swift-asn1
Fetched https://github.com/apple/swift-asn1.git from cache (0.41s)
Computing version for https://github.com/swiftlang/swift-syntax.git
Computed https://github.com/swiftlang/swift-syntax.git at 604.0.0 (1.44s)
Computing version for https://github.com/apple/swift-http-types
Computed https://github.com/apple/swift-http-types at 1.8.0 (0.21s)
Computing version for https://github.com/apple/swift-asn1.git
Computed https://github.com/apple/swift-asn1.git at 1.7.3 (0.20s)
Computing version for https://github.com/apple/swift-openapi-runtime
Computed https://github.com/apple/swift-openapi-runtime at 1.13.0 (0.18s)
Creating working copy for https://github.com/apple/swift-asn1.git
Working copy of https://github.com/apple/swift-asn1.git resolved at 1.7.3
Creating working copy for https://github.com/apple/swift-http-types
Working copy of https://github.com/apple/swift-http-types resolved at 1.8.0
Creating working copy for https://github.com/apple/swift-openapi-runtime
Working copy of https://github.com/apple/swift-openapi-runtime resolved at 1.13.0
Creating working copy for https://github.com/apple/swift-crypto
Working copy of https://github.com/apple/swift-crypto resolved at 5.0.0
Creating working copy for https://github.com/swiftlang/swift-syntax.git
Working copy of https://github.com/swiftlang/swift-syntax.git resolved at 604.0.0
Building for debugging...
[0/869] Write sources
[22/869] Copying PrivacyInfo.xcprivacy
[23/869] Copying Info.plist
[24/869] Copying PrivacyInfo.xcprivacy
[25/869] Copying Info.plist
[26/869] Copying Localizable.strings
[28/869] Copying PrivacyInfo.xcprivacy
[29/869] Copying Info.plist
[30/869] Write sources
[42/869] Compiling _SwiftSyntaxCShims PlatformMutex.c
[43/869] Compiling KeccakSponge.c
[44/869] Compiling SimpleFIPS202.c
[45/869] Compiling CXKCPShims shims.c
[46/869] Compiling KeccakHash.c
[47/869] Compiling fiat_p256_adx_sqr.S
[48/869] Write swift-version-272D24FF697CF451.txt
[49/869] Compiling fiat_p256_adx_mul.S
[50/869] Compiling md5-x86_64-linux.S
[51/869] Compiling fiat_curve25519_adx_mul.S
[52/869] Compiling fiat_curve25519_adx_square.S
[53/869] Compiling md5-x86_64-apple.S
[54/869] Compiling md5-586-linux.S
[55/869] Compiling md5-586-apple.S
[57/878] Emitting module SwiftSyntax604
[58/883] Emitting module SwiftSyntax509
[59/883] Emitting module SwiftSyntax602
[60/883] Emitting module SwiftSyntax510
[61/883] Emitting module SwiftSyntax601
[61/883] Compiling KeccakP-1600-opt64.c
[63/893] Compiling SwiftSyntax604 Empty.swift
[64/894] Compiling SwiftSyntax509 Empty.swift
[67/895] Compiling SwiftSyntax601 Empty.swift
[69/896] Compiling SwiftSyntax510 Empty.swift
[69/897] Wrapping AST for SwiftSyntax509 for debugging
[71/897] Compiling HTTPTypes HTTP2ErrorCode.swift
[72/897] Compiling HTTPTypes HTTP3ErrorCode.swift
[74/897] Compiling HTTPTypes HTTPFieldValue.swift
[74/898] Wrapping AST for SwiftSyntax604 for debugging
[76/898] Compiling HTTPTypes HTTPField.swift
[77/898] Compiling HTTPTypes HTTPFieldName.swift
[78/898] Emitting module HTTPTypes
[79/898] Emitting module SwiftSyntax603
[80/898] Compiling SwiftSyntax603 Empty.swift
[80/898] Wrapping AST for SwiftSyntax601 for debugging
[81/899] Compiling chacha20_poly1305_x86_64-linux.S
[83/899] Compiling chacha20_poly1305_armv8-win.S
[84/899] Compiling chacha20_poly1305_armv8-linux.S
[85/899] Compiling chacha20_poly1305_x86_64-apple.S
[87/899] Compiling SwiftSyntax602 Empty.swift
[87/899] Wrapping AST for SwiftSyntax603 for debugging
[88/900] Wrapping AST for SwiftSyntax510 for debugging
[89/900] Compiling chacha20_poly1305_armv8-apple.S
[90/900] Compiling chacha-x86_64-linux.S
[91/900] Compiling chacha-x86_64-apple.S
[92/900] Emitting module SwiftSyntax600
[94/900] Compiling SwiftSyntax600 Empty.swift
[94/901] Compiling chacha-x86-apple.S
[95/901] Compiling chacha-x86-linux.S
[96/901] Compiling chacha-armv8-linux.S
[99/901] Compiling chacha-armv8-win.S
[100/901] Compiling chacha-armv4-linux.S
[101/901] Compiling aes128gcmsiv-x86_64-linux.S
[102/901] Compiling chacha-armv8-apple.S
[103/901] Compiling aes128gcmsiv-x86_64-apple.S
[104/901] Compiling x86_64-mont5-linux.S
[105/901] Compiling x86_64-mont5-apple.S
[106/901] Wrapping AST for SwiftSyntax602 for debugging
[107/901] Compiling x86_64-mont-linux.S
[108/901] Compiling x86-mont-linux.S
[109/901] Compiling vpaes-x86_64-linux.S
[110/901] Compiling x86-mont-apple.S
[111/901] Compiling vpaes-x86_64-apple.S
[112/901] Wrapping AST for SwiftSyntax600 for debugging
[114/901] Compiling HTTPTypes HTTPParsedFields.swift
[114/901] Compiling x86_64-mont-apple.S
[115/901] Compiling vpaes-x86-apple.S
[116/902] Compiling vpaes-x86-linux.S
[117/902] Compiling vpaes-armv8-win.S
[118/902] Compiling vpaes-armv8-linux.S
[119/902] Compiling vpaes-armv8-apple.S
[120/960] Compiling sha512-x86_64-linux.S
[121/965] Compiling vpaes-armv7-linux.S
[122/965] Compiling sha512-x86_64-apple.S
[122/965] Compiling sha512-armv8-win.S
[124/965] Compiling sha512-armv8-linux.S
[125/965] Compiling sha512-armv4-linux.S
[126/965] Compiling sha512-armv8-apple.S
[127/965] Compiling sha512-586-apple.S
[128/965] Compiling sha512-586-linux.S
[129/965] Compiling sha256-armv8-linux.S
[130/965] Compiling sha256-x86_64-linux.S
[131/965] Compiling sha256-x86_64-apple.S
[133/965] Compiling HTTPTypes HTTPRequest.swift
[133/965] Compiling sha256-armv4-linux.S
[134/965] Compiling sha256-armv8-apple.S
[135/965] Compiling sha256-armv8-win.S
[136/965] Compiling sha1-x86_64-linux.S
[137/965] Compiling sha256-586-linux.S
[138/965] Compiling sha256-586-apple.S
[138/965] Compiling err_data.cc
[140/965] Compiling sha1-armv8-win.S
[141/965] Compiling sha1-x86_64-apple.S
[142/965] Compiling sha1-586-linux.S
[143/965] Compiling sha1-armv8-linux.S
[144/965] Compiling sha1-armv4-large-linux.S
[145/965] Compiling sha1-armv8-apple.S
[146/965] Compiling rsaz-avx2-linux.S
[147/965] Compiling rdrand-x86_64-linux.S
[147/965] Compiling sha1-586-apple.S
[150/965] Compiling HTTPTypes HTTPFields.swift
[150/965] Compiling rsaz-avx2-apple.S
[151/965] Compiling rdrand-x86_64-apple.S
[152/965] Compiling p256_beeu-armv8-asm-win.S
[153/965] Compiling p256-x86_64-asm-linux.S
[154/965] Compiling p256_beeu-armv8-asm-linux.S
[155/965] Compiling p256_beeu-x86_64-asm-apple.S
[156/965] Compiling p256_beeu-armv8-asm-apple.S
[157/965] Compiling p256_beeu-x86_64-asm-linux.S
[158/965] Compiling p256-x86_64-asm-apple.S
[159/965] Compiling p256-armv8-asm-apple.S
[160/965] Compiling p256-armv8-asm-win.S
[161/965] Compiling ghashv8-armv8-linux.S
[162/965] Compiling p256-armv8-asm-linux.S
[163/965] Compiling ghashv8-armv8-apple.S
[164/965] Compiling ghashv8-armv8-win.S
[165/965] Compiling ghash-x86_64-apple.S
[166/965] Compiling ghash-x86-linux.S
[167/965] Compiling ghashv8-armv7-linux.S
[168/965] Compiling ghash-x86_64-linux.S
[168/965] Compiling ghash-ssse3-x86_64-linux.S
[170/965] Compiling ghash-x86-apple.S
[171/965] Compiling ghash-ssse3-x86-linux.S
[172/965] Compiling ghash-neon-armv8-win.S
[173/965] Compiling ghash-neon-armv8-linux.S
[173/965] Compiling ghash-ssse3-x86_64-apple.S
[175/965] Compiling ghash-neon-armv8-apple.S
[176/965] Compiling ghash-ssse3-x86-apple.S
[177/965] Compiling ghash-armv4-linux.S
[178/965] Compiling bsaes-armv7-linux.S
[179/965] Compiling co-586-linux.S
[180/965] Compiling bn-armv8-win.S
[181/965] Compiling bn-armv8-linux.S
[182/965] Compiling bn-armv8-apple.S
[183/965] Compiling co-586-apple.S
[184/965] Compiling bn-586-linux.S
[185/965] Compiling armv8-mont-win.S
[186/965] Compiling bn-586-apple.S
[186/965] Compiling armv8-mont-apple.S
[188/965] Compiling aesv8-gcm-armv8-linux.S
[189/965] Compiling armv8-mont-linux.S
[190/965] Compiling aesv8-gcm-armv8-win.S
[191/965] Compiling aesv8-armv8-win.S
[192/965] Compiling armv4-mont-linux.S
[193/965] Compiling aesv8-armv8-apple.S
[194/965] Compiling aesv8-armv7-linux.S
[195/965] Compiling aesv8-gcm-armv8-apple.S
[196/965] Compiling aesv8-armv8-linux.S
[197/965] Compiling aesni-x86-linux.S
[198/965] Compiling aesni-x86-apple.S
[199/965] Compiling aesni-x86_64-apple.S
[200/965] Compiling aesni-x86_64-linux.S
[201/965] Compiling aes-gcm-avx512-x86_64-linux.S
[202/965] Compiling aesni-gcm-x86_64-apple.S
[203/965] Compiling aes-gcm-avx2-x86_64-linux.S
[204/965] Compiling aes-gcm-avx512-x86_64-apple.S
[205/965] Compiling aesni-gcm-x86_64-linux.S
[207/965] Compiling HTTPTypes HTTPRequest+URL.swift
[207/965] Compiling aes-gcm-avx2-x86_64-apple.S
[209/965] Compiling HTTPTypes HTTPResponse.swift
[210/966] Compiling x_sig.cc
[211/966] Compiling x_req.cc
[212/966] Compiling x_x509.cc
[213/1030] Compiling xwing.cc
[214/1030] Compiling x_name.cc
[216/1030] Compiling OpenAPIRuntime UndocumentedPayload.swift
[217/1030] Compiling OpenAPIRuntime WarningSuppressingAnnotations.swift
[218/1030] Compiling OpenAPIRuntime CodableExtensions.swift
[219/1030] Compiling OpenAPIRuntime Configuration.swift
[220/1030] Compiling OpenAPIRuntime Converter+Client.swift
[221/1030] Compiling OpenAPIRuntime Converter+Common.swift
[222/1030] Compiling OpenAPIRuntime Converter+Server.swift
[223/1030] Compiling OpenAPIRuntime Converter.swift
[224/1030] Compiling OpenAPIRuntime CurrencyExtensions.swift
[224/1038] Compiling x_exten.cc
[225/1038] Compiling x_x509a.cc
[226/1038] Compiling x_attrib.cc
[227/1038] Compiling x_spki.cc
[229/1038] Compiling OpenAPIRuntime Acceptable.swift
[230/1038] Compiling OpenAPIRuntime Base64EncodedData.swift
[231/1038] Compiling OpenAPIRuntime ByteUtilities.swift
[232/1038] Compiling OpenAPIRuntime ContentDisposition.swift
[233/1038] Compiling OpenAPIRuntime CopyOnWriteBox.swift
[234/1038] Compiling OpenAPIRuntime Lock.swift
[235/1038] Compiling OpenAPIRuntime OpenAPIMIMEType.swift
[236/1038] Compiling OpenAPIRuntime OpenAPIValue.swift
[237/1038] Compiling OpenAPIRuntime PrettyStringConvertible.swift
[237/1038] Compiling x_all.cc
[238/1038] Compiling x_algor.cc
[239/1038] Compiling x_pubkey.cc
[240/1038] Compiling x_crl.cc
[241/1038] Compiling x509_vpm.cc
[242/1038] Compiling x509rset.cc
[243/1038] Compiling x509spki.cc
[244/1038] Compiling x509_trs.cc
[246/1038] Compiling OpenAPIRuntime ErrorExtensions.swift
[247/1038] Compiling OpenAPIRuntime FoundationExtensions.swift
[248/1038] Compiling OpenAPIRuntime ParameterStyles.swift
[249/1038] Compiling OpenAPIRuntime ServerVariable.swift
[250/1038] Compiling OpenAPIRuntime URLExtensions.swift
[251/1038] Compiling OpenAPIRuntime Deprecated.swift
[252/1038] Compiling OpenAPIRuntime ClientError.swift
[253/1038] Compiling OpenAPIRuntime CodingErrors.swift
[254/1038] Compiling OpenAPIRuntime RuntimeError.swift
[254/1038] Compiling x509cset.cc
[255/1038] Compiling x509name.cc
[256/1038] Compiling x509_vfy.cc
[257/1038] Compiling x509_txt.cc
[258/1038] Compiling x509_v3.cc
[259/1038] Compiling x509_req.cc
[261/1038] Compiling OpenAPIRuntime OpenAPIMIMEType+Multipart.swift
[262/1038] Compiling OpenAPIRuntime URICodeCodingKey.swift
[263/1038] Compiling OpenAPIRuntime URICoderConfiguration.swift
[264/1038] Compiling OpenAPIRuntime URIEncodedNode.swift
[265/1038] Compiling OpenAPIRuntime URIParsedTypes.swift
[266/1038] Compiling OpenAPIRuntime URIDecoder.swift
[267/1038] Compiling OpenAPIRuntime URIValueFromNodeDecoder+Keyed.swift
[268/1038] Compiling OpenAPIRuntime URIValueFromNodeDecoder+Single.swift
[269/1038] Compiling OpenAPIRuntime URIValueFromNodeDecoder+Unkeyed.swift
[269/1046] Compiling x509_set.cc
[280/1046] Emitting module OpenAPIRuntime
[280/1046] Compiling x509_obj.cc
[282/1046] Compiling OpenAPIRuntime ClientTransport.swift
[283/1046] Compiling OpenAPIRuntime CurrencyTypes.swift
[284/1046] Compiling OpenAPIRuntime ErrorHandlingMiddleware.swift
[285/1046] Compiling OpenAPIRuntime HTTPBody.swift
[286/1046] Compiling OpenAPIRuntime QuerySpaceNormalizingMiddleware.swift
[287/1046] Compiling OpenAPIRuntime SendableMetatype.swift
[288/1046] Compiling OpenAPIRuntime ServerTransport.swift
[289/1046] Compiling OpenAPIRuntime UniversalClient.swift
[290/1046] Compiling OpenAPIRuntime UniversalServer.swift
[308/1046] Compiling x509_lu.cc
[309/1046] Compiling x509_def.cc
[310/1046] Compiling x509_ext.cc
[311/1046] Compiling x509_d2.cc
[313/1046] Compiling OpenAPIRuntime URIValueFromNodeDecoder.swift
[314/1046] Compiling OpenAPIRuntime URIEncoder.swift
[315/1046] Compiling OpenAPIRuntime URIValueToNodeEncoder+Keyed.swift
[316/1046] Compiling OpenAPIRuntime URIValueToNodeEncoder+Single.swift
[317/1046] Compiling OpenAPIRuntime URIValueToNodeEncoder+Unkeyed.swift
[318/1046] Compiling OpenAPIRuntime URIValueToNodeEncoder.swift
[319/1046] Compiling OpenAPIRuntime URIParser.swift
[320/1046] Compiling OpenAPIRuntime URISerializer.swift
[320/1046] Compiling v3_utl.cc
[321/1046] Compiling v3_prn.cc
[322/1046] Compiling x509_cmp.cc
[323/1046] Compiling v3_skey.cc
[324/1046] Compiling v3_pmaps.cc
[326/1046] Compiling OpenAPIRuntime ServerError.swift
[327/1046] Compiling OpenAPIRuntime JSONLinesDecoding.swift
[328/1046] Compiling OpenAPIRuntime JSONLinesEncoding.swift
[329/1046] Compiling OpenAPIRuntime JSONSequenceDecoding.swift
[330/1046] Compiling OpenAPIRuntime JSONSequenceEncoding.swift
[331/1046] Compiling OpenAPIRuntime ServerSentEvents.swift
[332/1046] Compiling OpenAPIRuntime ServerSentEventsDecoding.swift
[333/1046] Compiling OpenAPIRuntime ServerSentEventsEncoding.swift
[334/1046] Compiling OpenAPIRuntime AsyncSequenceCommon.swift
[335/1046] Compiling OpenAPIRuntime MultipartBoundaryGenerator.swift
[336/1046] Compiling OpenAPIRuntime MultipartBytesToFramesSequence.swift
[337/1046] Compiling OpenAPIRuntime MultipartFramesToBytesSequence.swift
[338/1046] Compiling OpenAPIRuntime MultipartFramesToRawPartsSequence.swift
[339/1046] Compiling OpenAPIRuntime MultipartInternalTypes.swift
[340/1046] Compiling OpenAPIRuntime MultipartPublicTypes.swift
[341/1046] Compiling OpenAPIRuntime MultipartPublicTypesExtensions.swift
[342/1046] Compiling OpenAPIRuntime MultipartRawPartsToFramesSequence.swift
[343/1046] Compiling OpenAPIRuntime MultipartValidation.swift
[344/1047] Compiling x509_att.cc
[345/1047] Compiling x509.cc
[346/1047] Compiling v3_lib.cc
[347/1047] Compiling v3_int.cc
[348/1047] Compiling v3_ncons.cc
[349/1047] Compiling v3_purp.cc
[350/1047] Compiling v3_genn.cc
[351/1047] Compiling v3_pcons.cc
[352/1047] Compiling v3_extku.cc
[353/1047] Compiling v3_crld.cc
[354/1047] Compiling v3_ocsp.cc
[355/1047] Compiling v3_bitst.cc
[356/1047] Compiling v3_info.cc
[357/1047] Compiling v3_ia5.cc
[358/1047] Compiling v3_enum.cc
[359/1047] Compiling v3_akeya.cc
[360/1047] Compiling v3_cpols.cc
[361/1047] Compiling v3_bcons.cc
[362/1047] Compiling v3_alt.cc
[363/1047] Compiling v3_conf.cc
[364/1047] Compiling policy.cc
[365/1047] Compiling v3_akey.cc
[366/1047] Compiling t_x509a.cc
[367/1047] Compiling name_print.cc
[368/1047] Compiling t_req.cc
[369/1047] Compiling by_dir.cc
[370/1047] Compiling t_x509.cc
[371/1047] Compiling t_crl.cc
[372/1047] Compiling i2d_pr.cc
[373/1047] Compiling by_file.cc
[374/1047] Compiling algorithm.cc
[375/1047] Compiling a_sign.cc
[376/1047] Compiling rsa_pss.cc
[377/1047] Compiling voprf.cc
[378/1047] Compiling a_verify.cc
[379/1047] Compiling pmbtoken.cc
[380/1047] Compiling thread_pthread.cc
[381/1047] Compiling trust_token.cc
[382/1047] Compiling thread.cc
[383/1047] Compiling thread_win.cc
[384/1047] Compiling a_digest.cc
[385/1047] Compiling asn1_gen.cc
[386/1047] Compiling thread_none.cc
[387/1047] Compiling sha512.cc
[388/1047] Compiling slhdsa.cc
[389/1047] Compiling spake2plus.cc
[390/1047] Compiling rsa_extra.cc
[391/1047] Compiling rsa_print.cc
[392/1047] Compiling siphash.cc
[393/1047] Compiling stack.cc
[394/1047] Compiling sha1.cc
[395/1047] Compiling rc4.cc
[396/1047] Compiling refcount.cc
[397/1047] Compiling sha256.cc
[398/1047] Compiling rsa_asn1.cc
[399/1047] Compiling rsa_crypt.cc
[400/1047] Compiling rand.cc
[401/1047] Compiling windows.cc
[402/1047] Compiling urandom.cc
[403/1047] Compiling trusty.cc
[404/1047] Compiling ios.cc
[405/1047] Compiling deterministic.cc
[406/1047] Compiling poly1305_arm_asm.S
[407/1047] Compiling passive.cc
[408/1047] Compiling poly1305_arm.cc
[409/1047] Compiling poly1305_vec.cc
[410/1047] Compiling getentropy.cc
[411/1047] Compiling fork_detect.cc
[412/1047] Compiling forkunsafe.cc
[413/1047] Compiling pool.cc
[414/1047] Compiling poly1305.cc
[415/1047] Compiling pkcs8_x509.cc
[416/1047] Compiling pem_pkey.cc
[417/1047] Compiling pkcs7.cc
[418/1047] Compiling pkcs8.cc
[419/1047] Compiling pem_pk8.cc
[420/1047] Compiling p5_pbev2.cc
[421/1047] Compiling pem_x509.cc
[422/1047] Compiling pem_xaux.cc
[423/1047] Compiling pkcs7_x509.cc
[424/1047] Compiling pem_info.cc
[425/1047] Compiling obj_xref.cc
[427/1047] Emitting module SwiftSyntax
[427/1047] Compiling mem.cc
[428/1047] Compiling mlkem.cc
[429/1047] Compiling mldsa.cc
[430/1047] Compiling pem_oth.cc
[431/1047] Compiling md4.cc
[432/1047] Compiling obj.cc
[433/1047] Compiling poly_rq_mul.S
[434/1047] Compiling pem_all.cc
[435/1047] Compiling pem_lib.cc
[436/1047] Compiling fips_shared_support.cc
[437/1047] Compiling hrss.cc
[438/1047] Compiling md5.cc
[439/1047] Compiling hpke.cc
[440/1047] Compiling kyber.cc
[441/1047] Compiling fuzzer_mode.cc
[442/1047] Compiling lhash.cc
[443/1047] Compiling ex_data.cc
[444/1047] Compiling pbkdf.cc
[445/1047] Compiling sign.cc
[446/1047] Compiling scrypt.cc
[447/1047] Compiling print.cc
[448/1047] Compiling p_rsa.cc
[449/1047] Compiling p_hkdf.cc
[450/1047] Compiling p_ed25519.cc
[451/1047] Compiling p_x25519_asn1.cc
[452/1047] Compiling p_ec.cc
[453/1047] Compiling p_x25519.cc
[454/1047] Compiling p_rsa_asn1.cc
[455/1047] Compiling p_ec_asn1.cc
[456/1047] Compiling p_dh.cc
[457/1047] Compiling p_ed25519_asn1.cc
[458/1047] Compiling evp_asn1.cc
[459/1047] Compiling p_dh_asn1.cc
[460/1047] Compiling evp.cc
[461/1047] Compiling engine.cc
[462/1047] Compiling p_dsa_asn1.cc
[463/1047] Compiling err.cc
[464/1047] Compiling ecdsa_asn1.cc
[465/1047] Compiling evp_ctx.cc
[466/1047] Compiling hash_to_curve.cc
[467/1047] Compiling ecdsa_p1363.cc
[468/1047] Compiling ecdh.cc
[469/1047] Compiling dsa.cc
[470/1047] Compiling params.cc
[471/1047] Compiling ec_derive.cc
[472/1047] Compiling dh_asn1.cc
[473/1047] Compiling des.cc
[474/1047] Compiling spake25519.cc
[475/1047] Compiling digest_extra.cc
[476/1047] Compiling x25519-asm-arm.S
[477/1047] Compiling crypto.cc
[478/1047] Compiling curve25519.cc
[479/1047] Compiling ec_asn1.cc
[480/1047] Compiling curve25519_64_adx.cc
[481/1047] Compiling dsa_asn1.cc
[482/1047] Compiling cpu_arm_freebsd.cc
[483/1047] Compiling cpu_aarch64_openbsd.cc
[484/1047] Compiling cpu_arm_linux.cc
[485/1047] Compiling cpu_intel.cc
[486/1047] Compiling cpu_aarch64_fuchsia.cc
[487/1047] Compiling cpu_aarch64_sysreg.cc
[488/1047] Compiling cpu_aarch64_win.cc
[489/1047] Compiling cpu_aarch64_linux.cc
[490/1047] Compiling e_tls.cc
[491/1047] Compiling cpu_aarch64_apple.cc
[492/1047] Compiling get_cipher.cc
[493/1047] Compiling tls_cbc.cc
[494/1047] Compiling e_rc2.cc
[495/1047] Compiling conf.cc
[496/1047] Compiling e_des.cc
[497/1047] Compiling e_chacha20poly1305.cc
[498/1047] Compiling e_aeseax.cc
[499/1047] Compiling e_aesctrhmac.cc
[500/1047] Compiling derive_key.cc
[501/1047] Compiling chacha.cc
[502/1047] Compiling e_rc4.cc
[503/1047] Compiling e_null.cc
[504/1047] Compiling cms.cc
[505/1047] Compiling cbs.cc
[506/1047] Compiling e_aesgcmsiv.cc
[507/1047] Compiling buf.cc
[508/1047] Compiling cbb.cc
[509/1047] Compiling unicode.cc
[510/1047] Compiling ber.cc
[511/1047] Compiling exponentiation.cc
[512/1047] Compiling asn1_compat.cc
[513/1047] Compiling sqrt.cc
[514/1047] Compiling printf.cc
[515/1047] Compiling div.cc
[516/1047] Compiling pair.cc
[517/1047] Compiling file.cc
[518/1047] Compiling hexdump.cc
[519/1047] Compiling bn_asn1.cc
[520/1047] Compiling convert.cc
[521/1047] Compiling errno.cc
[522/1047] Compiling blake2.cc
[523/1047] Compiling fd.cc
[524/1047] Compiling tasn_utl.cc
[525/1047] Compiling bio_mem.cc
[526/1047] Compiling tasn_fre.cc
[527/1047] Compiling tasn_typ.cc
[528/1047] Compiling base64.cc
[529/1047] Compiling bio.cc
[530/1047] Compiling posix_time.cc
[531/1047] Compiling tasn_dec.cc
[532/1047] Compiling asn_pack.cc
[533/1047] Compiling tasn_enc.cc
[534/1047] Compiling asn1_par.cc
[535/1047] Compiling f_string.cc
[536/1047] Compiling f_int.cc
[537/1047] Compiling tasn_new.cc
[538/1047] Compiling asn1_lib.cc
[539/1047] Compiling a_utctm.cc
[540/1047] Compiling a_time.cc
[541/1047] Compiling a_octet.cc
[542/1047] Compiling a_type.cc
[543/1047] Compiling a_object.cc
[544/1047] Compiling a_strex.cc
[545/1047] Compiling a_strnid.cc
[546/1047] Compiling a_dup.cc
[547/1047] Compiling a_bool.cc
[548/1047] Compiling a_i2d_fp.cc
[549/1047] Compiling a_gentm.cc
[550/1047] Write sources
[551/1047] Copying PrivacyInfo.xcprivacy
[552/1047] Copying Info.plist
[552/1047] Copying PrivacyInfo.xcprivacy
[552/1047] Copying Info.plist
[552/1047] Copying Localizable.strings
[552/1047] Copying PrivacyInfo.xcprivacy
[552/1047] Copying Info.plist
[559/1047] Write sources
[565/1047] Compiling a_mbstr.cc
[565/1047] Write sources
[579/1047] Compiling CXKCPShims shims.c
[580/1047] Compiling aes.cc
[581/1047] Compiling SimpleFIPS202.c
[582/1057] Compiling KeccakSponge.c
[583/1057] Compiling KeccakHash.c
[584/1057] Compiling a_d2i_fp.cc
[585/1057] Compiling a_int.cc
[586/1057] Compiling fiat_curve25519_adx_square.S
[587/1057] Compiling fiat_p256_adx_sqr.S
[588/1057] Compiling fiat_p256_adx_mul.S
[589/1057] Compiling fiat_curve25519_adx_mul.S
[590/1057] Compiling md5-x86_64-apple.S
[591/1057] Compiling md5-x86_64-linux.S
[592/1057] Compiling md5-586-linux.S
[593/1057] Compiling md5-586-apple.S
[594/1057] Compiling chacha20_poly1305_x86_64-linux.S
[595/1057] Compiling chacha20_poly1305_x86_64-apple.S
[596/1057] Compiling KeccakP-1600-opt64.c
[597/1057] Compiling chacha20_poly1305_armv8-win.S
[598/1057] Compiling chacha20_poly1305_armv8-apple.S
[599/1057] Compiling chacha-x86_64-linux.S
[600/1057] Compiling a_bitstr.cc
[601/1057] Compiling chacha-x86-linux.S
[602/1057] Compiling chacha20_poly1305_armv8-linux.S
[603/1057] Compiling chacha-x86_64-apple.S
[604/1057] Compiling chacha-x86-apple.S
[605/1057] Compiling chacha-armv8-win.S
[606/1057] Compiling chacha-armv8-apple.S
[607/1057] Compiling chacha-armv4-linux.S
[608/1057] Compiling chacha-armv8-linux.S
[609/1057] Compiling aes128gcmsiv-x86_64-linux.S
[610/1057] Compiling aes128gcmsiv-x86_64-apple.S
[611/1057] Compiling x86_64-mont5-linux.S
[612/1057] Compiling x86_64-mont5-apple.S
[613/1057] Compiling x86_64-mont-apple.S
[614/1057] Compiling x86_64-mont-linux.S
[615/1057] Compiling x86-mont-apple.S
[616/1057] Compiling x86-mont-linux.S
[617/1057] Compiling vpaes-x86_64-linux.S
[618/1057] Compiling vpaes-x86_64-apple.S
[619/1057] Compiling vpaes-x86-linux.S
[620/1057] Compiling err_data.cc
[621/1057] Compiling vpaes-x86-apple.S
[622/1057] Compiling vpaes-armv8-win.S
[623/1057] Compiling sha512-x86_64-linux.S
[624/1057] Compiling vpaes-armv8-apple.S
[625/1057] Compiling vpaes-armv8-linux.S
[626/1057] Compiling vpaes-armv7-linux.S
[627/1057] Compiling sha512-armv8-win.S
[628/1057] Compiling sha512-x86_64-apple.S
[629/1057] Compiling sha512-armv8-apple.S
[630/1057] Compiling sha512-armv8-linux.S
[631/1057] Compiling sha512-armv4-linux.S
[632/1057] Compiling sha512-586-apple.S
[633/1057] Compiling sha256-x86_64-apple.S
[634/1057] Compiling sha256-x86_64-linux.S
[635/1057] Compiling sha512-586-linux.S
[636/1057] Compiling sha256-armv8-win.S
[637/1057] Compiling sha256-586-linux.S
[638/1057] Compiling sha256-armv4-linux.S
[639/1057] Compiling sha256-586-apple.S
[640/1057] Compiling sha256-armv8-linux.S
[641/1057] Compiling sha256-armv8-apple.S
[642/1057] Compiling sha1-x86_64-linux.S
[643/1057] Compiling sha1-armv8-apple.S
[644/1057] Compiling sha1-x86_64-apple.S
[645/1057] Compiling sha1-armv4-large-linux.S
[646/1057] Compiling sha1-armv8-win.S
[647/1057] Compiling sha1-586-apple.S
[647/1057] Compiling sha1-armv8-linux.S
[649/1057] Compiling sha1-586-linux.S
[650/1057] Compiling rsaz-avx2-linux.S
[651/1057] Compiling p256_beeu-x86_64-asm-linux.S
[652/1057] Compiling rdrand-x86_64-linux.S
[653/1057] Compiling rsaz-avx2-apple.S
[654/1057] Compiling rdrand-x86_64-apple.S
[655/1057] Compiling p256_beeu-x86_64-asm-apple.S
[656/1057] Compiling p256_beeu-armv8-asm-win.S
[657/1057] Compiling p256_beeu-armv8-asm-apple.S
[658/1057] Compiling p256_beeu-armv8-asm-linux.S
[659/1057] Compiling p256-x86_64-asm-linux.S
[660/1057] Compiling ghashv8-armv8-win.S
[661/1057] Compiling p256-armv8-asm-linux.S
[662/1057] Compiling p256-armv8-asm-apple.S
[663/1057] Compiling ghashv8-armv8-linux.S
[664/1057] Compiling p256-x86_64-asm-apple.S
[664/1057] Compiling p256-armv8-asm-win.S
[666/1057] Compiling ghashv8-armv7-linux.S
[667/1057] Compiling ghashv8-armv8-apple.S
[668/1057] Compiling ghash-x86_64-linux.S
[669/1057] Compiling ghash-x86_64-apple.S
[670/1057] Compiling ghash-ssse3-x86_64-linux.S
[671/1057] Compiling ghash-x86-linux.S
[672/1057] Compiling ghash-x86-apple.S
[673/1057] Compiling ghash-ssse3-x86_64-apple.S
[674/1057] Compiling ghash-neon-armv8-win.S
[675/1057] Compiling ghash-ssse3-x86-apple.S
[676/1057] Compiling ghash-neon-armv8-linux.S
[677/1057] Compiling ghash-ssse3-x86-linux.S
[678/1057] Compiling co-586-linux.S
[679/1057] Compiling co-586-apple.S
[680/1057] Compiling ghash-armv4-linux.S
[681/1057] Compiling bsaes-armv7-linux.S
[682/1057] Compiling ghash-neon-armv8-apple.S
[683/1057] Compiling bn-armv8-win.S
[684/1057] Compiling bn-armv8-linux.S
[685/1057] Compiling bn-586-apple.S
[685/1057] Compiling bn-armv8-apple.S
[687/1057] Compiling armv8-mont-win.S
[688/1057] Compiling bn-586-linux.S
[689/1057] Compiling armv8-mont-apple.S
[690/1057] Compiling armv4-mont-linux.S
[691/1057] Compiling armv8-mont-linux.S
[692/1057] Compiling aesv8-gcm-armv8-win.S
[693/1057] Compiling aesv8-gcm-armv8-apple.S
[694/1057] Compiling aesv8-armv8-apple.S
[695/1057] Compiling aesv8-gcm-armv8-linux.S
[696/1057] Compiling aesv8-armv8-win.S
[697/1057] Compiling aesv8-armv8-linux.S
[698/1057] Compiling aesni-x86_64-linux.S
[699/1057] Compiling aesni-x86_64-apple.S
[700/1057] Compiling aesv8-armv7-linux.S
[701/1057] Compiling aesni-gcm-x86_64-linux.S
[702/1057] Compiling aesni-x86-apple.S
[703/1057] Compiling aesni-x86-linux.S
[704/1057] Compiling aesni-gcm-x86_64-apple.S
[705/1057] Compiling aes-gcm-avx512-x86_64-apple.S
[706/1057] Compiling aes-gcm-avx512-x86_64-linux.S
[707/1057] Compiling aes-gcm-avx2-x86_64-linux.S
[708/1057] Compiling aes-gcm-avx2-x86_64-apple.S
[709/1057] Compiling xwing.cc
[710/1057] Compiling x_x509a.cc
[711/1057] Compiling x_x509.cc
[712/1057] Compiling x_sig.cc
[713/1057] Compiling x_spki.cc
[714/1057] Compiling x_req.cc
[715/1057] Compiling x_exten.cc
[716/1057] Compiling x_all.cc
[717/1057] Compiling x_name.cc
[718/1057] Compiling x_pubkey.cc
[719/1057] Compiling x_crl.cc
[720/1057] Compiling x_attrib.cc
[721/1057] Compiling x509spki.cc
[731/1057] Compiling x509_vpm.cc
[732/1057] Compiling x509rset.cc
[733/1057] Compiling x_algor.cc
[734/1057] Compiling x509_v3.cc
[735/1057] Compiling x509cset.cc
[736/1057] Compiling x509name.cc
[737/1057] Compiling x509_set.cc
[738/1057] Compiling x509_vfy.cc
[739/1057] Compiling bcm.cc
[740/1057] Compiling x509_txt.cc
[741/1057] Compiling x509_trs.cc
[742/1065] Compiling x509_ext.cc
[743/1065] Compiling x509_obj.cc
[744/1065] Compiling x509_d2.cc
[745/1065] Compiling x509_req.cc
[747/1065] Compiling CryptoBoringWrapper CryptoKitErrors_boring.swift
[748/1066] Compiling CryptoBoringWrapper EllipticCurve.swift
[749/1066] Compiling CryptoBoringWrapper EllipticCurvePoint.swift
[749/1066] Compiling x509_lu.cc
[751/1066] Emitting module CryptoBoringWrapper
[752/1066] Compiling CryptoBoringWrapper BoringSSLAEAD.swift
[753/1066] Compiling CryptoBoringWrapper RandomBytes.swift
[754/1066] Compiling CryptoBoringWrapper Data+Span.swift
[755/1066] Compiling CryptoBoringWrapper FiniteFieldArithmeticContext.swift
[755/1066] Compiling x509_att.cc
[756/1066] Compiling x509_def.cc
[758/1066] Compiling HTTPTypes HTTPField.swift
[759/1066] Compiling HTTPTypes HTTPFieldName.swift
[760/1066] Compiling HTTPTypes HTTP2ErrorCode.swift
[761/1066] Compiling HTTPTypes HTTP3ErrorCode.swift
[761/1067] Compiling v3_skey.cc
[762/1067] Compiling x509.cc
[764/1067] Compiling CryptoBoringWrapper ArbitraryPrecisionInteger.swift
[766/1068] Emitting module HTTPTypes
[767/1068] Compiling HTTPTypes HTTPFieldValue.swift
[767/1068] Compiling v3_prn.cc
[768/1068] Compiling x509_cmp.cc
[769/1154] Compiling v3_pmaps.cc
[770/1154] Compiling v3_utl.cc
[772/1154] Compiling HTTPTypes HTTPResponse.swift
[772/1154] Compiling v3_purp.cc
[773/1154] Compiling v3_ncons.cc
[774/1154] Compiling v3_pcons.cc
[776/1154] Compiling Crypto HPKE-Utils.swift
[777/1154] Compiling Crypto DHKEM.swift
[778/1154] Compiling Crypto HPKE-KEM-Curve25519.swift
[779/1154] Compiling Crypto HPKE-NIST-EC-KEMs.swift
[780/1154] Compiling Crypto HPKE-KEM.swift
[781/1154] Compiling Crypto HPKE-Errors.swift
[782/1154] Compiling Crypto HPKE.swift
[783/1154] Compiling Crypto HPKE-Context.swift
[784/1154] Compiling Crypto HPKE-KeySchedule.swift
[785/1154] Compiling Crypto HPKE-Modes.swift
[786/1154] Compiling Crypto Insecure.swift
[787/1154] Compiling Crypto Insecure_HashFunctions.swift
[787/1166] Compiling v3_ocsp.cc
[788/1166] Compiling v3_lib.cc
[789/1166] Compiling v3_int.cc
[790/1166] Compiling v3_ia5.cc
[792/1166] Compiling HTTPTypes HTTPFields.swift
[793/1166] Compiling HTTPTypes HTTPRequest.swift
[794/1166] Compiling HTTPTypes HTTPParsedFields.swift
[795/1166] Compiling HTTPTypes HTTPRequest+URL.swift
[796/1167] Compiling v3_info.cc
[797/1167] Compiling v3_enum.cc
[798/1167] Wrapping AST for HTTPTypes for debugging
[800/1167] Compiling Crypto AESWrap.swift
[801/1167] Compiling Crypto AESWrap_boring.swift
[802/1167] Compiling Crypto Ed25519_boring.swift
[803/1167] Compiling Crypto NISTCurvesKeys_boring.swift
[804/1167] Compiling Crypto X25519Keys_boring.swift
[805/1167] Compiling Crypto Curve25519.swift
[806/1167] Compiling Crypto Ed25519Keys.swift
[807/1167] Compiling Crypto NISTCurvesKeys.swift
[808/1167] Compiling Crypto X25519Keys.swift
[809/1167] Compiling Crypto SymmetricKeys.swift
[810/1167] Compiling Crypto HMAC.swift
[811/1167] Compiling Crypto MACFunctions.swift
[812/1231] Compiling OpenAPIRuntime OpenAPIMIMEType+Multipart.swift
[813/1231] Compiling OpenAPIRuntime URICodeCodingKey.swift
[814/1231] Compiling OpenAPIRuntime URICoderConfiguration.swift
[815/1231] Compiling OpenAPIRuntime URIEncodedNode.swift
[816/1231] Compiling OpenAPIRuntime URIParsedTypes.swift
[817/1231] Compiling OpenAPIRuntime URIDecoder.swift
[818/1231] Compiling OpenAPIRuntime URIValueFromNodeDecoder+Keyed.swift
[819/1231] Compiling OpenAPIRuntime URIValueFromNodeDecoder+Single.swift
[820/1231] Compiling OpenAPIRuntime URIValueFromNodeDecoder+Unkeyed.swift
[820/1231] Compiling v3_genn.cc
[821/1231] Compiling v3_extku.cc
[823/1231] Compiling OpenAPIRuntime CurrencyTypes.swift
[824/1231] Compiling OpenAPIRuntime ErrorHandlingMiddleware.swift
[825/1231] Compiling OpenAPIRuntime HTTPBody.swift
[826/1231] Compiling OpenAPIRuntime QuerySpaceNormalizingMiddleware.swift
[827/1231] Compiling OpenAPIRuntime SendableMetatype.swift
[828/1231] Compiling OpenAPIRuntime ServerTransport.swift
[829/1231] Compiling OpenAPIRuntime UniversalClient.swift
[830/1231] Compiling OpenAPIRuntime UniversalServer.swift
[831/1231] Compiling OpenAPIRuntime MultipartBoundaryGenerator.swift
[832/1231] Compiling OpenAPIRuntime MultipartBytesToFramesSequence.swift
[833/1231] Compiling OpenAPIRuntime MultipartFramesToBytesSequence.swift
[834/1231] Compiling OpenAPIRuntime MultipartFramesToRawPartsSequence.swift
[835/1231] Emitting module Crypto
[835/1231] Compiling v3_cpols.cc
[836/1231] Compiling v3_crld.cc
[837/1231] Compiling v3_bitst.cc
[839/1231] Compiling OpenAPIRuntime Acceptable.swift
[840/1231] Compiling OpenAPIRuntime Base64EncodedData.swift
[841/1231] Compiling OpenAPIRuntime ByteUtilities.swift
[842/1231] Compiling OpenAPIRuntime ContentDisposition.swift
[843/1231] Compiling OpenAPIRuntime CopyOnWriteBox.swift
[844/1231] Compiling OpenAPIRuntime Lock.swift
[845/1231] Compiling OpenAPIRuntime OpenAPIMIMEType.swift
[846/1231] Compiling OpenAPIRuntime OpenAPIValue.swift
[847/1231] Compiling OpenAPIRuntime PrettyStringConvertible.swift
[848/1231] Compiling OpenAPIRuntime ErrorExtensions.swift
[849/1231] Compiling OpenAPIRuntime FoundationExtensions.swift
[850/1231] Compiling OpenAPIRuntime ParameterStyles.swift
[851/1231] Compiling OpenAPIRuntime ServerVariable.swift
[852/1231] Compiling Crypto CryptoKitErrors_boring.swift
[853/1231] Compiling Crypto InlineArray+withBytes_boring.swift
[854/1231] Compiling Crypto Optional+withUnsafeBytes_boring.swift
[855/1231] Compiling Crypto RNG_boring.swift
[856/1231] Compiling Crypto SafeCompare_boring.swift
[857/1231] Compiling Crypto Zeroization_boring.swift
[858/1231] Compiling Crypto _CryptoModuleAnchor.swift
[859/1231] Compiling Crypto Data+ArraySpan.swift
[860/1231] Compiling Crypto PrettyBytes.swift
[861/1231] Compiling Crypto SafeCompare.swift
[862/1231] Compiling Crypto SecureBytes.swift
[863/1231] Compiling Crypto Zeroization.swift
[863/1231] Compiling v3_akeya.cc
[864/1231] Compiling v3_conf.cc
[866/1231] Compiling Crypto MessageAuthenticationCode.swift
[867/1231] Compiling Crypto AES.swift
[868/1231] Compiling Crypto ECDSASignature_boring.swift
[869/1231] Compiling Crypto ECDSA_boring.swift
[870/1231] Compiling Crypto EdDSA_boring.swift
[871/1231] Compiling Crypto MLDSA_boring.swift
[872/1231] Compiling Crypto MLDSA_wrapper.swift
[873/1231] Compiling Crypto ECDSA.swift
[874/1231] Compiling Crypto Ed25519.swift
[875/1231] Compiling Crypto MLDSA.swift
[876/1231] Compiling Crypto Signature.swift
[877/1231] Compiling Crypto ArraySpanHelpers.swift
[878/1231] Compiling OpenAPIRuntime MultipartInternalTypes.swift
[879/1231] Compiling OpenAPIRuntime MultipartPublicTypes.swift
[880/1231] Compiling OpenAPIRuntime MultipartPublicTypesExtensions.swift
[881/1231] Compiling OpenAPIRuntime MultipartRawPartsToFramesSequence.swift
[882/1231] Compiling OpenAPIRuntime MultipartValidation.swift
[892/1231] Compiling Crypto ArraySliceBigint.swift
[893/1231] Compiling Crypto GeneralizedTime.swift
[894/1231] Compiling Crypto ObjectIdentifier.swift
[895/1231] Compiling Crypto ECDSASignature.swift
[896/1231] Compiling Crypto PEMDocument.swift
[897/1231] Compiling Crypto PKCS8PrivateKey.swift
[898/1231] Compiling Crypto SEC1PrivateKey.swift
[899/1231] Compiling Crypto SubjectPublicKeyInfo.swift
[900/1231] Compiling Crypto CryptoError_boring.swift
[901/1231] Compiling Crypto CryptoKitErrors.swift
[902/1232] Compiling v3_bcons.cc
[903/1232] Compiling t_x509a.cc
[904/1232] Compiling v3_akey.cc
[910/1232] Compiling OpenAPIRuntime URLExtensions.swift
[911/1232] Compiling OpenAPIRuntime Deprecated.swift
[912/1232] Compiling OpenAPIRuntime ClientError.swift
[913/1232] Compiling OpenAPIRuntime CodingErrors.swift
[914/1232] Compiling OpenAPIRuntime RuntimeError.swift
[915/1240] Emitting module OpenAPIRuntime
[915/1240] Compiling v3_alt.cc
[935/1240] Compiling OpenAPIRuntime ClientTransport.swift
[943/1240] Compiling t_x509.cc
[945/1240] Compiling OpenAPIRuntime ServerError.swift
[946/1240] Compiling OpenAPIRuntime JSONLinesDecoding.swift
[947/1240] Compiling OpenAPIRuntime JSONLinesEncoding.swift
[948/1240] Compiling OpenAPIRuntime JSONSequenceDecoding.swift
[949/1240] Compiling OpenAPIRuntime JSONSequenceEncoding.swift
[950/1240] Compiling OpenAPIRuntime ServerSentEvents.swift
[951/1240] Compiling OpenAPIRuntime ServerSentEventsDecoding.swift
[952/1240] Compiling OpenAPIRuntime ServerSentEventsEncoding.swift
[953/1240] Compiling OpenAPIRuntime AsyncSequenceCommon.swift
[954/1240] Compiling OpenAPIRuntime UndocumentedPayload.swift
[955/1240] Compiling OpenAPIRuntime WarningSuppressingAnnotations.swift
[956/1240] Compiling OpenAPIRuntime CodableExtensions.swift
[957/1240] Compiling OpenAPIRuntime Configuration.swift
[958/1240] Compiling OpenAPIRuntime Converter+Client.swift
[959/1240] Compiling OpenAPIRuntime Converter+Common.swift
[960/1240] Compiling OpenAPIRuntime Converter+Server.swift
[961/1240] Compiling OpenAPIRuntime Converter.swift
[962/1240] Compiling OpenAPIRuntime CurrencyExtensions.swift
[962/1240] Compiling t_crl.cc
[963/1240] Compiling i2d_pr.cc
[964/1240] Compiling t_req.cc
[965/1240] Compiling rsa_pss.cc
[966/1240] Compiling policy.cc
[976/1240] Compiling asn1_gen.cc
[977/1240] Compiling name_print.cc
[979/1240] Compiling OpenAPIRuntime URIValueFromNodeDecoder.swift
[980/1240] Compiling OpenAPIRuntime URIEncoder.swift
[981/1240] Compiling OpenAPIRuntime URIValueToNodeEncoder+Keyed.swift
[982/1240] Compiling OpenAPIRuntime URIValueToNodeEncoder+Single.swift
[983/1240] Compiling OpenAPIRuntime URIValueToNodeEncoder+Unkeyed.swift
[984/1240] Compiling OpenAPIRuntime URIValueToNodeEncoder.swift
[985/1240] Compiling OpenAPIRuntime URIParser.swift
[986/1240] Compiling OpenAPIRuntime URISerializer.swift
[987/1241] Wrapping AST for OpenAPIRuntime for debugging
[988/1241] Compiling voprf.cc
[989/1241] Compiling a_verify.cc
[990/1241] Compiling by_file.cc
[991/1241] Compiling by_dir.cc
[992/1241] Compiling a_sign.cc
[993/1241] Compiling pmbtoken.cc
[994/1241] Compiling algorithm.cc
[995/1241] Compiling thread.cc
[996/1241] Compiling a_digest.cc
[997/1241] Compiling trust_token.cc
[998/1241] Compiling thread_pthread.cc
[999/1241] Compiling thread_win.cc
[1000/1241] Compiling siphash.cc
[1001/1241] Compiling thread_none.cc
[1002/1241] Compiling sha512.cc
[1003/1241] Compiling stack.cc
[1004/1241] Compiling rsa_print.cc
[1005/1241] Compiling slhdsa.cc
[1006/1241] Compiling spake2plus.cc
[1007/1241] Compiling sha256.cc
[1008/1241] Compiling rsa_extra.cc
[1009/1241] Compiling sha1.cc
[1010/1241] Compiling rsa_asn1.cc
[1011/1241] Compiling rand.cc
[1012/1241] Compiling rsa_crypt.cc
[1013/1241] Compiling rc4.cc
[1014/1241] Compiling refcount.cc
[1015/1241] Compiling trusty.cc
[1016/1241] Compiling getentropy.cc
[1017/1241] Compiling windows.cc
[1018/1241] Compiling urandom.cc
[1019/1241] Compiling ios.cc
[1020/1241] Compiling poly1305_arm_asm.S
[1021/1241] Compiling passive.cc
[1022/1241] Compiling forkunsafe.cc
[1023/1241] Compiling poly1305_arm.cc
[1024/1241] Compiling poly1305.cc
[1025/1241] Compiling deterministic.cc
[1026/1241] Compiling pool.cc
[1027/1241] Compiling fork_detect.cc
[1028/1241] Compiling poly1305_vec.cc
[1029/1241] Compiling p5_pbev2.cc
[1030/1241] Compiling pkcs8_x509.cc
[1031/1241] Compiling pem_xaux.cc
[1032/1241] Compiling pem_x509.cc
[1033/1241] Compiling pkcs7.cc
[1034/1241] Compiling pkcs8.cc
[1035/1241] Compiling pkcs7_x509.cc
[1036/1241] Compiling pem_all.cc
[1037/1241] Compiling pem_pkey.cc
[1038/1241] Compiling mlkem.cc
[1039/1241] Compiling pem_oth.cc
[1040/1241] Compiling pem_pk8.cc
[1041/1241] Compiling mldsa.cc
[1042/1241] Compiling obj_xref.cc
[1043/1241] Compiling pem_lib.cc
[1044/1241] Compiling md5.cc
[1045/1241] Compiling pem_info.cc
[1046/1241] Compiling poly_rq_mul.S
[1047/1241] Compiling hrss.cc
[1048/1241] Compiling hpke.cc
[1049/1241] Compiling fips_shared_support.cc
[1050/1241] Compiling obj.cc
[1051/1241] Compiling fuzzer_mode.cc
[1052/1241] Compiling mem.cc
[1053/1241] Compiling lhash.cc
[1054/1241] Compiling md4.cc
[1055/1241] Compiling ex_data.cc
[1056/1241] Compiling kyber.cc
[1057/1241] Compiling print.cc
[1058/1241] Compiling sign.cc
[1059/1241] Compiling scrypt.cc
[1060/1241] Compiling p_rsa.cc
[1061/1241] Compiling p_x25519.cc
[1062/1241] Compiling pbkdf.cc
[1063/1241] Compiling p_hkdf.cc
[1064/1241] Compiling p_ed25519_asn1.cc
[1065/1241] Compiling p_dsa_asn1.cc
[1066/1241] Compiling p_x25519_asn1.cc
[1067/1241] Compiling p_rsa_asn1.cc
[1068/1241] Compiling p_ec.cc
[1069/1241] Compiling p_ed25519.cc
[1070/1241] Compiling p_dh_asn1.cc
[1071/1241] Compiling evp_ctx.cc
[1072/1241] Compiling p_ec_asn1.cc
[1073/1241] Compiling p_dh.cc
[1074/1241] Compiling engine.cc
[1075/1241] Compiling evp_asn1.cc
[1076/1241] Compiling evp.cc
[1077/1241] Compiling hash_to_curve.cc
[1078/1241] Compiling ecdsa_p1363.cc
[1079/1241] Compiling err.cc
[1080/1241] Compiling ecdh.cc
[1081/1241] Compiling ec_asn1.cc
[1082/1241] Compiling dsa.cc
[1082/1241] Compiling ec_derive.cc
[1084/1241] Compiling ecdsa_asn1.cc
[1085/1241] Compiling params.cc
[1086/1241] Compiling digest_extra.cc
[1087/1241] Compiling dsa_asn1.cc
[1106/1241] Compiling x25519-asm-arm.S
[1107/1241] Compiling curve25519_64_adx.cc
[1108/1241] Compiling des.cc
[1108/1241] Compiling crypto.cc
[1110/1241] Compiling dh_asn1.cc
[1111/1241] Compiling spake25519.cc
[1112/1241] Compiling cpu_arm_freebsd.cc
[1113/1241] Compiling curve25519.cc
[1114/1241] Compiling cpu_arm_linux.cc
[1115/1241] Compiling cpu_intel.cc
[1116/1241] Compiling cpu_aarch64_win.cc
[1117/1241] Compiling cpu_aarch64_openbsd.cc
[1118/1241] Compiling conf.cc
[1119/1241] Compiling cpu_aarch64_sysreg.cc
[1120/1241] Compiling cms.cc
[1121/1241] Compiling tls_cbc.cc
[1122/1241] Compiling cpu_aarch64_linux.cc
[1123/1241] Compiling cpu_aarch64_apple.cc
[1124/1241] Compiling e_rc4.cc
[1125/1241] Compiling cpu_aarch64_fuchsia.cc
[1126/1241] Compiling e_tls.cc
[1127/1241] Compiling get_cipher.cc
[1128/1241] Compiling e_null.cc
[1129/1241] Compiling e_chacha20poly1305.cc
[1130/1241] Compiling e_rc2.cc
[1131/1241] Compiling e_des.cc
[1132/1241] Compiling e_aesctrhmac.cc
[1133/1241] Compiling e_aeseax.cc
[1134/1241] Compiling e_aesgcmsiv.cc
[1135/1241] Compiling cbs.cc
[1136/1241] Compiling unicode.cc
[1137/1241] Compiling cbb.cc
[1138/1241] Compiling derive_key.cc
[1139/1241] Compiling chacha.cc
[1140/1241] Compiling asn1_compat.cc
[1141/1241] Compiling buf.cc
[1142/1241] Compiling ber.cc
[1143/1241] Compiling sqrt.cc
[1144/1241] Compiling blake2.cc
[1153/1241] Compiling convert.cc
[1154/1241] Compiling bn_asn1.cc
[1155/1242] Compiling div.cc
[1156/1242] Compiling exponentiation.cc
[1158/1242] Compiling hexdump.cc
[1159/1243] Compiling pair.cc
[1160/1284] Compiling fd.cc
[1161/1284] Compiling file.cc
[1162/1301] Compiling printf.cc
[1163/1301] Wrapping AST for SwiftSyntax for debugging
[1165/1301] Compiling SwiftBasicFormat Syntax+Extensions.swift
[1165/1301] Compiling errno.cc
[1166/1301] Compiling bio.cc
[1167/1301] Compiling tasn_typ.cc
[1169/1301] Compiling SwiftDiagnostics Message.swift
[1170/1302] Compiling SwiftDiagnostics Note.swift
[1171/1302] Compiling SwiftDiagnostics Convenience.swift
[1172/1302] Compiling SwiftDiagnostics Diagnostic.swift
[1173/1302] Compiling SwiftBasicFormat SyntaxProtocol+Formatted.swift
[1174/1302] Emitting module SwiftDiagnostics
[1175/1302] Compiling SwiftDiagnostics ANSIDiagnosticDecorator.swift
[1176/1302] Compiling SwiftDiagnostics BasicDiagnosticDecorator.swift
[1177/1302] Compiling SwiftBasicFormat Trivia+FormatExtensions.swift
[1178/1302] Compiling SwiftBasicFormat InferIndentation.swift
[1178/1302] Compiling bio_mem.cc
[1180/1302] Compiling SwiftDiagnostics FixIt.swift
[1181/1302] Compiling SwiftDiagnostics GroupedDiagnostics.swift
[1182/1302] Compiling SwiftBasicFormat Indenter.swift
[1183/1302] Compiling SwiftDiagnostics DiagnosticsFormatter.swift
[1184/1302] Compiling SwiftDiagnostics DiagnosticDecorator.swift
[1185/1303] Compiling base64.cc
[1187/1303] Compiling SwiftParser Lexeme.swift
[1188/1303] Compiling SwiftParser LexemeSequence.swift
[1189/1303] Compiling SwiftParser Lexer.swift
[1190/1303] Compiling SwiftParser RegexLiteralLexer.swift
[1191/1303] Compiling SwiftParser UnicodeScalarExtensions.swift
[1192/1303] Compiling SwiftParser Lookahead.swift
[1192/1308] Wrapping AST for SwiftDiagnostics for debugging
[1194/1308] Compiling SwiftParser LoopProgressCondition.swift
[1195/1308] Compiling SwiftParser Modifiers.swift
[1196/1308] Compiling SwiftParser Names.swift
[1197/1308] Compiling SwiftParser Nominals.swift
[1198/1308] Compiling SwiftParser Parameters.swift
[1199/1308] Compiling SwiftParser ParseSourceFile.swift
[1200/1308] Compiling SwiftParser StringLiterals.swift
[1201/1308] Compiling SwiftParser SwiftParserCompatibility.swift
[1202/1308] Compiling SwiftParser SwiftVersion.swift
[1203/1308] Compiling SwiftParser SyntaxUtils.swift
[1204/1308] Compiling SwiftParser TokenConsumer.swift
[1205/1308] Compiling SwiftParser TokenPrecedence.swift
[1205/1308] Compiling tasn_enc.cc
[1207/1308] Compiling SwiftBasicFormat BasicFormat.swift
[1208/1308] Emitting module SwiftBasicFormat
[1209/1309] Wrapping AST for SwiftBasicFormat for debugging
[1210/1309] Compiling tasn_fre.cc
[1211/1309] Compiling tasn_utl.cc
[1212/1309] Compiling f_int.cc
[1213/1309] Compiling tasn_new.cc
[1215/1309] Compiling SwiftParser Directives.swift
[1216/1309] Compiling SwiftParser ExpressionInterpretedAsVersionTuple.swift
[1217/1309] Compiling SwiftParser Expressions.swift
[1218/1309] Compiling SwiftParser IncrementalParseTransition.swift
[1219/1309] Compiling SwiftParser IsValidIdentifier.swift
[1220/1309] Compiling SwiftParser Cursor.swift
[1220/1309] Compiling f_string.cc
[1221/1309] Compiling asn1_par.cc
[1222/1309] Compiling posix_time.cc
[1223/1309] Compiling a_type.cc
[1224/1309] Compiling asn_pack.cc
[1225/1309] Compiling tasn_dec.cc
[1226/1309] Compiling a_time.cc
[1232/1309] Compiling SwiftParser CompilerFiles.swift
[1233/1309] Compiling SwiftParser Declarations.swift
[1234/1309] Emitting module SwiftParser
[1234/1309] Compiling a_utctm.cc
[1235/1309] Compiling a_strnid.cc
[1236/1309] Compiling asn1_lib.cc
[1238/1309] Compiling SwiftParser Parser.swift
[1239/1309] Compiling SwiftParser Patterns.swift
[1240/1309] Compiling SwiftParser Recovery.swift
[1241/1309] Compiling SwiftParser Specifiers.swift
[1242/1309] Compiling SwiftParser Statements.swift
[1243/1309] Compiling SwiftParser StringLiteralRepresentedLiteralValue.swift
[1243/1309] Compiling a_i2d_fp.cc
[1244/1309] Compiling a_octet.cc
[1245/1309] Compiling a_gentm.cc
[1246/1309] Compiling a_dup.cc
[1248/1309] Compiling SwiftParser TokenSpec.swift
[1249/1309] Compiling SwiftParser TokenSpecSet.swift
[1250/1309] Compiling SwiftParser TopLevel.swift
[1251/1309] Compiling SwiftParser TriviaParser.swift
[1252/1309] Compiling SwiftParser Types.swift
[1252/1309] Compiling a_strex.cc
[1253/1309] Compiling a_d2i_fp.cc
[1254/1309] Compiling a_object.cc
[1255/1309] Compiling a_mbstr.cc
[1256/1309] Compiling a_int.cc
[1257/1309] Compiling a_bool.cc
[1258/1309] Compiling aes.cc
[1260/1309] Compiling SwiftParser ExperimentalFeatures.swift
[1261/1309] Compiling SwiftParser IsLexerClassified.swift
[1262/1309] Compiling SwiftParser LayoutNodes+Parsable.swift
[1263/1309] Compiling SwiftParser Parser+TokenSpecSet.swift
[1264/1309] Compiling SwiftParser TokenSpecStaticMembers.swift
[1265/1310] Compiling a_bitstr.cc
[1266/1310] Wrapping AST for SwiftParser for debugging
[1268/1333] Compiling SwiftParserDiagnostics DiagnosticExtensions.swift
[1269/1333] Compiling SwiftParserDiagnostics LexerDiagnosticMessages.swift
[1270/1334] Compiling SwiftParserDiagnostics SyntaxKindNameForDiagnostics.swift
[1270/1335] Compiling bcm.cc
[1272/1335] Compiling SwiftOperators PrecedenceGroup.swift
[1273/1335] Compiling SwiftOperators PrecedenceGraph.swift
[1274/1335] Compiling SwiftOperators OperatorTable.swift
[1275/1335] Compiling SwiftParserDiagnostics TokenNameForDiagnostics.swift
[1276/1335] Compiling SwiftOperators SyntaxSynthesis.swift
[1277/1343] Compiling SwiftOperators OperatorTable+Semantics.swift
[1278/1343] Emitting module SwiftOperators
[1279/1343] Emitting module SwiftParserDiagnostics
[1280/1343] Compiling SwiftParserDiagnostics MissingNodesError.swift
[1281/1343] Compiling SwiftParserDiagnostics MissingTokenError.swift
[1282/1343] Compiling SwiftOperators OperatorTable+Folding.swift
[1283/1344] Wrapping AST for SwiftOperators for debugging
[1285/1344] Compiling SwiftParserDiagnostics SyntaxExtensions.swift
[1286/1344] Compiling SwiftParserDiagnostics Utils.swift
[1287/1344] Compiling SwiftParserDiagnostics ChildNameForDiagnostics.swift
[1288/1344] Compiling SwiftParserDiagnostics ParserDiagnosticMessages.swift
[1289/1344] Compiling SwiftParserDiagnostics PresenceUtils.swift
[1290/1344] Compiling CryptoBoringWrapper Data+Span.swift
[1291/1344] Compiling CryptoBoringWrapper FiniteFieldArithmeticContext.swift
[1292/1345] Compiling CryptoBoringWrapper CryptoKitErrors_boring.swift
[1293/1345] Compiling CryptoBoringWrapper BoringSSLAEAD.swift
[1294/1345] Compiling CryptoBoringWrapper EllipticCurve.swift
[1295/1345] Emitting module CryptoBoringWrapper
[1298/1345] Compiling CryptoBoringWrapper ArbitraryPrecisionInteger.swift
[1299/1345] Compiling CryptoBoringWrapper EllipticCurvePoint.swift
[1300/1345] Compiling CryptoBoringWrapper RandomBytes.swift
[1301/1346] Wrapping AST for CryptoBoringWrapper for debugging
[1303/1432] Compiling Crypto ChaChaPoly_boring.swift
[1304/1432] Compiling Crypto ChaChaPoly.swift
[1305/1432] Compiling Crypto Cipher.swift
[1306/1432] Compiling Crypto Nonces.swift
[1307/1433] Wrapping AST for SwiftParserDiagnostics for debugging
[1309/1448] Compiling SwiftSyntaxBuilder Indenter.swift
[1310/1448] Compiling SwiftSyntaxBuilder ListBuilder.swift
[1311/1449] Compiling SwiftSyntaxBuilder SyntaxExpressibleByStringInterpolationConformances.swift
[1312/1449] Compiling Crypto Digest_boring.swift
[1313/1449] Compiling Crypto Digest.swift
[1314/1449] Compiling Crypto Digests.swift
[1315/1449] Compiling Crypto HashFunctions.swift
[1316/1449] Compiling Crypto HashFunctions_SHA2.swift
[1317/1449] Compiling Crypto HashFunctions_SHA3.swift
[1318/1449] Compiling Crypto Digest_xkcp.swift
[1319/1449] Compiling Crypto HPKE-AEAD.swift
[1320/1449] Compiling Crypto HPKE-Ciphersuite.swift
[1321/1449] Compiling Crypto HPKE-KDF.swift
[1322/1449] Compiling Crypto HPKE-KexKeyDerivation.swift
[1323/1449] Compiling Crypto HPKE-LabeledExtract.swift
[1324/1461] Compiling Crypto HPKE-Utils.swift
[1325/1461] Compiling Crypto DHKEM.swift
[1326/1461] Compiling Crypto HPKE-KEM-Curve25519.swift
[1327/1461] Compiling Crypto HPKE-NIST-EC-KEMs.swift
[1328/1461] Compiling Crypto HPKE-KEM.swift
[1329/1461] Compiling Crypto HPKE-Errors.swift
[1330/1461] Compiling Crypto HPKE.swift
[1331/1461] Compiling Crypto HPKE-Context.swift
[1332/1461] Compiling Crypto HPKE-KeySchedule.swift
[1333/1461] Compiling Crypto HPKE-Modes.swift
[1334/1461] Compiling Crypto Insecure.swift
[1335/1461] Compiling Crypto Insecure_HashFunctions.swift
[1336/1461] Compiling SwiftSyntaxBuilder ConvenienceInitializers.swift
[1337/1461] Compiling SwiftSyntaxBuilder DeclSyntaxParseable.swift
[1338/1461] Compiling SwiftSyntaxBuilder SyntaxParsable+ExpressibleByStringInterpolation.swift
[1339/1461] Compiling SwiftSyntaxBuilder ValidatingSyntaxNodes.swift
[1340/1461] Emitting module SwiftSyntaxBuilder
[1341/1461] Emitting module Crypto
[1342/1461] Compiling SwiftSyntaxBuilder Syntax+StringInterpolation.swift
[1343/1461] Compiling SwiftSyntaxBuilder SyntaxNodeWithBody.swift
[1344/1461] Compiling Crypto AESWrap.swift
[1345/1461] Compiling Crypto AESWrap_boring.swift
[1346/1461] Compiling Crypto Ed25519_boring.swift
[1347/1461] Compiling Crypto NISTCurvesKeys_boring.swift
[1348/1461] Compiling Crypto X25519Keys_boring.swift
[1349/1461] Compiling Crypto Curve25519.swift
[1350/1461] Compiling Crypto Ed25519Keys.swift
[1351/1461] Compiling Crypto NISTCurvesKeys.swift
[1352/1461] Compiling Crypto X25519Keys.swift
[1353/1461] Compiling Crypto SymmetricKeys.swift
[1354/1461] Compiling Crypto HMAC.swift
[1355/1461] Compiling Crypto MACFunctions.swift
[1356/1461] Compiling Crypto CryptoKitErrors_boring.swift
[1357/1461] Compiling Crypto InlineArray+withBytes_boring.swift
[1358/1461] Compiling Crypto Optional+withUnsafeBytes_boring.swift
[1359/1461] Compiling Crypto RNG_boring.swift
[1360/1461] Compiling Crypto SafeCompare_boring.swift
[1361/1461] Compiling Crypto Zeroization_boring.swift
[1362/1461] Compiling Crypto _CryptoModuleAnchor.swift
[1363/1461] Compiling Crypto Data+ArraySpan.swift
[1364/1461] Compiling Crypto PrettyBytes.swift
[1365/1461] Compiling Crypto SafeCompare.swift
[1366/1461] Compiling Crypto SecureBytes.swift
[1367/1461] Compiling Crypto Zeroization.swift
[1368/1461] Compiling SwiftSyntaxBuilder ResultBuilderExtensions.swift
[1369/1461] Compiling SwiftSyntaxBuilder SwiftSyntaxBuilderCompatibility.swift
[1370/1461] Compiling SwiftSyntaxBuilder RenamedChildrenBuilderCompatibility.swift
[1371/1461] Compiling SwiftSyntaxBuilder ResultBuilders.swift
[1372/1461] Compiling SwiftSyntaxBuilder WithTrailingCommaSyntax+EnsuringTrailingComma.swift
[1373/1461] Compiling SwiftSyntaxBuilder BuildableNodes.swift
[1388/1462] Compiling Crypto ASN1Strings.swift
[1389/1462] Compiling Crypto ArraySliceBigint.swift
[1390/1462] Compiling Crypto GeneralizedTime.swift
[1391/1462] Compiling Crypto ObjectIdentifier.swift
[1392/1462] Compiling Crypto ECDSASignature.swift
[1393/1462] Compiling Crypto PEMDocument.swift
[1394/1462] Compiling Crypto PKCS8PrivateKey.swift
[1395/1462] Compiling Crypto SEC1PrivateKey.swift
[1396/1462] Compiling Crypto SubjectPublicKeyInfo.swift
[1397/1462] Compiling Crypto CryptoError_boring.swift
[1398/1462] Compiling Crypto CryptoKitErrors.swift
[1399/1468] Wrapping AST for SwiftSyntaxBuilder for debugging
[1401/1477] Compiling SwiftIfConfig SyntaxProtocol+IfConfig.swift
[1402/1477] Compiling SwiftIfConfig VersionTuple+Parsing.swift
[1403/1478] Compiling SwiftIfConfig IfConfigDiagnostic.swift
[1404/1478] Compiling SwiftIfConfig IfConfigEvaluation.swift
[1405/1478] Compiling SwiftIfConfig StaticBuildConfiguration.swift
[1406/1478] Compiling SwiftIfConfig SyntaxLiteralUtils.swift
[1407/1478] Compiling SwiftIfConfig IfConfigFunctions.swift
[1408/1478] Compiling SwiftIfConfig IfConfigRegionState.swift
[1409/1478] Compiling SwiftIfConfig VersionTuple.swift
[1410/1478] Compiling Crypto MessageAuthenticationCode.swift
[1411/1478] Compiling Crypto AES.swift
[1412/1478] Compiling Crypto ECDSASignature_boring.swift
[1413/1478] Compiling Crypto ECDSA_boring.swift
[1414/1478] Compiling Crypto EdDSA_boring.swift
[1415/1478] Compiling Crypto MLDSA_boring.swift
[1416/1478] Compiling Crypto MLDSA_wrapper.swift
[1417/1478] Compiling Crypto ECDSA.swift
[1418/1478] Compiling Crypto Ed25519.swift
[1419/1478] Compiling Crypto MLDSA.swift
[1420/1478] Compiling Crypto Signature.swift
[1421/1478] Compiling Crypto ArraySpanHelpers.swift
[1422/1478] Compiling SwiftIfConfig ActiveClauseEvaluator.swift
[1423/1478] Compiling SwiftIfConfig ActiveSyntaxRewriter.swift
[1424/1478] Compiling SwiftIfConfig ActiveSyntaxVisitor.swift
[1425/1478] Compiling SwiftIfConfig BuildConfiguration.swift
[1426/1478] Emitting module SwiftIfConfig
[1427/1478] Compiling SwiftIfConfig ConfiguredRegions.swift
[1428/1478] Compiling SwiftIfConfig IfConfigDecl+IfConfig.swift
[1429/1479] Wrapping AST for SwiftIfConfig for debugging
[1431/1496] Compiling Crypto MLKEM_boring.swift
[1432/1496] Compiling Crypto MLKEM_wrapper.swift
[1433/1496] Compiling Crypto XWing_boring.swift
[1434/1496] Compiling Crypto KEM-Errors.swift
[1435/1496] Compiling Crypto KEM.swift
[1436/1496] Compiling Crypto MLKEM.swift
[1437/1496] Compiling Crypto XWing.swift
[1438/1496] Compiling Crypto ECDH_boring.swift
[1439/1496] Compiling Crypto DH.swift
[1440/1496] Compiling Crypto ECDH.swift
[1441/1496] Compiling Crypto ANSIx963.swift
[1442/1496] Compiling Crypto HKDF.swift
[1443/1497] Compiling SwiftSyntaxMacros CodeItemMacro.swift
[1444/1497] Compiling SwiftSyntaxMacros DeclarationMacro.swift
[1446/1499] Compiling SwiftSyntaxMacros AccessorMacro.swift
[1447/1499] Compiling SwiftSyntaxMacros AttachedMacro.swift
[1448/1499] Compiling SwiftSyntaxMacros BodyMacro.swift
[1449/1499] Compiling SwiftSyntaxMacros FreestandingMacro.swift
[1450/1499] Compiling SwiftSyntaxMacros Macro+Format.swift
[1451/1499] Compiling SwiftSyntaxMacros Macro.swift
[1452/1499] Compiling SwiftSyntaxMacros MemberAttributeMacro.swift
[1453/1499] Compiling SwiftSyntaxMacros MemberMacro.swift
[1454/1499] Compiling SwiftSyntaxMacros PeerMacro.swift
[1455/1499] Compiling SwiftSyntaxMacros ExpressionMacro.swift
[1456/1499] Compiling SwiftSyntaxMacros ExtensionMacro.swift
[1457/1499] Emitting module SwiftSyntaxMacros
[1457/1499] Wrapping AST for Crypto for debugging
[1459/1499] Compiling SwiftSyntaxMacros AbstractSourceLocation.swift
[1460/1499] Compiling SwiftSyntaxMacros MacroExpansionContext.swift
[1461/1499] Compiling SwiftSyntaxMacros MacroExpansionDiagnosticMessages.swift
[1462/1499] Compiling SwiftSyntaxMacros PreambleMacro.swift
[1463/1499] Compiling SwiftSyntaxMacros Syntax+LexicalContext.swift
[1464/1500] Wrapping AST for SwiftSyntaxMacros for debugging
[1466/1517] Compiling SwiftSyntaxMacroExpansion MacroSpec.swift
[1467/1517] Compiling SwiftSyntaxMacroExpansion BasicMacroExpansionContext.swift
[1468/1517] Compiling SwiftSyntaxMacroExpansion FunctionParameterUtils.swift
[1469/1518] Compiling InnoNetworkMacroSupport EndpointDefinitionExpansion+Payload.swift
[1470/1518] Compiling InnoNetworkMacroSupport MacroDiagnostic.swift
[1471/1518] Compiling InnoNetworkMacroSupport EndpointDefinitionExpansion.swift
[1472/1518] Compiling InnoNetworkMacroSupport EndpointDefinitionExpansion+Arguments.swift
[1473/1518] Compiling SwiftSyntaxMacroExpansion MacroArgument.swift
[1474/1518] Emitting module SwiftSyntaxMacroExpansion
[1475/1518] Compiling SwiftSyntaxMacroExpansion IndentationUtils.swift
[1476/1518] Compiling InnoNetworkMacroSupport EndpointDefinitionExpansion+Path.swift
[1477/1518] Compiling InnoNetworkMacroSupport EncodedEndpointExpansion.swift
[1478/1518] Emitting module InnoNetworkMacroSupport
[1479/1518] Compiling InnoNetworkMacroSupport EndpointDefinitionExpansion+Declarations.swift
[1481/1519] Compiling SwiftSyntaxMacroExpansion MacroReplacement.swift
[1482/1519] Compiling SwiftSyntaxMacroExpansion MacroExpansionDiagnosticMessages.swift
[1483/1519] Compiling SwiftSyntaxMacroExpansion MacroExpansion.swift
[1483/1519] Wrapping AST for InnoNetworkMacroSupport for debugging
[1485/1519] Compiling SwiftSyntaxMacroExpansion MacroSystem.swift
[1486/1520] Wrapping AST for SwiftSyntaxMacroExpansion for debugging
[1488/1532] Compiling SwiftCompilerPluginMessageHandling PluginMessageCompatibility.swift
[1489/1533] Compiling SwiftCompilerPluginMessageHandling StandardIOMessageConnection.swift
[1490/1533] Compiling SwiftCompilerPluginMessageHandling PluginMacroExpansionContext.swift
[1491/1533] Compiling SwiftCompilerPluginMessageHandling PluginMessages.swift
[1492/1533] Emitting module SwiftCompilerPluginMessageHandling
[1493/1533] Compiling SwiftCompilerPluginMessageHandling CodingUtilities.swift
[1494/1533] Compiling SwiftCompilerPluginMessageHandling JSON.swift
[1495/1533] Compiling SwiftCompilerPluginMessageHandling JSONDecoding.swift
[1496/1533] Compiling SwiftCompilerPluginMessageHandling JSONEncoding.swift
[1497/1533] Compiling SwiftCompilerPluginMessageHandling LRUCache.swift
[1498/1533] Compiling SwiftCompilerPluginMessageHandling Macros.swift
[1499/1533] Compiling SwiftCompilerPluginMessageHandling CompilerPluginMessageHandler.swift
[1500/1533] Compiling SwiftCompilerPluginMessageHandling Diagnostics.swift
[1501/1534] Wrapping AST for SwiftCompilerPluginMessageHandling for debugging
[1503/1536] Emitting module SwiftCompilerPlugin
[1504/1536] Compiling SwiftCompilerPlugin CompilerPlugin.swift
[1505/1537] Wrapping AST for SwiftCompilerPlugin for debugging
[1507/1540] Compiling InnoNetworkMacros Plugin.swift
[1508/1540] Compiling InnoNetworkMacros APIDefinitionMacro.swift
[1509/1540] Emitting module InnoNetworkMacros
[1510/1541] Wrapping AST for InnoNetworkMacros for debugging
[1511/1541] Write Objects.LinkFileList
[1512/1541] Linking InnoNetworkMacros-tool
[1514/1773] Compiling InnoNetwork APIDefinition+Macro.swift
/host/spi-builder-workspace/Sources/InnoNetwork/Auth/HMACRequestInterceptor.swift:1:8: error: no such module 'CryptoKit'
1 | import CryptoKit
| `- error: no such module 'CryptoKit'
2 | import Foundation
3 |
[1515/1773] Compiling InnoNetwork APIDefinition.swift
/host/spi-builder-workspace/Sources/InnoNetwork/Auth/HMACRequestInterceptor.swift:1:8: error: no such module 'CryptoKit'
1 | import CryptoKit
| `- error: no such module 'CryptoKit'
2 | import Foundation
3 |
[1516/1773] Compiling InnoNetwork AnyCodingKey.swift
/host/spi-builder-workspace/Sources/InnoNetwork/Auth/HMACRequestInterceptor.swift:1:8: error: no such module 'CryptoKit'
1 | import CryptoKit
| `- error: no such module 'CryptoKit'
2 | import Foundation
3 |
[1517/1773] Compiling InnoNetwork AnyEncodable.swift
/host/spi-builder-workspace/Sources/InnoNetwork/Auth/HMACRequestInterceptor.swift:1:8: error: no such module 'CryptoKit'
1 | import CryptoKit
| `- error: no such module 'CryptoKit'
2 | import Foundation
3 |
[1518/1773] Compiling InnoNetwork AnyResponseDecoder.swift
/host/spi-builder-workspace/Sources/InnoNetwork/Auth/HMACRequestInterceptor.swift:1:8: error: no such module 'CryptoKit'
1 | import CryptoKit
| `- error: no such module 'CryptoKit'
2 | import Foundation
3 |
[1519/1773] Compiling InnoNetwork AuthenticationRealm.swift
/host/spi-builder-workspace/Sources/InnoNetwork/Auth/HMACRequestInterceptor.swift:1:8: error: no such module 'CryptoKit'
1 | import CryptoKit
| `- error: no such module 'CryptoKit'
2 | import Foundation
3 |
[1520/1773] Compiling InnoNetwork HMACRequestInterceptor.swift
/host/spi-builder-workspace/Sources/InnoNetwork/Auth/HMACRequestInterceptor.swift:1:8: error: no such module 'CryptoKit'
1 | import CryptoKit
| `- error: no such module 'CryptoKit'
2 | import Foundation
3 |
[1521/1773] Compiling InnoNetwork JWTBearerInterceptor.swift
/host/spi-builder-workspace/Sources/InnoNetwork/Auth/HMACRequestInterceptor.swift:1:8: error: no such module 'CryptoKit'
1 | import CryptoKit
| `- error: no such module 'CryptoKit'
2 | import Foundation
3 |
[1522/1773] Compiling InnoNetwork OAuthCredentialRefresh.swift
/host/spi-builder-workspace/Sources/InnoNetwork/Auth/HMACRequestInterceptor.swift:1:8: error: no such module 'CryptoKit'
1 | import CryptoKit
| `- error: no such module 'CryptoKit'
2 | import Foundation
3 |
[1523/1773] Compiling InnoNetwork RefreshTokenPolicy.swift
/host/spi-builder-workspace/Sources/InnoNetwork/Auth/HMACRequestInterceptor.swift:1:8: error: no such module 'CryptoKit'
1 | import CryptoKit
| `- error: no such module 'CryptoKit'
2 | import Foundation
3 |
[1524/1773] Compiling InnoNetwork RequestSecurity.swift
/host/spi-builder-workspace/Sources/InnoNetwork/Auth/HMACRequestInterceptor.swift:1:8: error: no such module 'CryptoKit'
1 | import CryptoKit
| `- error: no such module 'CryptoKit'
2 | import Foundation
3 |
[1525/1773] Compiling InnoNetwork RequestSecurityExecution.swift
/host/spi-builder-workspace/Sources/InnoNetwork/Auth/HMACRequestInterceptor.swift:1:8: error: no such module 'CryptoKit'
1 | import CryptoKit
| `- error: no such module 'CryptoKit'
2 | import Foundation
3 |
[1526/1773] Compiling InnoNetwork BoundedNetworkTransfer.swift
/host/spi-builder-workspace/Sources/InnoNetwork/Auth/HMACRequestInterceptor.swift:1:8: error: no such module 'CryptoKit'
1 | import CryptoKit
| `- error: no such module 'CryptoKit'
2 | import Foundation
3 |
[1527/1773] Compiling InnoNetwork BufferedAsyncBytes.swift
/host/spi-builder-workspace/Sources/InnoNetwork/Auth/HMACRequestInterceptor.swift:1:8: error: no such module 'CryptoKit'
1 | import CryptoKit
| `- error: no such module 'CryptoKit'
2 | import Foundation
3 |
[1528/1773] Compiling InnoNetwork RFC9111CompliantCachePolicy.swift
/host/spi-builder-workspace/Sources/InnoNetwork/Auth/HMACRequestInterceptor.swift:1:8: error: no such module 'CryptoKit'
1 | import CryptoKit
| `- error: no such module 'CryptoKit'
2 | import Foundation
3 |
[1529/1773] Compiling InnoNetwork RequestCacheFreshness.swift
/host/spi-builder-workspace/Sources/InnoNetwork/Auth/HMACRequestInterceptor.swift:1:8: error: no such module 'CryptoKit'
1 | import CryptoKit
| `- error: no such module 'CryptoKit'
2 | import Foundation
3 |
[1530/1773] Compiling InnoNetwork ResponseCacheMutationCoordinator.swift
/host/spi-builder-workspace/Sources/InnoNetwork/Auth/HMACRequestInterceptor.swift:1:8: error: no such module 'CryptoKit'
1 | import CryptoKit
| `- error: no such module 'CryptoKit'
2 | import Foundation
3 |
[1531/1789] Compiling InnoNetwork RequestBuilder.swift
/host/spi-builder-workspace/Sources/InnoNetwork/Auth/HMACRequestInterceptor.swift:1:8: error: no such module 'CryptoKit'
1 | import CryptoKit
| `- error: no such module 'CryptoKit'
2 | import Foundation
3 |
[1532/1789] Compiling InnoNetwork RequestCoalescingPolicy.swift
/host/spi-builder-workspace/Sources/InnoNetwork/Auth/HMACRequestInterceptor.swift:1:8: error: no such module 'CryptoKit'
1 | import CryptoKit
| `- error: no such module 'CryptoKit'
2 | import Foundation
3 |
[1533/1789] Compiling InnoNetwork RequestEncodingPolicy.swift
/host/spi-builder-workspace/Sources/InnoNetwork/Auth/HMACRequestInterceptor.swift:1:8: error: no such module 'CryptoKit'
1 | import CryptoKit
| `- error: no such module 'CryptoKit'
2 | import Foundation
3 |
[1534/1789] Compiling InnoNetwork RequestExecution.swift
/host/spi-builder-workspace/Sources/InnoNetwork/Auth/HMACRequestInterceptor.swift:1:8: error: no such module 'CryptoKit'
1 | import CryptoKit
| `- error: no such module 'CryptoKit'
2 | import Foundation
3 |
[1535/1789] Compiling InnoNetwork NetworkMetrics.swift
/host/spi-builder-workspace/Sources/InnoNetwork/Auth/HMACRequestInterceptor.swift:1:8: error: no such module 'CryptoKit'
1 | import CryptoKit
| `- error: no such module 'CryptoKit'
2 | import Foundation
3 |
[1536/1789] Compiling InnoNetwork NetworkMonitor.swift
/host/spi-builder-workspace/Sources/InnoNetwork/Auth/HMACRequestInterceptor.swift:1:8: error: no such module 'CryptoKit'
1 | import CryptoKit
| `- error: no such module 'CryptoKit'
2 | import Foundation
3 |
[1537/1789] Compiling InnoNetwork NetworkObservability.swift
/host/spi-builder-workspace/Sources/InnoNetwork/Auth/HMACRequestInterceptor.swift:1:8: error: no such module 'CryptoKit'
1 | import CryptoKit
| `- error: no such module 'CryptoKit'
2 | import Foundation
3 |
[1538/1789] Compiling InnoNetwork RequestExecutor+Pipeline.swift
/host/spi-builder-workspace/Sources/InnoNetwork/Auth/HMACRequestInterceptor.swift:1:8: error: no such module 'CryptoKit'
1 | import CryptoKit
| `- error: no such module 'CryptoKit'
2 | import Foundation
3 |
[1539/1789] Compiling InnoNetwork RequestExecutor+Transport.swift
/host/spi-builder-workspace/Sources/InnoNetwork/Auth/HMACRequestInterceptor.swift:1:8: error: no such module 'CryptoKit'
1 | import CryptoKit
| `- error: no such module 'CryptoKit'
2 | import Foundation
3 |
[1540/1789] Compiling InnoNetwork RequestExecutor.swift
/host/spi-builder-workspace/Sources/InnoNetwork/Auth/HMACRequestInterceptor.swift:1:8: error: no such module 'CryptoKit'
1 | import CryptoKit
| `- error: no such module 'CryptoKit'
2 | import Foundation
3 |
[1541/1789] Compiling InnoNetwork RequestInterceptor.swift
/host/spi-builder-workspace/Sources/InnoNetwork/Auth/HMACRequestInterceptor.swift:1:8: error: no such module 'CryptoKit'
1 | import CryptoKit
| `- error: no such module 'CryptoKit'
2 | import Foundation
3 |
[1542/1789] Compiling InnoNetwork RequestPriority.swift
/host/spi-builder-workspace/Sources/InnoNetwork/Auth/HMACRequestInterceptor.swift:1:8: error: no such module 'CryptoKit'
1 | import CryptoKit
| `- error: no such module 'CryptoKit'
2 | import Foundation
3 |
[1543/1789] Compiling InnoNetwork RequestSigner.swift
/host/spi-builder-workspace/Sources/InnoNetwork/Auth/HMACRequestInterceptor.swift:1:8: error: no such module 'CryptoKit'
1 | import CryptoKit
| `- error: no such module 'CryptoKit'
2 | import Foundation
3 |
[1544/1789] Compiling InnoNetwork AdvancedRateLimitPolicy.swift
/host/spi-builder-workspace/Sources/InnoNetwork/Auth/HMACRequestInterceptor.swift:1:8: error: no such module 'CryptoKit'
1 | import CryptoKit
| `- error: no such module 'CryptoKit'
2 | import Foundation
3 |
[1545/1789] Compiling InnoNetwork ConcurrencyLimitExecutionPolicy.swift
/host/spi-builder-workspace/Sources/InnoNetwork/Auth/HMACRequestInterceptor.swift:1:8: error: no such module 'CryptoKit'
1 | import CryptoKit
| `- error: no such module 'CryptoKit'
2 | import Foundation
3 |
[1546/1789] Compiling InnoNetwork ConcurrencyTokenBucket.swift
/host/spi-builder-workspace/Sources/InnoNetwork/Auth/HMACRequestInterceptor.swift:1:8: error: no such module 'CryptoKit'
1 | import CryptoKit
| `- error: no such module 'CryptoKit'
2 | import Foundation
3 |
error: emit-module command failed with exit code 1 (use -v to see invocation)
[1547/1789] Emitting module InnoNetwork
/host/spi-builder-workspace/Sources/InnoNetwork/Auth/HMACRequestInterceptor.swift:1:8: error: no such module 'CryptoKit'
1 | import CryptoKit
| `- error: no such module 'CryptoKit'
2 | import Foundation
3 |
[1548/1789] Compiling InnoNetwork NetworkError.swift
/host/spi-builder-workspace/Sources/InnoNetwork/Auth/HMACRequestInterceptor.swift:1:8: error: no such module 'CryptoKit'
1 | import CryptoKit
| `- error: no such module 'CryptoKit'
2 | import Foundation
3 |
[1549/1789] Compiling InnoNetwork NetworkErrorCode.swift
/host/spi-builder-workspace/Sources/InnoNetwork/Auth/HMACRequestInterceptor.swift:1:8: error: no such module 'CryptoKit'
1 | import CryptoKit
| `- error: no such module 'CryptoKit'
2 | import Foundation
3 |
[1550/1789] Compiling InnoNetwork NetworkEventHub.swift
/host/spi-builder-workspace/Sources/InnoNetwork/Auth/HMACRequestInterceptor.swift:1:8: error: no such module 'CryptoKit'
1 | import CryptoKit
| `- error: no such module 'CryptoKit'
2 | import Foundation
3 |
[1551/1789] Compiling InnoNetwork NetworkLogger.swift
/host/spi-builder-workspace/Sources/InnoNetwork/Auth/HMACRequestInterceptor.swift:1:8: error: no such module 'CryptoKit'
1 | import CryptoKit
| `- error: no such module 'CryptoKit'
2 | import Foundation
3 |
[1552/1789] Compiling InnoNetwork NetworkMetrics.swift
/host/spi-builder-workspace/Sources/InnoNetwork/Auth/HMACRequestInterceptor.swift:1:8: error: no such module 'CryptoKit'
1 | import CryptoKit
| `- error: no such module 'CryptoKit'
2 | import Foundation
3 |
[1553/1789] Compiling InnoNetwork NetworkMonitor.swift
/host/spi-builder-workspace/Sources/InnoNetwork/Auth/HMACRequestInterceptor.swift:1:8: error: no such module 'CryptoKit'
1 | import CryptoKit
| `- error: no such module 'CryptoKit'
2 | import Foundation
3 |
[1554/1789] Compiling InnoNetwork NetworkObservability.swift
/host/spi-builder-workspace/Sources/InnoNetwork/Auth/HMACRequestInterceptor.swift:1:8: error: no such module 'CryptoKit'
1 | import CryptoKit
| `- error: no such module 'CryptoKit'
2 | import Foundation
3 |
[1555/1789] Compiling InnoNetwork NetworkOriginNormalizer.swift
/host/spi-builder-workspace/Sources/InnoNetwork/Auth/HMACRequestInterceptor.swift:1:8: error: no such module 'CryptoKit'
1 | import CryptoKit
| `- error: no such module 'CryptoKit'
2 | import Foundation
3 |
[1556/1789] Compiling InnoNetwork NetworkRetryExecutor.swift
/host/spi-builder-workspace/Sources/InnoNetwork/Auth/HMACRequestInterceptor.swift:1:8: error: no such module 'CryptoKit'
1 | import CryptoKit
| `- error: no such module 'CryptoKit'
2 | import Foundation
3 |
[1557/1789] Compiling InnoNetwork NetworkURLAdmission.swift
/host/spi-builder-workspace/Sources/InnoNetwork/Auth/HMACRequestInterceptor.swift:1:8: error: no such module 'CryptoKit'
1 | import CryptoKit
| `- error: no such module 'CryptoKit'
2 | import Foundation
3 |
[1558/1789] Compiling InnoNetwork NetworkURLValidator.swift
/host/spi-builder-workspace/Sources/InnoNetwork/Auth/HMACRequestInterceptor.swift:1:8: error: no such module 'CryptoKit'
1 | import CryptoKit
| `- error: no such module 'CryptoKit'
2 | import Foundation
3 |
[1559/1789] Compiling InnoNetwork NetworkDecision.swift
/host/spi-builder-workspace/Sources/InnoNetwork/Auth/HMACRequestInterceptor.swift:1:8: error: no such module 'CryptoKit'
1 | import CryptoKit
| `- error: no such module 'CryptoKit'
2 | import Foundation
3 |
[1560/1789] Compiling InnoNetwork NetworkSpan.swift
/host/spi-builder-workspace/Sources/InnoNetwork/Auth/HMACRequestInterceptor.swift:1:8: error: no such module 'CryptoKit'
1 | import CryptoKit
| `- error: no such module 'CryptoKit'
2 | import Foundation
3 |
[1561/1789] Compiling InnoNetwork SemanticNetworkEventAdapter.swift
/host/spi-builder-workspace/Sources/InnoNetwork/Auth/HMACRequestInterceptor.swift:1:8: error: no such module 'CryptoKit'
1 | import CryptoKit
| `- error: no such module 'CryptoKit'
2 | import Foundation
3 |
[1562/1789] Compiling InnoNetwork RFC3986Encoding.swift
/host/spi-builder-workspace/Sources/InnoNetwork/Auth/HMACRequestInterceptor.swift:1:8: error: no such module 'CryptoKit'
1 | import CryptoKit
| `- error: no such module 'CryptoKit'
2 | import Foundation
3 |
[1563/1789] Compiling InnoNetwork RedirectPolicy.swift
/host/spi-builder-workspace/Sources/InnoNetwork/Auth/HMACRequestInterceptor.swift:1:8: error: no such module 'CryptoKit'
1 | import CryptoKit
| `- error: no such module 'CryptoKit'
2 | import Foundation
3 |
/host/spi-builder-workspace/Sources/InnoNetwork/Auth/HMACRequestInterceptor.swift:1:8: error: no such module 'CryptoKit'
1 | import CryptoKit
| `- error: no such module 'CryptoKit'
2 | import Foundation
3 |
/host/spi-builder-workspace/Sources/InnoNetwork/Auth/HMACRequestInterceptor.swift:1:8: error: no such module 'CryptoKit'
1 | import CryptoKit
| `- error: no such module 'CryptoKit'
2 | import Foundation
3 |
/host/spi-builder-workspace/Sources/InnoNetwork/Auth/HMACRequestInterceptor.swift:1:8: error: no such module 'CryptoKit'
1 | import CryptoKit
| `- error: no such module 'CryptoKit'
2 | import Foundation
3 |
/host/spi-builder-workspace/Sources/InnoNetwork/Auth/HMACRequestInterceptor.swift:1:8: error: no such module 'CryptoKit'
1 | import CryptoKit
| `- error: no such module 'CryptoKit'
2 | import Foundation
3 |
/host/spi-builder-workspace/Sources/InnoNetwork/Auth/HMACRequestInterceptor.swift:1:8: error: no such module 'CryptoKit'
1 | import CryptoKit
| `- error: no such module 'CryptoKit'
2 | import Foundation
3 |
/host/spi-builder-workspace/Sources/InnoNetwork/Auth/HMACRequestInterceptor.swift:1:8: error: no such module 'CryptoKit'
1 | import CryptoKit
| `- error: no such module 'CryptoKit'
2 | import Foundation
3 |
/host/spi-builder-workspace/Sources/InnoNetwork/Auth/HMACRequestInterceptor.swift:1:8: error: no such module 'CryptoKit'
1 | import CryptoKit
| `- error: no such module 'CryptoKit'
2 | import Foundation
3 |
/host/spi-builder-workspace/Sources/InnoNetwork/Auth/HMACRequestInterceptor.swift:1:8: error: no such module 'CryptoKit'
1 | import CryptoKit
| `- error: no such module 'CryptoKit'
2 | import Foundation
3 |
/host/spi-builder-workspace/Sources/InnoNetwork/Auth/HMACRequestInterceptor.swift:1:8: error: no such module 'CryptoKit'
1 | import CryptoKit
| `- error: no such module 'CryptoKit'
2 | import Foundation
3 |
/host/spi-builder-workspace/Sources/InnoNetwork/Auth/HMACRequestInterceptor.swift:1:8: error: no such module 'CryptoKit'
1 | import CryptoKit
| `- error: no such module 'CryptoKit'
2 | import Foundation
3 |
/host/spi-builder-workspace/Sources/InnoNetwork/Auth/HMACRequestInterceptor.swift:1:8: error: no such module 'CryptoKit'
1 | import CryptoKit
| `- error: no such module 'CryptoKit'
2 | import Foundation
3 |
/host/spi-builder-workspace/Sources/InnoNetwork/Auth/HMACRequestInterceptor.swift:1:8: error: no such module 'CryptoKit'
1 | import CryptoKit
| `- error: no such module 'CryptoKit'
2 | import Foundation
3 |
/host/spi-builder-workspace/Sources/InnoNetwork/Auth/HMACRequestInterceptor.swift:1:8: error: no such module 'CryptoKit'
1 | import CryptoKit
| `- error: no such module 'CryptoKit'
2 | import Foundation
3 |
/host/spi-builder-workspace/Sources/InnoNetwork/Auth/HMACRequestInterceptor.swift:1:8: error: no such module 'CryptoKit'
1 | import CryptoKit
| `- error: no such module 'CryptoKit'
2 | import Foundation
3 |
/host/spi-builder-workspace/Sources/InnoNetwork/Auth/HMACRequestInterceptor.swift:1:8: error: no such module 'CryptoKit'
1 | import CryptoKit
| `- error: no such module 'CryptoKit'
2 | import Foundation
3 |
/host/spi-builder-workspace/Sources/InnoNetwork/Auth/HMACRequestInterceptor.swift:1:8: error: no such module 'CryptoKit'
1 | import CryptoKit
| `- error: no such module 'CryptoKit'
2 | import Foundation
3 |
[1580/1805] Compiling InnoNetwork ResponseCachePolicy.swift
/host/spi-builder-workspace/Sources/InnoNetwork/Auth/HMACRequestInterceptor.swift:1:8: error: no such module 'CryptoKit'
1 | import CryptoKit
| `- error: no such module 'CryptoKit'
2 | import Foundation
3 |
[1581/1805] Compiling InnoNetwork ResponseCacheStoragePolicy.swift
/host/spi-builder-workspace/Sources/InnoNetwork/Auth/HMACRequestInterceptor.swift:1:8: error: no such module 'CryptoKit'
1 | import CryptoKit
| `- error: no such module 'CryptoKit'
2 | import Foundation
3 |
[1582/1805] Compiling InnoNetwork CancellationTag.swift
/host/spi-builder-workspace/Sources/InnoNetwork/Auth/HMACRequestInterceptor.swift:1:8: error: no such module 'CryptoKit'
1 | import CryptoKit
| `- error: no such module 'CryptoKit'
2 | import Foundation
3 |
[1583/1805] Compiling InnoNetwork CircuitBreakerPolicy.swift
/host/spi-builder-workspace/Sources/InnoNetwork/Auth/HMACRequestInterceptor.swift:1:8: error: no such module 'CryptoKit'
1 | import CryptoKit
| `- error: no such module 'CryptoKit'
2 | import Foundation
3 |
[1584/1805] Compiling InnoNetwork ConfigurationPacks.swift
/host/spi-builder-workspace/Sources/InnoNetwork/Auth/HMACRequestInterceptor.swift:1:8: error: no such module 'CryptoKit'
1 | import CryptoKit
| `- error: no such module 'CryptoKit'
2 | import Foundation
3 |
[1585/1805] Compiling InnoNetwork ContentType.swift
/host/spi-builder-workspace/Sources/InnoNetwork/Auth/HMACRequestInterceptor.swift:1:8: error: no such module 'CryptoKit'
1 | import CryptoKit
| `- error: no such module 'CryptoKit'
2 | import Foundation
3 |
[1586/1805] Compiling InnoNetwork CorrelationIDInterceptor.swift
/host/spi-builder-workspace/Sources/InnoNetwork/Auth/HMACRequestInterceptor.swift:1:8: error: no such module 'CryptoKit'
1 | import CryptoKit
| `- error: no such module 'CryptoKit'
2 | import Foundation
3 |
[1587/1805] Compiling InnoNetwork CurlCommand.swift
/host/spi-builder-workspace/Sources/InnoNetwork/Auth/HMACRequestInterceptor.swift:1:8: error: no such module 'CryptoKit'
1 | import CryptoKit
| `- error: no such module 'CryptoKit'
2 | import Foundation
3 |
[1588/1805] Compiling InnoNetwork DecodingInterceptor.swift
/host/spi-builder-workspace/Sources/InnoNetwork/Auth/HMACRequestInterceptor.swift:1:8: error: no such module 'CryptoKit'
1 | import CryptoKit
| `- error: no such module 'CryptoKit'
2 | import Foundation
3 |
[1589/1805] Compiling InnoNetwork DefaultNetworkClient.swift
/host/spi-builder-workspace/Sources/InnoNetwork/Auth/HMACRequestInterceptor.swift:1:8: error: no such module 'CryptoKit'
1 | import CryptoKit
| `- error: no such module 'CryptoKit'
2 | import Foundation
3 |
[1590/1805] Compiling InnoNetwork EmptyResponseProtocols.swift
/host/spi-builder-workspace/Sources/InnoNetwork/Auth/HMACRequestInterceptor.swift:1:8: error: no such module 'CryptoKit'
1 | import CryptoKit
| `- error: no such module 'CryptoKit'
2 | import Foundation
3 |
[1591/1805] Compiling InnoNetwork EncodedAPIDefinition.swift
/host/spi-builder-workspace/Sources/InnoNetwork/Auth/HMACRequestInterceptor.swift:1:8: error: no such module 'CryptoKit'
1 | import CryptoKit
| `- error: no such module 'CryptoKit'
2 | import Foundation
3 |
[1592/1805] Compiling InnoNetwork EncodedRequest.swift
/host/spi-builder-workspace/Sources/InnoNetwork/Auth/HMACRequestInterceptor.swift:1:8: error: no such module 'CryptoKit'
1 | import CryptoKit
| `- error: no such module 'CryptoKit'
2 | import Foundation
3 |
[1593/1805] Compiling InnoNetwork Endpoint.swift
/host/spi-builder-workspace/Sources/InnoNetwork/Auth/HMACRequestInterceptor.swift:1:8: error: no such module 'CryptoKit'
1 | import CryptoKit
| `- error: no such module 'CryptoKit'
2 | import Foundation
3 |
[1594/1805] Compiling InnoNetwork EndpointPathEncoding.swift
/host/spi-builder-workspace/Sources/InnoNetwork/Auth/HMACRequestInterceptor.swift:1:8: error: no such module 'CryptoKit'
1 | import CryptoKit
| `- error: no such module 'CryptoKit'
2 | import Foundation
3 |
[1595/1805] Compiling InnoNetwork EndpointShape.swift
/host/spi-builder-workspace/Sources/InnoNetwork/Auth/HMACRequestInterceptor.swift:1:8: error: no such module 'CryptoKit'
1 | import CryptoKit
| `- error: no such module 'CryptoKit'
2 | import Foundation
3 |
[1596/1805] Compiling InnoNetwork EventDeliveryChain.swift
/host/spi-builder-workspace/Sources/InnoNetwork/Auth/HMACRequestInterceptor.swift:1:8: error: no such module 'CryptoKit'
1 | import CryptoKit
| `- error: no such module 'CryptoKit'
2 | import Foundation
3 |
/host/spi-builder-workspace/Sources/InnoNetwork/Auth/HMACRequestInterceptor.swift:1:8: error: no such module 'CryptoKit'
1 | import CryptoKit
| `- error: no such module 'CryptoKit'
2 | import Foundation
3 |
/host/spi-builder-workspace/Sources/InnoNetwork/Auth/HMACRequestInterceptor.swift:1:8: error: no such module 'CryptoKit'
1 | import CryptoKit
| `- error: no such module 'CryptoKit'
2 | import Foundation
3 |
/host/spi-builder-workspace/Sources/InnoNetwork/Auth/HMACRequestInterceptor.swift:1:8: error: no such module 'CryptoKit'
1 | import CryptoKit
| `- error: no such module 'CryptoKit'
2 | import Foundation
3 |
/host/spi-builder-workspace/Sources/InnoNetwork/Auth/HMACRequestInterceptor.swift:1:8: error: no such module 'CryptoKit'
1 | import CryptoKit
| `- error: no such module 'CryptoKit'
2 | import Foundation
3 |
/host/spi-builder-workspace/Sources/InnoNetwork/Auth/HMACRequestInterceptor.swift:1:8: error: no such module 'CryptoKit'
1 | import CryptoKit
| `- error: no such module 'CryptoKit'
2 | import Foundation
3 |
/host/spi-builder-workspace/Sources/InnoNetwork/Auth/HMACRequestInterceptor.swift:1:8: error: no such module 'CryptoKit'
1 | import CryptoKit
| `- error: no such module 'CryptoKit'
2 | import Foundation
3 |
/host/spi-builder-workspace/Sources/InnoNetwork/Auth/HMACRequestInterceptor.swift:1:8: error: no such module 'CryptoKit'
1 | import CryptoKit
| `- error: no such module 'CryptoKit'
2 | import Foundation
3 |
/host/spi-builder-workspace/Sources/InnoNetwork/Auth/HMACRequestInterceptor.swift:1:8: error: no such module 'CryptoKit'
1 | import CryptoKit
| `- error: no such module 'CryptoKit'
2 | import Foundation
3 |
/host/spi-builder-workspace/Sources/InnoNetwork/Auth/HMACRequestInterceptor.swift:1:8: error: no such module 'CryptoKit'
1 | import CryptoKit
| `- error: no such module 'CryptoKit'
2 | import Foundation
3 |
/host/spi-builder-workspace/Sources/InnoNetwork/Auth/HMACRequestInterceptor.swift:1:8: error: no such module 'CryptoKit'
1 | import CryptoKit
| `- error: no such module 'CryptoKit'
2 | import Foundation
3 |
/host/spi-builder-workspace/Sources/InnoNetwork/Auth/HMACRequestInterceptor.swift:1:8: error: no such module 'CryptoKit'
1 | import CryptoKit
| `- error: no such module 'CryptoKit'
2 | import Foundation
3 |
/host/spi-builder-workspace/Sources/InnoNetwork/Auth/HMACRequestInterceptor.swift:1:8: error: no such module 'CryptoKit'
1 | import CryptoKit
| `- error: no such module 'CryptoKit'
2 | import Foundation
3 |
/host/spi-builder-workspace/Sources/InnoNetwork/Auth/HMACRequestInterceptor.swift:1:8: error: no such module 'CryptoKit'
1 | import CryptoKit
| `- error: no such module 'CryptoKit'
2 | import Foundation
3 |
/host/spi-builder-workspace/Sources/InnoNetwork/Auth/HMACRequestInterceptor.swift:1:8: error: no such module 'CryptoKit'
1 | import CryptoKit
| `- error: no such module 'CryptoKit'
2 | import Foundation
3 |
/host/spi-builder-workspace/Sources/InnoNetwork/Auth/HMACRequestInterceptor.swift:1:8: error: no such module 'CryptoKit'
1 | import CryptoKit
| `- error: no such module 'CryptoKit'
2 | import Foundation
3 |
/host/spi-builder-workspace/Sources/InnoNetwork/Auth/HMACRequestInterceptor.swift:1:8: error: no such module 'CryptoKit'
1 | import CryptoKit
| `- error: no such module 'CryptoKit'
2 | import Foundation
3 |
/host/spi-builder-workspace/Sources/InnoNetwork/Auth/HMACRequestInterceptor.swift:1:8: error: no such module 'CryptoKit'
1 | import CryptoKit
| `- error: no such module 'CryptoKit'
2 | import Foundation
3 |
/host/spi-builder-workspace/Sources/InnoNetwork/Auth/HMACRequestInterceptor.swift:1:8: error: no such module 'CryptoKit'
1 | import CryptoKit
| `- error: no such module 'CryptoKit'
2 | import Foundation
3 |
/host/spi-builder-workspace/Sources/InnoNetwork/Auth/HMACRequestInterceptor.swift:1:8: error: no such module 'CryptoKit'
1 | import CryptoKit
| `- error: no such module 'CryptoKit'
2 | import Foundation
3 |
/host/spi-builder-workspace/Sources/InnoNetwork/Auth/HMACRequestInterceptor.swift:1:8: error: no such module 'CryptoKit'
1 | import CryptoKit
| `- error: no such module 'CryptoKit'
2 | import Foundation
3 |
/host/spi-builder-workspace/Sources/InnoNetwork/Auth/HMACRequestInterceptor.swift:1:8: error: no such module 'CryptoKit'
1 | import CryptoKit
| `- error: no such module 'CryptoKit'
2 | import Foundation
3 |
/host/spi-builder-workspace/Sources/InnoNetwork/Auth/HMACRequestInterceptor.swift:1:8: error: no such module 'CryptoKit'
1 | import CryptoKit
| `- error: no such module 'CryptoKit'
2 | import Foundation
3 |
/host/spi-builder-workspace/Sources/InnoNetwork/Auth/HMACRequestInterceptor.swift:1:8: error: no such module 'CryptoKit'
1 | import CryptoKit
| `- error: no such module 'CryptoKit'
2 | import Foundation
3 |
/host/spi-builder-workspace/Sources/InnoNetwork/Auth/HMACRequestInterceptor.swift:1:8: error: no such module 'CryptoKit'
1 | import CryptoKit
| `- error: no such module 'CryptoKit'
2 | import Foundation
3 |
/host/spi-builder-workspace/Sources/InnoNetwork/Auth/HMACRequestInterceptor.swift:1:8: error: no such module 'CryptoKit'
1 | import CryptoKit
| `- error: no such module 'CryptoKit'
2 | import Foundation
3 |
/host/spi-builder-workspace/Sources/InnoNetwork/Auth/HMACRequestInterceptor.swift:1:8: error: no such module 'CryptoKit'
1 | import CryptoKit
| `- error: no such module 'CryptoKit'
2 | import Foundation
3 |
/host/spi-builder-workspace/Sources/InnoNetwork/Auth/HMACRequestInterceptor.swift:1:8: error: no such module 'CryptoKit'
1 | import CryptoKit
| `- error: no such module 'CryptoKit'
2 | import Foundation
3 |
/host/spi-builder-workspace/Sources/InnoNetwork/Auth/HMACRequestInterceptor.swift:1:8: error: no such module 'CryptoKit'
1 | import CryptoKit
| `- error: no such module 'CryptoKit'
2 | import Foundation
3 |
/host/spi-builder-workspace/Sources/InnoNetwork/Auth/HMACRequestInterceptor.swift:1:8: error: no such module 'CryptoKit'
1 | import CryptoKit
| `- error: no such module 'CryptoKit'
2 | import Foundation
3 |
/host/spi-builder-workspace/Sources/InnoNetwork/Auth/HMACRequestInterceptor.swift:1:8: error: no such module 'CryptoKit'
1 | import CryptoKit
| `- error: no such module 'CryptoKit'
2 | import Foundation
3 |
/host/spi-builder-workspace/Sources/InnoNetwork/Auth/HMACRequestInterceptor.swift:1:8: error: no such module 'CryptoKit'
1 | import CryptoKit
| `- error: no such module 'CryptoKit'
2 | import Foundation
3 |
/host/spi-builder-workspace/Sources/InnoNetwork/Auth/HMACRequestInterceptor.swift:1:8: error: no such module 'CryptoKit'
1 | import CryptoKit
| `- error: no such module 'CryptoKit'
2 | import Foundation
3 |
/host/spi-builder-workspace/Sources/InnoNetwork/Auth/HMACRequestInterceptor.swift:1:8: error: no such module 'CryptoKit'
1 | import CryptoKit
| `- error: no such module 'CryptoKit'
2 | import Foundation
3 |
/host/spi-builder-workspace/Sources/InnoNetwork/Auth/HMACRequestInterceptor.swift:1:8: error: no such module 'CryptoKit'
1 | import CryptoKit
| `- error: no such module 'CryptoKit'
2 | import Foundation
3 |
/host/spi-builder-workspace/Sources/InnoNetwork/Auth/HMACRequestInterceptor.swift:1:8: error: no such module 'CryptoKit'
1 | import CryptoKit
| `- error: no such module 'CryptoKit'
2 | import Foundation
3 |
/host/spi-builder-workspace/Sources/InnoNetwork/Auth/HMACRequestInterceptor.swift:1:8: error: no such module 'CryptoKit'
1 | import CryptoKit
| `- error: no such module 'CryptoKit'
2 | import Foundation
3 |
/host/spi-builder-workspace/Sources/InnoNetwork/Auth/HMACRequestInterceptor.swift:1:8: error: no such module 'CryptoKit'
1 | import CryptoKit
| `- error: no such module 'CryptoKit'
2 | import Foundation
3 |
/host/spi-builder-workspace/Sources/InnoNetwork/Auth/HMACRequestInterceptor.swift:1:8: error: no such module 'CryptoKit'
1 | import CryptoKit
| `- error: no such module 'CryptoKit'
2 | import Foundation
3 |
/host/spi-builder-workspace/Sources/InnoNetwork/Auth/HMACRequestInterceptor.swift:1:8: error: no such module 'CryptoKit'
1 | import CryptoKit
| `- error: no such module 'CryptoKit'
2 | import Foundation
3 |
/host/spi-builder-workspace/Sources/InnoNetwork/Auth/HMACRequestInterceptor.swift:1:8: error: no such module 'CryptoKit'
1 | import CryptoKit
| `- error: no such module 'CryptoKit'
2 | import Foundation
3 |
/host/spi-builder-workspace/Sources/InnoNetwork/Auth/HMACRequestInterceptor.swift:1:8: error: no such module 'CryptoKit'
1 | import CryptoKit
| `- error: no such module 'CryptoKit'
2 | import Foundation
3 |
/host/spi-builder-workspace/Sources/InnoNetwork/Auth/HMACRequestInterceptor.swift:1:8: error: no such module 'CryptoKit'
1 | import CryptoKit
| `- error: no such module 'CryptoKit'
2 | import Foundation
3 |
/host/spi-builder-workspace/Sources/InnoNetwork/Auth/HMACRequestInterceptor.swift:1:8: error: no such module 'CryptoKit'
1 | import CryptoKit
| `- error: no such module 'CryptoKit'
2 | import Foundation
3 |
/host/spi-builder-workspace/Sources/InnoNetwork/Auth/HMACRequestInterceptor.swift:1:8: error: no such module 'CryptoKit'
1 | import CryptoKit
| `- error: no such module 'CryptoKit'
2 | import Foundation
3 |
/host/spi-builder-workspace/Sources/InnoNetwork/Auth/HMACRequestInterceptor.swift:1:8: error: no such module 'CryptoKit'
1 | import CryptoKit
| `- error: no such module 'CryptoKit'
2 | import Foundation
3 |
/host/spi-builder-workspace/Sources/InnoNetwork/Auth/HMACRequestInterceptor.swift:1:8: error: no such module 'CryptoKit'
1 | import CryptoKit
| `- error: no such module 'CryptoKit'
2 | import Foundation
3 |
/host/spi-builder-workspace/Sources/InnoNetwork/Auth/HMACRequestInterceptor.swift:1:8: error: no such module 'CryptoKit'
1 | import CryptoKit
| `- error: no such module 'CryptoKit'
2 | import Foundation
3 |
/host/spi-builder-workspace/Sources/InnoNetwork/Auth/HMACRequestInterceptor.swift:1:8: error: no such module 'CryptoKit'
1 | import CryptoKit
| `- error: no such module 'CryptoKit'
2 | import Foundation
3 |
/host/spi-builder-workspace/Sources/InnoNetwork/Auth/HMACRequestInterceptor.swift:1:8: error: no such module 'CryptoKit'
1 | import CryptoKit
| `- error: no such module 'CryptoKit'
2 | import Foundation
3 |
/host/spi-builder-workspace/Sources/InnoNetwork/Auth/HMACRequestInterceptor.swift:1:8: error: no such module 'CryptoKit'
1 | import CryptoKit
| `- error: no such module 'CryptoKit'
2 | import Foundation
3 |
[1647/1805] Compiling InnoNetwork RateLimitExecutionPolicy.swift
/host/spi-builder-workspace/Sources/InnoNetwork/Auth/HMACRequestInterceptor.swift:1:8: error: no such module 'CryptoKit'
1 | import CryptoKit
| `- error: no such module 'CryptoKit'
2 | import Foundation
3 |
[1648/1805] Compiling InnoNetwork ReachabilityCheckExecutionPolicy.swift
/host/spi-builder-workspace/Sources/InnoNetwork/Auth/HMACRequestInterceptor.swift:1:8: error: no such module 'CryptoKit'
1 | import CryptoKit
| `- error: no such module 'CryptoKit'
2 | import Foundation
3 |
[1649/1805] Compiling InnoNetwork RequestAdmissionPolicy.swift
/host/spi-builder-workspace/Sources/InnoNetwork/Auth/HMACRequestInterceptor.swift:1:8: error: no such module 'CryptoKit'
1 | import CryptoKit
| `- error: no such module 'CryptoKit'
2 | import Foundation
3 |
[1650/1805] Compiling InnoNetwork ResponseBodyBufferingPolicy.swift
/host/spi-builder-workspace/Sources/InnoNetwork/Auth/HMACRequestInterceptor.swift:1:8: error: no such module 'CryptoKit'
1 | import CryptoKit
| `- error: no such module 'CryptoKit'
2 | import Foundation
3 |
[1651/1805] Compiling InnoNetwork ResponseDecodingStrategy.swift
/host/spi-builder-workspace/Sources/InnoNetwork/Auth/HMACRequestInterceptor.swift:1:8: error: no such module 'CryptoKit'
1 | import CryptoKit
| `- error: no such module 'CryptoKit'
2 | import Foundation
3 |
[1652/1805] Compiling InnoNetwork ResponseInterceptor.swift
/host/spi-builder-workspace/Sources/InnoNetwork/Auth/HMACRequestInterceptor.swift:1:8: error: no such module 'CryptoKit'
1 | import CryptoKit
| `- error: no such module 'CryptoKit'
2 | import Foundation
3 |
[1653/1805] Compiling InnoNetwork RetryCoordinator.swift
/host/spi-builder-workspace/Sources/InnoNetwork/Auth/HMACRequestInterceptor.swift:1:8: error: no such module 'CryptoKit'
1 | import CryptoKit
| `- error: no such module 'CryptoKit'
2 | import Foundation
3 |
[1654/1805] Compiling InnoNetwork RetryPolicy.swift
/host/spi-builder-workspace/Sources/InnoNetwork/Auth/HMACRequestInterceptor.swift:1:8: error: no such module 'CryptoKit'
1 | import CryptoKit
| `- error: no such module 'CryptoKit'
2 | import Foundation
3 |
[1655/1805] Compiling InnoNetwork SendableUnderlyingError.swift
/host/spi-builder-workspace/Sources/InnoNetwork/Auth/HMACRequestInterceptor.swift:1:8: error: no such module 'CryptoKit'
1 | import CryptoKit
| `- error: no such module 'CryptoKit'
2 | import Foundation
3 |
[1656/1805] Compiling InnoNetwork StateReducer.swift
/host/spi-builder-workspace/Sources/InnoNetwork/Auth/HMACRequestInterceptor.swift:1:8: error: no such module 'CryptoKit'
1 | import CryptoKit
| `- error: no such module 'CryptoKit'
2 | import Foundation
3 |
[1657/1805] Compiling InnoNetwork StreamingAPIDefinition.swift
/host/spi-builder-workspace/Sources/InnoNetwork/Auth/HMACRequestInterceptor.swift:1:8: error: no such module 'CryptoKit'
1 | import CryptoKit
| `- error: no such module 'CryptoKit'
2 | import Foundation
3 |
[1658/1805] Compiling InnoNetwork StreamingDecoders.swift
/host/spi-builder-workspace/Sources/InnoNetwork/Auth/HMACRequestInterceptor.swift:1:8: error: no such module 'CryptoKit'
1 | import CryptoKit
| `- error: no such module 'CryptoKit'
2 | import Foundation
3 |
[1659/1805] Compiling InnoNetwork StreamingExecutor.swift
/host/spi-builder-workspace/Sources/InnoNetwork/Auth/HMACRequestInterceptor.swift:1:8: error: no such module 'CryptoKit'
1 | import CryptoKit
| `- error: no such module 'CryptoKit'
2 | import Foundation
3 |
[1660/1805] Compiling InnoNetwork StreamingOutputSequence.swift
/host/spi-builder-workspace/Sources/InnoNetwork/Auth/HMACRequestInterceptor.swift:1:8: error: no such module 'CryptoKit'
1 | import CryptoKit
| `- error: no such module 'CryptoKit'
2 | import Foundation
3 |
[1661/1805] Compiling InnoNetwork StreamingTimeoutPolicy.swift
/host/spi-builder-workspace/Sources/InnoNetwork/Auth/HMACRequestInterceptor.swift:1:8: error: no such module 'CryptoKit'
1 | import CryptoKit
| `- error: no such module 'CryptoKit'
2 | import Foundation
3 |
[1662/1805] Compiling InnoNetwork TaskEventHub+State.swift
/host/spi-builder-workspace/Sources/InnoNetwork/Auth/HMACRequestInterceptor.swift:1:8: error: no such module 'CryptoKit'
1 | import CryptoKit
| `- error: no such module 'CryptoKit'
2 | import Foundation
3 |
error: emit-module command failed with exit code 1 (use -v to see invocation)
[1663/1805] Emitting module InnoNetwork
/host/spi-builder-workspace/Sources/InnoNetwork/Auth/HMACRequestInterceptor.swift:1:8: error: no such module 'CryptoKit'
1 | import CryptoKit
| `- error: no such module 'CryptoKit'
2 | import Foundation
3 |
[1664/1805] Compiling InnoNetwork PreservedJSON.swift
/host/spi-builder-workspace/Sources/InnoNetwork/Auth/HMACRequestInterceptor.swift:1:8: error: no such module 'CryptoKit'
1 | import CryptoKit
| `- error: no such module 'CryptoKit'
2 | import Foundation
3 |
[1665/1805] Compiling InnoNetwork PreservedJSONCoding.swift
/host/spi-builder-workspace/Sources/InnoNetwork/Auth/HMACRequestInterceptor.swift:1:8: error: no such module 'CryptoKit'
1 | import CryptoKit
| `- error: no such module 'CryptoKit'
2 | import Foundation
3 |
[1666/1805] Compiling InnoNetwork PreservedJSONEncoding.swift
/host/spi-builder-workspace/Sources/InnoNetwork/Auth/HMACRequestInterceptor.swift:1:8: error: no such module 'CryptoKit'
1 | import CryptoKit
| `- error: no such module 'CryptoKit'
2 | import Foundation
3 |
[1667/1805] Compiling InnoNetwork Logger+.swift
/host/spi-builder-workspace/Sources/InnoNetwork/Auth/HMACRequestInterceptor.swift:1:8: error: no such module 'CryptoKit'
1 | import CryptoKit
| `- error: no such module 'CryptoKit'
2 | import Foundation
3 |
[1668/1805] Compiling InnoNetwork EmptyParameter.swift
/host/spi-builder-workspace/Sources/InnoNetwork/Auth/HMACRequestInterceptor.swift:1:8: error: no such module 'CryptoKit'
1 | import CryptoKit
| `- error: no such module 'CryptoKit'
2 | import Foundation
3 |
[1669/1805] Compiling InnoNetwork EmptyResponse.swift
/host/spi-builder-workspace/Sources/InnoNetwork/Auth/HMACRequestInterceptor.swift:1:8: error: no such module 'CryptoKit'
1 | import CryptoKit
| `- error: no such module 'CryptoKit'
2 | import Foundation
3 |
[1670/1805] Compiling InnoNetwork MultipartFormData.swift
/host/spi-builder-workspace/Sources/InnoNetwork/Auth/HMACRequestInterceptor.swift:1:8: error: no such module 'CryptoKit'
1 | import CryptoKit
| `- error: no such module 'CryptoKit'
2 | import Foundation
3 |
[1671/1805] Compiling InnoNetwork Response.swift
/host/spi-builder-workspace/Sources/InnoNetwork/Auth/HMACRequestInterceptor.swift:1:8: error: no such module 'CryptoKit'
1 | import CryptoKit
| `- error: no such module 'CryptoKit'
2 | import Foundation
3 |
[1672/1805] Compiling InnoNetwork MultipartBoundaryParameter.swift
/host/spi-builder-workspace/Sources/InnoNetwork/Auth/HMACRequestInterceptor.swift:1:8: error: no such module 'CryptoKit'
1 | import CryptoKit
| `- error: no such module 'CryptoKit'
2 | import Foundation
3 |
[1673/1805] Compiling InnoNetwork MultipartResponseDecoder.swift
/host/spi-builder-workspace/Sources/InnoNetwork/Auth/HMACRequestInterceptor.swift:1:8: error: no such module 'CryptoKit'
1 | import CryptoKit
| `- error: no such module 'CryptoKit'
2 | import Foundation
3 |
[1674/1805] Compiling InnoNetwork MultipartResponseParser.swift
/host/spi-builder-workspace/Sources/InnoNetwork/Auth/HMACRequestInterceptor.swift:1:8: error: no such module 'CryptoKit'
1 | import CryptoKit
| `- error: no such module 'CryptoKit'
2 | import Foundation
3 |
[1675/1805] Compiling InnoNetwork MultipartStreamingResponseDecoder.swift
/host/spi-builder-workspace/Sources/InnoNetwork/Auth/HMACRequestInterceptor.swift:1:8: error: no such module 'CryptoKit'
1 | import CryptoKit
| `- error: no such module 'CryptoKit'
2 | import Foundation
3 |
[1676/1805] Compiling InnoNetwork NetworkCoding.swift
/host/spi-builder-workspace/Sources/InnoNetwork/Auth/HMACRequestInterceptor.swift:1:8: error: no such module 'CryptoKit'
1 | import CryptoKit
| `- error: no such module 'CryptoKit'
2 | import Foundation
3 |
[1677/1805] Compiling InnoNetwork NetworkConfiguration.swift
/host/spi-builder-workspace/Sources/InnoNetwork/Auth/HMACRequestInterceptor.swift:1:8: error: no such module 'CryptoKit'
1 | import CryptoKit
| `- error: no such module 'CryptoKit'
2 | import Foundation
3 |
[1678/1805] Compiling InnoNetwork NetworkContext.swift
/host/spi-builder-workspace/Sources/InnoNetwork/Auth/HMACRequestInterceptor.swift:1:8: error: no such module 'CryptoKit'
1 | import CryptoKit
| `- error: no such module 'CryptoKit'
2 | import Foundation
3 |
[1679/1805] Compiling InnoNetwork NetworkError+Classification.swift
/host/spi-builder-workspace/Sources/InnoNetwork/Auth/HMACRequestInterceptor.swift:1:8: error: no such module 'CryptoKit'
1 | import CryptoKit
| `- error: no such module 'CryptoKit'
2 | import Foundation
3 |
[1680/1805] Compiling InnoNetwork EventPipeline.swift
/host/spi-builder-workspace/Sources/InnoNetwork/Auth/HMACRequestInterceptor.swift:1:8: error: no such module 'CryptoKit'
1 | import CryptoKit
| `- error: no such module 'CryptoKit'
2 | import Foundation
3 |
[1681/1805] Compiling InnoNetwork EventPipelineMetricsProxy.swift
/host/spi-builder-workspace/Sources/InnoNetwork/Auth/HMACRequestInterceptor.swift:1:8: error: no such module 'CryptoKit'
1 | import CryptoKit
| `- error: no such module 'CryptoKit'
2 | import Foundation
3 |
[1682/1805] Compiling InnoNetwork FIFOBuffer.swift
/host/spi-builder-workspace/Sources/InnoNetwork/Auth/HMACRequestInterceptor.swift:1:8: error: no such module 'CryptoKit'
1 | import CryptoKit
| `- error: no such module 'CryptoKit'
2 | import Foundation
3 |
[1683/1805] Compiling InnoNetwork HTTPDateParser.swift
/host/spi-builder-workspace/Sources/InnoNetwork/Auth/HMACRequestInterceptor.swift:1:8: error: no such module 'CryptoKit'
1 | import CryptoKit
| `- error: no such module 'CryptoKit'
2 | import Foundation
3 |
[1684/1805] Compiling InnoNetwork HTTPHeader+Defaults.swift
/host/spi-builder-workspace/Sources/InnoNetwork/Auth/HMACRequestInterceptor.swift:1:8: error: no such module 'CryptoKit'
1 | import CryptoKit
| `- error: no such module 'CryptoKit'
2 | import Foundation
3 |
[1685/1805] Compiling InnoNetwork HTTPHeader+SystemTypes.swift
/host/spi-builder-workspace/Sources/InnoNetwork/Auth/HMACRequestInterceptor.swift:1:8: error: no such module 'CryptoKit'
1 | import CryptoKit
| `- error: no such module 'CryptoKit'
2 | import Foundation
3 |
[1686/1805] Compiling InnoNetwork HTTPHeader.swift
/host/spi-builder-workspace/Sources/InnoNetwork/Auth/HMACRequestInterceptor.swift:1:8: error: no such module 'CryptoKit'
1 | import CryptoKit
| `- error: no such module 'CryptoKit'
2 | import Foundation
3 |
[1687/1805] Compiling InnoNetwork HTTPHeaders.swift
/host/spi-builder-workspace/Sources/InnoNetwork/Auth/HMACRequestInterceptor.swift:1:8: error: no such module 'CryptoKit'
1 | import CryptoKit
| `- error: no such module 'CryptoKit'
2 | import Foundation
3 |
[1688/1805] Compiling InnoNetwork HTTPListParser.swift
/host/spi-builder-workspace/Sources/InnoNetwork/Auth/HMACRequestInterceptor.swift:1:8: error: no such module 'CryptoKit'
1 | import CryptoKit
| `- error: no such module 'CryptoKit'
2 | import Foundation
3 |
[1689/1805] Compiling InnoNetwork HTTPMethod.swift
/host/spi-builder-workspace/Sources/InnoNetwork/Auth/HMACRequestInterceptor.swift:1:8: error: no such module 'CryptoKit'
1 | import CryptoKit
| `- error: no such module 'CryptoKit'
2 | import Foundation
3 |
[1690/1805] Compiling InnoNetwork IdempotencyKeyPolicy.swift
/host/spi-builder-workspace/Sources/InnoNetwork/Auth/HMACRequestInterceptor.swift:1:8: error: no such module 'CryptoKit'
1 | import CryptoKit
| `- error: no such module 'CryptoKit'
2 | import Foundation
3 |
[1691/1805] Compiling InnoNetwork InFlightRegistry.swift
/host/spi-builder-workspace/Sources/InnoNetwork/Auth/HMACRequestInterceptor.swift:1:8: error: no such module 'CryptoKit'
1 | import CryptoKit
| `- error: no such module 'CryptoKit'
2 | import Foundation
3 |
[1692/1805] Compiling InnoNetwork InnoNetworkClock.swift
/host/spi-builder-workspace/Sources/InnoNetwork/Auth/HMACRequestInterceptor.swift:1:8: error: no such module 'CryptoKit'
1 | import CryptoKit
| `- error: no such module 'CryptoKit'
2 | import Foundation
3 |
[1693/1805] Compiling InnoNetwork JSONSchema.swift
/host/spi-builder-workspace/Sources/InnoNetwork/Auth/HMACRequestInterceptor.swift:1:8: error: no such module 'CryptoKit'
1 | import CryptoKit
| `- error: no such module 'CryptoKit'
2 | import Foundation
3 |
[1694/1805] Compiling InnoNetwork JSONSchemaNumber.swift
/host/spi-builder-workspace/Sources/InnoNetwork/Auth/HMACRequestInterceptor.swift:1:8: error: no such module 'CryptoKit'
1 | import CryptoKit
| `- error: no such module 'CryptoKit'
2 | import Foundation
3 |
[1695/1805] Compiling InnoNetwork JSONSchemaPattern.swift
/host/spi-builder-workspace/Sources/InnoNetwork/Auth/HMACRequestInterceptor.swift:1:8: error: no such module 'CryptoKit'
1 | import CryptoKit
| `- error: no such module 'CryptoKit'
2 | import Foundation
3 |
[1696/1805] Compiling InnoNetwork JSONSchemaPlan.swift
/host/spi-builder-workspace/Sources/InnoNetwork/Auth/HMACRequestInterceptor.swift:1:8: error: no such module 'CryptoKit'
1 | import CryptoKit
| `- error: no such module 'CryptoKit'
2 | import Foundation
3 |
/host/spi-builder-workspace/Sources/InnoNetwork/Auth/HMACRequestInterceptor.swift:1:8: error: no such module 'CryptoKit'
1 | import CryptoKit
| `- error: no such module 'CryptoKit'
2 | import Foundation
3 |
/host/spi-builder-workspace/Sources/InnoNetwork/Auth/HMACRequestInterceptor.swift:1:8: error: no such module 'CryptoKit'
1 | import CryptoKit
| `- error: no such module 'CryptoKit'
2 | import Foundation
3 |
/host/spi-builder-workspace/Sources/InnoNetwork/Auth/HMACRequestInterceptor.swift:1:8: error: no such module 'CryptoKit'
1 | import CryptoKit
| `- error: no such module 'CryptoKit'
2 | import Foundation
3 |
/host/spi-builder-workspace/Sources/InnoNetwork/Auth/HMACRequestInterceptor.swift:1:8: error: no such module 'CryptoKit'
1 | import CryptoKit
| `- error: no such module 'CryptoKit'
2 | import Foundation
3 |
/host/spi-builder-workspace/Sources/InnoNetwork/Auth/HMACRequestInterceptor.swift:1:8: error: no such module 'CryptoKit'
1 | import CryptoKit
| `- error: no such module 'CryptoKit'
2 | import Foundation
3 |
/host/spi-builder-workspace/Sources/InnoNetwork/Auth/HMACRequestInterceptor.swift:1:8: error: no such module 'CryptoKit'
1 | import CryptoKit
| `- error: no such module 'CryptoKit'
2 | import Foundation
3 |
/host/spi-builder-workspace/Sources/InnoNetwork/Auth/HMACRequestInterceptor.swift:1:8: error: no such module 'CryptoKit'
1 | import CryptoKit
| `- error: no such module 'CryptoKit'
2 | import Foundation
3 |
/host/spi-builder-workspace/Sources/InnoNetwork/Auth/HMACRequestInterceptor.swift:1:8: error: no such module 'CryptoKit'
1 | import CryptoKit
| `- error: no such module 'CryptoKit'
2 | import Foundation
3 |
/host/spi-builder-workspace/Sources/InnoNetwork/Auth/HMACRequestInterceptor.swift:1:8: error: no such module 'CryptoKit'
1 | import CryptoKit
| `- error: no such module 'CryptoKit'
2 | import Foundation
3 |
/host/spi-builder-workspace/Sources/InnoNetwork/Auth/HMACRequestInterceptor.swift:1:8: error: no such module 'CryptoKit'
1 | import CryptoKit
| `- error: no such module 'CryptoKit'
2 | import Foundation
3 |
/host/spi-builder-workspace/Sources/InnoNetwork/Auth/HMACRequestInterceptor.swift:1:8: error: no such module 'CryptoKit'
1 | import CryptoKit
| `- error: no such module 'CryptoKit'
2 | import Foundation
3 |
/host/spi-builder-workspace/Sources/InnoNetwork/Auth/HMACRequestInterceptor.swift:1:8: error: no such module 'CryptoKit'
1 | import CryptoKit
| `- error: no such module 'CryptoKit'
2 | import Foundation
3 |
/host/spi-builder-workspace/Sources/InnoNetwork/Auth/HMACRequestInterceptor.swift:1:8: error: no such module 'CryptoKit'
1 | import CryptoKit
| `- error: no such module 'CryptoKit'
2 | import Foundation
3 |
/host/spi-builder-workspace/Sources/InnoNetwork/Auth/HMACRequestInterceptor.swift:1:8: error: no such module 'CryptoKit'
1 | import CryptoKit
| `- error: no such module 'CryptoKit'
2 | import Foundation
3 |
/host/spi-builder-workspace/Sources/InnoNetwork/Auth/HMACRequestInterceptor.swift:1:8: error: no such module 'CryptoKit'
1 | import CryptoKit
| `- error: no such module 'CryptoKit'
2 | import Foundation
3 |
/host/spi-builder-workspace/Sources/InnoNetwork/Auth/HMACRequestInterceptor.swift:1:8: error: no such module 'CryptoKit'
1 | import CryptoKit
| `- error: no such module 'CryptoKit'
2 | import Foundation
3 |
[1713/1805] Compiling InnoNetwork TaskEventHub.swift
/host/spi-builder-workspace/Sources/InnoNetwork/Auth/HMACRequestInterceptor.swift:1:8: error: no such module 'CryptoKit'
1 | import CryptoKit
| `- error: no such module 'CryptoKit'
2 | import Foundation
3 |
[1714/1805] Compiling InnoNetwork TimingBudget.swift
/host/spi-builder-workspace/Sources/InnoNetwork/Auth/HMACRequestInterceptor.swift:1:8: error: no such module 'CryptoKit'
1 | import CryptoKit
| `- error: no such module 'CryptoKit'
2 | import Foundation
3 |
[1715/1805] Compiling InnoNetwork TraceContextInterceptor.swift
/host/spi-builder-workspace/Sources/InnoNetwork/Auth/HMACRequestInterceptor.swift:1:8: error: no such module 'CryptoKit'
1 | import CryptoKit
| `- error: no such module 'CryptoKit'
2 | import Foundation
3 |
[1716/1805] Compiling InnoNetwork TransportPolicy.swift
/host/spi-builder-workspace/Sources/InnoNetwork/Auth/HMACRequestInterceptor.swift:1:8: error: no such module 'CryptoKit'
1 | import CryptoKit
| `- error: no such module 'CryptoKit'
2 | import Foundation
3 |
[1717/1805] Compiling InnoNetwork TrustPolicy.swift
/host/spi-builder-workspace/Sources/InnoNetwork/Auth/HMACRequestInterceptor.swift:1:8: error: no such module 'CryptoKit'
1 | import CryptoKit
| `- error: no such module 'CryptoKit'
2 | import Foundation
3 |
[1718/1805] Compiling InnoNetwork URLQueryEncoder+Codable.swift
/host/spi-builder-workspace/Sources/InnoNetwork/Auth/HMACRequestInterceptor.swift:1:8: error: no such module 'CryptoKit'
1 | import CryptoKit
| `- error: no such module 'CryptoKit'
2 | import Foundation
3 |
[1719/1805] Compiling InnoNetwork URLQueryEncoder+Storage.swift
/host/spi-builder-workspace/Sources/InnoNetwork/Auth/HMACRequestInterceptor.swift:1:8: error: no such module 'CryptoKit'
1 | import CryptoKit
| `- error: no such module 'CryptoKit'
2 | import Foundation
3 |
[1720/1805] Compiling InnoNetwork URLQueryEncoder.swift
/host/spi-builder-workspace/Sources/InnoNetwork/Auth/HMACRequestInterceptor.swift:1:8: error: no such module 'CryptoKit'
1 | import CryptoKit
| `- error: no such module 'CryptoKit'
2 | import Foundation
3 |
[1721/1805] Compiling InnoNetwork URLQueryKeyEncodingStrategy.swift
/host/spi-builder-workspace/Sources/InnoNetwork/Auth/HMACRequestInterceptor.swift:1:8: error: no such module 'CryptoKit'
1 | import CryptoKit
| `- error: no such module 'CryptoKit'
2 | import Foundation
3 |
[1722/1805] Compiling InnoNetwork URLSessionProtocol.swift
/host/spi-builder-workspace/Sources/InnoNetwork/Auth/HMACRequestInterceptor.swift:1:8: error: no such module 'CryptoKit'
1 | import CryptoKit
| `- error: no such module 'CryptoKit'
2 | import Foundation
3 |
[1723/1805] Compiling InnoNetwork NetworkClientConfiguration.swift
/host/spi-builder-workspace/Sources/InnoNetwork/Auth/HMACRequestInterceptor.swift:1:8: error: no such module 'CryptoKit'
1 | import CryptoKit
| `- error: no such module 'CryptoKit'
2 | import Foundation
3 |
[1724/1805] Compiling InnoNetwork NetworkFailure.swift
/host/spi-builder-workspace/Sources/InnoNetwork/Auth/HMACRequestInterceptor.swift:1:8: error: no such module 'CryptoKit'
1 | import CryptoKit
| `- error: no such module 'CryptoKit'
2 | import Foundation
3 |
[1725/1805] Compiling InnoNetwork NetworkOperation.swift
/host/spi-builder-workspace/Sources/InnoNetwork/Auth/HMACRequestInterceptor.swift:1:8: error: no such module 'CryptoKit'
1 | import CryptoKit
| `- error: no such module 'CryptoKit'
2 | import Foundation
3 |
[1726/1805] Compiling InnoNetwork NetworkOperationDeadline.swift
/host/spi-builder-workspace/Sources/InnoNetwork/Auth/HMACRequestInterceptor.swift:1:8: error: no such module 'CryptoKit'
1 | import CryptoKit
| `- error: no such module 'CryptoKit'
2 | import Foundation
3 |
[1727/1805] Compiling InnoNetwork OperationNetworkClient.swift
/host/spi-builder-workspace/Sources/InnoNetwork/Auth/HMACRequestInterceptor.swift:1:8: error: no such module 'CryptoKit'
1 | import CryptoKit
| `- error: no such module 'CryptoKit'
2 | import Foundation
3 |
[1728/1805] Compiling InnoNetwork resource_bundle_accessor.swift
/host/spi-builder-workspace/Sources/InnoNetwork/Auth/HMACRequestInterceptor.swift:1:8: error: no such module 'CryptoKit'
1 | import CryptoKit
| `- error: no such module 'CryptoKit'
2 | import Foundation
3 |
BUILD FAILURE 6.3 android