The Swift Package Index logo.Swift Package Index

Build Information

Failed to build Versionator, reference v2.0.7 (ea5bf2), with Swift 6.4 for visionOS using Xcode 27.0 on 22 Sep 2026 23:08:52 UTC.

Build Command

env DEVELOPER_DIR=/Applications/Xcode-27.0.0-Release.Candidate.app xcrun xcodebuild -IDEClonedSourcePackagesDirPathOverride=$PWD/.dependencies -skipMacroValidation -skipPackagePluginValidation -derivedDataPath $PWD/.derivedData build -scheme Versionator -destination generic/platform=xrOS

Build Log

========================================
RunAll
========================================
Builder version: 5.1.0
Interrupt handler set up.
========================================
Checkout
========================================
Clone URL: https://github.com/elegantchaos/Versionator.git
Reference: v2.0.7
Initialized empty Git repository in /Users/admin/builder/spi-builder-workspace/.git/
From https://github.com/elegantchaos/Versionator
 * tag               v2.0.7     -> FETCH_HEAD
HEAD is now at ea5bf22 Updated workflow
Cloned https://github.com/elegantchaos/Versionator.git
Revision (git rev-parse @):
ea5bf22cecbc68b889b49ac35a8a9aaf7bdbed72
SUCCESS checkout https://github.com/elegantchaos/Versionator.git at v2.0.7
========================================
Build
========================================
Selected platform:         visionOS
Swift version:             6.4
Building package at path:  $PWD
https://github.com/elegantchaos/Versionator.git
Command line invocation:
    /Applications/Xcode-27.0.0-Release.Candidate.app/Contents/Developer/usr/bin/xcodebuild -IDEClonedSourcePackagesDirPathOverride=/Users/admin/builder/spi-builder-workspace/.dependencies -resolvePackageDependencies
Resolve Package Graph
Fetching from https://github.com/elegantchaos/Runner.git
Fetching from https://github.com/elegantchaos/ChaosByteStreams
Creating working copy of package ‘Runner’
Checking out 2.1.5 of package ‘Runner’
Creating working copy of package ‘ChaosByteStreams’
Checking out 1.0.7 of package ‘ChaosByteStreams’
Resolve Package Graph
Resolved source packages:
  Versionator: /Users/admin/builder/spi-builder-workspace
  Runner: https://github.com/elegantchaos/Runner.git @ 2.1.5
  ChaosByteStreams: https://github.com/elegantchaos/ChaosByteStreams @ 1.0.7
resolved source packages: Versionator, Runner, ChaosByteStreams
2026-09-22 19:07:50.034 xcodebuild[524:3009] [MT] IDERunDestination: Supported platforms for the buildables in the current scheme is empty.
2026-09-22 19:07:50.188 xcodebuild[524:3009] [MT] IDERunDestination: Supported platforms for the buildables in the current scheme is empty.
2026-09-22 19:07:51.785 xcodebuild[524:3009] [MT] IDERunDestination: Supported platforms for the buildables in the current scheme is empty.
{
  "dependencies" : [
    {
      "identity" : "runner",
      "requirement" : {
        "range" : [
          {
            "lower_bound" : "2.1.3",
            "upper_bound" : "3.0.0"
          }
        ]
      },
      "type" : "sourceControl",
      "url" : "https://github.com/elegantchaos/Runner.git"
    }
  ],
  "manifest_display_name" : "Versionator",
  "name" : "Versionator",
  "path" : "/Users/admin/builder/spi-builder-workspace",
  "platforms" : [
    {
      "name" : "macos",
      "version" : "12.0"
    }
  ],
  "products" : [
    {
      "name" : "VersionatorPlugin",
      "targets" : [
        "VersionatorPlugin"
      ],
      "type" : {
        "plugin" : null
      }
    },
    {
      "name" : "VersionatorTool",
      "targets" : [
        "VersionatorTool"
      ],
      "type" : {
        "executable" : null
      }
    }
  ],
  "targets" : [
    {
      "c99name" : "VersionatorUtils",
      "module_type" : "SwiftTarget",
      "name" : "VersionatorUtils",
      "path" : "Sources/VersionatorUtils",
      "product_memberships" : [
        "VersionatorPlugin",
        "VersionatorTool"
      ],
      "sources" : [
        "String+AsyncSequence.swift"
      ],
      "type" : "library"
    },
    {
      "c99name" : "VersionatorTool",
      "module_type" : "SwiftTarget",
      "name" : "VersionatorTool",
      "path" : "Sources/VersionatorTool",
      "product_dependencies" : [
        "Runner"
      ],
      "product_memberships" : [
        "VersionatorPlugin",
        "VersionatorTool"
      ],
      "sources" : [
        "URL+SystemPaths.swift",
        "VersionatorTool.swift"
      ],
      "target_dependencies" : [
        "VersionatorUtils"
      ],
      "type" : "executable"
    },
    {
      "c99name" : "VersionatorTests",
      "module_type" : "SwiftTarget",
      "name" : "VersionatorTests",
      "path" : "Tests/VersionatorTests",
      "product_dependencies" : [
        "Runner"
      ],
      "resources" : [
        {
          "path" : "/Users/admin/builder/spi-builder-workspace/Tests/VersionatorTests/Resources/Example.git",
          "rule" : {
            "copy" : {
            }
          }
        },
        {
          "path" : "/Users/admin/builder/spi-builder-workspace/Tests/VersionatorTests/Resources/Example.out",
          "rule" : {
            "copy" : {
            }
          }
        }
      ],
      "sources" : [
        "TestingSupport.swift",
        "VersionatorTests.swift"
      ],
      "target_dependencies" : [
        "VersionatorTool",
        "VersionatorUtils"
      ],
      "type" : "test"
    },
    {
      "c99name" : "VersionatorPlugin",
      "module_type" : "PluginTarget",
      "name" : "VersionatorPlugin",
      "path" : "Plugins/VersionatorPlugin",
      "plugin_capability" : {
        "type" : "buildTool"
      },
      "product_memberships" : [
        "VersionatorPlugin"
      ],
      "sources" : [
        "plugin+Xcode.swift",
        "plugin.swift"
      ],
      "target_dependencies" : [
        "VersionatorTool"
      ],
      "type" : "plugin"
    }
  ],
  "tools_version" : "6.0"
}
{
  "workspace" : {
    "name" : "Versionator",
    "schemes" : [
      "ChaosByteStreams",
      "Versionator",
      "VersionatorPlugin"
    ]
  }
}
2026-09-22 19:08:33.004 xcodebuild[702:4154] [MT] IDERunDestination: Supported platforms for the buildables in the current scheme is empty.
2026-09-22 19:08:33.112 xcodebuild[702:4154] [MT] IDERunDestination: Supported platforms for the buildables in the current scheme is empty.
{
  "workspace" : {
    "name" : "Versionator",
    "schemes" : [
      "ChaosByteStreams",
      "Versionator",
      "VersionatorPlugin"
    ]
  }
}
2026-09-22 19:08:34.336 xcodebuild[706:4219] [MT] IDERunDestination: Supported platforms for the buildables in the current scheme is empty.
2026-09-22 19:08:34.437 xcodebuild[706:4219] [MT] IDERunDestination: Supported platforms for the buildables in the current scheme is empty.
Running build ...
env DEVELOPER_DIR=/Applications/Xcode-27.0.0-Release.Candidate.app xcrun xcodebuild -IDEClonedSourcePackagesDirPathOverride=$PWD/.dependencies -skipMacroValidation -skipPackagePluginValidation -derivedDataPath $PWD/.derivedData build -scheme Versionator -destination generic/platform=xrOS
Command line invocation:
    /Applications/Xcode-27.0.0-Release.Candidate.app/Contents/Developer/usr/bin/xcodebuild -IDEClonedSourcePackagesDirPathOverride=/Users/admin/builder/spi-builder-workspace/.dependencies -skipMacroValidation -skipPackagePluginValidation -derivedDataPath /Users/admin/builder/spi-builder-workspace/.derivedData build -scheme Versionator -destination generic/platform=xrOS
Resolve Package Graph
Resolve Package Graph
Resolved source packages:
  ChaosByteStreams: https://github.com/elegantchaos/ChaosByteStreams @ 1.0.7
  Runner: https://github.com/elegantchaos/Runner.git @ 2.1.5
  Versionator: /Users/admin/builder/spi-builder-workspace
ComputePackagePrebuildTargetDependencyGraph
Prepare packages
Compile plug-in “VersionatorPlugin” in package “spi-builder-workspace”
[debug]: Compiling plugin to executable at /Users/admin/builder/spi-builder-workspace/.derivedData/Build/Products/PluginExecutables/VersionatorPlugin
[debug]: Using compiler /Applications/Xcode-27.0.0-Release.Candidate.app/Contents/Developer/Toolchains/XcodeDefault.xctoolchain/usr/bin/swiftc
[debug]: Plugin compilation output directory '/Users/admin/builder/spi-builder-workspace/.derivedData/Build/Products/PluginExecutables'
[debug]: Computed hash of plugin compilation inputs: f21facd10e5282624cb1d17bc7c6ea2a0e6b2d9bb9c3406468db31c5ee4ef18a
Process build tool plug-in results
CreateBuildRequest
SendProjectDescription
CreateBuildOperation
ComputeTargetDependencyGraph
note: Building targets in dependency order
note: Target dependency graph (6 targets)
    Target 'VersionatorTool-product' in project 'Versionator'
        ➜ Explicit dependency on target 'VersionatorUtils' in project 'Versionator'
        ➜ Explicit dependency on target 'Runner-product' in project 'Runner'
    Target 'Runner-product' in project 'Runner'
        ➜ Explicit dependency on target 'Runner' in project 'Runner'
        ➜ Explicit dependency on target 'ChaosByteStreams-product' in project 'ChaosByteStreams'
    Target 'Runner' in project 'Runner'
        ➜ Explicit dependency on target 'ChaosByteStreams-product' in project 'ChaosByteStreams'
    Target 'ChaosByteStreams-product' in project 'ChaosByteStreams'
        ➜ Explicit dependency on target 'ChaosByteStreams' in project 'ChaosByteStreams'
    Target 'ChaosByteStreams' in project 'ChaosByteStreams' (no dependencies)
    Target 'VersionatorUtils' in project 'Versionator' (no dependencies)
GatherProvisioningInputs
CreateBuildDescription
ExecuteExternalTool /Applications/Xcode-27.0.0-Release.Candidate.app/Contents/Developer/Toolchains/XcodeDefault.xctoolchain/usr/bin/swiftc --version
ExecuteExternalTool /Applications/Xcode-27.0.0-Release.Candidate.app/Contents/Developer/Toolchains/XcodeDefault.xctoolchain/usr/bin/clang -v -E -dM -isysroot /Applications/Xcode-27.0.0-Release.Candidate.app/Contents/Developer/Platforms/XROS.platform/Developer/SDKs/XROS27.0.sdk -x c -c /dev/null
ExecuteExternalTool /Applications/Xcode-27.0.0-Release.Candidate.app/Contents/Developer/Toolchains/XcodeDefault.xctoolchain/usr/bin/ld -version_details
Build description signature: de54c13c22dd2fde915fadb7fdddab32
Build description path: /Users/admin/builder/spi-builder-workspace/.derivedData/Build/Intermediates.noindex/XCBuildData/de54c13c22dd2fde915fadb7fdddab32.xcbuilddata
CreateBuildDirectory /Users/admin/builder/spi-builder-workspace/.derivedData/SDKExplicitPrecompiledModules
    cd /Users/admin/builder/spi-builder-workspace/.swiftpm/xcode
    builtin-create-build-directory /Users/admin/builder/spi-builder-workspace/.derivedData/SDKExplicitPrecompiledModules
CreateBuildDirectory /Users/admin/builder/spi-builder-workspace/.derivedData/ModuleCache.noindex
    cd /Users/admin/builder/spi-builder-workspace/.swiftpm/xcode
    builtin-create-build-directory /Users/admin/builder/spi-builder-workspace/.derivedData/ModuleCache.noindex
CreateBuildDirectory /Users/admin/builder/spi-builder-workspace/.derivedData/CompilationCache.noindex
    cd /Users/admin/builder/spi-builder-workspace/.swiftpm/xcode
    builtin-create-build-directory /Users/admin/builder/spi-builder-workspace/.derivedData/CompilationCache.noindex
ClangStatCache /Applications/Xcode-27.0.0-Release.Candidate.app/Contents/Developer/Toolchains/XcodeDefault.xctoolchain/usr/bin/clang-stat-cache /Applications/Xcode-27.0.0-Release.Candidate.app/Contents/Developer/Platforms/XROS.platform/Developer/SDKs/XROS27.0.sdk /Users/admin/builder/spi-builder-workspace/.derivedData/SDKStatCaches.noindex/xros27.0-24M361-e829b21a6f8c9b70876ba0858053c044735bd543db762f57723cac368afd1ce4.sdkstatcache
    cd /Users/admin/builder/spi-builder-workspace/.swiftpm/xcode
    /Applications/Xcode-27.0.0-Release.Candidate.app/Contents/Developer/Toolchains/XcodeDefault.xctoolchain/usr/bin/clang-stat-cache /Applications/Xcode-27.0.0-Release.Candidate.app/Contents/Developer/Platforms/XROS.platform/Developer/SDKs/XROS27.0.sdk -o /Users/admin/builder/spi-builder-workspace/.derivedData/SDKStatCaches.noindex/xros27.0-24M361-e829b21a6f8c9b70876ba0858053c044735bd543db762f57723cac368afd1ce4.sdkstatcache
CreateBuildDirectory /Users/admin/builder/spi-builder-workspace/.derivedData/Build/Intermediates.noindex
    cd /Users/admin/builder/spi-builder-workspace/.swiftpm/xcode
    builtin-create-build-directory /Users/admin/builder/spi-builder-workspace/.derivedData/Build/Intermediates.noindex
CreateBuildDirectory /Users/admin/builder/spi-builder-workspace/.derivedData/Build/Products
    cd /Users/admin/builder/spi-builder-workspace/.swiftpm/xcode
    builtin-create-build-directory /Users/admin/builder/spi-builder-workspace/.derivedData/Build/Products
CreateBuildDirectory /Users/admin/builder/spi-builder-workspace/.derivedData/Build/Products/Debug-xros
    cd /Users/admin/builder/spi-builder-workspace/.swiftpm/xcode
    builtin-create-build-directory /Users/admin/builder/spi-builder-workspace/.derivedData/Build/Products/Debug-xros
CreateBuildDirectory /Users/admin/builder/spi-builder-workspace/.derivedData/Build/Intermediates.noindex/SwiftExplicitPrecompiledModules
    cd /Users/admin/builder/spi-builder-workspace/.swiftpm/xcode
    builtin-create-build-directory /Users/admin/builder/spi-builder-workspace/.derivedData/Build/Intermediates.noindex/SwiftExplicitPrecompiledModules
CreateBuildDirectory /Users/admin/builder/spi-builder-workspace/.derivedData/Build/Intermediates.noindex/PrecompiledHeaders
    cd /Users/admin/builder/spi-builder-workspace/.swiftpm/xcode
    builtin-create-build-directory /Users/admin/builder/spi-builder-workspace/.derivedData/Build/Intermediates.noindex/PrecompiledHeaders
CreateBuildDirectory /Users/admin/builder/spi-builder-workspace/.derivedData/Build/Intermediates.noindex/ExplicitPrecompiledModules
    cd /Users/admin/builder/spi-builder-workspace/.swiftpm/xcode
    builtin-create-build-directory /Users/admin/builder/spi-builder-workspace/.derivedData/Build/Intermediates.noindex/ExplicitPrecompiledModules
CreateBuildDirectory /Users/admin/builder/spi-builder-workspace/.derivedData/Build/Intermediates.noindex/EagerLinkingTBDs/Debug-xros
    cd /Users/admin/builder/spi-builder-workspace/.swiftpm/xcode
    builtin-create-build-directory /Users/admin/builder/spi-builder-workspace/.derivedData/Build/Intermediates.noindex/EagerLinkingTBDs/Debug-xros
CreateBuildDirectory /Users/admin/builder/spi-builder-workspace/.derivedData/Build/Products/Debug-xros/PackageFrameworks
    cd /Users/admin/builder/spi-builder-workspace/.swiftpm/xcode
    builtin-create-build-directory /Users/admin/builder/spi-builder-workspace/.derivedData/Build/Products/Debug-xros/PackageFrameworks
WriteAuxiliaryFile /Users/admin/builder/spi-builder-workspace/.derivedData/Build/Intermediates.noindex/Versionator.build/Debug-xros/VersionatorUtils-t.build/VersionatorUtils.DependencyStaticMetadataFileList (in target 'VersionatorUtils' from project 'Versionator')
    cd /Users/admin/builder/spi-builder-workspace
    write-file /Users/admin/builder/spi-builder-workspace/.derivedData/Build/Intermediates.noindex/Versionator.build/Debug-xros/VersionatorUtils-t.build/VersionatorUtils.DependencyStaticMetadataFileList
WriteAuxiliaryFile /Users/admin/builder/spi-builder-workspace/.derivedData/Build/Intermediates.noindex/Versionator.build/Debug-xros/VersionatorUtils-t.build/VersionatorUtils.DependencyMetadataFileList (in target 'VersionatorUtils' from project 'Versionator')
    cd /Users/admin/builder/spi-builder-workspace
    write-file /Users/admin/builder/spi-builder-workspace/.derivedData/Build/Intermediates.noindex/Versionator.build/Debug-xros/VersionatorUtils-t.build/VersionatorUtils.DependencyMetadataFileList
WriteAuxiliaryFile /Users/admin/builder/spi-builder-workspace/.derivedData/Build/Intermediates.noindex/Versionator.build/Debug-xros/VersionatorUtils-t.build/VersionatorUtils.modulemap (in target 'VersionatorUtils' from project 'Versionator')
    cd /Users/admin/builder/spi-builder-workspace
    write-file /Users/admin/builder/spi-builder-workspace/.derivedData/Build/Intermediates.noindex/Versionator.build/Debug-xros/VersionatorUtils-t.build/VersionatorUtils.modulemap
WriteAuxiliaryFile /Users/admin/builder/spi-builder-workspace/.derivedData/Build/Intermediates.noindex/Versionator.build/Debug-xros/VersionatorTool-p.build/VersionatorTool.DependencyStaticMetadataFileList (in target 'VersionatorTool-product' from project 'Versionator')
    cd /Users/admin/builder/spi-builder-workspace
    write-file /Users/admin/builder/spi-builder-workspace/.derivedData/Build/Intermediates.noindex/Versionator.build/Debug-xros/VersionatorTool-p.build/VersionatorTool.DependencyStaticMetadataFileList
WriteAuxiliaryFile /Users/admin/builder/spi-builder-workspace/.derivedData/Build/Intermediates.noindex/Versionator.build/Debug-xros/VersionatorUtils-t.build/Objects-normal/arm64/VersionatorUtils.LinkFileList (in target 'VersionatorUtils' from project 'Versionator')
    cd /Users/admin/builder/spi-builder-workspace
    write-file /Users/admin/builder/spi-builder-workspace/.derivedData/Build/Intermediates.noindex/Versionator.build/Debug-xros/VersionatorUtils-t.build/Objects-normal/arm64/VersionatorUtils.LinkFileList
WriteAuxiliaryFile /Users/admin/builder/spi-builder-workspace/.derivedData/Build/Intermediates.noindex/Versionator.build/Debug-xros/VersionatorUtils-t.build/Objects-normal/arm64/VersionatorUtils.SwiftConstValuesFileList (in target 'VersionatorUtils' from project 'Versionator')
    cd /Users/admin/builder/spi-builder-workspace
    write-file /Users/admin/builder/spi-builder-workspace/.derivedData/Build/Intermediates.noindex/Versionator.build/Debug-xros/VersionatorUtils-t.build/Objects-normal/arm64/VersionatorUtils.SwiftConstValuesFileList
WriteAuxiliaryFile /Users/admin/builder/spi-builder-workspace/.derivedData/Build/Intermediates.noindex/Versionator.build/Debug-xros/VersionatorUtils-t.build/Objects-normal/arm64/VersionatorUtils-OutputFileMap.json (in target 'VersionatorUtils' from project 'Versionator')
    cd /Users/admin/builder/spi-builder-workspace
    write-file /Users/admin/builder/spi-builder-workspace/.derivedData/Build/Intermediates.noindex/Versionator.build/Debug-xros/VersionatorUtils-t.build/Objects-normal/arm64/VersionatorUtils-OutputFileMap.json
WriteAuxiliaryFile /Users/admin/builder/spi-builder-workspace/.derivedData/Build/Intermediates.noindex/Versionator.build/Debug-xros/VersionatorUtils-t.build/Objects-normal/arm64/VersionatorUtils_const_extract_protocols.json (in target 'VersionatorUtils' from project 'Versionator')
    cd /Users/admin/builder/spi-builder-workspace
    write-file /Users/admin/builder/spi-builder-workspace/.derivedData/Build/Intermediates.noindex/Versionator.build/Debug-xros/VersionatorUtils-t.build/Objects-normal/arm64/VersionatorUtils_const_extract_protocols.json
WriteAuxiliaryFile /Users/admin/builder/spi-builder-workspace/.derivedData/Build/Intermediates.noindex/Versionator.build/Debug-xros/VersionatorUtils-t.build/Objects-normal/arm64/VersionatorUtils.SwiftFileList (in target 'VersionatorUtils' from project 'Versionator')
    cd /Users/admin/builder/spi-builder-workspace
    write-file /Users/admin/builder/spi-builder-workspace/.derivedData/Build/Intermediates.noindex/Versionator.build/Debug-xros/VersionatorUtils-t.build/Objects-normal/arm64/VersionatorUtils.SwiftFileList
WriteAuxiliaryFile /Users/admin/builder/spi-builder-workspace/.derivedData/Build/Intermediates.noindex/Versionator.build/Debug-xros/VersionatorTool-p.build/VersionatorTool.DependencyMetadataFileList (in target 'VersionatorTool-product' from project 'Versionator')
    cd /Users/admin/builder/spi-builder-workspace
    write-file /Users/admin/builder/spi-builder-workspace/.derivedData/Build/Intermediates.noindex/Versionator.build/Debug-xros/VersionatorTool-p.build/VersionatorTool.DependencyMetadataFileList
Copy /Users/admin/builder/spi-builder-workspace/.derivedData/Build/Intermediates.noindex/GeneratedModuleMaps-xros/VersionatorUtils.modulemap /Users/admin/builder/spi-builder-workspace/.derivedData/Build/Intermediates.noindex/Versionator.build/Debug-xros/VersionatorUtils-t.build/VersionatorUtils.modulemap (in target 'VersionatorUtils' from project 'Versionator')
    cd /Users/admin/builder/spi-builder-workspace
    builtin-copy -exclude .DS_Store -exclude CVS -exclude .svn -exclude .git -exclude .hg -resolve-src-symlinks /Users/admin/builder/spi-builder-workspace/.derivedData/Build/Intermediates.noindex/Versionator.build/Debug-xros/VersionatorUtils-t.build/VersionatorUtils.modulemap /Users/admin/builder/spi-builder-workspace/.derivedData/Build/Intermediates.noindex/GeneratedModuleMaps-xros
WriteAuxiliaryFile /Users/admin/builder/spi-builder-workspace/.derivedData/Build/Intermediates.noindex/Versionator.build/Debug-xros/VersionatorTool-p.build/Objects-normal/arm64/VersionatorTool_const_extract_protocols.json (in target 'VersionatorTool-product' from project 'Versionator')
    cd /Users/admin/builder/spi-builder-workspace
    write-file /Users/admin/builder/spi-builder-workspace/.derivedData/Build/Intermediates.noindex/Versionator.build/Debug-xros/VersionatorTool-p.build/Objects-normal/arm64/VersionatorTool_const_extract_protocols.json
WriteAuxiliaryFile /Users/admin/builder/spi-builder-workspace/.derivedData/Build/Intermediates.noindex/Versionator.build/Debug-xros/VersionatorTool-p.build/Objects-normal/arm64/VersionatorTool.SwiftFileList (in target 'VersionatorTool-product' from project 'Versionator')
    cd /Users/admin/builder/spi-builder-workspace
    write-file /Users/admin/builder/spi-builder-workspace/.derivedData/Build/Intermediates.noindex/Versionator.build/Debug-xros/VersionatorTool-p.build/Objects-normal/arm64/VersionatorTool.SwiftFileList
WriteAuxiliaryFile /Users/admin/builder/spi-builder-workspace/.derivedData/Build/Intermediates.noindex/Versionator.build/Debug-xros/VersionatorTool-p.build/Objects-normal/arm64/VersionatorTool.LinkFileList (in target 'VersionatorTool-product' from project 'Versionator')
    cd /Users/admin/builder/spi-builder-workspace
    write-file /Users/admin/builder/spi-builder-workspace/.derivedData/Build/Intermediates.noindex/Versionator.build/Debug-xros/VersionatorTool-p.build/Objects-normal/arm64/VersionatorTool.LinkFileList
WriteAuxiliaryFile /Users/admin/builder/spi-builder-workspace/.derivedData/Build/Intermediates.noindex/Versionator.build/Debug-xros/VersionatorTool-p.build/Objects-normal/arm64/VersionatorTool-OutputFileMap.json (in target 'VersionatorTool-product' from project 'Versionator')
    cd /Users/admin/builder/spi-builder-workspace
    write-file /Users/admin/builder/spi-builder-workspace/.derivedData/Build/Intermediates.noindex/Versionator.build/Debug-xros/VersionatorTool-p.build/Objects-normal/arm64/VersionatorTool-OutputFileMap.json
WriteAuxiliaryFile /Users/admin/builder/spi-builder-workspace/.derivedData/Build/Intermediates.noindex/Runner.build/Debug-xros/Runner-t.build/Runner.DependencyMetadataFileList (in target 'Runner' from project 'Runner')
    cd /Users/admin/builder/spi-builder-workspace/.dependencies/checkouts/Runner
    write-file /Users/admin/builder/spi-builder-workspace/.derivedData/Build/Intermediates.noindex/Runner.build/Debug-xros/Runner-t.build/Runner.DependencyMetadataFileList
WriteAuxiliaryFile /Users/admin/builder/spi-builder-workspace/.derivedData/Build/Intermediates.noindex/Runner.build/Debug-xros/Runner-t.build/Runner.DependencyStaticMetadataFileList (in target 'Runner' from project 'Runner')
    cd /Users/admin/builder/spi-builder-workspace/.dependencies/checkouts/Runner
    write-file /Users/admin/builder/spi-builder-workspace/.derivedData/Build/Intermediates.noindex/Runner.build/Debug-xros/Runner-t.build/Runner.DependencyStaticMetadataFileList
WriteAuxiliaryFile /Users/admin/builder/spi-builder-workspace/.derivedData/Build/Intermediates.noindex/Runner.build/Debug-xros/Runner-t.build/Runner.modulemap (in target 'Runner' from project 'Runner')
    cd /Users/admin/builder/spi-builder-workspace/.dependencies/checkouts/Runner
    write-file /Users/admin/builder/spi-builder-workspace/.derivedData/Build/Intermediates.noindex/Runner.build/Debug-xros/Runner-t.build/Runner.modulemap
WriteAuxiliaryFile /Users/admin/builder/spi-builder-workspace/.derivedData/Build/Intermediates.noindex/Runner.build/Debug-xros/Runner-t.build/Objects-normal/arm64/Runner_const_extract_protocols.json (in target 'Runner' from project 'Runner')
    cd /Users/admin/builder/spi-builder-workspace/.dependencies/checkouts/Runner
    write-file /Users/admin/builder/spi-builder-workspace/.derivedData/Build/Intermediates.noindex/Runner.build/Debug-xros/Runner-t.build/Objects-normal/arm64/Runner_const_extract_protocols.json
WriteAuxiliaryFile /Users/admin/builder/spi-builder-workspace/.derivedData/Build/Intermediates.noindex/Runner.build/Debug-xros/Runner-t.build/Objects-normal/arm64/Runner.SwiftFileList (in target 'Runner' from project 'Runner')
    cd /Users/admin/builder/spi-builder-workspace/.dependencies/checkouts/Runner
    write-file /Users/admin/builder/spi-builder-workspace/.derivedData/Build/Intermediates.noindex/Runner.build/Debug-xros/Runner-t.build/Objects-normal/arm64/Runner.SwiftFileList
WriteAuxiliaryFile /Users/admin/builder/spi-builder-workspace/.derivedData/Build/Intermediates.noindex/Runner.build/Debug-xros/Runner-t.build/Objects-normal/arm64/Runner.SwiftConstValuesFileList (in target 'Runner' from project 'Runner')
    cd /Users/admin/builder/spi-builder-workspace/.dependencies/checkouts/Runner
    write-file /Users/admin/builder/spi-builder-workspace/.derivedData/Build/Intermediates.noindex/Runner.build/Debug-xros/Runner-t.build/Objects-normal/arm64/Runner.SwiftConstValuesFileList
WriteAuxiliaryFile /Users/admin/builder/spi-builder-workspace/.derivedData/Build/Intermediates.noindex/Runner.build/Debug-xros/Runner-t.build/Objects-normal/arm64/Runner-OutputFileMap.json (in target 'Runner' from project 'Runner')
    cd /Users/admin/builder/spi-builder-workspace/.dependencies/checkouts/Runner
    write-file /Users/admin/builder/spi-builder-workspace/.derivedData/Build/Intermediates.noindex/Runner.build/Debug-xros/Runner-t.build/Objects-normal/arm64/Runner-OutputFileMap.json
WriteAuxiliaryFile /Users/admin/builder/spi-builder-workspace/.derivedData/Build/Intermediates.noindex/Runner.build/Debug-xros/Runner-t.build/Objects-normal/arm64/Runner.LinkFileList (in target 'Runner' from project 'Runner')
    cd /Users/admin/builder/spi-builder-workspace/.dependencies/checkouts/Runner
    write-file /Users/admin/builder/spi-builder-workspace/.derivedData/Build/Intermediates.noindex/Runner.build/Debug-xros/Runner-t.build/Objects-normal/arm64/Runner.LinkFileList
WriteAuxiliaryFile /Users/admin/builder/spi-builder-workspace/.derivedData/Build/Intermediates.noindex/ChaosByteStreams.build/Debug-xros/ChaosByteStreams-t.build/Objects-normal/arm64/ChaosByteStreams.SwiftFileList (in target 'ChaosByteStreams' from project 'ChaosByteStreams')
    cd /Users/admin/builder/spi-builder-workspace/.dependencies/checkouts/ChaosByteStreams
    write-file /Users/admin/builder/spi-builder-workspace/.derivedData/Build/Intermediates.noindex/ChaosByteStreams.build/Debug-xros/ChaosByteStreams-t.build/Objects-normal/arm64/ChaosByteStreams.SwiftFileList
WriteAuxiliaryFile /Users/admin/builder/spi-builder-workspace/.derivedData/Build/Intermediates.noindex/ChaosByteStreams.build/Debug-xros/ChaosByteStreams-t.build/Objects-normal/arm64/ChaosByteStreams_const_extract_protocols.json (in target 'ChaosByteStreams' from project 'ChaosByteStreams')
    cd /Users/admin/builder/spi-builder-workspace/.dependencies/checkouts/ChaosByteStreams
    write-file /Users/admin/builder/spi-builder-workspace/.derivedData/Build/Intermediates.noindex/ChaosByteStreams.build/Debug-xros/ChaosByteStreams-t.build/Objects-normal/arm64/ChaosByteStreams_const_extract_protocols.json
WriteAuxiliaryFile /Users/admin/builder/spi-builder-workspace/.derivedData/Build/Intermediates.noindex/ChaosByteStreams.build/Debug-xros/ChaosByteStreams-t.build/Objects-normal/arm64/ChaosByteStreams.SwiftConstValuesFileList (in target 'ChaosByteStreams' from project 'ChaosByteStreams')
    cd /Users/admin/builder/spi-builder-workspace/.dependencies/checkouts/ChaosByteStreams
    write-file /Users/admin/builder/spi-builder-workspace/.derivedData/Build/Intermediates.noindex/ChaosByteStreams.build/Debug-xros/ChaosByteStreams-t.build/Objects-normal/arm64/ChaosByteStreams.SwiftConstValuesFileList
Copy /Users/admin/builder/spi-builder-workspace/.derivedData/Build/Intermediates.noindex/GeneratedModuleMaps-xros/Runner.modulemap /Users/admin/builder/spi-builder-workspace/.derivedData/Build/Intermediates.noindex/Runner.build/Debug-xros/Runner-t.build/Runner.modulemap (in target 'Runner' from project 'Runner')
    cd /Users/admin/builder/spi-builder-workspace/.dependencies/checkouts/Runner
    builtin-copy -exclude .DS_Store -exclude CVS -exclude .svn -exclude .git -exclude .hg -resolve-src-symlinks /Users/admin/builder/spi-builder-workspace/.derivedData/Build/Intermediates.noindex/Runner.build/Debug-xros/Runner-t.build/Runner.modulemap /Users/admin/builder/spi-builder-workspace/.derivedData/Build/Intermediates.noindex/GeneratedModuleMaps-xros
WriteAuxiliaryFile /Users/admin/builder/spi-builder-workspace/.derivedData/Build/Intermediates.noindex/ChaosByteStreams.build/Debug-xros/ChaosByteStreams-t.build/Objects-normal/arm64/ChaosByteStreams.LinkFileList (in target 'ChaosByteStreams' from project 'ChaosByteStreams')
    cd /Users/admin/builder/spi-builder-workspace/.dependencies/checkouts/ChaosByteStreams
    write-file /Users/admin/builder/spi-builder-workspace/.derivedData/Build/Intermediates.noindex/ChaosByteStreams.build/Debug-xros/ChaosByteStreams-t.build/Objects-normal/arm64/ChaosByteStreams.LinkFileList
WriteAuxiliaryFile /Users/admin/builder/spi-builder-workspace/.derivedData/Build/Intermediates.noindex/ChaosByteStreams.build/Debug-xros/ChaosByteStreams-t.build/Objects-normal/arm64/ChaosByteStreams-OutputFileMap.json (in target 'ChaosByteStreams' from project 'ChaosByteStreams')
    cd /Users/admin/builder/spi-builder-workspace/.dependencies/checkouts/ChaosByteStreams
    write-file /Users/admin/builder/spi-builder-workspace/.derivedData/Build/Intermediates.noindex/ChaosByteStreams.build/Debug-xros/ChaosByteStreams-t.build/Objects-normal/arm64/ChaosByteStreams-OutputFileMap.json
WriteAuxiliaryFile /Users/admin/builder/spi-builder-workspace/.derivedData/Build/Intermediates.noindex/ChaosByteStreams.build/Debug-xros/ChaosByteStreams-t.build/ChaosByteStreams.modulemap (in target 'ChaosByteStreams' from project 'ChaosByteStreams')
    cd /Users/admin/builder/spi-builder-workspace/.dependencies/checkouts/ChaosByteStreams
    write-file /Users/admin/builder/spi-builder-workspace/.derivedData/Build/Intermediates.noindex/ChaosByteStreams.build/Debug-xros/ChaosByteStreams-t.build/ChaosByteStreams.modulemap
WriteAuxiliaryFile /Users/admin/builder/spi-builder-workspace/.derivedData/Build/Intermediates.noindex/ChaosByteStreams.build/Debug-xros/ChaosByteStreams-t.build/ChaosByteStreams.DependencyStaticMetadataFileList (in target 'ChaosByteStreams' from project 'ChaosByteStreams')
    cd /Users/admin/builder/spi-builder-workspace/.dependencies/checkouts/ChaosByteStreams
    write-file /Users/admin/builder/spi-builder-workspace/.derivedData/Build/Intermediates.noindex/ChaosByteStreams.build/Debug-xros/ChaosByteStreams-t.build/ChaosByteStreams.DependencyStaticMetadataFileList
WriteAuxiliaryFile /Users/admin/builder/spi-builder-workspace/.derivedData/Build/Intermediates.noindex/ChaosByteStreams.build/Debug-xros/ChaosByteStreams-t.build/ChaosByteStreams.DependencyMetadataFileList (in target 'ChaosByteStreams' from project 'ChaosByteStreams')
    cd /Users/admin/builder/spi-builder-workspace/.dependencies/checkouts/ChaosByteStreams
    write-file /Users/admin/builder/spi-builder-workspace/.derivedData/Build/Intermediates.noindex/ChaosByteStreams.build/Debug-xros/ChaosByteStreams-t.build/ChaosByteStreams.DependencyMetadataFileList
Copy /Users/admin/builder/spi-builder-workspace/.derivedData/Build/Intermediates.noindex/GeneratedModuleMaps-xros/ChaosByteStreams.modulemap /Users/admin/builder/spi-builder-workspace/.derivedData/Build/Intermediates.noindex/ChaosByteStreams.build/Debug-xros/ChaosByteStreams-t.build/ChaosByteStreams.modulemap (in target 'ChaosByteStreams' from project 'ChaosByteStreams')
    cd /Users/admin/builder/spi-builder-workspace/.dependencies/checkouts/ChaosByteStreams
    builtin-copy -exclude .DS_Store -exclude CVS -exclude .svn -exclude .git -exclude .hg -resolve-src-symlinks /Users/admin/builder/spi-builder-workspace/.derivedData/Build/Intermediates.noindex/ChaosByteStreams.build/Debug-xros/ChaosByteStreams-t.build/ChaosByteStreams.modulemap /Users/admin/builder/spi-builder-workspace/.derivedData/Build/Intermediates.noindex/GeneratedModuleMaps-xros
SwiftDriver ChaosByteStreams normal arm64 com.apple.xcode.tools.swift.compiler (in target 'ChaosByteStreams' from project 'ChaosByteStreams')
    cd /Users/admin/builder/spi-builder-workspace/.swiftpm/xcode
    builtin-SwiftDriver -- /Applications/Xcode-27.0.0-Release.Candidate.app/Contents/Developer/Toolchains/XcodeDefault.xctoolchain/usr/bin/swiftc -parse-as-library -module-name ChaosByteStreams -Onone @/Users/admin/builder/spi-builder-workspace/.derivedData/Build/Intermediates.noindex/ChaosByteStreams.build/Debug-xros/ChaosByteStreams-t.build/Objects-normal/arm64/ChaosByteStreams.SwiftFileList -DSWIFT_PACKAGE -DDEBUG -DSWIFT_MODULE_RESOURCE_BUNDLE_UNAVAILABLE -DXcode -plugin-path /Applications/Xcode-27.0.0-Release.Candidate.app/Contents/Developer/Toolchains/XcodeDefault.xctoolchain/usr/lib/swift/host/plugins/testing -enable-experimental-feature DebugDescriptionMacro -sdk /Applications/Xcode-27.0.0-Release.Candidate.app/Contents/Developer/Platforms/XROS.platform/Developer/SDKs/XROS27.0.sdk -target arm64-apple-xros1.0 -g -module-cache-path /Users/admin/builder/spi-builder-workspace/.derivedData/ModuleCache.noindex -Xfrontend -serialize-debugging-options -profile-coverage-mapping -profile-generate -enable-testing -suppress-warnings -index-store-path /Users/admin/builder/spi-builder-workspace/.derivedData/Index.noindex/DataStore -Xcc -D_LIBCPP_HARDENING_MODE\=_LIBCPP_HARDENING_MODE_DEBUG -swift-version 6 -I /Users/admin/builder/spi-builder-workspace/.derivedData/Build/Products/Debug-xros -Isystem /Applications/Xcode-27.0.0-Release.Candidate.app/Contents/Developer/Platforms/XROS.platform/Developer/usr/lib -F /Users/admin/builder/spi-builder-workspace/.derivedData/Build/Products/Debug-xros -F /Applications/Xcode-27.0.0-Release.Candidate.app/Contents/Developer/Platforms/XROS.platform/Developer/Library/Frameworks -F /Applications/Xcode-27.0.0-Release.Candidate.app/Contents/Developer/Platforms/XROS.platform/Developer/SDKs/XROS27.0.sdk/Developer/Library/Frameworks -c -j10 -enable-batch-mode -incremental -Xcc -ivfsstatcache -Xcc /Users/admin/builder/spi-builder-workspace/.derivedData/SDKStatCaches.noindex/xros27.0-24M361-e829b21a6f8c9b70876ba0858053c044735bd543db762f57723cac368afd1ce4.sdkstatcache -output-file-map /Users/admin/builder/spi-builder-workspace/.derivedData/Build/Intermediates.noindex/ChaosByteStreams.build/Debug-xros/ChaosByteStreams-t.build/Objects-normal/arm64/ChaosByteStreams-OutputFileMap.json -save-temps -no-color-diagnostics -explicit-module-build -module-cache-path /Users/admin/builder/spi-builder-workspace/.derivedData/Build/Intermediates.noindex/SwiftExplicitPrecompiledModules -clang-scanner-module-cache-path /Users/admin/builder/spi-builder-workspace/.derivedData/ModuleCache.noindex -sdk-module-cache-path /Users/admin/builder/spi-builder-workspace/.derivedData/SDKExplicitPrecompiledModules -emit-dependencies -emit-module -emit-module-path /Users/admin/builder/spi-builder-workspace/.derivedData/Build/Intermediates.noindex/ChaosByteStreams.build/Debug-xros/ChaosByteStreams-t.build/Objects-normal/arm64/ChaosByteStreams.swiftmodule -serialize-diagnostics -dependency-scan-serialize-diagnostics-path /Users/admin/builder/spi-builder-workspace/.derivedData/Build/Intermediates.noindex/ChaosByteStreams.build/Debug-xros/ChaosByteStreams-t.build/Objects-normal/arm64/ChaosByteStreams-dependency-scan.dia -user-module-version 1.0.7 -validate-clang-modules-once -clang-build-session-file /Users/admin/builder/spi-builder-workspace/.derivedData/ModuleCache.noindex/Session.modulevalidation -Xcc -fmodules-prune-interval\=86400 -Xcc -fmodules-prune-after\=345600 -package-name chaosbytestreams -emit-const-values -const-gather-protocols-list /Users/admin/builder/spi-builder-workspace/.derivedData/Build/Intermediates.noindex/ChaosByteStreams.build/Debug-xros/ChaosByteStreams-t.build/Objects-normal/arm64/ChaosByteStreams_const_extract_protocols.json -Xcc -I/Users/admin/builder/spi-builder-workspace/.derivedData/Build/Products/Debug-xros/include -Xcc -I/Users/admin/builder/spi-builder-workspace/.derivedData/Build/Intermediates.noindex/ChaosByteStreams.build/Debug-xros/ChaosByteStreams-t.build/DerivedSources-normal/arm64 -Xcc -I/Users/admin/builder/spi-builder-workspace/.derivedData/Build/Intermediates.noindex/ChaosByteStreams.build/Debug-xros/ChaosByteStreams-t.build/DerivedSources/arm64 -Xcc -I/Users/admin/builder/spi-builder-workspace/.derivedData/Build/Intermediates.noindex/ChaosByteStreams.build/Debug-xros/ChaosByteStreams-t.build/DerivedSources -Xcc -DSWIFT_PACKAGE -Xcc -DDEBUG\=1 -emit-objc-header -emit-objc-header-path /Users/admin/builder/spi-builder-workspace/.derivedData/Build/Intermediates.noindex/ChaosByteStreams.build/Debug-xros/ChaosByteStreams-t.build/Objects-normal/arm64/ChaosByteStreams-Swift.h -working-directory /Users/admin/builder/spi-builder-workspace/.swiftpm/xcode -experimental-emit-module-separately -disable-cmo
SwiftDriver VersionatorUtils normal arm64 com.apple.xcode.tools.swift.compiler (in target 'VersionatorUtils' from project 'Versionator')
    cd /Users/admin/builder/spi-builder-workspace/.swiftpm/xcode
    builtin-SwiftDriver -- /Applications/Xcode-27.0.0-Release.Candidate.app/Contents/Developer/Toolchains/XcodeDefault.xctoolchain/usr/bin/swiftc -parse-as-library -module-name VersionatorUtils -Onone @/Users/admin/builder/spi-builder-workspace/.derivedData/Build/Intermediates.noindex/Versionator.build/Debug-xros/VersionatorUtils-t.build/Objects-normal/arm64/VersionatorUtils.SwiftFileList -DSWIFT_PACKAGE -DDEBUG -DSWIFT_MODULE_RESOURCE_BUNDLE_UNAVAILABLE -DXcode -plugin-path /Applications/Xcode-27.0.0-Release.Candidate.app/Contents/Developer/Toolchains/XcodeDefault.xctoolchain/usr/lib/swift/host/plugins/testing -enable-experimental-feature DebugDescriptionMacro -sdk /Applications/Xcode-27.0.0-Release.Candidate.app/Contents/Developer/Platforms/XROS.platform/Developer/SDKs/XROS27.0.sdk -target arm64-apple-xros1.0 -g -module-cache-path /Users/admin/builder/spi-builder-workspace/.derivedData/ModuleCache.noindex -Xfrontend -serialize-debugging-options -profile-coverage-mapping -profile-generate -enable-testing -index-store-path /Users/admin/builder/spi-builder-workspace/.derivedData/Index.noindex/DataStore -Xcc -D_LIBCPP_HARDENING_MODE\=_LIBCPP_HARDENING_MODE_DEBUG -swift-version 6 -I /Users/admin/builder/spi-builder-workspace/.derivedData/Build/Products/Debug-xros -Isystem /Applications/Xcode-27.0.0-Release.Candidate.app/Contents/Developer/Platforms/XROS.platform/Developer/usr/lib -F /Users/admin/builder/spi-builder-workspace/.derivedData/Build/Products/Debug-xros -F /Applications/Xcode-27.0.0-Release.Candidate.app/Contents/Developer/Platforms/XROS.platform/Developer/Library/Frameworks -F /Applications/Xcode-27.0.0-Release.Candidate.app/Contents/Developer/Platforms/XROS.platform/Developer/SDKs/XROS27.0.sdk/Developer/Library/Frameworks -c -j10 -enable-batch-mode -incremental -Xcc -ivfsstatcache -Xcc /Users/admin/builder/spi-builder-workspace/.derivedData/SDKStatCaches.noindex/xros27.0-24M361-e829b21a6f8c9b70876ba0858053c044735bd543db762f57723cac368afd1ce4.sdkstatcache -output-file-map /Users/admin/builder/spi-builder-workspace/.derivedData/Build/Intermediates.noindex/Versionator.build/Debug-xros/VersionatorUtils-t.build/Objects-normal/arm64/VersionatorUtils-OutputFileMap.json -save-temps -no-color-diagnostics -explicit-module-build -module-cache-path /Users/admin/builder/spi-builder-workspace/.derivedData/Build/Intermediates.noindex/SwiftExplicitPrecompiledModules -clang-scanner-module-cache-path /Users/admin/builder/spi-builder-workspace/.derivedData/ModuleCache.noindex -sdk-module-cache-path /Users/admin/builder/spi-builder-workspace/.derivedData/SDKExplicitPrecompiledModules -emit-dependencies -emit-module -emit-module-path /Users/admin/builder/spi-builder-workspace/.derivedData/Build/Intermediates.noindex/Versionator.build/Debug-xros/VersionatorUtils-t.build/Objects-normal/arm64/VersionatorUtils.swiftmodule -serialize-diagnostics -dependency-scan-serialize-diagnostics-path /Users/admin/builder/spi-builder-workspace/.derivedData/Build/Intermediates.noindex/Versionator.build/Debug-xros/VersionatorUtils-t.build/Objects-normal/arm64/VersionatorUtils-dependency-scan.dia -validate-clang-modules-once -clang-build-session-file /Users/admin/builder/spi-builder-workspace/.derivedData/ModuleCache.noindex/Session.modulevalidation -Xcc -fmodules-prune-interval\=86400 -Xcc -fmodules-prune-after\=345600 -package-name spi_builder_workspace -emit-const-values -const-gather-protocols-list /Users/admin/builder/spi-builder-workspace/.derivedData/Build/Intermediates.noindex/Versionator.build/Debug-xros/VersionatorUtils-t.build/Objects-normal/arm64/VersionatorUtils_const_extract_protocols.json -Xcc -I/Users/admin/builder/spi-builder-workspace/.derivedData/Build/Products/Debug-xros/include -Xcc -I/Users/admin/builder/spi-builder-workspace/.derivedData/Build/Intermediates.noindex/Versionator.build/Debug-xros/VersionatorUtils-t.build/DerivedSources-normal/arm64 -Xcc -I/Users/admin/builder/spi-builder-workspace/.derivedData/Build/Intermediates.noindex/Versionator.build/Debug-xros/VersionatorUtils-t.build/DerivedSources/arm64 -Xcc -I/Users/admin/builder/spi-builder-workspace/.derivedData/Build/Intermediates.noindex/Versionator.build/Debug-xros/VersionatorUtils-t.build/DerivedSources -Xcc -DSWIFT_PACKAGE -Xcc -DDEBUG\=1 -emit-objc-header -emit-objc-header-path /Users/admin/builder/spi-builder-workspace/.derivedData/Build/Intermediates.noindex/Versionator.build/Debug-xros/VersionatorUtils-t.build/Objects-normal/arm64/VersionatorUtils-Swift.h -working-directory /Users/admin/builder/spi-builder-workspace/.swiftpm/xcode -experimental-emit-module-separately -disable-cmo
SwiftExplicitDependencyGeneratePcm arm64 /Users/admin/builder/spi-builder-workspace/.derivedData/SDKExplicitPrecompiledModules/_Builtin_stddef-2IE0R9M96I5XG0WY72N2UIQ8V.pcm
SwiftExplicitDependencyGeneratePcm arm64 /Users/admin/builder/spi-builder-workspace/.derivedData/SDKExplicitPrecompiledModules/_Builtin_stdbool-1Q6BTYNEVHC9M74WL5O5GJ1ZM.pcm
SwiftExplicitDependencyGeneratePcm arm64 /Users/admin/builder/spi-builder-workspace/.derivedData/SDKExplicitPrecompiledModules/_Builtin_stdarg-62NPPE4D8O3BNLU35D74TGLVQ.pcm
SwiftExplicitDependencyGeneratePcm arm64 /Users/admin/builder/spi-builder-workspace/.derivedData/SDKExplicitPrecompiledModules/_Builtin_float-1J8SO31WACP82RKV0LOTRKG39.pcm
SwiftExplicitDependencyGeneratePcm arm64 /Users/admin/builder/spi-builder-workspace/.derivedData/SDKExplicitPrecompiledModules/ptrauth-9Q1PN7OTQZN7B0Z9D7V7Q8UB1.pcm
SwiftExplicitDependencyGeneratePcm arm64 /Users/admin/builder/spi-builder-workspace/.derivedData/SDKExplicitPrecompiledModules/_SwiftConcurrencyShims-9H7TQT237JM0VTD7TXCR6CNM9.pcm
SwiftExplicitDependencyGeneratePcm arm64 /Users/admin/builder/spi-builder-workspace/.derivedData/SDKExplicitPrecompiledModules/SwiftShims-2HAZ94YF1BA79JLFTAIV7APMW.pcm
SwiftExplicitDependencyGeneratePcm arm64 /Users/admin/builder/spi-builder-workspace/.derivedData/SDKExplicitPrecompiledModules/ptrcheck-98Y8DWD0HPCMRMDFKAEZCA81O.pcm
SwiftExplicitDependencyGeneratePcm arm64 /Users/admin/builder/spi-builder-workspace/.derivedData/SDKExplicitPrecompiledModules/_AvailabilityInternal-6BH9T8OE123ARKKFOJFR111NS.pcm
SwiftExplicitDependencyGeneratePcm arm64 /Users/admin/builder/spi-builder-workspace/.derivedData/SDKExplicitPrecompiledModules/_DarwinFoundation1-AVZIQZ8HOAUXTT5CXVE5TNG7E.pcm
SwiftExplicitDependencyGeneratePcm arm64 /Users/admin/builder/spi-builder-workspace/.derivedData/SDKExplicitPrecompiledModules/_DarwinFoundation2-E0NXA4K8N3W3XTJG0EDH15WR2.pcm
SwiftExplicitDependencyGeneratePcm arm64 /Users/admin/builder/spi-builder-workspace/.derivedData/SDKExplicitPrecompiledModules/_Builtin_limits-599EXAY0E7DPK78D1JASUXYCQ.pcm
SwiftExplicitDependencyGeneratePcm arm64 /Users/admin/builder/spi-builder-workspace/.derivedData/SDKExplicitPrecompiledModules/string_h-BGPLTZ4H9HACR813QKF6VS72D.pcm
SwiftExplicitDependencyGeneratePcm arm64 /Users/admin/builder/spi-builder-workspace/.derivedData/SDKExplicitPrecompiledModules/sys_types-A3BBS6FJZK4C974FRQ5ZCTND7.pcm
SwiftExplicitDependencyGeneratePcm arm64 /Users/admin/builder/spi-builder-workspace/.derivedData/SDKExplicitPrecompiledModules/_Builtin_stdint-F1DLW8WMMSOC414RWOQWK8OS8.pcm
SwiftExplicitDependencyGeneratePcm arm64 /Users/admin/builder/spi-builder-workspace/.derivedData/SDKExplicitPrecompiledModules/_DarwinFoundation3-C1P0SZMW1CBYZ1956G2WPAGVQ.pcm
SwiftExplicitDependencyGeneratePcm arm64 /Users/admin/builder/spi-builder-workspace/.derivedData/SDKExplicitPrecompiledModules/_Builtin_inttypes-9DU9NJC5HKVLIXJ97CZROETBU.pcm
SwiftExplicitDependencyGeneratePcm arm64 /Users/admin/builder/spi-builder-workspace/.derivedData/SDKExplicitPrecompiledModules/Darwin-ET1KOXI5QIB2QZ81K0LJ5SCNP.pcm
SwiftExplicitDependencyGeneratePcm arm64 /Users/admin/builder/spi-builder-workspace/.derivedData/SDKExplicitPrecompiledModules/ObjectiveC-7UYOWV2RO2CMEGURP3Y7WLPAT.pcm
SwiftExplicitDependencyGeneratePcm arm64 /Users/admin/builder/spi-builder-workspace/.derivedData/SDKExplicitPrecompiledModules/os_object-A49MUZWNB60JKCX0NMFXESEZD.pcm
SwiftExplicitDependencyGeneratePcm arm64 /Users/admin/builder/spi-builder-workspace/.derivedData/SDKExplicitPrecompiledModules/os_workgroup-1J3Q9ELSMX5271913GPIT75QV.pcm
SwiftExplicitDependencyGeneratePcm arm64 /Users/admin/builder/spi-builder-workspace/.derivedData/SDKExplicitPrecompiledModules/Dispatch-7TDXDXPVVCZ0IQLPT2W4Z1AW3.pcm
SwiftExplicitDependencyGeneratePcm arm64 /Users/admin/builder/spi-builder-workspace/.derivedData/SDKExplicitPrecompiledModules/XPC-1U8J3QOEPI1JREQTBJYCK4Z2Z.pcm
SwiftExplicitDependencyGeneratePcm arm64 /Users/admin/builder/spi-builder-workspace/.derivedData/SDKExplicitPrecompiledModules/CoreFoundation-5D49BF05JAG3T79HLXZS0QOEB.pcm
SwiftExplicitDependencyGeneratePcm arm64 /Users/admin/builder/spi-builder-workspace/.derivedData/SDKExplicitPrecompiledModules/Security-4BDO3J0PXFNR7ZRKSDSXCO6IM.pcm
SwiftExplicitDependencyGeneratePcm arm64 /Users/admin/builder/spi-builder-workspace/.derivedData/SDKExplicitPrecompiledModules/CFNetwork-8XNJAT23SK5D0OET9NV9X387I.pcm
SwiftExplicitDependencyGeneratePcm arm64 /Users/admin/builder/spi-builder-workspace/.derivedData/SDKExplicitPrecompiledModules/Foundation-48S9SVOOX01R4NP8KF0LJG57Z.pcm
SwiftEmitModule normal arm64 Emitting\ module\ for\ ChaosByteStreams (in target 'ChaosByteStreams' from project 'ChaosByteStreams')
SwiftCompile normal arm64 (in target 'ChaosByteStreams' from project 'ChaosByteStreams')
    cd /Users/admin/builder/spi-builder-workspace/.swiftpm/xcode

SwiftCompile normal arm64 Compiling\ String+AsyncSequence.swift /Users/admin/builder/spi-builder-workspace/Sources/VersionatorUtils/String+AsyncSequence.swift (in target 'VersionatorUtils' from project 'Versionator')
SwiftCompile normal arm64 /Users/admin/builder/spi-builder-workspace/Sources/VersionatorUtils/String+AsyncSequence.swift (in target 'VersionatorUtils' from project 'Versionator')
    cd /Users/admin/builder/spi-builder-workspace/.swiftpm/xcode
    builtin-SwiftPerFileCompile String+AsyncSequence.swift
SwiftEmitModule normal arm64 Emitting\ module\ for\ VersionatorUtils (in target 'VersionatorUtils' from project 'Versionator')
SwiftCompile normal arm64 (in target 'VersionatorUtils' from project 'Versionator')
    cd /Users/admin/builder/spi-builder-workspace/.swiftpm/xcode

SwiftCompile normal arm64 Compiling\ String+ByteStreams.swift /Users/admin/builder/spi-builder-workspace/.dependencies/checkouts/ChaosByteStreams/Sources/ChaosByteStreams/String+ByteStreams.swift (in target 'ChaosByteStreams' from project 'ChaosByteStreams')
SwiftCompile normal arm64 /Users/admin/builder/spi-builder-workspace/.dependencies/checkouts/ChaosByteStreams/Sources/ChaosByteStreams/String+ByteStreams.swift (in target 'ChaosByteStreams' from project 'ChaosByteStreams')
    cd /Users/admin/builder/spi-builder-workspace/.swiftpm/xcode
    builtin-SwiftPerFileCompile String+ByteStreams.swift
SwiftCompile normal arm64 Compiling\ DataBuffer.swift /Users/admin/builder/spi-builder-workspace/.dependencies/checkouts/ChaosByteStreams/Sources/ChaosByteStreams/DataBuffer.swift (in target 'ChaosByteStreams' from project 'ChaosByteStreams')
SwiftCompile normal arm64 /Users/admin/builder/spi-builder-workspace/.dependencies/checkouts/ChaosByteStreams/Sources/ChaosByteStreams/DataBuffer.swift (in target 'ChaosByteStreams' from project 'ChaosByteStreams')
    cd /Users/admin/builder/spi-builder-workspace/.swiftpm/xcode
    builtin-SwiftPerFileCompile DataBuffer.swift
SwiftCompile normal arm64 Compiling\ Data+ByteStreams.swift /Users/admin/builder/spi-builder-workspace/.dependencies/checkouts/ChaosByteStreams/Sources/ChaosByteStreams/Data+ByteStreams.swift (in target 'ChaosByteStreams' from project 'ChaosByteStreams')
SwiftCompile normal arm64 /Users/admin/builder/spi-builder-workspace/.dependencies/checkouts/ChaosByteStreams/Sources/ChaosByteStreams/Data+ByteStreams.swift (in target 'ChaosByteStreams' from project 'ChaosByteStreams')
    cd /Users/admin/builder/spi-builder-workspace/.swiftpm/xcode
    builtin-SwiftPerFileCompile Data+ByteStreams.swift
SwiftDriverJobDiscovery normal arm64 Emitting module for VersionatorUtils (in target 'VersionatorUtils' from project 'Versionator')
SwiftDriver\ Compilation\ Requirements VersionatorUtils normal arm64 com.apple.xcode.tools.swift.compiler (in target 'VersionatorUtils' from project 'Versionator')
    cd /Users/admin/builder/spi-builder-workspace/.swiftpm/xcode
    builtin-Swift-Compilation-Requirements -- /Applications/Xcode-27.0.0-Release.Candidate.app/Contents/Developer/Toolchains/XcodeDefault.xctoolchain/usr/bin/swiftc -parse-as-library -module-name VersionatorUtils -Onone @/Users/admin/builder/spi-builder-workspace/.derivedData/Build/Intermediates.noindex/Versionator.build/Debug-xros/VersionatorUtils-t.build/Objects-normal/arm64/VersionatorUtils.SwiftFileList -DSWIFT_PACKAGE -DDEBUG -DSWIFT_MODULE_RESOURCE_BUNDLE_UNAVAILABLE -DXcode -plugin-path /Applications/Xcode-27.0.0-Release.Candidate.app/Contents/Developer/Toolchains/XcodeDefault.xctoolchain/usr/lib/swift/host/plugins/testing -enable-experimental-feature DebugDescriptionMacro -sdk /Applications/Xcode-27.0.0-Release.Candidate.app/Contents/Developer/Platforms/XROS.platform/Developer/SDKs/XROS27.0.sdk -target arm64-apple-xros1.0 -g -module-cache-path /Users/admin/builder/spi-builder-workspace/.derivedData/ModuleCache.noindex -Xfrontend -serialize-debugging-options -profile-coverage-mapping -profile-generate -enable-testing -index-store-path /Users/admin/builder/spi-builder-workspace/.derivedData/Index.noindex/DataStore -Xcc -D_LIBCPP_HARDENING_MODE\=_LIBCPP_HARDENING_MODE_DEBUG -swift-version 6 -I /Users/admin/builder/spi-builder-workspace/.derivedData/Build/Products/Debug-xros -Isystem /Applications/Xcode-27.0.0-Release.Candidate.app/Contents/Developer/Platforms/XROS.platform/Developer/usr/lib -F /Users/admin/builder/spi-builder-workspace/.derivedData/Build/Products/Debug-xros -F /Applications/Xcode-27.0.0-Release.Candidate.app/Contents/Developer/Platforms/XROS.platform/Developer/Library/Frameworks -F /Applications/Xcode-27.0.0-Release.Candidate.app/Contents/Developer/Platforms/XROS.platform/Developer/SDKs/XROS27.0.sdk/Developer/Library/Frameworks -c -j10 -enable-batch-mode -incremental -Xcc -ivfsstatcache -Xcc /Users/admin/builder/spi-builder-workspace/.derivedData/SDKStatCaches.noindex/xros27.0-24M361-e829b21a6f8c9b70876ba0858053c044735bd543db762f57723cac368afd1ce4.sdkstatcache -output-file-map /Users/admin/builder/spi-builder-workspace/.derivedData/Build/Intermediates.noindex/Versionator.build/Debug-xros/VersionatorUtils-t.build/Objects-normal/arm64/VersionatorUtils-OutputFileMap.json -save-temps -no-color-diagnostics -explicit-module-build -module-cache-path /Users/admin/builder/spi-builder-workspace/.derivedData/Build/Intermediates.noindex/SwiftExplicitPrecompiledModules -clang-scanner-module-cache-path /Users/admin/builder/spi-builder-workspace/.derivedData/ModuleCache.noindex -sdk-module-cache-path /Users/admin/builder/spi-builder-workspace/.derivedData/SDKExplicitPrecompiledModules -emit-dependencies -emit-module -emit-module-path /Users/admin/builder/spi-builder-workspace/.derivedData/Build/Intermediates.noindex/Versionator.build/Debug-xros/VersionatorUtils-t.build/Objects-normal/arm64/VersionatorUtils.swiftmodule -serialize-diagnostics -dependency-scan-serialize-diagnostics-path /Users/admin/builder/spi-builder-workspace/.derivedData/Build/Intermediates.noindex/Versionator.build/Debug-xros/VersionatorUtils-t.build/Objects-normal/arm64/VersionatorUtils-dependency-scan.dia -validate-clang-modules-once -clang-build-session-file /Users/admin/builder/spi-builder-workspace/.derivedData/ModuleCache.noindex/Session.modulevalidation -Xcc -fmodules-prune-interval\=86400 -Xcc -fmodules-prune-after\=345600 -package-name spi_builder_workspace -emit-const-values -const-gather-protocols-list /Users/admin/builder/spi-builder-workspace/.derivedData/Build/Intermediates.noindex/Versionator.build/Debug-xros/VersionatorUtils-t.build/Objects-normal/arm64/VersionatorUtils_const_extract_protocols.json -Xcc -I/Users/admin/builder/spi-builder-workspace/.derivedData/Build/Products/Debug-xros/include -Xcc -I/Users/admin/builder/spi-builder-workspace/.derivedData/Build/Intermediates.noindex/Versionator.build/Debug-xros/VersionatorUtils-t.build/DerivedSources-normal/arm64 -Xcc -I/Users/admin/builder/spi-builder-workspace/.derivedData/Build/Intermediates.noindex/Versionator.build/Debug-xros/VersionatorUtils-t.build/DerivedSources/arm64 -Xcc -I/Users/admin/builder/spi-builder-workspace/.derivedData/Build/Intermediates.noindex/Versionator.build/Debug-xros/VersionatorUtils-t.build/DerivedSources -Xcc -DSWIFT_PACKAGE -Xcc -DDEBUG\=1 -emit-objc-header -emit-objc-header-path /Users/admin/builder/spi-builder-workspace/.derivedData/Build/Intermediates.noindex/Versionator.build/Debug-xros/VersionatorUtils-t.build/Objects-normal/arm64/VersionatorUtils-Swift.h -working-directory /Users/admin/builder/spi-builder-workspace/.swiftpm/xcode -experimental-emit-module-separately -disable-cmo
SwiftMergeGeneratedHeaders /Users/admin/builder/spi-builder-workspace/.derivedData/Build/Intermediates.noindex/GeneratedModuleMaps-xros/VersionatorUtils-Swift.h /Users/admin/builder/spi-builder-workspace/.derivedData/Build/Intermediates.noindex/Versionator.build/Debug-xros/VersionatorUtils-t.build/Objects-normal/arm64/VersionatorUtils-Swift.h (in target 'VersionatorUtils' from project 'Versionator')
    cd /Users/admin/builder/spi-builder-workspace
    builtin-swiftHeaderTool -arch arm64 /Users/admin/builder/spi-builder-workspace/.derivedData/Build/Intermediates.noindex/Versionator.build/Debug-xros/VersionatorUtils-t.build/Objects-normal/arm64/VersionatorUtils-Swift.h -o /Users/admin/builder/spi-builder-workspace/.derivedData/Build/Intermediates.noindex/GeneratedModuleMaps-xros/VersionatorUtils-Swift.h
Copy /Users/admin/builder/spi-builder-workspace/.derivedData/Build/Products/Debug-xros/VersionatorUtils.swiftmodule/arm64-apple-xros.swiftmodule /Users/admin/builder/spi-builder-workspace/.derivedData/Build/Intermediates.noindex/Versionator.build/Debug-xros/VersionatorUtils-t.build/Objects-normal/arm64/VersionatorUtils.swiftmodule (in target 'VersionatorUtils' from project 'Versionator')
    cd /Users/admin/builder/spi-builder-workspace
    builtin-copy -exclude .DS_Store -exclude CVS -exclude .svn -exclude .git -exclude .hg -resolve-src-symlinks -rename /Users/admin/builder/spi-builder-workspace/.derivedData/Build/Intermediates.noindex/Versionator.build/Debug-xros/VersionatorUtils-t.build/Objects-normal/arm64/VersionatorUtils.swiftmodule /Users/admin/builder/spi-builder-workspace/.derivedData/Build/Products/Debug-xros/VersionatorUtils.swiftmodule/arm64-apple-xros.swiftmodule
Copy /Users/admin/builder/spi-builder-workspace/.derivedData/Build/Products/Debug-xros/VersionatorUtils.swiftmodule/arm64-apple-xros.swiftdoc /Users/admin/builder/spi-builder-workspace/.derivedData/Build/Intermediates.noindex/Versionator.build/Debug-xros/VersionatorUtils-t.build/Objects-normal/arm64/VersionatorUtils.swiftdoc (in target 'VersionatorUtils' from project 'Versionator')
    cd /Users/admin/builder/spi-builder-workspace
    builtin-copy -exclude .DS_Store -exclude CVS -exclude .svn -exclude .git -exclude .hg -resolve-src-symlinks -rename /Users/admin/builder/spi-builder-workspace/.derivedData/Build/Intermediates.noindex/Versionator.build/Debug-xros/VersionatorUtils-t.build/Objects-normal/arm64/VersionatorUtils.swiftdoc /Users/admin/builder/spi-builder-workspace/.derivedData/Build/Products/Debug-xros/VersionatorUtils.swiftmodule/arm64-apple-xros.swiftdoc
Copy /Users/admin/builder/spi-builder-workspace/.derivedData/Build/Products/Debug-xros/VersionatorUtils.swiftmodule/arm64-apple-xros.abi.json /Users/admin/builder/spi-builder-workspace/.derivedData/Build/Intermediates.noindex/Versionator.build/Debug-xros/VersionatorUtils-t.build/Objects-normal/arm64/VersionatorUtils.abi.json (in target 'VersionatorUtils' from project 'Versionator')
    cd /Users/admin/builder/spi-builder-workspace
    builtin-copy -exclude .DS_Store -exclude CVS -exclude .svn -exclude .git -exclude .hg -resolve-src-symlinks -rename /Users/admin/builder/spi-builder-workspace/.derivedData/Build/Intermediates.noindex/Versionator.build/Debug-xros/VersionatorUtils-t.build/Objects-normal/arm64/VersionatorUtils.abi.json /Users/admin/builder/spi-builder-workspace/.derivedData/Build/Products/Debug-xros/VersionatorUtils.swiftmodule/arm64-apple-xros.abi.json
Copy /Users/admin/builder/spi-builder-workspace/.derivedData/Build/Products/Debug-xros/VersionatorUtils.swiftmodule/Project/arm64-apple-xros.swiftsourceinfo /Users/admin/builder/spi-builder-workspace/.derivedData/Build/Intermediates.noindex/Versionator.build/Debug-xros/VersionatorUtils-t.build/Objects-normal/arm64/VersionatorUtils.swiftsourceinfo (in target 'VersionatorUtils' from project 'Versionator')
    cd /Users/admin/builder/spi-builder-workspace
    builtin-copy -exclude .DS_Store -exclude CVS -exclude .svn -exclude .git -exclude .hg -resolve-src-symlinks -rename /Users/admin/builder/spi-builder-workspace/.derivedData/Build/Intermediates.noindex/Versionator.build/Debug-xros/VersionatorUtils-t.build/Objects-normal/arm64/VersionatorUtils.swiftsourceinfo /Users/admin/builder/spi-builder-workspace/.derivedData/Build/Products/Debug-xros/VersionatorUtils.swiftmodule/Project/arm64-apple-xros.swiftsourceinfo
SwiftDriverJobDiscovery normal arm64 Emitting module for ChaosByteStreams (in target 'ChaosByteStreams' from project 'ChaosByteStreams')
SwiftDriver\ Compilation\ Requirements ChaosByteStreams normal arm64 com.apple.xcode.tools.swift.compiler (in target 'ChaosByteStreams' from project 'ChaosByteStreams')
    cd /Users/admin/builder/spi-builder-workspace/.swiftpm/xcode
    builtin-Swift-Compilation-Requirements -- /Applications/Xcode-27.0.0-Release.Candidate.app/Contents/Developer/Toolchains/XcodeDefault.xctoolchain/usr/bin/swiftc -parse-as-library -module-name ChaosByteStreams -Onone @/Users/admin/builder/spi-builder-workspace/.derivedData/Build/Intermediates.noindex/ChaosByteStreams.build/Debug-xros/ChaosByteStreams-t.build/Objects-normal/arm64/ChaosByteStreams.SwiftFileList -DSWIFT_PACKAGE -DDEBUG -DSWIFT_MODULE_RESOURCE_BUNDLE_UNAVAILABLE -DXcode -plugin-path /Applications/Xcode-27.0.0-Release.Candidate.app/Contents/Developer/Toolchains/XcodeDefault.xctoolchain/usr/lib/swift/host/plugins/testing -enable-experimental-feature DebugDescriptionMacro -sdk /Applications/Xcode-27.0.0-Release.Candidate.app/Contents/Developer/Platforms/XROS.platform/Developer/SDKs/XROS27.0.sdk -target arm64-apple-xros1.0 -g -module-cache-path /Users/admin/builder/spi-builder-workspace/.derivedData/ModuleCache.noindex -Xfrontend -serialize-debugging-options -profile-coverage-mapping -profile-generate -enable-testing -suppress-warnings -index-store-path /Users/admin/builder/spi-builder-workspace/.derivedData/Index.noindex/DataStore -Xcc -D_LIBCPP_HARDENING_MODE\=_LIBCPP_HARDENING_MODE_DEBUG -swift-version 6 -I /Users/admin/builder/spi-builder-workspace/.derivedData/Build/Products/Debug-xros -Isystem /Applications/Xcode-27.0.0-Release.Candidate.app/Contents/Developer/Platforms/XROS.platform/Developer/usr/lib -F /Users/admin/builder/spi-builder-workspace/.derivedData/Build/Products/Debug-xros -F /Applications/Xcode-27.0.0-Release.Candidate.app/Contents/Developer/Platforms/XROS.platform/Developer/Library/Frameworks -F /Applications/Xcode-27.0.0-Release.Candidate.app/Contents/Developer/Platforms/XROS.platform/Developer/SDKs/XROS27.0.sdk/Developer/Library/Frameworks -c -j10 -enable-batch-mode -incremental -Xcc -ivfsstatcache -Xcc /Users/admin/builder/spi-builder-workspace/.derivedData/SDKStatCaches.noindex/xros27.0-24M361-e829b21a6f8c9b70876ba0858053c044735bd543db762f57723cac368afd1ce4.sdkstatcache -output-file-map /Users/admin/builder/spi-builder-workspace/.derivedData/Build/Intermediates.noindex/ChaosByteStreams.build/Debug-xros/ChaosByteStreams-t.build/Objects-normal/arm64/ChaosByteStreams-OutputFileMap.json -save-temps -no-color-diagnostics -explicit-module-build -module-cache-path /Users/admin/builder/spi-builder-workspace/.derivedData/Build/Intermediates.noindex/SwiftExplicitPrecompiledModules -clang-scanner-module-cache-path /Users/admin/builder/spi-builder-workspace/.derivedData/ModuleCache.noindex -sdk-module-cache-path /Users/admin/builder/spi-builder-workspace/.derivedData/SDKExplicitPrecompiledModules -emit-dependencies -emit-module -emit-module-path /Users/admin/builder/spi-builder-workspace/.derivedData/Build/Intermediates.noindex/ChaosByteStreams.build/Debug-xros/ChaosByteStreams-t.build/Objects-normal/arm64/ChaosByteStreams.swiftmodule -serialize-diagnostics -dependency-scan-serialize-diagnostics-path /Users/admin/builder/spi-builder-workspace/.derivedData/Build/Intermediates.noindex/ChaosByteStreams.build/Debug-xros/ChaosByteStreams-t.build/Objects-normal/arm64/ChaosByteStreams-dependency-scan.dia -user-module-version 1.0.7 -validate-clang-modules-once -clang-build-session-file /Users/admin/builder/spi-builder-workspace/.derivedData/ModuleCache.noindex/Session.modulevalidation -Xcc -fmodules-prune-interval\=86400 -Xcc -fmodules-prune-after\=345600 -package-name chaosbytestreams -emit-const-values -const-gather-protocols-list /Users/admin/builder/spi-builder-workspace/.derivedData/Build/Intermediates.noindex/ChaosByteStreams.build/Debug-xros/ChaosByteStreams-t.build/Objects-normal/arm64/ChaosByteStreams_const_extract_protocols.json -Xcc -I/Users/admin/builder/spi-builder-workspace/.derivedData/Build/Products/Debug-xros/include -Xcc -I/Users/admin/builder/spi-builder-workspace/.derivedData/Build/Intermediates.noindex/ChaosByteStreams.build/Debug-xros/ChaosByteStreams-t.build/DerivedSources-normal/arm64 -Xcc -I/Users/admin/builder/spi-builder-workspace/.derivedData/Build/Intermediates.noindex/ChaosByteStreams.build/Debug-xros/ChaosByteStreams-t.build/DerivedSources/arm64 -Xcc -I/Users/admin/builder/spi-builder-workspace/.derivedData/Build/Intermediates.noindex/ChaosByteStreams.build/Debug-xros/ChaosByteStreams-t.build/DerivedSources -Xcc -DSWIFT_PACKAGE -Xcc -DDEBUG\=1 -emit-objc-header -emit-objc-header-path /Users/admin/builder/spi-builder-workspace/.derivedData/Build/Intermediates.noindex/ChaosByteStreams.build/Debug-xros/ChaosByteStreams-t.build/Objects-normal/arm64/ChaosByteStreams-Swift.h -working-directory /Users/admin/builder/spi-builder-workspace/.swiftpm/xcode -experimental-emit-module-separately -disable-cmo
SwiftMergeGeneratedHeaders /Users/admin/builder/spi-builder-workspace/.derivedData/Build/Intermediates.noindex/GeneratedModuleMaps-xros/ChaosByteStreams-Swift.h /Users/admin/builder/spi-builder-workspace/.derivedData/Build/Intermediates.noindex/ChaosByteStreams.build/Debug-xros/ChaosByteStreams-t.build/Objects-normal/arm64/ChaosByteStreams-Swift.h (in target 'ChaosByteStreams' from project 'ChaosByteStreams')
    cd /Users/admin/builder/spi-builder-workspace/.dependencies/checkouts/ChaosByteStreams
    builtin-swiftHeaderTool -arch arm64 /Users/admin/builder/spi-builder-workspace/.derivedData/Build/Intermediates.noindex/ChaosByteStreams.build/Debug-xros/ChaosByteStreams-t.build/Objects-normal/arm64/ChaosByteStreams-Swift.h -o /Users/admin/builder/spi-builder-workspace/.derivedData/Build/Intermediates.noindex/GeneratedModuleMaps-xros/ChaosByteStreams-Swift.h
Copy /Users/admin/builder/spi-builder-workspace/.derivedData/Build/Products/Debug-xros/ChaosByteStreams.swiftmodule/arm64-apple-xros.swiftmodule /Users/admin/builder/spi-builder-workspace/.derivedData/Build/Intermediates.noindex/ChaosByteStreams.build/Debug-xros/ChaosByteStreams-t.build/Objects-normal/arm64/ChaosByteStreams.swiftmodule (in target 'ChaosByteStreams' from project 'ChaosByteStreams')
    cd /Users/admin/builder/spi-builder-workspace/.dependencies/checkouts/ChaosByteStreams
    builtin-copy -exclude .DS_Store -exclude CVS -exclude .svn -exclude .git -exclude .hg -resolve-src-symlinks -rename /Users/admin/builder/spi-builder-workspace/.derivedData/Build/Intermediates.noindex/ChaosByteStreams.build/Debug-xros/ChaosByteStreams-t.build/Objects-normal/arm64/ChaosByteStreams.swiftmodule /Users/admin/builder/spi-builder-workspace/.derivedData/Build/Products/Debug-xros/ChaosByteStreams.swiftmodule/arm64-apple-xros.swiftmodule
Copy /Users/admin/builder/spi-builder-workspace/.derivedData/Build/Products/Debug-xros/ChaosByteStreams.swiftmodule/arm64-apple-xros.swiftdoc /Users/admin/builder/spi-builder-workspace/.derivedData/Build/Intermediates.noindex/ChaosByteStreams.build/Debug-xros/ChaosByteStreams-t.build/Objects-normal/arm64/ChaosByteStreams.swiftdoc (in target 'ChaosByteStreams' from project 'ChaosByteStreams')
    cd /Users/admin/builder/spi-builder-workspace/.dependencies/checkouts/ChaosByteStreams
    builtin-copy -exclude .DS_Store -exclude CVS -exclude .svn -exclude .git -exclude .hg -resolve-src-symlinks -rename /Users/admin/builder/spi-builder-workspace/.derivedData/Build/Intermediates.noindex/ChaosByteStreams.build/Debug-xros/ChaosByteStreams-t.build/Objects-normal/arm64/ChaosByteStreams.swiftdoc /Users/admin/builder/spi-builder-workspace/.derivedData/Build/Products/Debug-xros/ChaosByteStreams.swiftmodule/arm64-apple-xros.swiftdoc
Copy /Users/admin/builder/spi-builder-workspace/.derivedData/Build/Products/Debug-xros/ChaosByteStreams.swiftmodule/arm64-apple-xros.abi.json /Users/admin/builder/spi-builder-workspace/.derivedData/Build/Intermediates.noindex/ChaosByteStreams.build/Debug-xros/ChaosByteStreams-t.build/Objects-normal/arm64/ChaosByteStreams.abi.json (in target 'ChaosByteStreams' from project 'ChaosByteStreams')
    cd /Users/admin/builder/spi-builder-workspace/.dependencies/checkouts/ChaosByteStreams
    builtin-copy -exclude .DS_Store -exclude CVS -exclude .svn -exclude .git -exclude .hg -resolve-src-symlinks -rename /Users/admin/builder/spi-builder-workspace/.derivedData/Build/Intermediates.noindex/ChaosByteStreams.build/Debug-xros/ChaosByteStreams-t.build/Objects-normal/arm64/ChaosByteStreams.abi.json /Users/admin/builder/spi-builder-workspace/.derivedData/Build/Products/Debug-xros/ChaosByteStreams.swiftmodule/arm64-apple-xros.abi.json
Copy /Users/admin/builder/spi-builder-workspace/.derivedData/Build/Products/Debug-xros/ChaosByteStreams.swiftmodule/Project/arm64-apple-xros.swiftsourceinfo /Users/admin/builder/spi-builder-workspace/.derivedData/Build/Intermediates.noindex/ChaosByteStreams.build/Debug-xros/ChaosByteStreams-t.build/Objects-normal/arm64/ChaosByteStreams.swiftsourceinfo (in target 'ChaosByteStreams' from project 'ChaosByteStreams')
    cd /Users/admin/builder/spi-builder-workspace/.dependencies/checkouts/ChaosByteStreams
    builtin-copy -exclude .DS_Store -exclude CVS -exclude .svn -exclude .git -exclude .hg -resolve-src-symlinks -rename /Users/admin/builder/spi-builder-workspace/.derivedData/Build/Intermediates.noindex/ChaosByteStreams.build/Debug-xros/ChaosByteStreams-t.build/Objects-normal/arm64/ChaosByteStreams.swiftsourceinfo /Users/admin/builder/spi-builder-workspace/.derivedData/Build/Products/Debug-xros/ChaosByteStreams.swiftmodule/Project/arm64-apple-xros.swiftsourceinfo
SwiftDriver Runner normal arm64 com.apple.xcode.tools.swift.compiler (in target 'Runner' from project 'Runner')
    cd /Users/admin/builder/spi-builder-workspace/.swiftpm/xcode
    builtin-SwiftDriver -- /Applications/Xcode-27.0.0-Release.Candidate.app/Contents/Developer/Toolchains/XcodeDefault.xctoolchain/usr/bin/swiftc -parse-as-library -module-name Runner -Onone @/Users/admin/builder/spi-builder-workspace/.derivedData/Build/Intermediates.noindex/Runner.build/Debug-xros/Runner-t.build/Objects-normal/arm64/Runner.SwiftFileList -DSWIFT_PACKAGE -DDEBUG -DSWIFT_MODULE_RESOURCE_BUNDLE_UNAVAILABLE -DXcode -plugin-path /Applications/Xcode-27.0.0-Release.Candidate.app/Contents/Developer/Toolchains/XcodeDefault.xctoolchain/usr/lib/swift/host/plugins/testing -enable-experimental-feature DebugDescriptionMacro -sdk /Applications/Xcode-27.0.0-Release.Candidate.app/Contents/Developer/Platforms/XROS.platform/Developer/SDKs/XROS27.0.sdk -target arm64-apple-xros1.0 -g -module-cache-path /Users/admin/builder/spi-builder-workspace/.derivedData/ModuleCache.noindex -Xfrontend -serialize-debugging-options -profile-coverage-mapping -profile-generate -enable-testing -suppress-warnings -index-store-path /Users/admin/builder/spi-builder-workspace/.derivedData/Index.noindex/DataStore -Xcc -D_LIBCPP_HARDENING_MODE\=_LIBCPP_HARDENING_MODE_DEBUG -swift-version 6 -I /Users/admin/builder/spi-builder-workspace/.derivedData/Build/Products/Debug-xros -Isystem /Applications/Xcode-27.0.0-Release.Candidate.app/Contents/Developer/Platforms/XROS.platform/Developer/usr/lib -F /Users/admin/builder/spi-builder-workspace/.derivedData/Build/Products/Debug-xros/PackageFrameworks -F /Users/admin/builder/spi-builder-workspace/.derivedData/Build/Products/Debug-xros -F /Applications/Xcode-27.0.0-Release.Candidate.app/Contents/Developer/Platforms/XROS.platform/Developer/Library/Frameworks -F /Applications/Xcode-27.0.0-Release.Candidate.app/Contents/Developer/Platforms/XROS.platform/Developer/SDKs/XROS27.0.sdk/Developer/Library/Frameworks -c -j10 -enable-batch-mode -incremental -Xcc -ivfsstatcache -Xcc /Users/admin/builder/spi-builder-workspace/.derivedData/SDKStatCaches.noindex/xros27.0-24M361-e829b21a6f8c9b70876ba0858053c044735bd543db762f57723cac368afd1ce4.sdkstatcache -output-file-map /Users/admin/builder/spi-builder-workspace/.derivedData/Build/Intermediates.noindex/Runner.build/Debug-xros/Runner-t.build/Objects-normal/arm64/Runner-OutputFileMap.json -save-temps -no-color-diagnostics -explicit-module-build -module-cache-path /Users/admin/builder/spi-builder-workspace/.derivedData/Build/Intermediates.noindex/SwiftExplicitPrecompiledModules -clang-scanner-module-cache-path /Users/admin/builder/spi-builder-workspace/.derivedData/ModuleCache.noindex -sdk-module-cache-path /Users/admin/builder/spi-builder-workspace/.derivedData/SDKExplicitPrecompiledModules -emit-dependencies -emit-module -emit-module-path /Users/admin/builder/spi-builder-workspace/.derivedData/Build/Intermediates.noindex/Runner.build/Debug-xros/Runner-t.build/Objects-normal/arm64/Runner.swiftmodule -serialize-diagnostics -dependency-scan-serialize-diagnostics-path /Users/admin/builder/spi-builder-workspace/.derivedData/Build/Intermediates.noindex/Runner.build/Debug-xros/Runner-t.build/Objects-normal/arm64/Runner-dependency-scan.dia -user-module-version 2.1.5 -validate-clang-modules-once -clang-build-session-file /Users/admin/builder/spi-builder-workspace/.derivedData/ModuleCache.noindex/Session.modulevalidation -Xcc -fmodules-prune-interval\=86400 -Xcc -fmodules-prune-after\=345600 -package-name runner -emit-const-values -const-gather-protocols-list /Users/admin/builder/spi-builder-workspace/.derivedData/Build/Intermediates.noindex/Runner.build/Debug-xros/Runner-t.build/Objects-normal/arm64/Runner_const_extract_protocols.json -Xcc -I/Users/admin/builder/spi-builder-workspace/.derivedData/Build/Products/Debug-xros/include -Xcc -I/Users/admin/builder/spi-builder-workspace/.derivedData/Build/Intermediates.noindex/Runner.build/Debug-xros/Runner-t.build/DerivedSources-normal/arm64 -Xcc -I/Users/admin/builder/spi-builder-workspace/.derivedData/Build/Intermediates.noindex/Runner.build/Debug-xros/Runner-t.build/DerivedSources/arm64 -Xcc -I/Users/admin/builder/spi-builder-workspace/.derivedData/Build/Intermediates.noindex/Runner.build/Debug-xros/Runner-t.build/DerivedSources -Xcc -DSWIFT_PACKAGE -Xcc -DDEBUG\=1 -emit-objc-header -emit-objc-header-path /Users/admin/builder/spi-builder-workspace/.derivedData/Build/Intermediates.noindex/Runner.build/Debug-xros/Runner-t.build/Objects-normal/arm64/Runner-Swift.h -working-directory /Users/admin/builder/spi-builder-workspace/.swiftpm/xcode -experimental-emit-module-separately -disable-cmo
SwiftCompile normal arm64 Compiling\ Output.swift /Users/admin/builder/spi-builder-workspace/.dependencies/checkouts/Runner/Sources/Runner/Output.swift (in target 'Runner' from project 'Runner')
SwiftCompile normal arm64 /Users/admin/builder/spi-builder-workspace/.dependencies/checkouts/Runner/Sources/Runner/Output.swift (in target 'Runner' from project 'Runner')
    cd /Users/admin/builder/spi-builder-workspace/.swiftpm/xcode
    builtin-SwiftPerFileCompile Output.swift
SwiftCompile normal arm64 Compiling\ Runner.swift /Users/admin/builder/spi-builder-workspace/.dependencies/checkouts/Runner/Sources/Runner/Runner.swift (in target 'Runner' from project 'Runner')
/Users/admin/builder/spi-builder-workspace/.dependencies/checkouts/Runner/Sources/Runner/Runner.swift:73:19: error: cannot find 'Process' in scope
 71 |   ) -> Session {
 72 |
 73 |     let process = Process()
    |                   `- error: cannot find 'Process' in scope
 74 |     if let cwd = cwd { process.currentDirectoryURL = cwd }
 75 |     process.executableURL = executable
/Users/admin/builder/spi-builder-workspace/.dependencies/checkouts/Runner/Sources/Runner/RunState.swift:18:18: error: cannot find type 'Process' in scope
16 |   public struct Sequence: AsyncSequence, Sendable {
17 |     /// The runner we're reporting on.
18 |     let process: Process
   |                  `- error: cannot find type 'Process' in scope
19 |
20 |     public func makeAsyncIterator() -> AsyncStream<RunState>.Iterator {
/Users/admin/builder/spi-builder-workspace/.dependencies/checkouts/Runner/Sources/Runner/Runner.swift:103:19: error: cannot find 'Process' in scope
101 |   /// Control is transferred to the launched process, and this function doesn't return.
102 |   public func exec(arguments: [String] = []) -> Never {
103 |     let process = Process()
    |                   `- error: cannot find 'Process' in scope
104 |     if let cwd = cwd { process.currentDirectoryURL = cwd }
105 |
SwiftCompile normal arm64 /Users/admin/builder/spi-builder-workspace/.dependencies/checkouts/Runner/Sources/Runner/Runner.swift (in target 'Runner' from project 'Runner')
    cd /Users/admin/builder/spi-builder-workspace/.swiftpm/xcode
    builtin-SwiftPerFileCompile Runner.swift
SwiftCompile normal arm64 Compiling\ Session.swift /Users/admin/builder/spi-builder-workspace/.dependencies/checkouts/Runner/Sources/Runner/Session.swift (in target 'Runner' from project 'Runner')
SwiftCompile normal arm64 /Users/admin/builder/spi-builder-workspace/.dependencies/checkouts/Runner/Sources/Runner/Session.swift (in target 'Runner' from project 'Runner')
    cd /Users/admin/builder/spi-builder-workspace/.swiftpm/xcode
    builtin-SwiftPerFileCompile Session.swift
SwiftCompile normal arm64 Compiling\ RunState.swift /Users/admin/builder/spi-builder-workspace/.dependencies/checkouts/Runner/Sources/Runner/RunState.swift (in target 'Runner' from project 'Runner')
/Users/admin/builder/spi-builder-workspace/.dependencies/checkouts/Runner/Sources/Runner/RunState.swift:18:18: error: cannot find type 'Process' in scope
16 |   public struct Sequence: AsyncSequence, Sendable {
17 |     /// The runner we're reporting on.
18 |     let process: Process
   |                  `- error: cannot find type 'Process' in scope
19 |
20 |     public func makeAsyncIterator() -> AsyncStream<RunState>.Iterator {
/Users/admin/builder/spi-builder-workspace/.dependencies/checkouts/Runner/Sources/Runner/RunState.swift:63:11: error: cannot find type 'Process' in scope
61 | }
62 |
63 | extension Process {
   |           `- error: cannot find type 'Process' in scope
64 |   /// Return the final state of the process.
65 |   var finalState: RunState {
SwiftCompile normal arm64 /Users/admin/builder/spi-builder-workspace/.dependencies/checkouts/Runner/Sources/Runner/RunState.swift (in target 'Runner' from project 'Runner')
    cd /Users/admin/builder/spi-builder-workspace/.swiftpm/xcode
    builtin-SwiftPerFileCompile RunState.swift
SwiftEmitModule normal arm64 Emitting\ module\ for\ Runner (in target 'Runner' from project 'Runner')
/Users/admin/builder/spi-builder-workspace/.dependencies/checkouts/Runner/Sources/Runner/RunState.swift:18:18: error: cannot find type 'Process' in scope
16 |   public struct Sequence: AsyncSequence, Sendable {
17 |     /// The runner we're reporting on.
18 |     let process: Process
   |                  `- error: cannot find type 'Process' in scope
19 |
20 |     public func makeAsyncIterator() -> AsyncStream<RunState>.Iterator {
/Users/admin/builder/spi-builder-workspace/.dependencies/checkouts/Runner/Sources/Runner/RunState.swift:63:11: error: cannot find type 'Process' in scope
61 | }
62 |
63 | extension Process {
   |           `- error: cannot find type 'Process' in scope
64 |   /// Return the final state of the process.
65 |   var finalState: RunState {
Failed frontend command:
/Applications/Xcode-27.0.0-Release.Candidate.app/Contents/Developer/Toolchains/XcodeDefault.xctoolchain/usr/bin/swift-frontend -frontend -emit-module -experimental-skip-non-inlinable-function-bodies-without-types /Users/admin/builder/spi-builder-workspace/.dependencies/checkouts/Runner/Sources/Runner/Error.swift /Users/admin/builder/spi-builder-workspace/.dependencies/checkouts/Runner/Sources/Runner/Output.swift /Users/admin/builder/spi-builder-workspace/.dependencies/checkouts/Runner/Sources/Runner/RunState.swift /Users/admin/builder/spi-builder-workspace/.dependencies/checkouts/Runner/Sources/Runner/Runner.swift /Users/admin/builder/spi-builder-workspace/.dependencies/checkouts/Runner/Sources/Runner/Session.swift /Users/admin/builder/spi-builder-workspace/.dependencies/checkouts/Runner/Sources/Runner/URL+SystemPath.swift -target arm64-apple-xros1.0 -disable-cross-import-overlay-search -load-resolved-plugin /Applications/Xcode-27.0.0-Release.Candidate.app/Contents/Developer/Platforms/XROS.platform/Developer/usr/lib/swift/host/plugins/libFoundationMacros.dylib\#/Applications/Xcode-27.0.0-Release.Candidate.app/Contents/Developer/Platforms/XROS.platform/Developer/usr/bin/swift-plugin-server\#FoundationMacros -load-resolved-plugin /Applications/Xcode-27.0.0-Release.Candidate.app/Contents/Developer/Platforms/XROS.platform/Developer/usr/lib/swift/host/plugins/libObservationMacros.dylib\#/Applications/Xcode-27.0.0-Release.Candidate.app/Contents/Developer/Platforms/XROS.platform/Developer/usr/bin/swift-plugin-server\#ObservationMacros -load-resolved-plugin /Applications/Xcode-27.0.0-Release.Candidate.app/Contents/Developer/Platforms/XROS.platform/Developer/usr/lib/swift/host/plugins/libSwiftMacros.dylib\#/Applications/Xcode-27.0.0-Release.Candidate.app/Contents/Developer/Platforms/XROS.platform/Developer/usr/bin/swift-plugin-server\#SwiftMacros -disable-implicit-swift-modules -Xcc -fno-implicit-modules -Xcc -fno-implicit-module-maps -explicit-swift-module-map-file /Users/admin/builder/spi-builder-workspace/.derivedData/Build/Intermediates.noindex/Runner.build/Debug-xros/Runner-t.build/Objects-normal/arm64/Runner-dependencies-1.json -Xllvm -aarch64-use-tbi -enable-objc-interop -stack-check -sdk /Applications/Xcode-27.0.0-Release.Candidate.app/Contents/Developer/Platforms/XROS.platform/Developer/SDKs/XROS27.0.sdk -I /Users/admin/builder/spi-builder-workspace/.derivedData/Build/Products/Debug-xros -Isystem /Applications/Xcode-27.0.0-Release.Candidate.app/Contents/Developer/Platforms/XROS.platform/Developer/usr/lib -F /Users/admin/builder/spi-builder-workspace/.derivedData/Build/Products/Debug-xros/PackageFrameworks -F /Users/admin/builder/spi-builder-workspace/.derivedData/Build/Products/Debug-xros -F /Applications/Xcode-27.0.0-Release.Candidate.app/Contents/Developer/Platforms/XROS.platform/Developer/Library/Frameworks -F /Applications/Xcode-27.0.0-Release.Candidate.app/Contents/Developer/Platforms/XROS.platform/Developer/SDKs/XROS27.0.sdk/Developer/Library/Frameworks -module-cache-path /Users/admin/builder/spi-builder-workspace/.derivedData/Build/Intermediates.noindex/SwiftExplicitPrecompiledModules -no-color-diagnostics -Xcc -fno-color-diagnostics -enable-testing -g -debug-info-format\=dwarf -dwarf-version\=4 -suppress-warnings -profile-generate -profile-coverage-mapping -swift-version 6 -Onone -D SWIFT_PACKAGE -D DEBUG -D SWIFT_MODULE_RESOURCE_BUNDLE_UNAVAILABLE -D Xcode -serialize-debugging-options -enable-experimental-feature DebugDescriptionMacro -empty-abi-descriptor -user-module-version 2.1.5 -validate-clang-modules-once -clang-build-session-file /Users/admin/builder/spi-builder-workspace/.derivedData/ModuleCache.noindex/Session.modulevalidation -Xcc -working-directory -Xcc /Users/admin/builder/spi-builder-workspace/.swiftpm/xcode -enable-anonymous-context-mangled-names -file-compilation-dir /Users/admin/builder/spi-builder-workspace/.swiftpm/xcode -Xcc -D_LIBCPP_HARDENING_MODE\=_LIBCPP_HARDENING_MODE_DEBUG -Xcc -ivfsstatcache -Xcc /Users/admin/builder/spi-builder-workspace/.derivedData/SDKStatCaches.noindex/xros27.0-24M361-e829b21a6f8c9b70876ba0858053c044735bd543db762f57723cac368afd1ce4.sdkstatcache -Xcc -fmodules-prune-interval\=86400 -Xcc -fmodules-prune-after\=345600 -Xcc -I/Users/admin/builder/spi-builder-workspace/.derivedData/Build/Products/Debug-xros/include -Xcc -I/Users/admin/builder/spi-builder-workspace/.derivedData/Build/Intermediates.noindex/Runner.build/Debug-xros/Runner-t.build/DerivedSources-normal/arm64 -Xcc -I/Users/admin/builder/spi-builder-workspace/.derivedData/Build/Intermediates.noindex/Runner.build/Debug-xros/Runner-t.build/DerivedSources/arm64 -Xcc -I/Users/admin/builder/spi-builder-workspace/.derivedData/Build/Intermediates.noindex/Runner.build/Debug-xros/Runner-t.build/DerivedSources -Xcc -DSWIFT_PACKAGE -Xcc -DDEBUG\=1 -no-auto-bridging-header-chaining -module-name Runner -package-name runner -const-gather-protocols-file /Users/admin/builder/spi-builder-workspace/.derivedData/Build/Intermediates.noindex/Runner.build/Debug-xros/Runner-t.build/Objects-normal/arm64/Runner_const_extract_protocols.json -disable-clang-spi -clang-target arm64-apple-xros27.0 -target-sdk-version 27.0 -target-sdk-name xros27.0 -in-process-plugin-server-path /Applications/Xcode-27.0.0-Release.Candidate.app/Contents/Developer/Toolchains/XcodeDefault.xctoolchain/usr/lib/swift/host/libSwiftInProcPluginServer.dylib -emit-module-doc-path /Users/admin/builder/spi-builder-workspace/.derivedData/Build/Intermediates.noindex/Runner.build/Debug-xros/Runner-t.build/Objects-normal/arm64/Runner.swiftdoc -emit-module-source-info-path /Users/admin/builder/spi-builder-workspace/.derivedData/Build/Intermediates.noindex/Runner.build/Debug-xros/Runner-t.build/Objects-normal/arm64/Runner.swiftsourceinfo -emit-objc-header-path /Users/admin/builder/spi-builder-workspace/.derivedData/Build/Intermediates.noindex/Runner.build/Debug-xros/Runner-t.build/Objects-normal/arm64/Runner-Swift.h -serialize-diagnostics-path /Users/admin/builder/spi-builder-workspace/.derivedData/Build/Intermediates.noindex/Runner.build/Debug-xros/Runner-t.build/Objects-normal/arm64/Runner-primary-emit-module.dia -emit-dependencies-path /Users/admin/builder/spi-builder-workspace/.derivedData/Build/Intermediates.noindex/Runner.build/Debug-xros/Runner-t.build/Objects-normal/arm64/Runner-primary-emit-module.d -parse-as-library -o /Users/admin/builder/spi-builder-workspace/.derivedData/Build/Intermediates.noindex/Runner.build/Debug-xros/Runner-t.build/Objects-normal/arm64/Runner.swiftmodule -emit-abi-descriptor-path /Users/admin/builder/spi-builder-workspace/.derivedData/Build/Intermediates.noindex/Runner.build/Debug-xros/Runner-t.build/Objects-normal/arm64/Runner.abi.json
SwiftCompile normal arm64 (in target 'Runner' from project 'Runner')
    cd /Users/admin/builder/spi-builder-workspace/.swiftpm/xcode

SwiftCompile normal arm64 Compiling\ URL+SystemPath.swift /Users/admin/builder/spi-builder-workspace/.dependencies/checkouts/Runner/Sources/Runner/URL+SystemPath.swift (in target 'Runner' from project 'Runner')
SwiftCompile normal arm64 /Users/admin/builder/spi-builder-workspace/.dependencies/checkouts/Runner/Sources/Runner/URL+SystemPath.swift (in target 'Runner' from project 'Runner')
    cd /Users/admin/builder/spi-builder-workspace/.swiftpm/xcode
    builtin-SwiftPerFileCompile URL+SystemPath.swift
SwiftCompile normal arm64 Compiling\ Error.swift /Users/admin/builder/spi-builder-workspace/.dependencies/checkouts/Runner/Sources/Runner/Error.swift (in target 'Runner' from project 'Runner')
SwiftCompile normal arm64 /Users/admin/builder/spi-builder-workspace/.dependencies/checkouts/Runner/Sources/Runner/Error.swift (in target 'Runner' from project 'Runner')
    cd /Users/admin/builder/spi-builder-workspace/.swiftpm/xcode
    builtin-SwiftPerFileCompile Error.swift
PruneExplicitPrecompiledModules /Users/admin/builder/spi-builder-workspace/.derivedData/Build/Intermediates.noindex/ExplicitPrecompiledModules
PruneExplicitPrecompiledModules /Users/admin/builder/spi-builder-workspace/.derivedData/Build/Intermediates.noindex/SwiftExplicitPrecompiledModules
PruneExplicitPrecompiledModules /Users/admin/builder/spi-builder-workspace/.derivedData/SDKExplicitPrecompiledModules
2026-09-22 19:08:35.566 xcodebuild[709:4256] [MT] IDERunDestination: Supported platforms for the buildables in the current scheme is empty.
2026-09-22 19:08:35.668 xcodebuild[709:4256] [MT] IDERunDestination: Supported platforms for the buildables in the current scheme is empty.
** BUILD FAILED **
The following build commands failed:
	SwiftEmitModule normal arm64 Emitting\ module\ for\ Runner (in target 'Runner' from project 'Runner')
	SwiftCompile normal arm64 (in target 'Runner' from project 'Runner')
	Building workspace Versionator with scheme Versionator
(3 failures)
Command line invocation:
    /Applications/Xcode-27.0.0-Release.Candidate.app/Contents/Developer/usr/bin/xcodebuild -IDEClonedSourcePackagesDirPathOverride=/Users/admin/builder/spi-builder-workspace/.dependencies -resolvePackageDependencies
Resolve Package Graph
Resolved source packages:
  Runner: https://github.com/elegantchaos/Runner.git @ 2.1.5
  ChaosByteStreams: https://github.com/elegantchaos/ChaosByteStreams @ 1.0.7
  Versionator: /Users/admin/builder/spi-builder-workspace
resolved source packages: Runner, ChaosByteStreams, Versionator
2026-09-22 19:08:46.820 xcodebuild[835:5006] [MT] IDERunDestination: Supported platforms for the buildables in the current scheme is empty.
2026-09-22 19:08:46.967 xcodebuild[835:5006] [MT] IDERunDestination: Supported platforms for the buildables in the current scheme is empty.
{
  "dependencies" : [
    {
      "identity" : "runner",
      "requirement" : {
        "range" : [
          {
            "lower_bound" : "2.1.3",
            "upper_bound" : "3.0.0"
          }
        ]
      },
      "type" : "sourceControl",
      "url" : "https://github.com/elegantchaos/Runner.git"
    }
  ],
  "manifest_display_name" : "Versionator",
  "name" : "Versionator",
  "path" : "/Users/admin/builder/spi-builder-workspace",
  "platforms" : [
    {
      "name" : "macos",
      "version" : "12.0"
    }
  ],
  "products" : [
    {
      "name" : "VersionatorPlugin",
      "targets" : [
        "VersionatorPlugin"
      ],
      "type" : {
        "plugin" : null
      }
    },
    {
      "name" : "VersionatorTool",
      "targets" : [
        "VersionatorTool"
      ],
      "type" : {
        "executable" : null
      }
    }
  ],
  "targets" : [
    {
      "c99name" : "VersionatorUtils",
      "module_type" : "SwiftTarget",
      "name" : "VersionatorUtils",
      "path" : "Sources/VersionatorUtils",
      "product_memberships" : [
        "VersionatorPlugin",
        "VersionatorTool"
      ],
      "sources" : [
        "String+AsyncSequence.swift"
      ],
      "type" : "library"
    },
    {
      "c99name" : "VersionatorTool",
      "module_type" : "SwiftTarget",
      "name" : "VersionatorTool",
      "path" : "Sources/VersionatorTool",
      "product_dependencies" : [
        "Runner"
      ],
      "product_memberships" : [
        "VersionatorPlugin",
        "VersionatorTool"
      ],
      "sources" : [
        "URL+SystemPaths.swift",
        "VersionatorTool.swift"
      ],
      "target_dependencies" : [
        "VersionatorUtils"
      ],
      "type" : "executable"
    },
    {
      "c99name" : "VersionatorTests",
      "module_type" : "SwiftTarget",
      "name" : "VersionatorTests",
      "path" : "Tests/VersionatorTests",
      "product_dependencies" : [
        "Runner"
      ],
      "resources" : [
        {
          "path" : "/Users/admin/builder/spi-builder-workspace/Tests/VersionatorTests/Resources/Example.git",
          "rule" : {
            "copy" : {
            }
          }
        },
        {
          "path" : "/Users/admin/builder/spi-builder-workspace/Tests/VersionatorTests/Resources/Example.out",
          "rule" : {
            "copy" : {
            }
          }
        }
      ],
      "sources" : [
        "TestingSupport.swift",
        "VersionatorTests.swift"
      ],
      "target_dependencies" : [
        "VersionatorTool",
        "VersionatorUtils"
      ],
      "type" : "test"
    },
    {
      "c99name" : "VersionatorPlugin",
      "module_type" : "PluginTarget",
      "name" : "VersionatorPlugin",
      "path" : "Plugins/VersionatorPlugin",
      "plugin_capability" : {
        "type" : "buildTool"
      },
      "product_memberships" : [
        "VersionatorPlugin"
      ],
      "sources" : [
        "plugin+Xcode.swift",
        "plugin.swift"
      ],
      "target_dependencies" : [
        "VersionatorTool"
      ],
      "type" : "plugin"
    }
  ],
  "tools_version" : "6.0"
}
{
  "workspace" : {
    "name" : "Versionator",
    "schemes" : [
      "ChaosByteStreams",
      "Versionator",
      "VersionatorPlugin"
    ]
  }
}
2026-09-22 19:08:48.387 xcodebuild[845:5096] [MT] IDERunDestination: Supported platforms for the buildables in the current scheme is empty.
2026-09-22 19:08:48.491 xcodebuild[845:5096] [MT] IDERunDestination: Supported platforms for the buildables in the current scheme is empty.
{
  "workspace" : {
    "name" : "Versionator",
    "schemes" : [
      "ChaosByteStreams",
      "Versionator",
      "VersionatorPlugin"
    ]
  }
}
2026-09-22 19:08:49.662 xcodebuild[849:5142] [MT] IDERunDestination: Supported platforms for the buildables in the current scheme is empty.
2026-09-22 19:08:49.806 xcodebuild[849:5142] [MT] IDERunDestination: Supported platforms for the buildables in the current scheme is empty.
Running build ...
env DEVELOPER_DIR=/Applications/Xcode-27.0.0-Release.Candidate.app xcrun xcodebuild -IDEClonedSourcePackagesDirPathOverride=$PWD/.dependencies -skipMacroValidation -skipPackagePluginValidation -derivedDataPath $PWD/.derivedData build -scheme Versionator -destination generic/platform=xrOS
Command line invocation:
    /Applications/Xcode-27.0.0-Release.Candidate.app/Contents/Developer/usr/bin/xcodebuild -IDEClonedSourcePackagesDirPathOverride=/Users/admin/builder/spi-builder-workspace/.dependencies -skipMacroValidation -skipPackagePluginValidation -derivedDataPath /Users/admin/builder/spi-builder-workspace/.derivedData build -scheme Versionator -destination generic/platform=xrOS
Resolve Package Graph
Resolved source packages:
  ChaosByteStreams: https://github.com/elegantchaos/ChaosByteStreams @ 1.0.7
  Runner: https://github.com/elegantchaos/Runner.git @ 2.1.5
  Versionator: /Users/admin/builder/spi-builder-workspace
ComputePackagePrebuildTargetDependencyGraph
Prepare packages
Compile plug-in “VersionatorPlugin” in package “spi-builder-workspace”
[debug]: Compiling plugin to executable at /Users/admin/builder/spi-builder-workspace/.derivedData/Build/Products/PluginExecutables/VersionatorPlugin
[debug]: Using compiler /Applications/Xcode-27.0.0-Release.Candidate.app/Contents/Developer/Toolchains/XcodeDefault.xctoolchain/usr/bin/swiftc
[debug]: Plugin compilation output directory '/Users/admin/builder/spi-builder-workspace/.derivedData/Build/Products/PluginExecutables'
[debug]: Computed hash of plugin compilation inputs: f21facd10e5282624cb1d17bc7c6ea2a0e6b2d9bb9c3406468db31c5ee4ef18a
Process build tool plug-in results
CreateBuildRequest
SendProjectDescription
CreateBuildOperation
ComputeTargetDependencyGraph
note: Building targets in dependency order
note: Target dependency graph (6 targets)
    Target 'VersionatorTool-product' in project 'Versionator'
        ➜ Explicit dependency on target 'VersionatorUtils' in project 'Versionator'
        ➜ Explicit dependency on target 'Runner-product' in project 'Runner'
    Target 'Runner-product' in project 'Runner'
        ➜ Explicit dependency on target 'Runner' in project 'Runner'
        ➜ Explicit dependency on target 'ChaosByteStreams-product' in project 'ChaosByteStreams'
    Target 'Runner' in project 'Runner'
        ➜ Explicit dependency on target 'ChaosByteStreams-product' in project 'ChaosByteStreams'
    Target 'ChaosByteStreams-product' in project 'ChaosByteStreams'
        ➜ Explicit dependency on target 'ChaosByteStreams' in project 'ChaosByteStreams'
    Target 'ChaosByteStreams' in project 'ChaosByteStreams' (no dependencies)
    Target 'VersionatorUtils' in project 'Versionator' (no dependencies)
GatherProvisioningInputs
CreateBuildDescription
ClangStatCache /Applications/Xcode-27.0.0-Release.Candidate.app/Contents/Developer/Toolchains/XcodeDefault.xctoolchain/usr/bin/clang-stat-cache /Applications/Xcode-27.0.0-Release.Candidate.app/Contents/Developer/Platforms/XROS.platform/Developer/SDKs/XROS27.0.sdk /Users/admin/builder/spi-builder-workspace/.derivedData/SDKStatCaches.noindex/xros27.0-24M361-e829b21a6f8c9b70876ba0858053c044735bd543db762f57723cac368afd1ce4.sdkstatcache
    cd /Users/admin/builder/spi-builder-workspace/.swiftpm/xcode
    /Applications/Xcode-27.0.0-Release.Candidate.app/Contents/Developer/Toolchains/XcodeDefault.xctoolchain/usr/bin/clang-stat-cache /Applications/Xcode-27.0.0-Release.Candidate.app/Contents/Developer/Platforms/XROS.platform/Developer/SDKs/XROS27.0.sdk -o /Users/admin/builder/spi-builder-workspace/.derivedData/SDKStatCaches.noindex/xros27.0-24M361-e829b21a6f8c9b70876ba0858053c044735bd543db762f57723cac368afd1ce4.sdkstatcache
SwiftDriver VersionatorUtils normal arm64 com.apple.xcode.tools.swift.compiler (in target 'VersionatorUtils' from project 'Versionator')
    cd /Users/admin/builder/spi-builder-workspace/.swiftpm/xcode
    builtin-SwiftDriver -- /Applications/Xcode-27.0.0-Release.Candidate.app/Contents/Developer/Toolchains/XcodeDefault.xctoolchain/usr/bin/swiftc -parse-as-library -module-name VersionatorUtils -Onone @/Users/admin/builder/spi-builder-workspace/.derivedData/Build/Intermediates.noindex/Versionator.build/Debug-xros/VersionatorUtils-t.build/Objects-normal/arm64/VersionatorUtils.SwiftFileList -DSWIFT_PACKAGE -DDEBUG -DSWIFT_MODULE_RESOURCE_BUNDLE_UNAVAILABLE -DXcode -plugin-path /Applications/Xcode-27.0.0-Release.Candidate.app/Contents/Developer/Toolchains/XcodeDefault.xctoolchain/usr/lib/swift/host/plugins/testing -enable-experimental-feature DebugDescriptionMacro -sdk /Applications/Xcode-27.0.0-Release.Candidate.app/Contents/Developer/Platforms/XROS.platform/Developer/SDKs/XROS27.0.sdk -target arm64-apple-xros1.0 -g -module-cache-path /Users/admin/builder/spi-builder-workspace/.derivedData/ModuleCache.noindex -Xfrontend -serialize-debugging-options -profile-coverage-mapping -profile-generate -enable-testing -index-store-path /Users/admin/builder/spi-builder-workspace/.derivedData/Index.noindex/DataStore -Xcc -D_LIBCPP_HARDENING_MODE\=_LIBCPP_HARDENING_MODE_DEBUG -swift-version 6 -I /Users/admin/builder/spi-builder-workspace/.derivedData/Build/Products/Debug-xros -Isystem /Applications/Xcode-27.0.0-Release.Candidate.app/Contents/Developer/Platforms/XROS.platform/Developer/usr/lib -F /Users/admin/builder/spi-builder-workspace/.derivedData/Build/Products/Debug-xros -F /Applications/Xcode-27.0.0-Release.Candidate.app/Contents/Developer/Platforms/XROS.platform/Developer/Library/Frameworks -F /Applications/Xcode-27.0.0-Release.Candidate.app/Contents/Developer/Platforms/XROS.platform/Developer/SDKs/XROS27.0.sdk/Developer/Library/Frameworks -c -j10 -enable-batch-mode -incremental -Xcc -ivfsstatcache -Xcc /Users/admin/builder/spi-builder-workspace/.derivedData/SDKStatCaches.noindex/xros27.0-24M361-e829b21a6f8c9b70876ba0858053c044735bd543db762f57723cac368afd1ce4.sdkstatcache -output-file-map /Users/admin/builder/spi-builder-workspace/.derivedData/Build/Intermediates.noindex/Versionator.build/Debug-xros/VersionatorUtils-t.build/Objects-normal/arm64/VersionatorUtils-OutputFileMap.json -save-temps -no-color-diagnostics -explicit-module-build -module-cache-path /Users/admin/builder/spi-builder-workspace/.derivedData/Build/Intermediates.noindex/SwiftExplicitPrecompiledModules -clang-scanner-module-cache-path /Users/admin/builder/spi-builder-workspace/.derivedData/ModuleCache.noindex -sdk-module-cache-path /Users/admin/builder/spi-builder-workspace/.derivedData/SDKExplicitPrecompiledModules -emit-dependencies -emit-module -emit-module-path /Users/admin/builder/spi-builder-workspace/.derivedData/Build/Intermediates.noindex/Versionator.build/Debug-xros/VersionatorUtils-t.build/Objects-normal/arm64/VersionatorUtils.swiftmodule -serialize-diagnostics -dependency-scan-serialize-diagnostics-path /Users/admin/builder/spi-builder-workspace/.derivedData/Build/Intermediates.noindex/Versionator.build/Debug-xros/VersionatorUtils-t.build/Objects-normal/arm64/VersionatorUtils-dependency-scan.dia -validate-clang-modules-once -clang-build-session-file /Users/admin/builder/spi-builder-workspace/.derivedData/ModuleCache.noindex/Session.modulevalidation -Xcc -fmodules-prune-interval\=86400 -Xcc -fmodules-prune-after\=345600 -package-name spi_builder_workspace -emit-const-values -const-gather-protocols-list /Users/admin/builder/spi-builder-workspace/.derivedData/Build/Intermediates.noindex/Versionator.build/Debug-xros/VersionatorUtils-t.build/Objects-normal/arm64/VersionatorUtils_const_extract_protocols.json -Xcc -I/Users/admin/builder/spi-builder-workspace/.derivedData/Build/Products/Debug-xros/include -Xcc -I/Users/admin/builder/spi-builder-workspace/.derivedData/Build/Intermediates.noindex/Versionator.build/Debug-xros/VersionatorUtils-t.build/DerivedSources-normal/arm64 -Xcc -I/Users/admin/builder/spi-builder-workspace/.derivedData/Build/Intermediates.noindex/Versionator.build/Debug-xros/VersionatorUtils-t.build/DerivedSources/arm64 -Xcc -I/Users/admin/builder/spi-builder-workspace/.derivedData/Build/Intermediates.noindex/Versionator.build/Debug-xros/VersionatorUtils-t.build/DerivedSources -Xcc -DSWIFT_PACKAGE -Xcc -DDEBUG\=1 -emit-objc-header -emit-objc-header-path /Users/admin/builder/spi-builder-workspace/.derivedData/Build/Intermediates.noindex/Versionator.build/Debug-xros/VersionatorUtils-t.build/Objects-normal/arm64/VersionatorUtils-Swift.h -working-directory /Users/admin/builder/spi-builder-workspace/.swiftpm/xcode -experimental-emit-module-separately -disable-cmo
SwiftDriver Runner normal arm64 com.apple.xcode.tools.swift.compiler (in target 'Runner' from project 'Runner')
    cd /Users/admin/builder/spi-builder-workspace/.swiftpm/xcode
    builtin-SwiftDriver -- /Applications/Xcode-27.0.0-Release.Candidate.app/Contents/Developer/Toolchains/XcodeDefault.xctoolchain/usr/bin/swiftc -parse-as-library -module-name Runner -Onone @/Users/admin/builder/spi-builder-workspace/.derivedData/Build/Intermediates.noindex/Runner.build/Debug-xros/Runner-t.build/Objects-normal/arm64/Runner.SwiftFileList -DSWIFT_PACKAGE -DDEBUG -DSWIFT_MODULE_RESOURCE_BUNDLE_UNAVAILABLE -DXcode -plugin-path /Applications/Xcode-27.0.0-Release.Candidate.app/Contents/Developer/Toolchains/XcodeDefault.xctoolchain/usr/lib/swift/host/plugins/testing -enable-experimental-feature DebugDescriptionMacro -sdk /Applications/Xcode-27.0.0-Release.Candidate.app/Contents/Developer/Platforms/XROS.platform/Developer/SDKs/XROS27.0.sdk -target arm64-apple-xros1.0 -g -module-cache-path /Users/admin/builder/spi-builder-workspace/.derivedData/ModuleCache.noindex -Xfrontend -serialize-debugging-options -profile-coverage-mapping -profile-generate -enable-testing -suppress-warnings -index-store-path /Users/admin/builder/spi-builder-workspace/.derivedData/Index.noindex/DataStore -Xcc -D_LIBCPP_HARDENING_MODE\=_LIBCPP_HARDENING_MODE_DEBUG -swift-version 6 -I /Users/admin/builder/spi-builder-workspace/.derivedData/Build/Products/Debug-xros -Isystem /Applications/Xcode-27.0.0-Release.Candidate.app/Contents/Developer/Platforms/XROS.platform/Developer/usr/lib -F /Users/admin/builder/spi-builder-workspace/.derivedData/Build/Products/Debug-xros/PackageFrameworks -F /Users/admin/builder/spi-builder-workspace/.derivedData/Build/Products/Debug-xros -F /Applications/Xcode-27.0.0-Release.Candidate.app/Contents/Developer/Platforms/XROS.platform/Developer/Library/Frameworks -F /Applications/Xcode-27.0.0-Release.Candidate.app/Contents/Developer/Platforms/XROS.platform/Developer/SDKs/XROS27.0.sdk/Developer/Library/Frameworks -c -j10 -enable-batch-mode -incremental -Xcc -ivfsstatcache -Xcc /Users/admin/builder/spi-builder-workspace/.derivedData/SDKStatCaches.noindex/xros27.0-24M361-e829b21a6f8c9b70876ba0858053c044735bd543db762f57723cac368afd1ce4.sdkstatcache -output-file-map /Users/admin/builder/spi-builder-workspace/.derivedData/Build/Intermediates.noindex/Runner.build/Debug-xros/Runner-t.build/Objects-normal/arm64/Runner-OutputFileMap.json -save-temps -no-color-diagnostics -explicit-module-build -module-cache-path /Users/admin/builder/spi-builder-workspace/.derivedData/Build/Intermediates.noindex/SwiftExplicitPrecompiledModules -clang-scanner-module-cache-path /Users/admin/builder/spi-builder-workspace/.derivedData/ModuleCache.noindex -sdk-module-cache-path /Users/admin/builder/spi-builder-workspace/.derivedData/SDKExplicitPrecompiledModules -emit-dependencies -emit-module -emit-module-path /Users/admin/builder/spi-builder-workspace/.derivedData/Build/Intermediates.noindex/Runner.build/Debug-xros/Runner-t.build/Objects-normal/arm64/Runner.swiftmodule -serialize-diagnostics -dependency-scan-serialize-diagnostics-path /Users/admin/builder/spi-builder-workspace/.derivedData/Build/Intermediates.noindex/Runner.build/Debug-xros/Runner-t.build/Objects-normal/arm64/Runner-dependency-scan.dia -user-module-version 2.1.5 -validate-clang-modules-once -clang-build-session-file /Users/admin/builder/spi-builder-workspace/.derivedData/ModuleCache.noindex/Session.modulevalidation -Xcc -fmodules-prune-interval\=86400 -Xcc -fmodules-prune-after\=345600 -package-name runner -emit-const-values -const-gather-protocols-list /Users/admin/builder/spi-builder-workspace/.derivedData/Build/Intermediates.noindex/Runner.build/Debug-xros/Runner-t.build/Objects-normal/arm64/Runner_const_extract_protocols.json -Xcc -I/Users/admin/builder/spi-builder-workspace/.derivedData/Build/Products/Debug-xros/include -Xcc -I/Users/admin/builder/spi-builder-workspace/.derivedData/Build/Intermediates.noindex/Runner.build/Debug-xros/Runner-t.build/DerivedSources-normal/arm64 -Xcc -I/Users/admin/builder/spi-builder-workspace/.derivedData/Build/Intermediates.noindex/Runner.build/Debug-xros/Runner-t.build/DerivedSources/arm64 -Xcc -I/Users/admin/builder/spi-builder-workspace/.derivedData/Build/Intermediates.noindex/Runner.build/Debug-xros/Runner-t.build/DerivedSources -Xcc -DSWIFT_PACKAGE -Xcc -DDEBUG\=1 -emit-objc-header -emit-objc-header-path /Users/admin/builder/spi-builder-workspace/.derivedData/Build/Intermediates.noindex/Runner.build/Debug-xros/Runner-t.build/Objects-normal/arm64/Runner-Swift.h -working-directory /Users/admin/builder/spi-builder-workspace/.swiftpm/xcode -experimental-emit-module-separately -disable-cmo
SwiftDriver ChaosByteStreams normal arm64 com.apple.xcode.tools.swift.compiler (in target 'ChaosByteStreams' from project 'ChaosByteStreams')
    cd /Users/admin/builder/spi-builder-workspace/.swiftpm/xcode
    builtin-SwiftDriver -- /Applications/Xcode-27.0.0-Release.Candidate.app/Contents/Developer/Toolchains/XcodeDefault.xctoolchain/usr/bin/swiftc -parse-as-library -module-name ChaosByteStreams -Onone @/Users/admin/builder/spi-builder-workspace/.derivedData/Build/Intermediates.noindex/ChaosByteStreams.build/Debug-xros/ChaosByteStreams-t.build/Objects-normal/arm64/ChaosByteStreams.SwiftFileList -DSWIFT_PACKAGE -DDEBUG -DSWIFT_MODULE_RESOURCE_BUNDLE_UNAVAILABLE -DXcode -plugin-path /Applications/Xcode-27.0.0-Release.Candidate.app/Contents/Developer/Toolchains/XcodeDefault.xctoolchain/usr/lib/swift/host/plugins/testing -enable-experimental-feature DebugDescriptionMacro -sdk /Applications/Xcode-27.0.0-Release.Candidate.app/Contents/Developer/Platforms/XROS.platform/Developer/SDKs/XROS27.0.sdk -target arm64-apple-xros1.0 -g -module-cache-path /Users/admin/builder/spi-builder-workspace/.derivedData/ModuleCache.noindex -Xfrontend -serialize-debugging-options -profile-coverage-mapping -profile-generate -enable-testing -suppress-warnings -index-store-path /Users/admin/builder/spi-builder-workspace/.derivedData/Index.noindex/DataStore -Xcc -D_LIBCPP_HARDENING_MODE\=_LIBCPP_HARDENING_MODE_DEBUG -swift-version 6 -I /Users/admin/builder/spi-builder-workspace/.derivedData/Build/Products/Debug-xros -Isystem /Applications/Xcode-27.0.0-Release.Candidate.app/Contents/Developer/Platforms/XROS.platform/Developer/usr/lib -F /Users/admin/builder/spi-builder-workspace/.derivedData/Build/Products/Debug-xros -F /Applications/Xcode-27.0.0-Release.Candidate.app/Contents/Developer/Platforms/XROS.platform/Developer/Library/Frameworks -F /Applications/Xcode-27.0.0-Release.Candidate.app/Contents/Developer/Platforms/XROS.platform/Developer/SDKs/XROS27.0.sdk/Developer/Library/Frameworks -c -j10 -enable-batch-mode -incremental -Xcc -ivfsstatcache -Xcc /Users/admin/builder/spi-builder-workspace/.derivedData/SDKStatCaches.noindex/xros27.0-24M361-e829b21a6f8c9b70876ba0858053c044735bd543db762f57723cac368afd1ce4.sdkstatcache -output-file-map /Users/admin/builder/spi-builder-workspace/.derivedData/Build/Intermediates.noindex/ChaosByteStreams.build/Debug-xros/ChaosByteStreams-t.build/Objects-normal/arm64/ChaosByteStreams-OutputFileMap.json -save-temps -no-color-diagnostics -explicit-module-build -module-cache-path /Users/admin/builder/spi-builder-workspace/.derivedData/Build/Intermediates.noindex/SwiftExplicitPrecompiledModules -clang-scanner-module-cache-path /Users/admin/builder/spi-builder-workspace/.derivedData/ModuleCache.noindex -sdk-module-cache-path /Users/admin/builder/spi-builder-workspace/.derivedData/SDKExplicitPrecompiledModules -emit-dependencies -emit-module -emit-module-path /Users/admin/builder/spi-builder-workspace/.derivedData/Build/Intermediates.noindex/ChaosByteStreams.build/Debug-xros/ChaosByteStreams-t.build/Objects-normal/arm64/ChaosByteStreams.swiftmodule -serialize-diagnostics -dependency-scan-serialize-diagnostics-path /Users/admin/builder/spi-builder-workspace/.derivedData/Build/Intermediates.noindex/ChaosByteStreams.build/Debug-xros/ChaosByteStreams-t.build/Objects-normal/arm64/ChaosByteStreams-dependency-scan.dia -user-module-version 1.0.7 -validate-clang-modules-once -clang-build-session-file /Users/admin/builder/spi-builder-workspace/.derivedData/ModuleCache.noindex/Session.modulevalidation -Xcc -fmodules-prune-interval\=86400 -Xcc -fmodules-prune-after\=345600 -package-name chaosbytestreams -emit-const-values -const-gather-protocols-list /Users/admin/builder/spi-builder-workspace/.derivedData/Build/Intermediates.noindex/ChaosByteStreams.build/Debug-xros/ChaosByteStreams-t.build/Objects-normal/arm64/ChaosByteStreams_const_extract_protocols.json -Xcc -I/Users/admin/builder/spi-builder-workspace/.derivedData/Build/Products/Debug-xros/include -Xcc -I/Users/admin/builder/spi-builder-workspace/.derivedData/Build/Intermediates.noindex/ChaosByteStreams.build/Debug-xros/ChaosByteStreams-t.build/DerivedSources-normal/arm64 -Xcc -I/Users/admin/builder/spi-builder-workspace/.derivedData/Build/Intermediates.noindex/ChaosByteStreams.build/Debug-xros/ChaosByteStreams-t.build/DerivedSources/arm64 -Xcc -I/Users/admin/builder/spi-builder-workspace/.derivedData/Build/Intermediates.noindex/ChaosByteStreams.build/Debug-xros/ChaosByteStreams-t.build/DerivedSources -Xcc -DSWIFT_PACKAGE -Xcc -DDEBUG\=1 -emit-objc-header -emit-objc-header-path /Users/admin/builder/spi-builder-workspace/.derivedData/Build/Intermediates.noindex/ChaosByteStreams.build/Debug-xros/ChaosByteStreams-t.build/Objects-normal/arm64/ChaosByteStreams-Swift.h -working-directory /Users/admin/builder/spi-builder-workspace/.swiftpm/xcode -experimental-emit-module-separately -disable-cmo
SwiftEmitModule normal arm64 Emitting\ module\ for\ VersionatorUtils (in target 'VersionatorUtils' from project 'Versionator')
SwiftCompile normal arm64 (in target 'VersionatorUtils' from project 'Versionator')
    cd /Users/admin/builder/spi-builder-workspace/.swiftpm/xcode

SwiftCompile normal arm64 Compiling\ Data+ByteStreams.swift /Users/admin/builder/spi-builder-workspace/.dependencies/checkouts/ChaosByteStreams/Sources/ChaosByteStreams/Data+ByteStreams.swift (in target 'ChaosByteStreams' from project 'ChaosByteStreams')
SwiftCompile normal arm64 /Users/admin/builder/spi-builder-workspace/.dependencies/checkouts/ChaosByteStreams/Sources/ChaosByteStreams/Data+ByteStreams.swift (in target 'ChaosByteStreams' from project 'ChaosByteStreams')
    cd /Users/admin/builder/spi-builder-workspace/.swiftpm/xcode
    builtin-SwiftPerFileCompile Data+ByteStreams.swift
SwiftCompile normal arm64 Compiling\ String+AsyncSequence.swift /Users/admin/builder/spi-builder-workspace/Sources/VersionatorUtils/String+AsyncSequence.swift (in target 'VersionatorUtils' from project 'Versionator')
SwiftCompile normal arm64 /Users/admin/builder/spi-builder-workspace/Sources/VersionatorUtils/String+AsyncSequence.swift (in target 'VersionatorUtils' from project 'Versionator')
    cd /Users/admin/builder/spi-builder-workspace/.swiftpm/xcode
    builtin-SwiftPerFileCompile String+AsyncSequence.swift
SwiftCompile normal arm64 Compiling\ DataBuffer.swift /Users/admin/builder/spi-builder-workspace/.dependencies/checkouts/ChaosByteStreams/Sources/ChaosByteStreams/DataBuffer.swift (in target 'ChaosByteStreams' from project 'ChaosByteStreams')
SwiftCompile normal arm64 /Users/admin/builder/spi-builder-workspace/.dependencies/checkouts/ChaosByteStreams/Sources/ChaosByteStreams/DataBuffer.swift (in target 'ChaosByteStreams' from project 'ChaosByteStreams')
    cd /Users/admin/builder/spi-builder-workspace/.swiftpm/xcode
    builtin-SwiftPerFileCompile DataBuffer.swift
SwiftCompile normal arm64 Compiling\ String+ByteStreams.swift /Users/admin/builder/spi-builder-workspace/.dependencies/checkouts/ChaosByteStreams/Sources/ChaosByteStreams/String+ByteStreams.swift (in target 'ChaosByteStreams' from project 'ChaosByteStreams')
SwiftCompile normal arm64 /Users/admin/builder/spi-builder-workspace/.dependencies/checkouts/ChaosByteStreams/Sources/ChaosByteStreams/String+ByteStreams.swift (in target 'ChaosByteStreams' from project 'ChaosByteStreams')
    cd /Users/admin/builder/spi-builder-workspace/.swiftpm/xcode
    builtin-SwiftPerFileCompile String+ByteStreams.swift
SwiftEmitModule normal arm64 Emitting\ module\ for\ ChaosByteStreams (in target 'ChaosByteStreams' from project 'ChaosByteStreams')
SwiftCompile normal arm64 (in target 'ChaosByteStreams' from project 'ChaosByteStreams')
    cd /Users/admin/builder/spi-builder-workspace/.swiftpm/xcode

SwiftCompile normal arm64 Compiling\ Runner.swift /Users/admin/builder/spi-builder-workspace/.dependencies/checkouts/Runner/Sources/Runner/Runner.swift (in target 'Runner' from project 'Runner')
/Users/admin/builder/spi-builder-workspace/.dependencies/checkouts/Runner/Sources/Runner/Runner.swift:73:19: error: cannot find 'Process' in scope
 71 |   ) -> Session {
 72 |
 73 |     let process = Process()
    |                   `- error: cannot find 'Process' in scope
 74 |     if let cwd = cwd { process.currentDirectoryURL = cwd }
 75 |     process.executableURL = executable
/Users/admin/builder/spi-builder-workspace/.dependencies/checkouts/Runner/Sources/Runner/RunState.swift:18:18: error: cannot find type 'Process' in scope
16 |   public struct Sequence: AsyncSequence, Sendable {
17 |     /// The runner we're reporting on.
18 |     let process: Process
   |                  `- error: cannot find type 'Process' in scope
19 |
20 |     public func makeAsyncIterator() -> AsyncStream<RunState>.Iterator {
/Users/admin/builder/spi-builder-workspace/.dependencies/checkouts/Runner/Sources/Runner/Runner.swift:103:19: error: cannot find 'Process' in scope
101 |   /// Control is transferred to the launched process, and this function doesn't return.
102 |   public func exec(arguments: [String] = []) -> Never {
103 |     let process = Process()
    |                   `- error: cannot find 'Process' in scope
104 |     if let cwd = cwd { process.currentDirectoryURL = cwd }
105 |
SwiftCompile normal arm64 /Users/admin/builder/spi-builder-workspace/.dependencies/checkouts/Runner/Sources/Runner/Runner.swift (in target 'Runner' from project 'Runner')
    cd /Users/admin/builder/spi-builder-workspace/.swiftpm/xcode
    builtin-SwiftPerFileCompile Runner.swift
SwiftCompile normal arm64 Compiling\ Output.swift /Users/admin/builder/spi-builder-workspace/.dependencies/checkouts/Runner/Sources/Runner/Output.swift (in target 'Runner' from project 'Runner')
SwiftCompile normal arm64 /Users/admin/builder/spi-builder-workspace/.dependencies/checkouts/Runner/Sources/Runner/Output.swift (in target 'Runner' from project 'Runner')
    cd /Users/admin/builder/spi-builder-workspace/.swiftpm/xcode
    builtin-SwiftPerFileCompile Output.swift
SwiftEmitModule normal arm64 Emitting\ module\ for\ Runner (in target 'Runner' from project 'Runner')
/Users/admin/builder/spi-builder-workspace/.dependencies/checkouts/Runner/Sources/Runner/RunState.swift:18:18: error: cannot find type 'Process' in scope
16 |   public struct Sequence: AsyncSequence, Sendable {
17 |     /// The runner we're reporting on.
18 |     let process: Process
   |                  `- error: cannot find type 'Process' in scope
19 |
20 |     public func makeAsyncIterator() -> AsyncStream<RunState>.Iterator {
/Users/admin/builder/spi-builder-workspace/.dependencies/checkouts/Runner/Sources/Runner/RunState.swift:63:11: error: cannot find type 'Process' in scope
61 | }
62 |
63 | extension Process {
   |           `- error: cannot find type 'Process' in scope
64 |   /// Return the final state of the process.
65 |   var finalState: RunState {
Failed frontend command:
/Applications/Xcode-27.0.0-Release.Candidate.app/Contents/Developer/Toolchains/XcodeDefault.xctoolchain/usr/bin/swift-frontend -frontend -emit-module -experimental-skip-non-inlinable-function-bodies-without-types /Users/admin/builder/spi-builder-workspace/.dependencies/checkouts/Runner/Sources/Runner/Error.swift /Users/admin/builder/spi-builder-workspace/.dependencies/checkouts/Runner/Sources/Runner/Output.swift /Users/admin/builder/spi-builder-workspace/.dependencies/checkouts/Runner/Sources/Runner/RunState.swift /Users/admin/builder/spi-builder-workspace/.dependencies/checkouts/Runner/Sources/Runner/Runner.swift /Users/admin/builder/spi-builder-workspace/.dependencies/checkouts/Runner/Sources/Runner/Session.swift /Users/admin/builder/spi-builder-workspace/.dependencies/checkouts/Runner/Sources/Runner/URL+SystemPath.swift -target arm64-apple-xros1.0 -disable-cross-import-overlay-search -load-resolved-plugin /Applications/Xcode-27.0.0-Release.Candidate.app/Contents/Developer/Platforms/XROS.platform/Developer/usr/lib/swift/host/plugins/libFoundationMacros.dylib\#/Applications/Xcode-27.0.0-Release.Candidate.app/Contents/Developer/Platforms/XROS.platform/Developer/usr/bin/swift-plugin-server\#FoundationMacros -load-resolved-plugin /Applications/Xcode-27.0.0-Release.Candidate.app/Contents/Developer/Platforms/XROS.platform/Developer/usr/lib/swift/host/plugins/libObservationMacros.dylib\#/Applications/Xcode-27.0.0-Release.Candidate.app/Contents/Developer/Platforms/XROS.platform/Developer/usr/bin/swift-plugin-server\#ObservationMacros -load-resolved-plugin /Applications/Xcode-27.0.0-Release.Candidate.app/Contents/Developer/Platforms/XROS.platform/Developer/usr/lib/swift/host/plugins/libSwiftMacros.dylib\#/Applications/Xcode-27.0.0-Release.Candidate.app/Contents/Developer/Platforms/XROS.platform/Developer/usr/bin/swift-plugin-server\#SwiftMacros -disable-implicit-swift-modules -Xcc -fno-implicit-modules -Xcc -fno-implicit-module-maps -explicit-swift-module-map-file /Users/admin/builder/spi-builder-workspace/.derivedData/Build/Intermediates.noindex/Runner.build/Debug-xros/Runner-t.build/Objects-normal/arm64/Runner-dependencies-1.json -Xllvm -aarch64-use-tbi -enable-objc-interop -stack-check -sdk /Applications/Xcode-27.0.0-Release.Candidate.app/Contents/Developer/Platforms/XROS.platform/Developer/SDKs/XROS27.0.sdk -I /Users/admin/builder/spi-builder-workspace/.derivedData/Build/Products/Debug-xros -Isystem /Applications/Xcode-27.0.0-Release.Candidate.app/Contents/Developer/Platforms/XROS.platform/Developer/usr/lib -F /Users/admin/builder/spi-builder-workspace/.derivedData/Build/Products/Debug-xros/PackageFrameworks -F /Users/admin/builder/spi-builder-workspace/.derivedData/Build/Products/Debug-xros -F /Applications/Xcode-27.0.0-Release.Candidate.app/Contents/Developer/Platforms/XROS.platform/Developer/Library/Frameworks -F /Applications/Xcode-27.0.0-Release.Candidate.app/Contents/Developer/Platforms/XROS.platform/Developer/SDKs/XROS27.0.sdk/Developer/Library/Frameworks -module-cache-path /Users/admin/builder/spi-builder-workspace/.derivedData/Build/Intermediates.noindex/SwiftExplicitPrecompiledModules -no-color-diagnostics -Xcc -fno-color-diagnostics -enable-testing -g -debug-info-format\=dwarf -dwarf-version\=4 -suppress-warnings -profile-generate -profile-coverage-mapping -swift-version 6 -Onone -D SWIFT_PACKAGE -D DEBUG -D SWIFT_MODULE_RESOURCE_BUNDLE_UNAVAILABLE -D Xcode -serialize-debugging-options -enable-experimental-feature DebugDescriptionMacro -empty-abi-descriptor -user-module-version 2.1.5 -validate-clang-modules-once -clang-build-session-file /Users/admin/builder/spi-builder-workspace/.derivedData/ModuleCache.noindex/Session.modulevalidation -Xcc -working-directory -Xcc /Users/admin/builder/spi-builder-workspace/.swiftpm/xcode -enable-anonymous-context-mangled-names -file-compilation-dir /Users/admin/builder/spi-builder-workspace/.swiftpm/xcode -Xcc -D_LIBCPP_HARDENING_MODE\=_LIBCPP_HARDENING_MODE_DEBUG -Xcc -ivfsstatcache -Xcc /Users/admin/builder/spi-builder-workspace/.derivedData/SDKStatCaches.noindex/xros27.0-24M361-e829b21a6f8c9b70876ba0858053c044735bd543db762f57723cac368afd1ce4.sdkstatcache -Xcc -fmodules-prune-interval\=86400 -Xcc -fmodules-prune-after\=345600 -Xcc -I/Users/admin/builder/spi-builder-workspace/.derivedData/Build/Products/Debug-xros/include -Xcc -I/Users/admin/builder/spi-builder-workspace/.derivedData/Build/Intermediates.noindex/Runner.build/Debug-xros/Runner-t.build/DerivedSources-normal/arm64 -Xcc -I/Users/admin/builder/spi-builder-workspace/.derivedData/Build/Intermediates.noindex/Runner.build/Debug-xros/Runner-t.build/DerivedSources/arm64 -Xcc -I/Users/admin/builder/spi-builder-workspace/.derivedData/Build/Intermediates.noindex/Runner.build/Debug-xros/Runner-t.build/DerivedSources -Xcc -DSWIFT_PACKAGE -Xcc -DDEBUG\=1 -no-auto-bridging-header-chaining -module-name Runner -package-name runner -const-gather-protocols-file /Users/admin/builder/spi-builder-workspace/.derivedData/Build/Intermediates.noindex/Runner.build/Debug-xros/Runner-t.build/Objects-normal/arm64/Runner_const_extract_protocols.json -disable-clang-spi -clang-target arm64-apple-xros27.0 -target-sdk-version 27.0 -target-sdk-name xros27.0 -in-process-plugin-server-path /Applications/Xcode-27.0.0-Release.Candidate.app/Contents/Developer/Toolchains/XcodeDefault.xctoolchain/usr/lib/swift/host/libSwiftInProcPluginServer.dylib -emit-module-doc-path /Users/admin/builder/spi-builder-workspace/.derivedData/Build/Intermediates.noindex/Runner.build/Debug-xros/Runner-t.build/Objects-normal/arm64/Runner.swiftdoc -emit-module-source-info-path /Users/admin/builder/spi-builder-workspace/.derivedData/Build/Intermediates.noindex/Runner.build/Debug-xros/Runner-t.build/Objects-normal/arm64/Runner.swiftsourceinfo -emit-objc-header-path /Users/admin/builder/spi-builder-workspace/.derivedData/Build/Intermediates.noindex/Runner.build/Debug-xros/Runner-t.build/Objects-normal/arm64/Runner-Swift.h -serialize-diagnostics-path /Users/admin/builder/spi-builder-workspace/.derivedData/Build/Intermediates.noindex/Runner.build/Debug-xros/Runner-t.build/Objects-normal/arm64/Runner-primary-emit-module.dia -emit-dependencies-path /Users/admin/builder/spi-builder-workspace/.derivedData/Build/Intermediates.noindex/Runner.build/Debug-xros/Runner-t.build/Objects-normal/arm64/Runner-primary-emit-module.d -parse-as-library -o /Users/admin/builder/spi-builder-workspace/.derivedData/Build/Intermediates.noindex/Runner.build/Debug-xros/Runner-t.build/Objects-normal/arm64/Runner.swiftmodule -emit-abi-descriptor-path /Users/admin/builder/spi-builder-workspace/.derivedData/Build/Intermediates.noindex/Runner.build/Debug-xros/Runner-t.build/Objects-normal/arm64/Runner.abi.json
SwiftCompile normal arm64 (in target 'Runner' from project 'Runner')
    cd /Users/admin/builder/spi-builder-workspace/.swiftpm/xcode

SwiftCompile normal arm64 Compiling\ Session.swift /Users/admin/builder/spi-builder-workspace/.dependencies/checkouts/Runner/Sources/Runner/Session.swift (in target 'Runner' from project 'Runner')
SwiftCompile normal arm64 /Users/admin/builder/spi-builder-workspace/.dependencies/checkouts/Runner/Sources/Runner/Session.swift (in target 'Runner' from project 'Runner')
    cd /Users/admin/builder/spi-builder-workspace/.swiftpm/xcode
    builtin-SwiftPerFileCompile Session.swift
SwiftCompile normal arm64 Compiling\ URL+SystemPath.swift /Users/admin/builder/spi-builder-workspace/.dependencies/checkouts/Runner/Sources/Runner/URL+SystemPath.swift (in target 'Runner' from project 'Runner')
SwiftCompile normal arm64 /Users/admin/builder/spi-builder-workspace/.dependencies/checkouts/Runner/Sources/Runner/URL+SystemPath.swift (in target 'Runner' from project 'Runner')
    cd /Users/admin/builder/spi-builder-workspace/.swiftpm/xcode
    builtin-SwiftPerFileCompile URL+SystemPath.swift
SwiftCompile normal arm64 Compiling\ RunState.swift /Users/admin/builder/spi-builder-workspace/.dependencies/checkouts/Runner/Sources/Runner/RunState.swift (in target 'Runner' from project 'Runner')
SwiftCompile normal arm64 /Users/admin/builder/spi-builder-workspace/.dependencies/checkouts/Runner/Sources/Runner/RunState.swift (in target 'Runner' from project 'Runner')
    cd /Users/admin/builder/spi-builder-workspace/.swiftpm/xcode
    builtin-SwiftPerFileCompile RunState.swift
SwiftCompile normal arm64 Compiling\ Error.swift /Users/admin/builder/spi-builder-workspace/.dependencies/checkouts/Runner/Sources/Runner/Error.swift (in target 'Runner' from project 'Runner')
SwiftCompile normal arm64 /Users/admin/builder/spi-builder-workspace/.dependencies/checkouts/Runner/Sources/Runner/Error.swift (in target 'Runner' from project 'Runner')
    cd /Users/admin/builder/spi-builder-workspace/.swiftpm/xcode
    builtin-SwiftPerFileCompile Error.swift
PruneExplicitPrecompiledModules /Users/admin/builder/spi-builder-workspace/.derivedData/Build/Intermediates.noindex/ExplicitPrecompiledModules
PruneExplicitPrecompiledModules /Users/admin/builder/spi-builder-workspace/.derivedData/Build/Intermediates.noindex/SwiftExplicitPrecompiledModules
PruneExplicitPrecompiledModules /Users/admin/builder/spi-builder-workspace/.derivedData/SDKExplicitPrecompiledModules
2026-09-22 19:08:50.991 xcodebuild[852:5178] [MT] IDERunDestination: Supported platforms for the buildables in the current scheme is empty.
2026-09-22 19:08:51.093 xcodebuild[852:5178] [MT] IDERunDestination: Supported platforms for the buildables in the current scheme is empty.
** BUILD FAILED **
The following build commands failed:
	SwiftEmitModule normal arm64 Emitting\ module\ for\ Runner (in target 'Runner' from project 'Runner')
	SwiftCompile normal arm64 (in target 'Runner' from project 'Runner')
	Building workspace Versionator with scheme Versionator
(3 failures)
BUILD FAILURE 6.4 visionOS