The Swift Package Index logo.Swift Package Index

Build Information

Failed to build mParticle-Apple-SDK, reference v9.7.4 (ae551d), with Swift 6.1 for Wasm on 23 Oct 2026 07:12:33 UTC.

Build Command

bash -c docker run --pull=always --rm -v "checkouts-53886769-0":/host -w "$PWD" -e JAVA_HOME="/root/.sdkman/candidates/java/current" -e SPI_BUILD="1" -e SPI_PROCESSING="1" registry.gitlab.com/saguaro1/spi-images:wasm-6.1-latest swift build --swift-sdk wasm32-unknown-wasi 2>&1

Build Log

========================================
RunAll
========================================
Builder version: 5.1.3
Interrupt handler set up.
========================================
Checkout
========================================
Clone URL: https://github.com/mParticle/mparticle-apple-sdk.git
Reference: v9.7.4
Initialized empty Git repository in /host/spi-builder-workspace/.git/
hint: Using 'master' as the name for the initial branch. This default branch name
hint: is subject to change. To configure the initial branch name to use in all
hint: of your new repositories, which will suppress this warning, call:
hint:
hint: 	git config --global init.defaultBranch <name>
hint:
hint: Names commonly chosen instead of 'master' are 'main', 'trunk' and
hint: 'development'. The just-created branch can be renamed via this command:
hint:
hint: 	git branch -m <name>
From https://github.com/mParticle/mparticle-apple-sdk
 * tag               v9.7.4     -> FETCH_HEAD
HEAD is now at ae551d3 chore: Release v9.7.4 (#1145)
Cloned https://github.com/mParticle/mparticle-apple-sdk.git
Revision (git rev-parse @):
ae551d38c208ebab353709544a9a94db42a74ccb
SUCCESS checkout https://github.com/mParticle/mparticle-apple-sdk.git at v9.7.4
========================================
Build
========================================
Selected platform:         wasm
Swift version:             6.1
Building package at path:  $PWD
https://github.com/mParticle/mparticle-apple-sdk.git
https://github.com/mParticle/mparticle-apple-sdk.git
WARNING: environment variable SUPPRESS_SWIFT_6_FLAGS is not set
Running build ...
bash -c docker run --pull=always --rm -v "checkouts-53886769-0":/host -w "$PWD" -e JAVA_HOME="/root/.sdkman/candidates/java/current" -e SPI_BUILD="1" -e SPI_PROCESSING="1" registry.gitlab.com/saguaro1/spi-images:wasm-6.1-latest swift build --swift-sdk wasm32-unknown-wasi -Xswiftc -Xfrontend -Xswiftc -stats-output-dir -Xswiftc -Xfrontend -Xswiftc .stats -Xswiftc -strict-concurrency=complete -Xswiftc -enable-upcoming-feature -Xswiftc StrictConcurrency -Xswiftc -enable-upcoming-feature -Xswiftc DisableOutwardActorInference -Xswiftc -enable-upcoming-feature -Xswiftc GlobalActorIsolatedTypesUsability -Xswiftc -enable-upcoming-feature -Xswiftc InferSendableFromCaptures 2>&1
wasm-6.1-latest: Pulling from saguaro1/spi-images
Digest: sha256:8209621f35c5a12749e7df75bbcb99eccb508d0196da99f6ac3bcf5f4827df31
Status: Image is up to date for registry.gitlab.com/saguaro1/spi-images:wasm-6.1-latest
Fetching https://github.com/ROKT/rokt-contracts-apple.git
[1/403] Fetching rokt-contracts-apple
Fetched https://github.com/ROKT/rokt-contracts-apple.git from cache (0.53s)
Computing version for https://github.com/ROKT/rokt-contracts-apple.git
Computed https://github.com/ROKT/rokt-contracts-apple.git at 2.0.2 (0.75s)
Creating working copy for https://github.com/ROKT/rokt-contracts-apple.git
Working copy of https://github.com/ROKT/rokt-contracts-apple.git resolved at 2.0.2
Building for debugging...
[0/56] Write sources
[3/56] Write swift-version-24593BA9C3E375BF.txt
error: emit-module command failed with exit code 1 (use -v to see invocation)
[5/182] Emitting module mParticle_Apple_SDK_Swift
/host/spi-builder-workspace/mParticle-Apple-SDK-Swift/Sources/Network/MPConnector.swift:2:8: error: no such module 'Security'
  1 | import Foundation
  2 | import Security
    |        `- error: no such module 'Security'
  3 | import UIKit
  4 |
[6/198] Compiling RoktContracts RoktEmbeddedView.swift
/host/spi-builder-workspace/.build/checkouts/rokt-contracts-apple/Sources/RoktContracts/Events/RoktEvent.swift:1:8: error: no such module 'CoreGraphics'
  1 | import CoreGraphics
    |        `- error: no such module 'CoreGraphics'
  2 | import Foundation
  3 |
[7/198] Compiling mParticle_Apple_SDK_Swift MPSettingsProvider.swift
/host/spi-builder-workspace/mParticle-Apple-SDK-Swift/Sources/Network/MPConnector.swift:2:8: error: no such module 'Security'
  1 | import Foundation
  2 | import Security
    |        `- error: no such module 'Security'
  3 | import UIKit
  4 |
[8/198] Compiling mParticle_Apple_SDK_Swift MPStateMachine.swift
/host/spi-builder-workspace/mParticle-Apple-SDK-Swift/Sources/Network/MPConnector.swift:2:8: error: no such module 'Security'
  1 | import Foundation
  2 | import Security
    |        `- error: no such module 'Security'
  3 | import UIKit
  4 |
[9/198] Compiling mParticle_Apple_SDK_Swift MPUploadBuilder.swift
/host/spi-builder-workspace/mParticle-Apple-SDK-Swift/Sources/Network/MPConnector.swift:2:8: error: no such module 'Security'
  1 | import Foundation
  2 | import Security
    |        `- error: no such module 'Security'
  3 | import UIKit
  4 |
[10/198] Compiling mParticle_Apple_SDK_Swift MPUploadBuilderContext.swift
/host/spi-builder-workspace/mParticle-Apple-SDK-Swift/Sources/Network/MPConnector.swift:2:8: error: no such module 'Security'
  1 | import Foundation
  2 | import Security
    |        `- error: no such module 'Security'
  3 | import UIKit
  4 |
[11/198] Compiling mParticle_Apple_SDK_Swift MPUploadBuilderFields.swift
/host/spi-builder-workspace/mParticle-Apple-SDK-Swift/Sources/Network/MPConnector.swift:2:8: error: no such module 'Security'
  1 | import Foundation
  2 | import Security
    |        `- error: no such module 'Security'
  3 | import UIKit
  4 |
[12/198] Compiling mParticle_Apple_SDK_Swift MPUploadSettings.swift
/host/spi-builder-workspace/mParticle-Apple-SDK-Swift/Sources/Network/MPConnector.swift:2:8: error: no such module 'Security'
  1 | import Foundation
  2 | import Security
    |        `- error: no such module 'Security'
  3 | import UIKit
  4 |
[13/198] Compiling mParticle_Apple_SDK_Swift MPUserAttributeChange.swift
/host/spi-builder-workspace/mParticle-Apple-SDK-Swift/Sources/Network/MPConnector.swift:2:8: error: no such module 'Security'
  1 | import Foundation
  2 | import Security
    |        `- error: no such module 'Security'
  3 | import UIKit
  4 |
[14/198] Compiling mParticle_Apple_SDK_Swift MPUserAttributeLogic.swift
/host/spi-builder-workspace/mParticle-Apple-SDK-Swift/Sources/Network/MPConnector.swift:2:8: error: no such module 'Security'
  1 | import Foundation
  2 | import Security
    |        `- error: no such module 'Security'
  3 | import UIKit
  4 |
[15/198] Compiling mParticle_Apple_SDK_Swift MPUserDefaults.swift
/host/spi-builder-workspace/mParticle-Apple-SDK-Swift/Sources/Network/MPConnector.swift:2:8: error: no such module 'Security'
  1 | import Foundation
  2 | import Security
    |        `- error: no such module 'Security'
  3 | import UIKit
  4 |
[16/198] Compiling mParticle_Apple_SDK_Swift MPUserIdentityLogic.swift
/host/spi-builder-workspace/mParticle-Apple-SDK-Swift/Sources/Network/MPConnector.swift:2:8: error: no such module 'Security'
  1 | import Foundation
  2 | import Security
    |        `- error: no such module 'Security'
  3 | import UIKit
  4 |
[17/198] Compiling mParticle_Apple_SDK_Swift MPZip.swift
/host/spi-builder-workspace/mParticle-Apple-SDK-Swift/Sources/Network/MPConnector.swift:2:8: error: no such module 'Security'
  1 | import Foundation
  2 | import Security
    |        `- error: no such module 'Security'
  3 | import UIKit
  4 |
[18/198] Compiling mParticle_Apple_SDK_Swift MParticleWebView.swift
/host/spi-builder-workspace/mParticle-Apple-SDK-Swift/Sources/Network/MPConnector.swift:2:8: error: no such module 'Security'
  1 | import Foundation
  2 | import Security
    |        `- error: no such module 'Security'
  3 | import UIKit
  4 |
[19/198] Compiling mParticle_Apple_SDK_Swift NSArray+MPCaseInsensitive.swift
/host/spi-builder-workspace/mParticle-Apple-SDK-Swift/Sources/Network/MPConnector.swift:2:8: error: no such module 'Security'
  1 | import Foundation
  2 | import Security
    |        `- error: no such module 'Security'
  3 | import UIKit
  4 |
[20/198] Compiling mParticle_Apple_SDK_Swift NSDictionary+MPCaseInsensitive.swift
/host/spi-builder-workspace/mParticle-Apple-SDK-Swift/Sources/Network/MPConnector.swift:2:8: error: no such module 'Security'
  1 | import Foundation
  2 | import Security
    |        `- error: no such module 'Security'
  3 | import UIKit
  4 |
[21/198] Compiling mParticle_Apple_SDK_Swift NSNumber+MPFormatter.swift
/host/spi-builder-workspace/mParticle-Apple-SDK-Swift/Sources/Network/MPConnector.swift:2:8: error: no such module 'Security'
  1 | import Foundation
  2 | import Security
    |        `- error: no such module 'Security'
  3 | import UIKit
  4 |
[22/198] Compiling mParticle_Apple_SDK_Swift NSString+MPPercentEscape.swift
/host/spi-builder-workspace/mParticle-Apple-SDK-Swift/Sources/Network/MPConnector.swift:2:8: error: no such module 'Security'
  1 | import Foundation
  2 | import Security
    |        `- error: no such module 'Security'
  3 | import UIKit
  4 |
[23/198] Compiling mParticle_Apple_SDK_Swift MPBackendUploadCoordinator.swift
/host/spi-builder-workspace/mParticle-Apple-SDK-Swift/Sources/Network/MPConnector.swift:2:8: error: no such module 'Security'
  1 | import Foundation
  2 | import Security
    |        `- error: no such module 'Security'
  3 | import UIKit
  4 |
[24/198] Compiling mParticle_Apple_SDK_Swift MPBackendUploadDependencies.swift
/host/spi-builder-workspace/mParticle-Apple-SDK-Swift/Sources/Network/MPConnector.swift:2:8: error: no such module 'Security'
  1 | import Foundation
  2 | import Security
    |        `- error: no such module 'Security'
  3 | import UIKit
  4 |
[25/198] Compiling mParticle_Apple_SDK_Swift MPConfigResponseParser.swift
/host/spi-builder-workspace/mParticle-Apple-SDK-Swift/Sources/Network/MPConnector.swift:2:8: error: no such module 'Security'
  1 | import Foundation
  2 | import Security
    |        `- error: no such module 'Security'
  3 | import UIKit
  4 |
[26/198] Compiling mParticle_Apple_SDK_Swift MPConnector.swift
/host/spi-builder-workspace/mParticle-Apple-SDK-Swift/Sources/Network/MPConnector.swift:2:8: error: no such module 'Security'
  1 | import Foundation
  2 | import Security
    |        `- error: no such module 'Security'
  3 | import UIKit
  4 |
[27/198] Compiling mParticle_Apple_SDK_Swift MPConnectorTypes.swift
/host/spi-builder-workspace/mParticle-Apple-SDK-Swift/Sources/Network/MPConnector.swift:2:8: error: no such module 'Security'
  1 | import Foundation
  2 | import Security
    |        `- error: no such module 'Security'
  3 | import UIKit
  4 |
[28/198] Compiling mParticle_Apple_SDK_Swift MPDataPlanQuery.swift
/host/spi-builder-workspace/mParticle-Apple-SDK-Swift/Sources/Network/MPConnector.swift:2:8: error: no such module 'Security'
  1 | import Foundation
  2 | import Security
    |        `- error: no such module 'Security'
  3 | import UIKit
  4 |
[29/198] Compiling mParticle_Apple_SDK_Swift MPEndpoint.swift
/host/spi-builder-workspace/mParticle-Apple-SDK-Swift/Sources/Network/MPConnector.swift:2:8: error: no such module 'Security'
  1 | import Foundation
  2 | import Security
    |        `- error: no such module 'Security'
  3 | import UIKit
  4 |
[30/198] Compiling mParticle_Apple_SDK_Swift MPEndpointHostResolver.swift
/host/spi-builder-workspace/mParticle-Apple-SDK-Swift/Sources/Network/MPConnector.swift:2:8: error: no such module 'Security'
  1 | import Foundation
  2 | import Security
    |        `- error: no such module 'Security'
  3 | import UIKit
  4 |
[31/198] Compiling mParticle_Apple_SDK_Swift MPEndpointPathStyle.swift
/host/spi-builder-workspace/mParticle-Apple-SDK-Swift/Sources/Network/MPConnector.swift:2:8: error: no such module 'Security'
  1 | import Foundation
  2 | import Security
    |        `- error: no such module 'Security'
  3 | import UIKit
  4 |
[32/198] Compiling mParticle_Apple_SDK_Swift MPEndpointURLFactory.swift
/host/spi-builder-workspace/mParticle-Apple-SDK-Swift/Sources/Network/MPConnector.swift:2:8: error: no such module 'Security'
  1 | import Foundation
  2 | import Security
    |        `- error: no such module 'Security'
  3 | import UIKit
  4 |
[33/198] Compiling mParticle_Apple_SDK_Swift MPNetworkCommunicationHelper.swift
/host/spi-builder-workspace/mParticle-Apple-SDK-Swift/Sources/Network/MPConnector.swift:2:8: error: no such module 'Security'
  1 | import Foundation
  2 | import Security
    |        `- error: no such module 'Security'
  3 | import UIKit
  4 |
[34/198] Compiling mParticle_Apple_SDK_Swift MPNetworkPerformance.swift
/host/spi-builder-workspace/mParticle-Apple-SDK-Swift/Sources/Network/MPConnector.swift:2:8: error: no such module 'Security'
  1 | import Foundation
  2 | import Security
    |        `- error: no such module 'Security'
  3 | import UIKit
  4 |
[35/198] Compiling mParticle_Apple_SDK_Swift MPPinnedCertificates.swift
/host/spi-builder-workspace/mParticle-Apple-SDK-Swift/Sources/Network/MPConnector.swift:2:8: error: no such module 'Security'
  1 | import Foundation
  2 | import Security
    |        `- error: no such module 'Security'
  3 | import UIKit
  4 |
[36/198] Compiling mParticle_Apple_SDK_Swift MPRequestSigner.swift
/host/spi-builder-workspace/mParticle-Apple-SDK-Swift/Sources/Network/MPConnector.swift:2:8: error: no such module 'Security'
  1 | import Foundation
  2 | import Security
    |        `- error: no such module 'Security'
  3 | import UIKit
  4 |
[37/198] Compiling mParticle_Apple_SDK_Swift MPTransportErrorDetector.swift
/host/spi-builder-workspace/mParticle-Apple-SDK-Swift/Sources/Network/MPConnector.swift:2:8: error: no such module 'Security'
  1 | import Foundation
  2 | import Security
    |        `- error: no such module 'Security'
  3 | import UIKit
  4 |
[38/198] Compiling mParticle_Apple_SDK_Swift MPURL.swift
/host/spi-builder-workspace/mParticle-Apple-SDK-Swift/Sources/Network/MPConnector.swift:2:8: error: no such module 'Security'
  1 | import Foundation
  2 | import Security
    |        `- error: no such module 'Security'
  3 | import UIKit
  4 |
[39/198] Compiling mParticle_Apple_SDK_Swift MPURLRequestBuilder.swift
/host/spi-builder-workspace/mParticle-Apple-SDK-Swift/Sources/Network/MPConnector.swift:2:8: error: no such module 'Security'
  1 | import Foundation
  2 | import Security
    |        `- error: no such module 'Security'
  3 | import UIKit
  4 |
[40/198] Compiling RoktContracts PaymentTypes.swift
/host/spi-builder-workspace/.build/checkouts/rokt-contracts-apple/Sources/RoktContracts/Events/RoktEvent.swift:1:8: error: no such module 'CoreGraphics'
  1 | import CoreGraphics
    |        `- error: no such module 'CoreGraphics'
  2 | import Foundation
  3 |
[41/198] Compiling mParticle_Apple_SDK_Swift MPURLRequestPlan.swift
/host/spi-builder-workspace/mParticle-Apple-SDK-Swift/Sources/Network/MPConnector.swift:2:8: error: no such module 'Security'
  1 | import Foundation
  2 | import Security
    |        `- error: no such module 'Security'
  3 | import UIKit
  4 |
[42/198] Compiling mParticle_Apple_SDK_Swift MPUploadDeviceInfo.swift
/host/spi-builder-workspace/mParticle-Apple-SDK-Swift/Sources/Network/MPConnector.swift:2:8: error: no such module 'Security'
  1 | import Foundation
  2 | import Security
    |        `- error: no such module 'Security'
  3 | import UIKit
  4 |
[43/198] Compiling mParticle_Apple_SDK_Swift MPUploadPersisting.swift
/host/spi-builder-workspace/mParticle-Apple-SDK-Swift/Sources/Network/MPConnector.swift:2:8: error: no such module 'Security'
  1 | import Foundation
  2 | import Security
    |        `- error: no such module 'Security'
  3 | import UIKit
  4 |
[44/198] Compiling mParticle_Apple_SDK_Swift MPUploadResponseHandler.swift
/host/spi-builder-workspace/mParticle-Apple-SDK-Swift/Sources/Network/MPConnector.swift:2:8: error: no such module 'Security'
  1 | import Foundation
  2 | import Security
    |        `- error: no such module 'Security'
  3 | import UIKit
  4 |
[45/198] Compiling mParticle_Apple_SDK_Swift MParticleReachability.swift
/host/spi-builder-workspace/mParticle-Apple-SDK-Swift/Sources/Network/MPConnector.swift:2:8: error: no such module 'Security'
  1 | import Foundation
  2 | import Security
    |        `- error: no such module 'Security'
  3 | import UIKit
  4 |
[46/198] Compiling mParticle_Apple_SDK_Swift NSDictionary+MPRetryAfter.swift
/host/spi-builder-workspace/mParticle-Apple-SDK-Swift/Sources/Network/MPConnector.swift:2:8: error: no such module 'Security'
  1 | import Foundation
  2 | import Security
    |        `- error: no such module 'Security'
  3 | import UIKit
  4 |
[47/198] Compiling mParticle_Apple_SDK_Swift MPDeviceTokenStore.swift
/host/spi-builder-workspace/mParticle-Apple-SDK-Swift/Sources/Network/MPConnector.swift:2:8: error: no such module 'Security'
  1 | import Foundation
  2 | import Security
    |        `- error: no such module 'Security'
  3 | import UIKit
  4 |
[48/198] Compiling mParticle_Apple_SDK_Swift MPPushTrackingLogic.swift
/host/spi-builder-workspace/mParticle-Apple-SDK-Swift/Sources/Network/MPConnector.swift:2:8: error: no such module 'Security'
  1 | import Foundation
  2 | import Security
    |        `- error: no such module 'Security'
  3 | import UIKit
  4 |
[49/198] Compiling mParticle_Apple_SDK_Swift SceneDelegateLogic.swift
/host/spi-builder-workspace/mParticle-Apple-SDK-Swift/Sources/Network/MPConnector.swift:2:8: error: no such module 'Security'
  1 | import Foundation
  2 | import Security
    |        `- error: no such module 'Security'
  3 | import UIKit
  4 |
[50/198] Compiling mParticle_Apple_SDK_Swift MPDatabaseMigrationLogic.swift
/host/spi-builder-workspace/mParticle-Apple-SDK-Swift/Sources/Network/MPConnector.swift:2:8: error: no such module 'Security'
  1 | import Foundation
  2 | import Security
    |        `- error: no such module 'Security'
  3 | import UIKit
  4 |
[51/198] Compiling mParticle_Apple_SDK_Swift MPDatabaseMigrator.swift
/host/spi-builder-workspace/mParticle-Apple-SDK-Swift/Sources/Network/MPConnector.swift:2:8: error: no such module 'Security'
  1 | import Foundation
  2 | import Security
    |        `- error: no such module 'Security'
  3 | import UIKit
  4 |
[52/198] Compiling mParticle_Apple_SDK_Swift MPIdentityCaching.swift
/host/spi-builder-workspace/mParticle-Apple-SDK-Swift/Sources/Network/MPConnector.swift:2:8: error: no such module 'Security'
  1 | import Foundation
  2 | import Security
    |        `- error: no such module 'Security'
  3 | import UIKit
  4 |
[53/198] Compiling mParticle_Apple_SDK_Swift MPPersistenceFileSystem.swift
/host/spi-builder-workspace/mParticle-Apple-SDK-Swift/Sources/Network/MPConnector.swift:2:8: error: no such module 'Security'
  1 | import Foundation
  2 | import Security
    |        `- error: no such module 'Security'
  3 | import UIKit
  4 |
[54/198] Compiling mParticle_Apple_SDK_Swift MPPersistenceProtocols.swift
/host/spi-builder-workspace/mParticle-Apple-SDK-Swift/Sources/Network/MPConnector.swift:2:8: error: no such module 'Security'
  1 | import Foundation
  2 | import Security
    |        `- error: no such module 'Security'
  3 | import UIKit
  4 |
[55/198] Compiling mParticle_Apple_SDK_Swift MPPersistenceSchema.swift
/host/spi-builder-workspace/mParticle-Apple-SDK-Swift/Sources/Network/MPConnector.swift:2:8: error: no such module 'Security'
  1 | import Foundation
  2 | import Security
    |        `- error: no such module 'Security'
  3 | import UIKit
  4 |
[56/198] Compiling mParticle_Apple_SDK_Swift MPPersistenceStore+ObjectiveC.swift
/host/spi-builder-workspace/mParticle-Apple-SDK-Swift/Sources/Network/MPConnector.swift:2:8: error: no such module 'Security'
  1 | import Foundation
  2 | import Security
    |        `- error: no such module 'Security'
  3 | import UIKit
  4 |
[57/198] Compiling mParticle_Apple_SDK_Swift MPPersistenceStore+Peripheral.swift
/host/spi-builder-workspace/mParticle-Apple-SDK-Swift/Sources/Network/MPConnector.swift:2:8: error: no such module 'Security'
  1 | import Foundation
  2 | import Security
    |        `- error: no such module 'Security'
  3 | import UIKit
  4 |
[58/198] Compiling mParticle_Apple_SDK_Swift MPPersistenceStore+SessionMessage.swift
/host/spi-builder-workspace/mParticle-Apple-SDK-Swift/Sources/Network/MPConnector.swift:2:8: error: no such module 'Security'
  1 | import Foundation
  2 | import Security
    |        `- error: no such module 'Security'
  3 | import UIKit
  4 |
[59/198] Compiling mParticle_Apple_SDK_Swift MPPersistenceStore+Upload.swift
/host/spi-builder-workspace/mParticle-Apple-SDK-Swift/Sources/Network/MPConnector.swift:2:8: error: no such module 'Security'
  1 | import Foundation
  2 | import Security
    |        `- error: no such module 'Security'
  3 | import UIKit
  4 |
[60/198] Compiling mParticle_Apple_SDK_Swift MPPersistenceStore.swift
/host/spi-builder-workspace/mParticle-Apple-SDK-Swift/Sources/Network/MPConnector.swift:2:8: error: no such module 'Security'
  1 | import Foundation
  2 | import Security
    |        `- error: no such module 'Security'
  3 | import UIKit
  4 |
[61/198] Compiling mParticle_Apple_SDK_Swift MPPersistenceUserDefaultsStore.swift
/host/spi-builder-workspace/mParticle-Apple-SDK-Swift/Sources/Network/MPConnector.swift:2:8: error: no such module 'Security'
  1 | import Foundation
  2 | import Security
    |        `- error: no such module 'Security'
  3 | import UIKit
  4 |
[62/198] Compiling mParticle_Apple_SDK_Swift MPSQLite.swift
/host/spi-builder-workspace/mParticle-Apple-SDK-Swift/Sources/Network/MPConnector.swift:2:8: error: no such module 'Security'
  1 | import Foundation
  2 | import Security
    |        `- error: no such module 'Security'
  3 | import UIKit
  4 |
[63/198] Compiling mParticle_Apple_SDK_Swift AppEnvironmentProvider.swift
/host/spi-builder-workspace/mParticle-Apple-SDK-Swift/Sources/Network/MPConnector.swift:2:8: error: no such module 'Security'
  1 | import Foundation
  2 | import Security
    |        `- error: no such module 'Security'
  3 | import UIKit
  4 |
[64/198] Compiling mParticle_Apple_SDK_Swift MPApplication.swift
/host/spi-builder-workspace/mParticle-Apple-SDK-Swift/Sources/Network/MPConnector.swift:2:8: error: no such module 'Security'
  1 | import Foundation
  2 | import Security
    |        `- error: no such module 'Security'
  3 | import UIKit
  4 |
[65/198] Compiling mParticle_Apple_SDK_Swift MPApplicationInfoProvider.swift
/host/spi-builder-workspace/mParticle-Apple-SDK-Swift/Sources/Network/MPConnector.swift:2:8: error: no such module 'Security'
  1 | import Foundation
  2 | import Security
    |        `- error: no such module 'Security'
  3 | import UIKit
  4 |
[66/198] Compiling mParticle_Apple_SDK_Swift MPAttributeValidator.swift
/host/spi-builder-workspace/mParticle-Apple-SDK-Swift/Sources/Network/MPConnector.swift:2:8: error: no such module 'Security'
  1 | import Foundation
  2 | import Security
    |        `- error: no such module 'Security'
  3 | import UIKit
  4 |
[67/198] Compiling mParticle_Apple_SDK_Swift MPAttributeValueFilter.swift
/host/spi-builder-workspace/mParticle-Apple-SDK-Swift/Sources/Network/MPConnector.swift:2:8: error: no such module 'Security'
  1 | import Foundation
  2 | import Security
    |        `- error: no such module 'Security'
  3 | import UIKit
  4 |
[68/198] Compiling mParticle_Apple_SDK_Swift MPBackendMessageInfo.swift
/host/spi-builder-workspace/mParticle-Apple-SDK-Swift/Sources/Network/MPConnector.swift:2:8: error: no such module 'Security'
  1 | import Foundation
  2 | import Security
    |        `- error: no such module 'Security'
  3 | import UIKit
  4 |
[69/198] Compiling mParticle_Apple_SDK_Swift MPBracket.swift
/host/spi-builder-workspace/mParticle-Apple-SDK-Swift/Sources/Network/MPConnector.swift:2:8: error: no such module 'Security'
  1 | import Foundation
  2 | import Security
    |        `- error: no such module 'Security'
  3 | import UIKit
  4 |
[70/198] Compiling mParticle_Apple_SDK_Swift MPConsentKitFilter.swift
/host/spi-builder-workspace/mParticle-Apple-SDK-Swift/Sources/Network/MPConnector.swift:2:8: error: no such module 'Security'
  1 | import Foundation
  2 | import Security
    |        `- error: no such module 'Security'
  3 | import UIKit
  4 |
[71/198] Compiling mParticle_Apple_SDK_Swift MPConsentRecord.swift
/host/spi-builder-workspace/mParticle-Apple-SDK-Swift/Sources/Network/MPConnector.swift:2:8: error: no such module 'Security'
  1 | import Foundation
  2 | import Security
    |        `- error: no such module 'Security'
  3 | import UIKit
  4 |
[72/198] Compiling mParticle_Apple_SDK_Swift MPConvertJSFields.swift
/host/spi-builder-workspace/mParticle-Apple-SDK-Swift/Sources/Network/MPConnector.swift:2:8: error: no such module 'Security'
  1 | import Foundation
  2 | import Security
    |        `- error: no such module 'Security'
  3 | import UIKit
  4 |
[73/198] Compiling mParticle_Apple_SDK_Swift MPCustomModule.swift
/host/spi-builder-workspace/mParticle-Apple-SDK-Swift/Sources/Network/MPConnector.swift:2:8: error: no such module 'Security'
  1 | import Foundation
  2 | import Security
    |        `- error: no such module 'Security'
  3 | import UIKit
  4 |
[74/198] Compiling mParticle_Apple_SDK_Swift MPCustomModulePreference.swift
/host/spi-builder-workspace/mParticle-Apple-SDK-Swift/Sources/Network/MPConnector.swift:2:8: error: no such module 'Security'
  1 | import Foundation
  2 | import Security
    |        `- error: no such module 'Security'
  3 | import UIKit
  4 |
[75/198] Compiling RoktContracts RoktPlacementOptions.swift
/host/spi-builder-workspace/.build/checkouts/rokt-contracts-apple/Sources/RoktContracts/Events/RoktEvent.swift:1:8: error: no such module 'CoreGraphics'
  1 | import CoreGraphics
    |        `- error: no such module 'CoreGraphics'
  2 | import Foundation
  3 |
[76/198] Compiling RoktContracts PaymentExtension.swift
/host/spi-builder-workspace/.build/checkouts/rokt-contracts-apple/Sources/RoktContracts/Events/RoktEvent.swift:1:8: error: no such module 'CoreGraphics'
  1 | import CoreGraphics
    |        `- error: no such module 'CoreGraphics'
  2 | import Foundation
  3 |
error: emit-module command failed with exit code 1 (use -v to see invocation)
[77/198] Compiling RoktContracts RoktEvent.swift
/host/spi-builder-workspace/.build/checkouts/rokt-contracts-apple/Sources/RoktContracts/Events/RoktEvent.swift:1:8: error: no such module 'CoreGraphics'
  1 | import CoreGraphics
    |        `- error: no such module 'CoreGraphics'
  2 | import Foundation
  3 |
[78/198] Emitting module RoktContracts
/host/spi-builder-workspace/.build/checkouts/rokt-contracts-apple/Sources/RoktContracts/Events/RoktEvent.swift:1:8: error: no such module 'CoreGraphics'
  1 | import CoreGraphics
    |        `- error: no such module 'CoreGraphics'
  2 | import Foundation
  3 |
[79/198] Compiling RoktContracts RoktConfig.swift
/host/spi-builder-workspace/.build/checkouts/rokt-contracts-apple/Sources/RoktContracts/Events/RoktEvent.swift:1:8: error: no such module 'CoreGraphics'
  1 | import CoreGraphics
    |        `- error: no such module 'CoreGraphics'
  2 | import Foundation
  3 |
/host/spi-builder-workspace/mParticle-Apple-SDK-Swift/Sources/Network/MPConnector.swift:2:8: error: no such module 'Security'
  1 | import Foundation
  2 | import Security
    |        `- error: no such module 'Security'
  3 | import UIKit
  4 |
Running build ...
bash -c docker run --pull=always --rm -v "checkouts-53886769-0":/host -w "$PWD" -e JAVA_HOME="/root/.sdkman/candidates/java/current" -e SPI_BUILD="1" -e SPI_PROCESSING="1" registry.gitlab.com/saguaro1/spi-images:wasm-6.1-latest swift build --swift-sdk wasm32-unknown-wasi 2>&1
wasm-6.1-latest: Pulling from saguaro1/spi-images
Digest: sha256:8209621f35c5a12749e7df75bbcb99eccb508d0196da99f6ac3bcf5f4827df31
Status: Image is up to date for registry.gitlab.com/saguaro1/spi-images:wasm-6.1-latest
[0/1] Planning build
Building for debugging...
[0/53] Write swift-version-24593BA9C3E375BF.txt
[2/157] Compiling RoktContracts RoktEmbeddedView.swift
/host/spi-builder-workspace/.build/checkouts/rokt-contracts-apple/Sources/RoktContracts/Events/RoktEvent.swift:1:8: error: no such module 'CoreGraphics'
  1 | import CoreGraphics
    |        `- error: no such module 'CoreGraphics'
  2 | import Foundation
  3 |
[3/179] Compiling RoktContracts PaymentTypes.swift
/host/spi-builder-workspace/.build/checkouts/rokt-contracts-apple/Sources/RoktContracts/Events/RoktEvent.swift:1:8: error: no such module 'CoreGraphics'
  1 | import CoreGraphics
    |        `- error: no such module 'CoreGraphics'
  2 | import Foundation
  3 |
[4/179] Compiling RoktContracts PaymentExtension.swift
/host/spi-builder-workspace/.build/checkouts/rokt-contracts-apple/Sources/RoktContracts/Events/RoktEvent.swift:1:8: error: no such module 'CoreGraphics'
  1 | import CoreGraphics
    |        `- error: no such module 'CoreGraphics'
  2 | import Foundation
  3 |
[5/179] Compiling RoktContracts RoktConfig.swift
/host/spi-builder-workspace/.build/checkouts/rokt-contracts-apple/Sources/RoktContracts/Events/RoktEvent.swift:1:8: error: no such module 'CoreGraphics'
  1 | import CoreGraphics
    |        `- error: no such module 'CoreGraphics'
  2 | import Foundation
  3 |
[6/179] Compiling RoktContracts RoktPlacementOptions.swift
/host/spi-builder-workspace/.build/checkouts/rokt-contracts-apple/Sources/RoktContracts/Events/RoktEvent.swift:1:8: error: no such module 'CoreGraphics'
  1 | import CoreGraphics
    |        `- error: no such module 'CoreGraphics'
  2 | import Foundation
  3 |
error: emit-module command failed with exit code 1 (use -v to see invocation)
[7/179] Emitting module RoktContracts
/host/spi-builder-workspace/.build/checkouts/rokt-contracts-apple/Sources/RoktContracts/Events/RoktEvent.swift:1:8: error: no such module 'CoreGraphics'
  1 | import CoreGraphics
    |        `- error: no such module 'CoreGraphics'
  2 | import Foundation
  3 |
[8/179] Compiling RoktContracts RoktEvent.swift
/host/spi-builder-workspace/.build/checkouts/rokt-contracts-apple/Sources/RoktContracts/Events/RoktEvent.swift:1:8: error: no such module 'CoreGraphics'
  1 | import CoreGraphics
    |        `- error: no such module 'CoreGraphics'
  2 | import Foundation
  3 |
BUILD FAILURE 6.1 wasm