The Swift Package Index logo.Swift Package Index

Build Information

Failed to build FoundationToolz, reference 0.5.10 (c31b6b), with Swift 6.1 for watchOS using Xcode 16.3 on 22 Jul 2026 15:42:22 UTC.

Build Command

env DEVELOPER_DIR=/Applications/Xcode-16.3.0.app xcrun xcodebuild -IDEClonedSourcePackagesDirPathOverride=$PWD/.dependencies -skipMacroValidation -skipPackagePluginValidation -derivedDataPath $PWD/.derivedData build -scheme FoundationToolz -destination generic/platform=watchOS

Build Log

SwiftDriverJobDiscovery normal arm64 Emitting module for FoundationToolz (in target 'FoundationToolz' from project 'FoundationToolz')
SwiftDriver\ Compilation\ Requirements FoundationToolz normal armv7k com.apple.xcode.tools.swift.compiler (in target 'FoundationToolz' from project 'FoundationToolz')
    cd /Users/admin/builder/spi-builder-workspace/.swiftpm/xcode
    builtin-Swift-Compilation-Requirements -- /Applications/Xcode-16.3.0.app/Contents/Developer/Toolchains/XcodeDefault.xctoolchain/usr/bin/swiftc -module-name FoundationToolz -Onone -enforce-exclusivity\=checked @/Users/admin/builder/spi-builder-workspace/.derivedData/Build/Intermediates.noindex/FoundationToolz.build/Debug-watchos/FoundationToolz.build/Objects-normal/armv7k/FoundationToolz.SwiftFileList -DSWIFT_PACKAGE -DDEBUG -stats-output-dir .stats -plugin-path /Applications/Xcode-16.3.0.app/Contents/Developer/Toolchains/XcodeDefault.xctoolchain/usr/lib/swift/host/plugins/testing -enable-experimental-feature DebugDescriptionMacro -sdk /Applications/Xcode-16.3.0.app/Contents/Developer/Platforms/WatchOS.platform/Developer/SDKs/WatchOS11.4.sdk -target armv7k-apple-watchos5.0 -g -module-cache-path /Users/admin/builder/spi-builder-workspace/.derivedData/ModuleCache.noindex -Xfrontend -serialize-debugging-options -profile-coverage-mapping -profile-generate -enable-testing -index-store-path /Users/admin/builder/spi-builder-workspace/.derivedData/Index.noindex/DataStore -swift-version 6 -I /Users/admin/builder/spi-builder-workspace/.derivedData/Build/Products/Debug-watchos -I /Applications/Xcode-16.3.0.app/Contents/Developer/Platforms/WatchOS.platform/Developer/usr/lib -F /Users/admin/builder/spi-builder-workspace/.derivedData/Build/Products/Debug-watchos/PackageFrameworks -F /Users/admin/builder/spi-builder-workspace/.derivedData/Build/Products/Debug-watchos -F /Applications/Xcode-16.3.0.app/Contents/Developer/Platforms/WatchOS.platform/Developer/Library/Frameworks -F /Applications/Xcode-16.3.0.app/Contents/Developer/Platforms/WatchOS.platform/Developer/SDKs/WatchOS11.4.sdk/Developer/Library/Frameworks -c -j10 -enable-batch-mode -incremental -Xcc -ivfsstatcache -Xcc /Users/admin/builder/spi-builder-workspace/.derivedData/SDKStatCaches.noindex/watchos11.4-22T246-43efb940ff07ba2497b70ec94253f576.sdkstatcache -output-file-map /Users/admin/builder/spi-builder-workspace/.derivedData/Build/Intermediates.noindex/FoundationToolz.build/Debug-watchos/FoundationToolz.build/Objects-normal/armv7k/FoundationToolz-OutputFileMap.json -use-frontend-parseable-output -save-temps -no-color-diagnostics -serialize-diagnostics -emit-dependencies -emit-module -emit-module-path /Users/admin/builder/spi-builder-workspace/.derivedData/Build/Intermediates.noindex/FoundationToolz.build/Debug-watchos/FoundationToolz.build/Objects-normal/armv7k/FoundationToolz.swiftmodule -validate-clang-modules-once -clang-build-session-file /Users/admin/builder/spi-builder-workspace/.derivedData/ModuleCache.noindex/Session.modulevalidation -package-name spi_builder_workspace -Xcc -I/Users/admin/builder/spi-builder-workspace/.derivedData/Build/Intermediates.noindex/FoundationToolz.build/Debug-watchos/FoundationToolz.build/swift-overrides.hmap -emit-const-values -Xfrontend -const-gather-protocols-file -Xfrontend /Users/admin/builder/spi-builder-workspace/.derivedData/Build/Intermediates.noindex/FoundationToolz.build/Debug-watchos/FoundationToolz.build/Objects-normal/armv7k/FoundationToolz_const_extract_protocols.json -Xcc -I/Users/admin/builder/spi-builder-workspace/.derivedData/Build/Products/Debug-watchos/include -Xcc -I/Users/admin/builder/spi-builder-workspace/.derivedData/Build/Intermediates.noindex/FoundationToolz.build/Debug-watchos/FoundationToolz.build/DerivedSources-normal/armv7k -Xcc -I/Users/admin/builder/spi-builder-workspace/.derivedData/Build/Intermediates.noindex/FoundationToolz.build/Debug-watchos/FoundationToolz.build/DerivedSources/armv7k -Xcc -I/Users/admin/builder/spi-builder-workspace/.derivedData/Build/Intermediates.noindex/FoundationToolz.build/Debug-watchos/FoundationToolz.build/DerivedSources -Xcc -DSWIFT_PACKAGE -Xcc -DDEBUG\=1 -emit-objc-header -emit-objc-header-path /Users/admin/builder/spi-builder-workspace/.derivedData/Build/Intermediates.noindex/FoundationToolz.build/Debug-watchos/FoundationToolz.build/Objects-normal/armv7k/FoundationToolz-Swift.h -working-directory /Users/admin/builder/spi-builder-workspace/.swiftpm/xcode -experimental-emit-module-separately -disable-cmo
CreateUniversalBinary /Users/admin/builder/spi-builder-workspace/.derivedData/Build/Products/Debug-watchos/SwiftyToolz.o normal arm64\ armv7k\ arm64_32 (in target 'SwiftyToolz' from project 'SwiftyToolz')
    cd /Users/admin/builder/spi-builder-workspace/.dependencies/checkouts/SwiftyToolz
    /Applications/Xcode-16.3.0.app/Contents/Developer/Toolchains/XcodeDefault.xctoolchain/usr/bin/lipo -create /Users/admin/builder/spi-builder-workspace/.derivedData/Build/Intermediates.noindex/SwiftyToolz.build/Debug-watchos/SwiftyToolz.build/Objects-normal/arm64/Binary/SwiftyToolz.o /Users/admin/builder/spi-builder-workspace/.derivedData/Build/Intermediates.noindex/SwiftyToolz.build/Debug-watchos/SwiftyToolz.build/Objects-normal/armv7k/Binary/SwiftyToolz.o /Users/admin/builder/spi-builder-workspace/.derivedData/Build/Intermediates.noindex/SwiftyToolz.build/Debug-watchos/SwiftyToolz.build/Objects-normal/arm64_32/Binary/SwiftyToolz.o -output /Users/admin/builder/spi-builder-workspace/.derivedData/Build/Products/Debug-watchos/SwiftyToolz.o
SwiftDriver\ Compilation\ Requirements FoundationToolz normal arm64_32 com.apple.xcode.tools.swift.compiler (in target 'FoundationToolz' from project 'FoundationToolz')
    cd /Users/admin/builder/spi-builder-workspace/.swiftpm/xcode
    builtin-Swift-Compilation-Requirements -- /Applications/Xcode-16.3.0.app/Contents/Developer/Toolchains/XcodeDefault.xctoolchain/usr/bin/swiftc -module-name FoundationToolz -Onone -enforce-exclusivity\=checked @/Users/admin/builder/spi-builder-workspace/.derivedData/Build/Intermediates.noindex/FoundationToolz.build/Debug-watchos/FoundationToolz.build/Objects-normal/arm64_32/FoundationToolz.SwiftFileList -DSWIFT_PACKAGE -DDEBUG -stats-output-dir .stats -plugin-path /Applications/Xcode-16.3.0.app/Contents/Developer/Toolchains/XcodeDefault.xctoolchain/usr/lib/swift/host/plugins/testing -enable-experimental-feature DebugDescriptionMacro -sdk /Applications/Xcode-16.3.0.app/Contents/Developer/Platforms/WatchOS.platform/Developer/SDKs/WatchOS11.4.sdk -target arm64_32-apple-watchos5.0 -g -module-cache-path /Users/admin/builder/spi-builder-workspace/.derivedData/ModuleCache.noindex -Xfrontend -serialize-debugging-options -profile-coverage-mapping -profile-generate -enable-testing -index-store-path /Users/admin/builder/spi-builder-workspace/.derivedData/Index.noindex/DataStore -swift-version 6 -I /Users/admin/builder/spi-builder-workspace/.derivedData/Build/Products/Debug-watchos -I /Applications/Xcode-16.3.0.app/Contents/Developer/Platforms/WatchOS.platform/Developer/usr/lib -F /Users/admin/builder/spi-builder-workspace/.derivedData/Build/Products/Debug-watchos/PackageFrameworks -F /Users/admin/builder/spi-builder-workspace/.derivedData/Build/Products/Debug-watchos -F /Applications/Xcode-16.3.0.app/Contents/Developer/Platforms/WatchOS.platform/Developer/Library/Frameworks -F /Applications/Xcode-16.3.0.app/Contents/Developer/Platforms/WatchOS.platform/Developer/SDKs/WatchOS11.4.sdk/Developer/Library/Frameworks -c -j10 -enable-batch-mode -incremental -Xcc -ivfsstatcache -Xcc /Users/admin/builder/spi-builder-workspace/.derivedData/SDKStatCaches.noindex/watchos11.4-22T246-43efb940ff07ba2497b70ec94253f576.sdkstatcache -output-file-map /Users/admin/builder/spi-builder-workspace/.derivedData/Build/Intermediates.noindex/FoundationToolz.build/Debug-watchos/FoundationToolz.build/Objects-normal/arm64_32/FoundationToolz-OutputFileMap.json -use-frontend-parseable-output -save-temps -no-color-diagnostics -serialize-diagnostics -emit-dependencies -emit-module -emit-module-path /Users/admin/builder/spi-builder-workspace/.derivedData/Build/Intermediates.noindex/FoundationToolz.build/Debug-watchos/FoundationToolz.build/Objects-normal/arm64_32/FoundationToolz.swiftmodule -validate-clang-modules-once -clang-build-session-file /Users/admin/builder/spi-builder-workspace/.derivedData/ModuleCache.noindex/Session.modulevalidation -package-name spi_builder_workspace -Xcc -I/Users/admin/builder/spi-builder-workspace/.derivedData/Build/Intermediates.noindex/FoundationToolz.build/Debug-watchos/FoundationToolz.build/swift-overrides.hmap -emit-const-values -Xfrontend -const-gather-protocols-file -Xfrontend /Users/admin/builder/spi-builder-workspace/.derivedData/Build/Intermediates.noindex/FoundationToolz.build/Debug-watchos/FoundationToolz.build/Objects-normal/arm64_32/FoundationToolz_const_extract_protocols.json -Xcc -I/Users/admin/builder/spi-builder-workspace/.derivedData/Build/Products/Debug-watchos/include -Xcc -I/Users/admin/builder/spi-builder-workspace/.derivedData/Build/Intermediates.noindex/FoundationToolz.build/Debug-watchos/FoundationToolz.build/DerivedSources-normal/arm64_32 -Xcc -I/Users/admin/builder/spi-builder-workspace/.derivedData/Build/Intermediates.noindex/FoundationToolz.build/Debug-watchos/FoundationToolz.build/DerivedSources/arm64_32 -Xcc -I/Users/admin/builder/spi-builder-workspace/.derivedData/Build/Intermediates.noindex/FoundationToolz.build/Debug-watchos/FoundationToolz.build/DerivedSources -Xcc -DSWIFT_PACKAGE -Xcc -DDEBUG\=1 -emit-objc-header -emit-objc-header-path /Users/admin/builder/spi-builder-workspace/.derivedData/Build/Intermediates.noindex/FoundationToolz.build/Debug-watchos/FoundationToolz.build/Objects-normal/arm64_32/FoundationToolz-Swift.h -working-directory /Users/admin/builder/spi-builder-workspace/.swiftpm/xcode -experimental-emit-module-separately -disable-cmo
SwiftDriver\ Compilation\ Requirements FoundationToolz normal arm64 com.apple.xcode.tools.swift.compiler (in target 'FoundationToolz' from project 'FoundationToolz')
    cd /Users/admin/builder/spi-builder-workspace/.swiftpm/xcode
    builtin-Swift-Compilation-Requirements -- /Applications/Xcode-16.3.0.app/Contents/Developer/Toolchains/XcodeDefault.xctoolchain/usr/bin/swiftc -module-name FoundationToolz -Onone -enforce-exclusivity\=checked @/Users/admin/builder/spi-builder-workspace/.derivedData/Build/Intermediates.noindex/FoundationToolz.build/Debug-watchos/FoundationToolz.build/Objects-normal/arm64/FoundationToolz.SwiftFileList -DSWIFT_PACKAGE -DDEBUG -stats-output-dir .stats -plugin-path /Applications/Xcode-16.3.0.app/Contents/Developer/Toolchains/XcodeDefault.xctoolchain/usr/lib/swift/host/plugins/testing -enable-experimental-feature DebugDescriptionMacro -sdk /Applications/Xcode-16.3.0.app/Contents/Developer/Platforms/WatchOS.platform/Developer/SDKs/WatchOS11.4.sdk -target arm64-apple-watchos5.0 -g -module-cache-path /Users/admin/builder/spi-builder-workspace/.derivedData/ModuleCache.noindex -Xfrontend -serialize-debugging-options -profile-coverage-mapping -profile-generate -enable-testing -index-store-path /Users/admin/builder/spi-builder-workspace/.derivedData/Index.noindex/DataStore -swift-version 6 -I /Users/admin/builder/spi-builder-workspace/.derivedData/Build/Products/Debug-watchos -I /Applications/Xcode-16.3.0.app/Contents/Developer/Platforms/WatchOS.platform/Developer/usr/lib -F /Users/admin/builder/spi-builder-workspace/.derivedData/Build/Products/Debug-watchos/PackageFrameworks -F /Users/admin/builder/spi-builder-workspace/.derivedData/Build/Products/Debug-watchos -F /Applications/Xcode-16.3.0.app/Contents/Developer/Platforms/WatchOS.platform/Developer/Library/Frameworks -F /Applications/Xcode-16.3.0.app/Contents/Developer/Platforms/WatchOS.platform/Developer/SDKs/WatchOS11.4.sdk/Developer/Library/Frameworks -c -j10 -enable-batch-mode -incremental -Xcc -ivfsstatcache -Xcc /Users/admin/builder/spi-builder-workspace/.derivedData/SDKStatCaches.noindex/watchos11.4-22T246-43efb940ff07ba2497b70ec94253f576.sdkstatcache -output-file-map /Users/admin/builder/spi-builder-workspace/.derivedData/Build/Intermediates.noindex/FoundationToolz.build/Debug-watchos/FoundationToolz.build/Objects-normal/arm64/FoundationToolz-OutputFileMap.json -use-frontend-parseable-output -save-temps -no-color-diagnostics -serialize-diagnostics -emit-dependencies -emit-module -emit-module-path /Users/admin/builder/spi-builder-workspace/.derivedData/Build/Intermediates.noindex/FoundationToolz.build/Debug-watchos/FoundationToolz.build/Objects-normal/arm64/FoundationToolz.swiftmodule -validate-clang-modules-once -clang-build-session-file /Users/admin/builder/spi-builder-workspace/.derivedData/ModuleCache.noindex/Session.modulevalidation -package-name spi_builder_workspace -Xcc -I/Users/admin/builder/spi-builder-workspace/.derivedData/Build/Intermediates.noindex/FoundationToolz.build/Debug-watchos/FoundationToolz.build/swift-overrides.hmap -emit-const-values -Xfrontend -const-gather-protocols-file -Xfrontend /Users/admin/builder/spi-builder-workspace/.derivedData/Build/Intermediates.noindex/FoundationToolz.build/Debug-watchos/FoundationToolz.build/Objects-normal/arm64/FoundationToolz_const_extract_protocols.json -Xcc -I/Users/admin/builder/spi-builder-workspace/.derivedData/Build/Products/Debug-watchos/include -Xcc -I/Users/admin/builder/spi-builder-workspace/.derivedData/Build/Intermediates.noindex/FoundationToolz.build/Debug-watchos/FoundationToolz.build/DerivedSources-normal/arm64 -Xcc -I/Users/admin/builder/spi-builder-workspace/.derivedData/Build/Intermediates.noindex/FoundationToolz.build/Debug-watchos/FoundationToolz.build/DerivedSources/arm64 -Xcc -I/Users/admin/builder/spi-builder-workspace/.derivedData/Build/Intermediates.noindex/FoundationToolz.build/Debug-watchos/FoundationToolz.build/DerivedSources -Xcc -DSWIFT_PACKAGE -Xcc -DDEBUG\=1 -emit-objc-header -emit-objc-header-path /Users/admin/builder/spi-builder-workspace/.derivedData/Build/Intermediates.noindex/FoundationToolz.build/Debug-watchos/FoundationToolz.build/Objects-normal/arm64/FoundationToolz-Swift.h -working-directory /Users/admin/builder/spi-builder-workspace/.swiftpm/xcode -experimental-emit-module-separately -disable-cmo
Copy /Users/admin/builder/spi-builder-workspace/.derivedData/Build/Products/Debug-watchos/FoundationToolz.swiftmodule/armv7k-apple-watchos.swiftmodule /Users/admin/builder/spi-builder-workspace/.derivedData/Build/Intermediates.noindex/FoundationToolz.build/Debug-watchos/FoundationToolz.build/Objects-normal/armv7k/FoundationToolz.swiftmodule (in target 'FoundationToolz' from project 'FoundationToolz')
    cd /Users/admin/builder/spi-builder-workspace
    builtin-copy -exclude .DS_Store -exclude CVS -exclude .svn -exclude .git -exclude .hg -resolve-src-symlinks -rename /Users/admin/builder/spi-builder-workspace/.derivedData/Build/Intermediates.noindex/FoundationToolz.build/Debug-watchos/FoundationToolz.build/Objects-normal/armv7k/FoundationToolz.swiftmodule /Users/admin/builder/spi-builder-workspace/.derivedData/Build/Products/Debug-watchos/FoundationToolz.swiftmodule/armv7k-apple-watchos.swiftmodule
SwiftMergeGeneratedHeaders /Users/admin/builder/spi-builder-workspace/.derivedData/Build/Intermediates.noindex/GeneratedModuleMaps-watchos/FoundationToolz-Swift.h /Users/admin/builder/spi-builder-workspace/.derivedData/Build/Intermediates.noindex/FoundationToolz.build/Debug-watchos/FoundationToolz.build/Objects-normal/arm64/FoundationToolz-Swift.h /Users/admin/builder/spi-builder-workspace/.derivedData/Build/Intermediates.noindex/FoundationToolz.build/Debug-watchos/FoundationToolz.build/Objects-normal/arm64_32/FoundationToolz-Swift.h /Users/admin/builder/spi-builder-workspace/.derivedData/Build/Intermediates.noindex/FoundationToolz.build/Debug-watchos/FoundationToolz.build/Objects-normal/armv7k/FoundationToolz-Swift.h (in target 'FoundationToolz' from project 'FoundationToolz')
    cd /Users/admin/builder/spi-builder-workspace
    builtin-swiftHeaderTool -arch arm64 /Users/admin/builder/spi-builder-workspace/.derivedData/Build/Intermediates.noindex/FoundationToolz.build/Debug-watchos/FoundationToolz.build/Objects-normal/arm64/FoundationToolz-Swift.h -arch arm64_32 /Users/admin/builder/spi-builder-workspace/.derivedData/Build/Intermediates.noindex/FoundationToolz.build/Debug-watchos/FoundationToolz.build/Objects-normal/arm64_32/FoundationToolz-Swift.h -arch armv7k /Users/admin/builder/spi-builder-workspace/.derivedData/Build/Intermediates.noindex/FoundationToolz.build/Debug-watchos/FoundationToolz.build/Objects-normal/armv7k/FoundationToolz-Swift.h -o /Users/admin/builder/spi-builder-workspace/.derivedData/Build/Intermediates.noindex/GeneratedModuleMaps-watchos/FoundationToolz-Swift.h
Copy /Users/admin/builder/spi-builder-workspace/.derivedData/Build/Products/Debug-watchos/FoundationToolz.swiftmodule/armv7k-apple-watchos.swiftdoc /Users/admin/builder/spi-builder-workspace/.derivedData/Build/Intermediates.noindex/FoundationToolz.build/Debug-watchos/FoundationToolz.build/Objects-normal/armv7k/FoundationToolz.swiftdoc (in target 'FoundationToolz' from project 'FoundationToolz')
    cd /Users/admin/builder/spi-builder-workspace
    builtin-copy -exclude .DS_Store -exclude CVS -exclude .svn -exclude .git -exclude .hg -resolve-src-symlinks -rename /Users/admin/builder/spi-builder-workspace/.derivedData/Build/Intermediates.noindex/FoundationToolz.build/Debug-watchos/FoundationToolz.build/Objects-normal/armv7k/FoundationToolz.swiftdoc /Users/admin/builder/spi-builder-workspace/.derivedData/Build/Products/Debug-watchos/FoundationToolz.swiftmodule/armv7k-apple-watchos.swiftdoc
Copy /Users/admin/builder/spi-builder-workspace/.derivedData/Build/Products/Debug-watchos/FoundationToolz.swiftmodule/armv7k-apple-watchos.abi.json /Users/admin/builder/spi-builder-workspace/.derivedData/Build/Intermediates.noindex/FoundationToolz.build/Debug-watchos/FoundationToolz.build/Objects-normal/armv7k/FoundationToolz.abi.json (in target 'FoundationToolz' from project 'FoundationToolz')
    cd /Users/admin/builder/spi-builder-workspace
    builtin-copy -exclude .DS_Store -exclude CVS -exclude .svn -exclude .git -exclude .hg -resolve-src-symlinks -rename /Users/admin/builder/spi-builder-workspace/.derivedData/Build/Intermediates.noindex/FoundationToolz.build/Debug-watchos/FoundationToolz.build/Objects-normal/armv7k/FoundationToolz.abi.json /Users/admin/builder/spi-builder-workspace/.derivedData/Build/Products/Debug-watchos/FoundationToolz.swiftmodule/armv7k-apple-watchos.abi.json
Copy /Users/admin/builder/spi-builder-workspace/.derivedData/Build/Products/Debug-watchos/FoundationToolz.swiftmodule/arm64_32-apple-watchos.swiftmodule /Users/admin/builder/spi-builder-workspace/.derivedData/Build/Intermediates.noindex/FoundationToolz.build/Debug-watchos/FoundationToolz.build/Objects-normal/arm64_32/FoundationToolz.swiftmodule (in target 'FoundationToolz' from project 'FoundationToolz')
    cd /Users/admin/builder/spi-builder-workspace
    builtin-copy -exclude .DS_Store -exclude CVS -exclude .svn -exclude .git -exclude .hg -resolve-src-symlinks -rename /Users/admin/builder/spi-builder-workspace/.derivedData/Build/Intermediates.noindex/FoundationToolz.build/Debug-watchos/FoundationToolz.build/Objects-normal/arm64_32/FoundationToolz.swiftmodule /Users/admin/builder/spi-builder-workspace/.derivedData/Build/Products/Debug-watchos/FoundationToolz.swiftmodule/arm64_32-apple-watchos.swiftmodule
Copy /Users/admin/builder/spi-builder-workspace/.derivedData/Build/Products/Debug-watchos/FoundationToolz.swiftmodule/arm64_32-apple-watchos.swiftdoc /Users/admin/builder/spi-builder-workspace/.derivedData/Build/Intermediates.noindex/FoundationToolz.build/Debug-watchos/FoundationToolz.build/Objects-normal/arm64_32/FoundationToolz.swiftdoc (in target 'FoundationToolz' from project 'FoundationToolz')
    cd /Users/admin/builder/spi-builder-workspace
    builtin-copy -exclude .DS_Store -exclude CVS -exclude .svn -exclude .git -exclude .hg -resolve-src-symlinks -rename /Users/admin/builder/spi-builder-workspace/.derivedData/Build/Intermediates.noindex/FoundationToolz.build/Debug-watchos/FoundationToolz.build/Objects-normal/arm64_32/FoundationToolz.swiftdoc /Users/admin/builder/spi-builder-workspace/.derivedData/Build/Products/Debug-watchos/FoundationToolz.swiftmodule/arm64_32-apple-watchos.swiftdoc
Copy /Users/admin/builder/spi-builder-workspace/.derivedData/Build/Products/Debug-watchos/FoundationToolz.swiftmodule/arm64_32-apple-watchos.abi.json /Users/admin/builder/spi-builder-workspace/.derivedData/Build/Intermediates.noindex/FoundationToolz.build/Debug-watchos/FoundationToolz.build/Objects-normal/arm64_32/FoundationToolz.abi.json (in target 'FoundationToolz' from project 'FoundationToolz')
    cd /Users/admin/builder/spi-builder-workspace
    builtin-copy -exclude .DS_Store -exclude CVS -exclude .svn -exclude .git -exclude .hg -resolve-src-symlinks -rename /Users/admin/builder/spi-builder-workspace/.derivedData/Build/Intermediates.noindex/FoundationToolz.build/Debug-watchos/FoundationToolz.build/Objects-normal/arm64_32/FoundationToolz.abi.json /Users/admin/builder/spi-builder-workspace/.derivedData/Build/Products/Debug-watchos/FoundationToolz.swiftmodule/arm64_32-apple-watchos.abi.json
Copy /Users/admin/builder/spi-builder-workspace/.derivedData/Build/Products/Debug-watchos/FoundationToolz.swiftmodule/arm64-apple-watchos.swiftmodule /Users/admin/builder/spi-builder-workspace/.derivedData/Build/Intermediates.noindex/FoundationToolz.build/Debug-watchos/FoundationToolz.build/Objects-normal/arm64/FoundationToolz.swiftmodule (in target 'FoundationToolz' from project 'FoundationToolz')
    cd /Users/admin/builder/spi-builder-workspace
    builtin-copy -exclude .DS_Store -exclude CVS -exclude .svn -exclude .git -exclude .hg -resolve-src-symlinks -rename /Users/admin/builder/spi-builder-workspace/.derivedData/Build/Intermediates.noindex/FoundationToolz.build/Debug-watchos/FoundationToolz.build/Objects-normal/arm64/FoundationToolz.swiftmodule /Users/admin/builder/spi-builder-workspace/.derivedData/Build/Products/Debug-watchos/FoundationToolz.swiftmodule/arm64-apple-watchos.swiftmodule
Copy /Users/admin/builder/spi-builder-workspace/.derivedData/Build/Products/Debug-watchos/FoundationToolz.swiftmodule/arm64-apple-watchos.swiftdoc /Users/admin/builder/spi-builder-workspace/.derivedData/Build/Intermediates.noindex/FoundationToolz.build/Debug-watchos/FoundationToolz.build/Objects-normal/arm64/FoundationToolz.swiftdoc (in target 'FoundationToolz' from project 'FoundationToolz')
    cd /Users/admin/builder/spi-builder-workspace
    builtin-copy -exclude .DS_Store -exclude CVS -exclude .svn -exclude .git -exclude .hg -resolve-src-symlinks -rename /Users/admin/builder/spi-builder-workspace/.derivedData/Build/Intermediates.noindex/FoundationToolz.build/Debug-watchos/FoundationToolz.build/Objects-normal/arm64/FoundationToolz.swiftdoc /Users/admin/builder/spi-builder-workspace/.derivedData/Build/Products/Debug-watchos/FoundationToolz.swiftmodule/arm64-apple-watchos.swiftdoc
Copy /Users/admin/builder/spi-builder-workspace/.derivedData/Build/Products/Debug-watchos/FoundationToolz.swiftmodule/arm64-apple-watchos.abi.json /Users/admin/builder/spi-builder-workspace/.derivedData/Build/Intermediates.noindex/FoundationToolz.build/Debug-watchos/FoundationToolz.build/Objects-normal/arm64/FoundationToolz.abi.json (in target 'FoundationToolz' from project 'FoundationToolz')
    cd /Users/admin/builder/spi-builder-workspace
    builtin-copy -exclude .DS_Store -exclude CVS -exclude .svn -exclude .git -exclude .hg -resolve-src-symlinks -rename /Users/admin/builder/spi-builder-workspace/.derivedData/Build/Intermediates.noindex/FoundationToolz.build/Debug-watchos/FoundationToolz.build/Objects-normal/arm64/FoundationToolz.abi.json /Users/admin/builder/spi-builder-workspace/.derivedData/Build/Products/Debug-watchos/FoundationToolz.swiftmodule/arm64-apple-watchos.abi.json
Copy /Users/admin/builder/spi-builder-workspace/.derivedData/Build/Products/Debug-watchos/FoundationToolz.swiftmodule/Project/armv7k-apple-watchos.swiftsourceinfo /Users/admin/builder/spi-builder-workspace/.derivedData/Build/Intermediates.noindex/FoundationToolz.build/Debug-watchos/FoundationToolz.build/Objects-normal/armv7k/FoundationToolz.swiftsourceinfo (in target 'FoundationToolz' from project 'FoundationToolz')
    cd /Users/admin/builder/spi-builder-workspace
    builtin-copy -exclude .DS_Store -exclude CVS -exclude .svn -exclude .git -exclude .hg -resolve-src-symlinks -rename /Users/admin/builder/spi-builder-workspace/.derivedData/Build/Intermediates.noindex/FoundationToolz.build/Debug-watchos/FoundationToolz.build/Objects-normal/armv7k/FoundationToolz.swiftsourceinfo /Users/admin/builder/spi-builder-workspace/.derivedData/Build/Products/Debug-watchos/FoundationToolz.swiftmodule/Project/armv7k-apple-watchos.swiftsourceinfo
Copy /Users/admin/builder/spi-builder-workspace/.derivedData/Build/Products/Debug-watchos/FoundationToolz.swiftmodule/Project/arm64_32-apple-watchos.swiftsourceinfo /Users/admin/builder/spi-builder-workspace/.derivedData/Build/Intermediates.noindex/FoundationToolz.build/Debug-watchos/FoundationToolz.build/Objects-normal/arm64_32/FoundationToolz.swiftsourceinfo (in target 'FoundationToolz' from project 'FoundationToolz')
    cd /Users/admin/builder/spi-builder-workspace
    builtin-copy -exclude .DS_Store -exclude CVS -exclude .svn -exclude .git -exclude .hg -resolve-src-symlinks -rename /Users/admin/builder/spi-builder-workspace/.derivedData/Build/Intermediates.noindex/FoundationToolz.build/Debug-watchos/FoundationToolz.build/Objects-normal/arm64_32/FoundationToolz.swiftsourceinfo /Users/admin/builder/spi-builder-workspace/.derivedData/Build/Products/Debug-watchos/FoundationToolz.swiftmodule/Project/arm64_32-apple-watchos.swiftsourceinfo
Copy /Users/admin/builder/spi-builder-workspace/.derivedData/Build/Products/Debug-watchos/FoundationToolz.swiftmodule/Project/arm64-apple-watchos.swiftsourceinfo /Users/admin/builder/spi-builder-workspace/.derivedData/Build/Intermediates.noindex/FoundationToolz.build/Debug-watchos/FoundationToolz.build/Objects-normal/arm64/FoundationToolz.swiftsourceinfo (in target 'FoundationToolz' from project 'FoundationToolz')
    cd /Users/admin/builder/spi-builder-workspace
    builtin-copy -exclude .DS_Store -exclude CVS -exclude .svn -exclude .git -exclude .hg -resolve-src-symlinks -rename /Users/admin/builder/spi-builder-workspace/.derivedData/Build/Intermediates.noindex/FoundationToolz.build/Debug-watchos/FoundationToolz.build/Objects-normal/arm64/FoundationToolz.swiftsourceinfo /Users/admin/builder/spi-builder-workspace/.derivedData/Build/Products/Debug-watchos/FoundationToolz.swiftmodule/Project/arm64-apple-watchos.swiftsourceinfo
SwiftCompile normal armv7k Compiling\ Int+FoundationToolz.swift,\ NumericTypes+MeasureTime.swift /Users/admin/builder/spi-builder-workspace/Code/Swift+FoundationToolz/Int+FoundationToolz.swift /Users/admin/builder/spi-builder-workspace/Code/Swift+FoundationToolz/NumericTypes+MeasureTime.swift (in target 'FoundationToolz' from project 'FoundationToolz')
SwiftCompile normal armv7k /Users/admin/builder/spi-builder-workspace/Code/Swift+FoundationToolz/Int+FoundationToolz.swift (in target 'FoundationToolz' from project 'FoundationToolz')
    cd /Users/admin/builder/spi-builder-workspace/.swiftpm/xcode

SwiftCompile normal armv7k /Users/admin/builder/spi-builder-workspace/Code/Swift+FoundationToolz/NumericTypes+MeasureTime.swift (in target 'FoundationToolz' from project 'FoundationToolz')
    cd /Users/admin/builder/spi-builder-workspace/.swiftpm/xcode

SwiftCompile normal armv7k Compiling\ URL+WebSocket.swift,\ UserDefaults+PropertyWrapper.swift /Users/admin/builder/spi-builder-workspace/Code/Foundation+FoundationToolz/URL+WebSocket.swift /Users/admin/builder/spi-builder-workspace/Code/Foundation+FoundationToolz/UserDefaults+PropertyWrapper.swift (in target 'FoundationToolz' from project 'FoundationToolz')
SwiftCompile normal armv7k /Users/admin/builder/spi-builder-workspace/Code/Foundation+FoundationToolz/URL+WebSocket.swift (in target 'FoundationToolz' from project 'FoundationToolz')
    cd /Users/admin/builder/spi-builder-workspace/.swiftpm/xcode

SwiftCompile normal armv7k /Users/admin/builder/spi-builder-workspace/Code/Foundation+FoundationToolz/UserDefaults+PropertyWrapper.swift (in target 'FoundationToolz' from project 'FoundationToolz')
    cd /Users/admin/builder/spi-builder-workspace/.swiftpm/xcode

SwiftDriverJobDiscovery normal arm64_32 Compiling URL+WebSocket.swift, UserDefaults+PropertyWrapper.swift (in target 'FoundationToolz' from project 'FoundationToolz')
SwiftCompile normal armv7k Compiling\ Array+FoundationToolz.swift,\ Dictionary+Foundation.swift /Users/admin/builder/spi-builder-workspace/Code/Swift+FoundationToolz/Array+FoundationToolz.swift /Users/admin/builder/spi-builder-workspace/Code/Swift+FoundationToolz/Dictionary+Foundation.swift (in target 'FoundationToolz' from project 'FoundationToolz')
SwiftCompile normal armv7k /Users/admin/builder/spi-builder-workspace/Code/Swift+FoundationToolz/Array+FoundationToolz.swift (in target 'FoundationToolz' from project 'FoundationToolz')
    cd /Users/admin/builder/spi-builder-workspace/.swiftpm/xcode

SwiftCompile normal armv7k /Users/admin/builder/spi-builder-workspace/Code/Swift+FoundationToolz/Dictionary+Foundation.swift (in target 'FoundationToolz' from project 'FoundationToolz')
    cd /Users/admin/builder/spi-builder-workspace/.swiftpm/xcode

SwiftDriverJobDiscovery normal armv7k Compiling HTTP.swift, Keychain.swift (in target 'FoundationToolz' from project 'FoundationToolz')
SwiftCompile normal armv7k Compiling\ String+FoundationToolz.swift,\ JSON+FoundationToolz.swift /Users/admin/builder/spi-builder-workspace/Code/Swift+FoundationToolz/String+FoundationToolz.swift /Users/admin/builder/spi-builder-workspace/Code/SwiftyToolz+FoundationToolz/JSON+FoundationToolz.swift (in target 'FoundationToolz' from project 'FoundationToolz')
SwiftCompile normal armv7k /Users/admin/builder/spi-builder-workspace/Code/Swift+FoundationToolz/String+FoundationToolz.swift (in target 'FoundationToolz' from project 'FoundationToolz')
    cd /Users/admin/builder/spi-builder-workspace/.swiftpm/xcode

SwiftCompile normal armv7k /Users/admin/builder/spi-builder-workspace/Code/SwiftyToolz+FoundationToolz/JSON+FoundationToolz.swift (in target 'FoundationToolz' from project 'FoundationToolz')
    cd /Users/admin/builder/spi-builder-workspace/.swiftpm/xcode

SwiftCompile normal armv7k Compiling\ ArbitraryLegacyDateHelpers.swift,\ Executable.swift,\ Bundle+AppInfos.swift /Users/admin/builder/spi-builder-workspace/Code/ArbitraryLegacyDateHelpers.swift /Users/admin/builder/spi-builder-workspace/Code/Executable.swift /Users/admin/builder/spi-builder-workspace/Code/Foundation+FoundationToolz/Bundle+AppInfos.swift (in target 'FoundationToolz' from project 'FoundationToolz')
SwiftCompile normal armv7k /Users/admin/builder/spi-builder-workspace/Code/ArbitraryLegacyDateHelpers.swift (in target 'FoundationToolz' from project 'FoundationToolz')
    cd /Users/admin/builder/spi-builder-workspace/.swiftpm/xcode

SwiftCompile normal armv7k /Users/admin/builder/spi-builder-workspace/Code/Executable.swift (in target 'FoundationToolz' from project 'FoundationToolz')
    cd /Users/admin/builder/spi-builder-workspace/.swiftpm/xcode

SwiftCompile normal armv7k /Users/admin/builder/spi-builder-workspace/Code/Foundation+FoundationToolz/Bundle+AppInfos.swift (in target 'FoundationToolz' from project 'FoundationToolz')
    cd /Users/admin/builder/spi-builder-workspace/.swiftpm/xcode

SwiftDriverJobDiscovery normal armv7k Compiling Int+FoundationToolz.swift, NumericTypes+MeasureTime.swift (in target 'FoundationToolz' from project 'FoundationToolz')
SwiftDriverJobDiscovery normal arm64_32 Compiling FileManager+FoundationToolz.swift, NSPredicate+FoundationToolz.swift, Process+RunExecutable.swift (in target 'FoundationToolz' from project 'FoundationToolz')
SwiftCompile normal arm64 Compiling\ Array+FoundationToolz.swift,\ Dictionary+Foundation.swift /Users/admin/builder/spi-builder-workspace/Code/Swift+FoundationToolz/Array+FoundationToolz.swift /Users/admin/builder/spi-builder-workspace/Code/Swift+FoundationToolz/Dictionary+Foundation.swift (in target 'FoundationToolz' from project 'FoundationToolz')
SwiftCompile normal arm64 /Users/admin/builder/spi-builder-workspace/Code/Swift+FoundationToolz/Array+FoundationToolz.swift (in target 'FoundationToolz' from project 'FoundationToolz')
    cd /Users/admin/builder/spi-builder-workspace/.swiftpm/xcode

SwiftCompile normal arm64 /Users/admin/builder/spi-builder-workspace/Code/Swift+FoundationToolz/Dictionary+Foundation.swift (in target 'FoundationToolz' from project 'FoundationToolz')
    cd /Users/admin/builder/spi-builder-workspace/.swiftpm/xcode

SwiftDriverJobDiscovery normal armv7k Compiling Timer+FoundationToolz.swift, URL+FoundationToolz.swift, URL+HTTPRequests.swift (in target 'FoundationToolz' from project 'FoundationToolz')
SwiftCompile normal armv7k Compiling\ FileManager+FoundationToolz.swift,\ NSPredicate+FoundationToolz.swift,\ Process+RunExecutable.swift /Users/admin/builder/spi-builder-workspace/Code/Foundation+FoundationToolz/FileManager+FoundationToolz.swift /Users/admin/builder/spi-builder-workspace/Code/Foundation+FoundationToolz/NSPredicate+FoundationToolz.swift /Users/admin/builder/spi-builder-workspace/Code/Foundation+FoundationToolz/Process+RunExecutable.swift (in target 'FoundationToolz' from project 'FoundationToolz')
SwiftCompile normal armv7k /Users/admin/builder/spi-builder-workspace/Code/Foundation+FoundationToolz/FileManager+FoundationToolz.swift (in target 'FoundationToolz' from project 'FoundationToolz')
    cd /Users/admin/builder/spi-builder-workspace/.swiftpm/xcode

SwiftCompile normal armv7k /Users/admin/builder/spi-builder-workspace/Code/Foundation+FoundationToolz/NSPredicate+FoundationToolz.swift (in target 'FoundationToolz' from project 'FoundationToolz')
    cd /Users/admin/builder/spi-builder-workspace/.swiftpm/xcode

SwiftCompile normal armv7k /Users/admin/builder/spi-builder-workspace/Code/Foundation+FoundationToolz/Process+RunExecutable.swift (in target 'FoundationToolz' from project 'FoundationToolz')
    cd /Users/admin/builder/spi-builder-workspace/.swiftpm/xcode

SwiftDriverJobDiscovery normal arm64_32 Compiling HTTP.swift, Keychain.swift (in target 'FoundationToolz' from project 'FoundationToolz')
SwiftCompile normal arm64 Compiling\ FileManager+FoundationToolz.swift,\ NSPredicate+FoundationToolz.swift,\ Process+RunExecutable.swift /Users/admin/builder/spi-builder-workspace/Code/Foundation+FoundationToolz/FileManager+FoundationToolz.swift /Users/admin/builder/spi-builder-workspace/Code/Foundation+FoundationToolz/NSPredicate+FoundationToolz.swift /Users/admin/builder/spi-builder-workspace/Code/Foundation+FoundationToolz/Process+RunExecutable.swift (in target 'FoundationToolz' from project 'FoundationToolz')
SwiftCompile normal arm64 /Users/admin/builder/spi-builder-workspace/Code/Foundation+FoundationToolz/FileManager+FoundationToolz.swift (in target 'FoundationToolz' from project 'FoundationToolz')
    cd /Users/admin/builder/spi-builder-workspace/.swiftpm/xcode

SwiftCompile normal arm64 /Users/admin/builder/spi-builder-workspace/Code/Foundation+FoundationToolz/NSPredicate+FoundationToolz.swift (in target 'FoundationToolz' from project 'FoundationToolz')
    cd /Users/admin/builder/spi-builder-workspace/.swiftpm/xcode

SwiftCompile normal arm64 /Users/admin/builder/spi-builder-workspace/Code/Foundation+FoundationToolz/Process+RunExecutable.swift (in target 'FoundationToolz' from project 'FoundationToolz')
    cd /Users/admin/builder/spi-builder-workspace/.swiftpm/xcode

SwiftDriverJobDiscovery normal arm64_32 Compiling Array+FoundationToolz.swift, Dictionary+Foundation.swift (in target 'FoundationToolz' from project 'FoundationToolz')
SwiftCompile normal arm64_32 Compiling\ Timer+FoundationToolz.swift,\ URL+FoundationToolz.swift,\ URL+HTTPRequests.swift /Users/admin/builder/spi-builder-workspace/Code/Foundation+FoundationToolz/Timer+FoundationToolz.swift /Users/admin/builder/spi-builder-workspace/Code/Foundation+FoundationToolz/URL+FoundationToolz.swift /Users/admin/builder/spi-builder-workspace/Code/Foundation+FoundationToolz/URL+HTTPRequests.swift (in target 'FoundationToolz' from project 'FoundationToolz')
SwiftCompile normal arm64_32 /Users/admin/builder/spi-builder-workspace/Code/Foundation+FoundationToolz/Timer+FoundationToolz.swift (in target 'FoundationToolz' from project 'FoundationToolz')
    cd /Users/admin/builder/spi-builder-workspace/.swiftpm/xcode

SwiftCompile normal arm64_32 /Users/admin/builder/spi-builder-workspace/Code/Foundation+FoundationToolz/URL+FoundationToolz.swift (in target 'FoundationToolz' from project 'FoundationToolz')
    cd /Users/admin/builder/spi-builder-workspace/.swiftpm/xcode

SwiftCompile normal arm64_32 /Users/admin/builder/spi-builder-workspace/Code/Foundation+FoundationToolz/URL+HTTPRequests.swift (in target 'FoundationToolz' from project 'FoundationToolz')
    cd /Users/admin/builder/spi-builder-workspace/.swiftpm/xcode

SwiftDriverJobDiscovery normal arm64 Compiling String+FoundationToolz.swift, JSON+FoundationToolz.swift (in target 'FoundationToolz' from project 'FoundationToolz')
SwiftCompile normal arm64_32 Compiling\ ArbitraryLegacyDateHelpers.swift,\ Executable.swift,\ Bundle+AppInfos.swift /Users/admin/builder/spi-builder-workspace/Code/ArbitraryLegacyDateHelpers.swift /Users/admin/builder/spi-builder-workspace/Code/Executable.swift /Users/admin/builder/spi-builder-workspace/Code/Foundation+FoundationToolz/Bundle+AppInfos.swift (in target 'FoundationToolz' from project 'FoundationToolz')
SwiftCompile normal arm64_32 /Users/admin/builder/spi-builder-workspace/Code/ArbitraryLegacyDateHelpers.swift (in target 'FoundationToolz' from project 'FoundationToolz')
    cd /Users/admin/builder/spi-builder-workspace/.swiftpm/xcode

SwiftCompile normal arm64_32 /Users/admin/builder/spi-builder-workspace/Code/Executable.swift (in target 'FoundationToolz' from project 'FoundationToolz')
    cd /Users/admin/builder/spi-builder-workspace/.swiftpm/xcode

SwiftCompile normal arm64_32 /Users/admin/builder/spi-builder-workspace/Code/Foundation+FoundationToolz/Bundle+AppInfos.swift (in target 'FoundationToolz' from project 'FoundationToolz')
    cd /Users/admin/builder/spi-builder-workspace/.swiftpm/xcode

SwiftDriverJobDiscovery normal arm64 Compiling HTTP.swift, Keychain.swift (in target 'FoundationToolz' from project 'FoundationToolz')
SwiftCompile normal armv7k Compiling\ Codable+FoundationToolz.swift,\ Data+FoundationToolz.swift,\ Date+FoundationToolz.swift /Users/admin/builder/spi-builder-workspace/Code/Foundation+FoundationToolz/Codable+FoundationToolz.swift /Users/admin/builder/spi-builder-workspace/Code/Foundation+FoundationToolz/Data+FoundationToolz.swift /Users/admin/builder/spi-builder-workspace/Code/Foundation+FoundationToolz/Date+FoundationToolz.swift (in target 'FoundationToolz' from project 'FoundationToolz')
Failed frontend command:
/Applications/Xcode-16.3.0.app/Contents/Developer/Toolchains/XcodeDefault.xctoolchain/usr/bin/swift-frontend -frontend -c /Users/admin/builder/spi-builder-workspace/Code/ArbitraryLegacyDateHelpers.swift /Users/admin/builder/spi-builder-workspace/Code/Executable.swift /Users/admin/builder/spi-builder-workspace/Code/Foundation+FoundationToolz/Bundle+AppInfos.swift -primary-file /Users/admin/builder/spi-builder-workspace/Code/Foundation+FoundationToolz/Codable+FoundationToolz.swift -primary-file /Users/admin/builder/spi-builder-workspace/Code/Foundation+FoundationToolz/Data+FoundationToolz.swift -primary-file /Users/admin/builder/spi-builder-workspace/Code/Foundation+FoundationToolz/Date+FoundationToolz.swift /Users/admin/builder/spi-builder-workspace/Code/Foundation+FoundationToolz/FileManager+FoundationToolz.swift /Users/admin/builder/spi-builder-workspace/Code/Foundation+FoundationToolz/NSPredicate+FoundationToolz.swift /Users/admin/builder/spi-builder-workspace/Code/Foundation+FoundationToolz/Process+RunExecutable.swift /Users/admin/builder/spi-builder-workspace/Code/Foundation+FoundationToolz/Timer+FoundationToolz.swift /Users/admin/builder/spi-builder-workspace/Code/Foundation+FoundationToolz/URL+FoundationToolz.swift /Users/admin/builder/spi-builder-workspace/Code/Foundation+FoundationToolz/URL+HTTPRequests.swift /Users/admin/builder/spi-builder-workspace/Code/Foundation+FoundationToolz/URL+WebSocket.swift /Users/admin/builder/spi-builder-workspace/Code/Foundation+FoundationToolz/UserDefaults+PropertyWrapper.swift /Users/admin/builder/spi-builder-workspace/Code/HTTP.swift /Users/admin/builder/spi-builder-workspace/Code/Keychain.swift /Users/admin/builder/spi-builder-workspace/Code/NetworkReachability.swift /Users/admin/builder/spi-builder-workspace/Code/StopWatch.swift /Users/admin/builder/spi-builder-workspace/Code/Swift+FoundationToolz/Array+FoundationToolz.swift /Users/admin/builder/spi-builder-workspace/Code/Swift+FoundationToolz/Dictionary+Foundation.swift /Users/admin/builder/spi-builder-workspace/Code/Swift+FoundationToolz/Int+FoundationToolz.swift /Users/admin/builder/spi-builder-workspace/Code/Swift+FoundationToolz/NumericTypes+MeasureTime.swift /Users/admin/builder/spi-builder-workspace/Code/Swift+FoundationToolz/String+FoundationToolz.swift /Users/admin/builder/spi-builder-workspace/Code/SwiftyToolz+FoundationToolz/JSON+FoundationToolz.swift -supplementary-output-file-map /Users/admin/builder/spi-builder-workspace/.derivedData/Build/Intermediates.noindex/FoundationToolz.build/Debug-watchos/FoundationToolz.build/Objects-normal/armv7k/supplementaryOutputs-28 -target armv7k-apple-watchos5.0 -enable-objc-interop -sdk /Applications/Xcode-16.3.0.app/Contents/Developer/Platforms/WatchOS.platform/Developer/SDKs/WatchOS11.4.sdk -I /Users/admin/builder/spi-builder-workspace/.derivedData/Build/Products/Debug-watchos -I /Applications/Xcode-16.3.0.app/Contents/Developer/Platforms/WatchOS.platform/Developer/usr/lib -F /Users/admin/builder/spi-builder-workspace/.derivedData/Build/Products/Debug-watchos/PackageFrameworks -F /Users/admin/builder/spi-builder-workspace/.derivedData/Build/Products/Debug-watchos -F /Applications/Xcode-16.3.0.app/Contents/Developer/Platforms/WatchOS.platform/Developer/Library/Frameworks -F /Applications/Xcode-16.3.0.app/Contents/Developer/Platforms/WatchOS.platform/Developer/SDKs/WatchOS11.4.sdk/Developer/Library/Frameworks -no-color-diagnostics -enable-testing -g -debug-info-format\=dwarf -dwarf-version\=4 -module-cache-path /Users/admin/builder/spi-builder-workspace/.derivedData/ModuleCache.noindex -profile-generate -profile-coverage-mapping -swift-version 6 -enforce-exclusivity\=checked -stats-output-dir /Users/admin/builder/spi-builder-workspace/.swiftpm/xcode/.stats -Onone -D SWIFT_PACKAGE -D DEBUG -serialize-debugging-options -const-gather-protocols-file /Users/admin/builder/spi-builder-workspace/.derivedData/Build/Intermediates.noindex/FoundationToolz.build/Debug-watchos/FoundationToolz.build/Objects-normal/armv7k/FoundationToolz_const_extract_protocols.json -enable-experimental-feature DebugDescriptionMacro -empty-abi-descriptor -plugin-path /Applications/Xcode-16.3.0.app/Contents/Developer/Toolchains/XcodeDefault.xctoolchain/usr/lib/swift/host/plugins/testing -validate-clang-modules-once -clang-build-session-file /Users/admin/builder/spi-builder-workspace/.derivedData/ModuleCache.noindex/Session.modulevalidation -Xcc -working-directory -Xcc /Users/admin/builder/spi-builder-workspace/.swiftpm/xcode -resource-dir /Applications/Xcode-16.3.0.app/Contents/Developer/Toolchains/XcodeDefault.xctoolchain/usr/lib/swift -enable-anonymous-context-mangled-names -file-compilation-dir /Users/admin/builder/spi-builder-workspace/.swiftpm/xcode -Xcc -ivfsstatcache -Xcc /Users/admin/builder/spi-builder-workspace/.derivedData/SDKStatCaches.noindex/watchos11.4-22T246-43efb940ff07ba2497b70ec94253f576.sdkstatcache -Xcc -I/Users/admin/builder/spi-builder-workspace/.derivedData/Build/Intermediates.noindex/FoundationToolz.build/Debug-watchos/FoundationToolz.build/swift-overrides.hmap -Xcc -I/Users/admin/builder/spi-builder-workspace/.derivedData/Build/Products/Debug-watchos/include -Xcc -I/Users/admin/builder/spi-builder-workspace/.derivedData/Build/Intermediates.noindex/FoundationToolz.build/Debug-watchos/FoundationToolz.build/DerivedSources-normal/armv7k -Xcc -I/Users/admin/builder/spi-builder-workspace/.derivedData/Build/Intermediates.noindex/FoundationToolz.build/Debug-watchos/FoundationToolz.build/DerivedSources/armv7k -Xcc -I/Users/admin/builder/spi-builder-workspace/.derivedData/Build/Intermediates.noindex/FoundationToolz.build/Debug-watchos/FoundationToolz.build/DerivedSources -Xcc -DSWIFT_PACKAGE -Xcc -DDEBUG\=1 -module-name FoundationToolz -package-name spi_builder_workspace -frontend-parseable-output -disable-clang-spi -target-sdk-version 11.4 -target-sdk-name watchos11.4 -external-plugin-path /Applications/Xcode-16.3.0.app/Contents/Developer/Platforms/WatchOS.platform/Developer/usr/lib/swift/host/plugins\#/Applications/Xcode-16.3.0.app/Contents/Developer/Platforms/WatchOS.platform/Developer/usr/bin/swift-plugin-server -external-plugin-path /Applications/Xcode-16.3.0.app/Contents/Developer/Platforms/WatchOS.platform/Developer/usr/local/lib/swift/host/plugins\#/Applications/Xcode-16.3.0.app/Contents/Developer/Platforms/WatchOS.platform/Developer/usr/bin/swift-plugin-server -in-process-plugin-server-path /Applications/Xcode-16.3.0.app/Contents/Developer/Toolchains/XcodeDefault.xctoolchain/usr/lib/swift/host/libSwiftInProcPluginServer.dylib -plugin-path /Applications/Xcode-16.3.0.app/Contents/Developer/Toolchains/XcodeDefault.xctoolchain/usr/lib/swift/host/plugins -plugin-path /Applications/Xcode-16.3.0.app/Contents/Developer/Toolchains/XcodeDefault.xctoolchain/usr/local/lib/swift/host/plugins -o /Users/admin/builder/spi-builder-workspace/.derivedData/Build/Intermediates.noindex/FoundationToolz.build/Debug-watchos/FoundationToolz.build/Objects-normal/armv7k/Codable+FoundationToolz.o -o /Users/admin/builder/spi-builder-workspace/.derivedData/Build/Intermediates.noindex/FoundationToolz.build/Debug-watchos/FoundationToolz.build/Objects-normal/armv7k/Data+FoundationToolz.o -o /Users/admin/builder/spi-builder-workspace/.derivedData/Build/Intermediates.noindex/FoundationToolz.build/Debug-watchos/FoundationToolz.build/Objects-normal/armv7k/Date+FoundationToolz.o -index-unit-output-path /FoundationToolz.build/Debug-watchos/FoundationToolz.build/Objects-normal/armv7k/Codable+FoundationToolz.o -index-unit-output-path /FoundationToolz.build/Debug-watchos/FoundationToolz.build/Objects-normal/armv7k/Data+FoundationToolz.o -index-unit-output-path /FoundationToolz.build/Debug-watchos/FoundationToolz.build/Objects-normal/armv7k/Date+FoundationToolz.o -index-store-path /Users/admin/builder/spi-builder-workspace/.derivedData/Index.noindex/DataStore -index-system-modules
SwiftCompile normal armv7k /Users/admin/builder/spi-builder-workspace/Code/Foundation+FoundationToolz/Codable+FoundationToolz.swift (in target 'FoundationToolz' from project 'FoundationToolz')
    cd /Users/admin/builder/spi-builder-workspace/.swiftpm/xcode

/Users/admin/builder/spi-builder-workspace/Code/Foundation+FoundationToolz/Codable+FoundationToolz.swift:31:26: error: 'init(filePath:directoryHint:relativeTo:)' is only available in watchOS 9.0 or newer
            try save(to: URL(filePath: filePath))
                         ^
/Users/admin/builder/spi-builder-workspace/Code/Foundation+FoundationToolz/Codable+FoundationToolz.swift:31:26: note: add 'if #available' version check
            try save(to: URL(filePath: filePath))
                         ^
/Users/admin/builder/spi-builder-workspace/Code/Foundation+FoundationToolz/Codable+FoundationToolz.swift:26:10: note: add @available attribute to enclosing instance method
    func save(toFilePath filePath: String,
         ^
/Users/admin/builder/spi-builder-workspace/Code/Foundation+FoundationToolz/Codable+FoundationToolz.swift:23:8: note: add @available attribute to enclosing extension
public extension Encodable
       ^
SwiftCompile normal armv7k /Users/admin/builder/spi-builder-workspace/Code/Foundation+FoundationToolz/Data+FoundationToolz.swift (in target 'FoundationToolz' from project 'FoundationToolz')
    cd /Users/admin/builder/spi-builder-workspace/.swiftpm/xcode

SwiftCompile normal armv7k /Users/admin/builder/spi-builder-workspace/Code/Foundation+FoundationToolz/Date+FoundationToolz.swift (in target 'FoundationToolz' from project 'FoundationToolz')
    cd /Users/admin/builder/spi-builder-workspace/.swiftpm/xcode

SwiftDriverJobDiscovery normal armv7k Compiling Array+FoundationToolz.swift, Dictionary+Foundation.swift (in target 'FoundationToolz' from project 'FoundationToolz')
SwiftCompile normal arm64 Compiling\ Int+FoundationToolz.swift,\ NumericTypes+MeasureTime.swift /Users/admin/builder/spi-builder-workspace/Code/Swift+FoundationToolz/Int+FoundationToolz.swift /Users/admin/builder/spi-builder-workspace/Code/Swift+FoundationToolz/NumericTypes+MeasureTime.swift (in target 'FoundationToolz' from project 'FoundationToolz')
SwiftCompile normal arm64 /Users/admin/builder/spi-builder-workspace/Code/Swift+FoundationToolz/Int+FoundationToolz.swift (in target 'FoundationToolz' from project 'FoundationToolz')
    cd /Users/admin/builder/spi-builder-workspace/.swiftpm/xcode

SwiftCompile normal arm64 /Users/admin/builder/spi-builder-workspace/Code/Swift+FoundationToolz/NumericTypes+MeasureTime.swift (in target 'FoundationToolz' from project 'FoundationToolz')
    cd /Users/admin/builder/spi-builder-workspace/.swiftpm/xcode

SwiftDriverJobDiscovery normal arm64 Compiling Array+FoundationToolz.swift, Dictionary+Foundation.swift (in target 'FoundationToolz' from project 'FoundationToolz')
SwiftCompile normal arm64 Compiling\ ArbitraryLegacyDateHelpers.swift,\ Executable.swift,\ Bundle+AppInfos.swift /Users/admin/builder/spi-builder-workspace/Code/ArbitraryLegacyDateHelpers.swift /Users/admin/builder/spi-builder-workspace/Code/Executable.swift /Users/admin/builder/spi-builder-workspace/Code/Foundation+FoundationToolz/Bundle+AppInfos.swift (in target 'FoundationToolz' from project 'FoundationToolz')
SwiftCompile normal arm64 /Users/admin/builder/spi-builder-workspace/Code/ArbitraryLegacyDateHelpers.swift (in target 'FoundationToolz' from project 'FoundationToolz')
    cd /Users/admin/builder/spi-builder-workspace/.swiftpm/xcode

SwiftCompile normal arm64 /Users/admin/builder/spi-builder-workspace/Code/Executable.swift (in target 'FoundationToolz' from project 'FoundationToolz')
    cd /Users/admin/builder/spi-builder-workspace/.swiftpm/xcode

SwiftCompile normal arm64 /Users/admin/builder/spi-builder-workspace/Code/Foundation+FoundationToolz/Bundle+AppInfos.swift (in target 'FoundationToolz' from project 'FoundationToolz')
    cd /Users/admin/builder/spi-builder-workspace/.swiftpm/xcode

SwiftDriverJobDiscovery normal armv7k Compiling FileManager+FoundationToolz.swift, NSPredicate+FoundationToolz.swift, Process+RunExecutable.swift (in target 'FoundationToolz' from project 'FoundationToolz')
SwiftCompile normal armv7k Compiling\ NetworkReachability.swift,\ StopWatch.swift /Users/admin/builder/spi-builder-workspace/Code/NetworkReachability.swift /Users/admin/builder/spi-builder-workspace/Code/StopWatch.swift (in target 'FoundationToolz' from project 'FoundationToolz')
SwiftCompile normal armv7k /Users/admin/builder/spi-builder-workspace/Code/NetworkReachability.swift (in target 'FoundationToolz' from project 'FoundationToolz')
    cd /Users/admin/builder/spi-builder-workspace/.swiftpm/xcode

SwiftCompile normal armv7k /Users/admin/builder/spi-builder-workspace/Code/StopWatch.swift (in target 'FoundationToolz' from project 'FoundationToolz')
    cd /Users/admin/builder/spi-builder-workspace/.swiftpm/xcode

SwiftDriverJobDiscovery normal armv7k Compiling ArbitraryLegacyDateHelpers.swift, Executable.swift, Bundle+AppInfos.swift (in target 'FoundationToolz' from project 'FoundationToolz')
SwiftCompile normal arm64 Compiling\ Timer+FoundationToolz.swift,\ URL+FoundationToolz.swift,\ URL+HTTPRequests.swift /Users/admin/builder/spi-builder-workspace/Code/Foundation+FoundationToolz/Timer+FoundationToolz.swift /Users/admin/builder/spi-builder-workspace/Code/Foundation+FoundationToolz/URL+FoundationToolz.swift /Users/admin/builder/spi-builder-workspace/Code/Foundation+FoundationToolz/URL+HTTPRequests.swift (in target 'FoundationToolz' from project 'FoundationToolz')
SwiftCompile normal arm64 /Users/admin/builder/spi-builder-workspace/Code/Foundation+FoundationToolz/Timer+FoundationToolz.swift (in target 'FoundationToolz' from project 'FoundationToolz')
    cd /Users/admin/builder/spi-builder-workspace/.swiftpm/xcode

SwiftCompile normal arm64 /Users/admin/builder/spi-builder-workspace/Code/Foundation+FoundationToolz/URL+FoundationToolz.swift (in target 'FoundationToolz' from project 'FoundationToolz')
    cd /Users/admin/builder/spi-builder-workspace/.swiftpm/xcode

SwiftCompile normal arm64 /Users/admin/builder/spi-builder-workspace/Code/Foundation+FoundationToolz/URL+HTTPRequests.swift (in target 'FoundationToolz' from project 'FoundationToolz')
    cd /Users/admin/builder/spi-builder-workspace/.swiftpm/xcode

SwiftDriverJobDiscovery normal armv7k Compiling URL+WebSocket.swift, UserDefaults+PropertyWrapper.swift (in target 'FoundationToolz' from project 'FoundationToolz')
SwiftCompile normal arm64_32 Compiling\ String+FoundationToolz.swift,\ JSON+FoundationToolz.swift /Users/admin/builder/spi-builder-workspace/Code/Swift+FoundationToolz/String+FoundationToolz.swift /Users/admin/builder/spi-builder-workspace/Code/SwiftyToolz+FoundationToolz/JSON+FoundationToolz.swift (in target 'FoundationToolz' from project 'FoundationToolz')
SwiftCompile normal arm64_32 /Users/admin/builder/spi-builder-workspace/Code/Swift+FoundationToolz/String+FoundationToolz.swift (in target 'FoundationToolz' from project 'FoundationToolz')
    cd /Users/admin/builder/spi-builder-workspace/.swiftpm/xcode

SwiftCompile normal arm64_32 /Users/admin/builder/spi-builder-workspace/Code/SwiftyToolz+FoundationToolz/JSON+FoundationToolz.swift (in target 'FoundationToolz' from project 'FoundationToolz')
    cd /Users/admin/builder/spi-builder-workspace/.swiftpm/xcode

SwiftDriverJobDiscovery normal arm64 Compiling NetworkReachability.swift, StopWatch.swift (in target 'FoundationToolz' from project 'FoundationToolz')
SwiftCompile normal arm64_32 Compiling\ Codable+FoundationToolz.swift,\ Data+FoundationToolz.swift,\ Date+FoundationToolz.swift /Users/admin/builder/spi-builder-workspace/Code/Foundation+FoundationToolz/Codable+FoundationToolz.swift /Users/admin/builder/spi-builder-workspace/Code/Foundation+FoundationToolz/Data+FoundationToolz.swift /Users/admin/builder/spi-builder-workspace/Code/Foundation+FoundationToolz/Date+FoundationToolz.swift (in target 'FoundationToolz' from project 'FoundationToolz')
SwiftCompile normal arm64_32 /Users/admin/builder/spi-builder-workspace/Code/Foundation+FoundationToolz/Codable+FoundationToolz.swift (in target 'FoundationToolz' from project 'FoundationToolz')
    cd /Users/admin/builder/spi-builder-workspace/.swiftpm/xcode

SwiftCompile normal arm64_32 /Users/admin/builder/spi-builder-workspace/Code/Foundation+FoundationToolz/Data+FoundationToolz.swift (in target 'FoundationToolz' from project 'FoundationToolz')
    cd /Users/admin/builder/spi-builder-workspace/.swiftpm/xcode

SwiftCompile normal arm64_32 /Users/admin/builder/spi-builder-workspace/Code/Foundation+FoundationToolz/Date+FoundationToolz.swift (in target 'FoundationToolz' from project 'FoundationToolz')
    cd /Users/admin/builder/spi-builder-workspace/.swiftpm/xcode

SwiftDriverJobDiscovery normal armv7k Compiling String+FoundationToolz.swift, JSON+FoundationToolz.swift (in target 'FoundationToolz' from project 'FoundationToolz')
SwiftCompile normal arm64_32 Compiling\ Int+FoundationToolz.swift,\ NumericTypes+MeasureTime.swift /Users/admin/builder/spi-builder-workspace/Code/Swift+FoundationToolz/Int+FoundationToolz.swift /Users/admin/builder/spi-builder-workspace/Code/Swift+FoundationToolz/NumericTypes+MeasureTime.swift (in target 'FoundationToolz' from project 'FoundationToolz')
SwiftDriverJobDiscovery normal arm64 Compiling FileManager+FoundationToolz.swift, NSPredicate+FoundationToolz.swift, Process+RunExecutable.swift (in target 'FoundationToolz' from project 'FoundationToolz')
SwiftCompile normal arm64 Compiling\ URL+WebSocket.swift,\ UserDefaults+PropertyWrapper.swift /Users/admin/builder/spi-builder-workspace/Code/Foundation+FoundationToolz/URL+WebSocket.swift /Users/admin/builder/spi-builder-workspace/Code/Foundation+FoundationToolz/UserDefaults+PropertyWrapper.swift (in target 'FoundationToolz' from project 'FoundationToolz')
Command SwiftCompile failed with a nonzero exit code
** BUILD FAILED **
The following build commands failed:
	SwiftCompile normal armv7k Compiling\ Codable+FoundationToolz.swift,\ Data+FoundationToolz.swift,\ Date+FoundationToolz.swift /Users/admin/builder/spi-builder-workspace/Code/Foundation+FoundationToolz/Codable+FoundationToolz.swift /Users/admin/builder/spi-builder-workspace/Code/Foundation+FoundationToolz/Data+FoundationToolz.swift /Users/admin/builder/spi-builder-workspace/Code/Foundation+FoundationToolz/Date+FoundationToolz.swift (in target 'FoundationToolz' from project 'FoundationToolz')
	SwiftCompile normal armv7k /Users/admin/builder/spi-builder-workspace/Code/Foundation+FoundationToolz/Codable+FoundationToolz.swift (in target 'FoundationToolz' from project 'FoundationToolz')
	SwiftCompile normal arm64 Compiling\ URL+WebSocket.swift,\ UserDefaults+PropertyWrapper.swift /Users/admin/builder/spi-builder-workspace/Code/Foundation+FoundationToolz/URL+WebSocket.swift /Users/admin/builder/spi-builder-workspace/Code/Foundation+FoundationToolz/UserDefaults+PropertyWrapper.swift (in target 'FoundationToolz' from project 'FoundationToolz')
	Building workspace spi-builder-workspace with scheme FoundationToolz
(4 failures)
Command line invocation:
    /Applications/Xcode-16.3.0.app/Contents/Developer/usr/bin/xcodebuild -IDEClonedSourcePackagesDirPathOverride=/Users/admin/builder/spi-builder-workspace/.dependencies -resolvePackageDependencies
Resolve Package Graph
Resolved source packages:
  FoundationToolz: /Users/admin/builder/spi-builder-workspace
  SwiftyToolz: https://github.com/nohype-ai/SwiftyToolz.git @ 0.5.8
resolved source packages: FoundationToolz, SwiftyToolz
{
  "dependencies" : [
    {
      "identity" : "swiftytoolz",
      "requirement" : {
        "exact" : [
          "0.5.8"
        ]
      },
      "type" : "sourceControl",
      "url" : "https://github.com/nohype-ai/SwiftyToolz.git"
    }
  ],
  "manifest_display_name" : "FoundationToolz",
  "name" : "FoundationToolz",
  "path" : "/Users/admin/builder/spi-builder-workspace",
  "platforms" : [
  ],
  "products" : [
    {
      "name" : "FoundationToolz",
      "targets" : [
        "FoundationToolz"
      ],
      "type" : {
        "library" : [
          "automatic"
        ]
      }
    }
  ],
  "targets" : [
    {
      "c99name" : "FoundationToolzTests",
      "module_type" : "SwiftTarget",
      "name" : "FoundationToolzTests",
      "path" : "Tests",
      "product_dependencies" : [
        "SwiftyToolz"
      ],
      "sources" : [
        "JSONTests.swift"
      ],
      "target_dependencies" : [
        "FoundationToolz"
      ],
      "type" : "test"
    },
    {
      "c99name" : "FoundationToolz",
      "module_type" : "SwiftTarget",
      "name" : "FoundationToolz",
      "path" : "Code",
      "product_dependencies" : [
        "SwiftyToolz"
      ],
      "product_memberships" : [
        "FoundationToolz"
      ],
      "sources" : [
        "ArbitraryLegacyDateHelpers.swift",
        "Executable.swift",
        "Foundation+FoundationToolz/Bundle+AppInfos.swift",
        "Foundation+FoundationToolz/Codable+FoundationToolz.swift",
        "Foundation+FoundationToolz/Data+FoundationToolz.swift",
        "Foundation+FoundationToolz/Date+FoundationToolz.swift",
        "Foundation+FoundationToolz/FileManager+FoundationToolz.swift",
        "Foundation+FoundationToolz/NSPredicate+FoundationToolz.swift",
        "Foundation+FoundationToolz/Process+RunExecutable.swift",
        "Foundation+FoundationToolz/Timer+FoundationToolz.swift",
        "Foundation+FoundationToolz/URL+FoundationToolz.swift",
        "Foundation+FoundationToolz/URL+HTTPRequests.swift",
        "Foundation+FoundationToolz/URL+WebSocket.swift",
        "Foundation+FoundationToolz/UserDefaults+PropertyWrapper.swift",
        "HTTP.swift",
        "Keychain.swift",
        "NetworkReachability.swift",
        "StopWatch.swift",
        "Swift+FoundationToolz/Array+FoundationToolz.swift",
        "Swift+FoundationToolz/Dictionary+Foundation.swift",
        "Swift+FoundationToolz/Int+FoundationToolz.swift",
        "Swift+FoundationToolz/NumericTypes+MeasureTime.swift",
        "Swift+FoundationToolz/String+FoundationToolz.swift",
        "SwiftyToolz+FoundationToolz/JSON+FoundationToolz.swift"
      ],
      "type" : "library"
    }
  ],
  "tools_version" : "6.0"
}
{
  "workspace" : {
    "name" : "spi-builder-workspace",
    "schemes" : [
      "FoundationToolz"
    ]
  }
}
Running build ...
env DEVELOPER_DIR=/Applications/Xcode-16.3.0.app xcrun xcodebuild -IDEClonedSourcePackagesDirPathOverride=$PWD/.dependencies -skipMacroValidation -skipPackagePluginValidation -derivedDataPath $PWD/.derivedData build -scheme FoundationToolz -destination generic/platform=watchOS
Command line invocation:
    /Applications/Xcode-16.3.0.app/Contents/Developer/usr/bin/xcodebuild -IDEClonedSourcePackagesDirPathOverride=/Users/admin/builder/spi-builder-workspace/.dependencies -skipMacroValidation -skipPackagePluginValidation -derivedDataPath /Users/admin/builder/spi-builder-workspace/.derivedData build -scheme FoundationToolz -destination generic/platform=watchOS
Resolve Package Graph
Resolved source packages:
  SwiftyToolz: https://github.com/nohype-ai/SwiftyToolz.git @ 0.5.8
  FoundationToolz: /Users/admin/builder/spi-builder-workspace
ComputePackagePrebuildTargetDependencyGraph
Prepare packages
CreateBuildRequest
SendProjectDescription
CreateBuildOperation
ComputeTargetDependencyGraph
note: Building targets in dependency order
note: Target dependency graph (4 targets)
    Target 'FoundationToolz' in project 'FoundationToolz'
        ➜ Explicit dependency on target 'FoundationToolz' in project 'FoundationToolz'
        ➜ Explicit dependency on target 'SwiftyToolz' in project 'SwiftyToolz'
    Target 'FoundationToolz' in project 'FoundationToolz'
        ➜ Explicit dependency on target 'SwiftyToolz' in project 'SwiftyToolz'
    Target 'SwiftyToolz' in project 'SwiftyToolz'
        ➜ Explicit dependency on target 'SwiftyToolz' in project 'SwiftyToolz'
    Target 'SwiftyToolz' in project 'SwiftyToolz' (no dependencies)
GatherProvisioningInputs
CreateBuildDescription
ExecuteExternalTool /Applications/Xcode-16.3.0.app/Contents/Developer/Toolchains/XcodeDefault.xctoolchain/usr/bin/clang -v -E -dM -isysroot /Applications/Xcode-16.3.0.app/Contents/Developer/Platforms/WatchOS.platform/Developer/SDKs/WatchOS11.4.sdk -x c -c /dev/null
ExecuteExternalTool /Applications/Xcode-16.3.0.app/Contents/Developer/Toolchains/XcodeDefault.xctoolchain/usr/bin/swiftc --version
ExecuteExternalTool /Applications/Xcode-16.3.0.app/Contents/Developer/Toolchains/XcodeDefault.xctoolchain/usr/bin/ld -version_details
Build description signature: d20e10374808fc0ea10ae7b0fb92eb69
Build description path: /Users/admin/builder/spi-builder-workspace/.derivedData/Build/Intermediates.noindex/XCBuildData/d20e10374808fc0ea10ae7b0fb92eb69.xcbuilddata
ClangStatCache /Applications/Xcode-16.3.0.app/Contents/Developer/Toolchains/XcodeDefault.xctoolchain/usr/bin/clang-stat-cache /Applications/Xcode-16.3.0.app/Contents/Developer/Platforms/WatchOS.platform/Developer/SDKs/WatchOS11.4.sdk /Users/admin/builder/spi-builder-workspace/.derivedData/SDKStatCaches.noindex/watchos11.4-22T246-43efb940ff07ba2497b70ec94253f576.sdkstatcache
    cd /Users/admin/builder/spi-builder-workspace/.swiftpm/xcode
    /Applications/Xcode-16.3.0.app/Contents/Developer/Toolchains/XcodeDefault.xctoolchain/usr/bin/clang-stat-cache /Applications/Xcode-16.3.0.app/Contents/Developer/Platforms/WatchOS.platform/Developer/SDKs/WatchOS11.4.sdk -o /Users/admin/builder/spi-builder-workspace/.derivedData/SDKStatCaches.noindex/watchos11.4-22T246-43efb940ff07ba2497b70ec94253f576.sdkstatcache
SwiftDriver SwiftyToolz normal armv7k com.apple.xcode.tools.swift.compiler (in target 'SwiftyToolz' from project 'SwiftyToolz')
    cd /Users/admin/builder/spi-builder-workspace/.swiftpm/xcode
    builtin-SwiftDriver -- /Applications/Xcode-16.3.0.app/Contents/Developer/Toolchains/XcodeDefault.xctoolchain/usr/bin/swiftc -module-name SwiftyToolz -Onone -enforce-exclusivity\=checked @/Users/admin/builder/spi-builder-workspace/.derivedData/Build/Intermediates.noindex/SwiftyToolz.build/Debug-watchos/SwiftyToolz.build/Objects-normal/armv7k/SwiftyToolz.SwiftFileList -DSWIFT_PACKAGE -DDEBUG -DXcode -plugin-path /Applications/Xcode-16.3.0.app/Contents/Developer/Toolchains/XcodeDefault.xctoolchain/usr/lib/swift/host/plugins/testing -enable-experimental-feature DebugDescriptionMacro -sdk /Applications/Xcode-16.3.0.app/Contents/Developer/Platforms/WatchOS.platform/Developer/SDKs/WatchOS11.4.sdk -target armv7k-apple-watchos5.0 -g -module-cache-path /Users/admin/builder/spi-builder-workspace/.derivedData/ModuleCache.noindex -Xfrontend -serialize-debugging-options -profile-coverage-mapping -profile-generate -enable-testing -suppress-warnings -index-store-path /Users/admin/builder/spi-builder-workspace/.derivedData/Index.noindex/DataStore -swift-version 6 -I /Users/admin/builder/spi-builder-workspace/.derivedData/Build/Products/Debug-watchos -I /Applications/Xcode-16.3.0.app/Contents/Developer/Platforms/WatchOS.platform/Developer/usr/lib -F /Users/admin/builder/spi-builder-workspace/.derivedData/Build/Products/Debug-watchos -F /Applications/Xcode-16.3.0.app/Contents/Developer/Platforms/WatchOS.platform/Developer/Library/Frameworks -F /Applications/Xcode-16.3.0.app/Contents/Developer/Platforms/WatchOS.platform/Developer/SDKs/WatchOS11.4.sdk/Developer/Library/Frameworks -c -j10 -enable-batch-mode -incremental -Xcc -ivfsstatcache -Xcc /Users/admin/builder/spi-builder-workspace/.derivedData/SDKStatCaches.noindex/watchos11.4-22T246-43efb940ff07ba2497b70ec94253f576.sdkstatcache -output-file-map /Users/admin/builder/spi-builder-workspace/.derivedData/Build/Intermediates.noindex/SwiftyToolz.build/Debug-watchos/SwiftyToolz.build/Objects-normal/armv7k/SwiftyToolz-OutputFileMap.json -use-frontend-parseable-output -save-temps -no-color-diagnostics -serialize-diagnostics -emit-dependencies -emit-module -emit-module-path /Users/admin/builder/spi-builder-workspace/.derivedData/Build/Intermediates.noindex/SwiftyToolz.build/Debug-watchos/SwiftyToolz.build/Objects-normal/armv7k/SwiftyToolz.swiftmodule -user-module-version 0.5.8 -validate-clang-modules-once -clang-build-session-file /Users/admin/builder/spi-builder-workspace/.derivedData/ModuleCache.noindex/Session.modulevalidation -package-name swiftytoolz -Xcc -I/Users/admin/builder/spi-builder-workspace/.derivedData/Build/Intermediates.noindex/SwiftyToolz.build/Debug-watchos/SwiftyToolz.build/swift-overrides.hmap -emit-const-values -Xfrontend -const-gather-protocols-file -Xfrontend /Users/admin/builder/spi-builder-workspace/.derivedData/Build/Intermediates.noindex/SwiftyToolz.build/Debug-watchos/SwiftyToolz.build/Objects-normal/armv7k/SwiftyToolz_const_extract_protocols.json -Xcc -I/Users/admin/builder/spi-builder-workspace/.derivedData/Build/Products/Debug-watchos/include -Xcc -I/Users/admin/builder/spi-builder-workspace/.derivedData/Build/Intermediates.noindex/SwiftyToolz.build/Debug-watchos/SwiftyToolz.build/DerivedSources-normal/armv7k -Xcc -I/Users/admin/builder/spi-builder-workspace/.derivedData/Build/Intermediates.noindex/SwiftyToolz.build/Debug-watchos/SwiftyToolz.build/DerivedSources/armv7k -Xcc -I/Users/admin/builder/spi-builder-workspace/.derivedData/Build/Intermediates.noindex/SwiftyToolz.build/Debug-watchos/SwiftyToolz.build/DerivedSources -Xcc -DSWIFT_PACKAGE -Xcc -DDEBUG\=1 -emit-objc-header -emit-objc-header-path /Users/admin/builder/spi-builder-workspace/.derivedData/Build/Intermediates.noindex/SwiftyToolz.build/Debug-watchos/SwiftyToolz.build/Objects-normal/armv7k/SwiftyToolz-Swift.h -working-directory /Users/admin/builder/spi-builder-workspace/.swiftpm/xcode -experimental-emit-module-separately -disable-cmo
SwiftDriver SwiftyToolz normal arm64_32 com.apple.xcode.tools.swift.compiler (in target 'SwiftyToolz' from project 'SwiftyToolz')
    cd /Users/admin/builder/spi-builder-workspace/.swiftpm/xcode
    builtin-SwiftDriver -- /Applications/Xcode-16.3.0.app/Contents/Developer/Toolchains/XcodeDefault.xctoolchain/usr/bin/swiftc -module-name SwiftyToolz -Onone -enforce-exclusivity\=checked @/Users/admin/builder/spi-builder-workspace/.derivedData/Build/Intermediates.noindex/SwiftyToolz.build/Debug-watchos/SwiftyToolz.build/Objects-normal/arm64_32/SwiftyToolz.SwiftFileList -DSWIFT_PACKAGE -DDEBUG -DXcode -plugin-path /Applications/Xcode-16.3.0.app/Contents/Developer/Toolchains/XcodeDefault.xctoolchain/usr/lib/swift/host/plugins/testing -enable-experimental-feature DebugDescriptionMacro -sdk /Applications/Xcode-16.3.0.app/Contents/Developer/Platforms/WatchOS.platform/Developer/SDKs/WatchOS11.4.sdk -target arm64_32-apple-watchos5.0 -g -module-cache-path /Users/admin/builder/spi-builder-workspace/.derivedData/ModuleCache.noindex -Xfrontend -serialize-debugging-options -profile-coverage-mapping -profile-generate -enable-testing -suppress-warnings -index-store-path /Users/admin/builder/spi-builder-workspace/.derivedData/Index.noindex/DataStore -swift-version 6 -I /Users/admin/builder/spi-builder-workspace/.derivedData/Build/Products/Debug-watchos -I /Applications/Xcode-16.3.0.app/Contents/Developer/Platforms/WatchOS.platform/Developer/usr/lib -F /Users/admin/builder/spi-builder-workspace/.derivedData/Build/Products/Debug-watchos -F /Applications/Xcode-16.3.0.app/Contents/Developer/Platforms/WatchOS.platform/Developer/Library/Frameworks -F /Applications/Xcode-16.3.0.app/Contents/Developer/Platforms/WatchOS.platform/Developer/SDKs/WatchOS11.4.sdk/Developer/Library/Frameworks -c -j10 -enable-batch-mode -incremental -Xcc -ivfsstatcache -Xcc /Users/admin/builder/spi-builder-workspace/.derivedData/SDKStatCaches.noindex/watchos11.4-22T246-43efb940ff07ba2497b70ec94253f576.sdkstatcache -output-file-map /Users/admin/builder/spi-builder-workspace/.derivedData/Build/Intermediates.noindex/SwiftyToolz.build/Debug-watchos/SwiftyToolz.build/Objects-normal/arm64_32/SwiftyToolz-OutputFileMap.json -use-frontend-parseable-output -save-temps -no-color-diagnostics -serialize-diagnostics -emit-dependencies -emit-module -emit-module-path /Users/admin/builder/spi-builder-workspace/.derivedData/Build/Intermediates.noindex/SwiftyToolz.build/Debug-watchos/SwiftyToolz.build/Objects-normal/arm64_32/SwiftyToolz.swiftmodule -user-module-version 0.5.8 -validate-clang-modules-once -clang-build-session-file /Users/admin/builder/spi-builder-workspace/.derivedData/ModuleCache.noindex/Session.modulevalidation -package-name swiftytoolz -Xcc -I/Users/admin/builder/spi-builder-workspace/.derivedData/Build/Intermediates.noindex/SwiftyToolz.build/Debug-watchos/SwiftyToolz.build/swift-overrides.hmap -emit-const-values -Xfrontend -const-gather-protocols-file -Xfrontend /Users/admin/builder/spi-builder-workspace/.derivedData/Build/Intermediates.noindex/SwiftyToolz.build/Debug-watchos/SwiftyToolz.build/Objects-normal/arm64_32/SwiftyToolz_const_extract_protocols.json -Xcc -I/Users/admin/builder/spi-builder-workspace/.derivedData/Build/Products/Debug-watchos/include -Xcc -I/Users/admin/builder/spi-builder-workspace/.derivedData/Build/Intermediates.noindex/SwiftyToolz.build/Debug-watchos/SwiftyToolz.build/DerivedSources-normal/arm64_32 -Xcc -I/Users/admin/builder/spi-builder-workspace/.derivedData/Build/Intermediates.noindex/SwiftyToolz.build/Debug-watchos/SwiftyToolz.build/DerivedSources/arm64_32 -Xcc -I/Users/admin/builder/spi-builder-workspace/.derivedData/Build/Intermediates.noindex/SwiftyToolz.build/Debug-watchos/SwiftyToolz.build/DerivedSources -Xcc -DSWIFT_PACKAGE -Xcc -DDEBUG\=1 -emit-objc-header -emit-objc-header-path /Users/admin/builder/spi-builder-workspace/.derivedData/Build/Intermediates.noindex/SwiftyToolz.build/Debug-watchos/SwiftyToolz.build/Objects-normal/arm64_32/SwiftyToolz-Swift.h -working-directory /Users/admin/builder/spi-builder-workspace/.swiftpm/xcode -experimental-emit-module-separately -disable-cmo
SwiftDriver SwiftyToolz normal arm64 com.apple.xcode.tools.swift.compiler (in target 'SwiftyToolz' from project 'SwiftyToolz')
    cd /Users/admin/builder/spi-builder-workspace/.swiftpm/xcode
    builtin-SwiftDriver -- /Applications/Xcode-16.3.0.app/Contents/Developer/Toolchains/XcodeDefault.xctoolchain/usr/bin/swiftc -module-name SwiftyToolz -Onone -enforce-exclusivity\=checked @/Users/admin/builder/spi-builder-workspace/.derivedData/Build/Intermediates.noindex/SwiftyToolz.build/Debug-watchos/SwiftyToolz.build/Objects-normal/arm64/SwiftyToolz.SwiftFileList -DSWIFT_PACKAGE -DDEBUG -DXcode -plugin-path /Applications/Xcode-16.3.0.app/Contents/Developer/Toolchains/XcodeDefault.xctoolchain/usr/lib/swift/host/plugins/testing -enable-experimental-feature DebugDescriptionMacro -sdk /Applications/Xcode-16.3.0.app/Contents/Developer/Platforms/WatchOS.platform/Developer/SDKs/WatchOS11.4.sdk -target arm64-apple-watchos5.0 -g -module-cache-path /Users/admin/builder/spi-builder-workspace/.derivedData/ModuleCache.noindex -Xfrontend -serialize-debugging-options -profile-coverage-mapping -profile-generate -enable-testing -suppress-warnings -index-store-path /Users/admin/builder/spi-builder-workspace/.derivedData/Index.noindex/DataStore -swift-version 6 -I /Users/admin/builder/spi-builder-workspace/.derivedData/Build/Products/Debug-watchos -I /Applications/Xcode-16.3.0.app/Contents/Developer/Platforms/WatchOS.platform/Developer/usr/lib -F /Users/admin/builder/spi-builder-workspace/.derivedData/Build/Products/Debug-watchos -F /Applications/Xcode-16.3.0.app/Contents/Developer/Platforms/WatchOS.platform/Developer/Library/Frameworks -F /Applications/Xcode-16.3.0.app/Contents/Developer/Platforms/WatchOS.platform/Developer/SDKs/WatchOS11.4.sdk/Developer/Library/Frameworks -c -j10 -enable-batch-mode -incremental -Xcc -ivfsstatcache -Xcc /Users/admin/builder/spi-builder-workspace/.derivedData/SDKStatCaches.noindex/watchos11.4-22T246-43efb940ff07ba2497b70ec94253f576.sdkstatcache -output-file-map /Users/admin/builder/spi-builder-workspace/.derivedData/Build/Intermediates.noindex/SwiftyToolz.build/Debug-watchos/SwiftyToolz.build/Objects-normal/arm64/SwiftyToolz-OutputFileMap.json -use-frontend-parseable-output -save-temps -no-color-diagnostics -serialize-diagnostics -emit-dependencies -emit-module -emit-module-path /Users/admin/builder/spi-builder-workspace/.derivedData/Build/Intermediates.noindex/SwiftyToolz.build/Debug-watchos/SwiftyToolz.build/Objects-normal/arm64/SwiftyToolz.swiftmodule -user-module-version 0.5.8 -validate-clang-modules-once -clang-build-session-file /Users/admin/builder/spi-builder-workspace/.derivedData/ModuleCache.noindex/Session.modulevalidation -package-name swiftytoolz -Xcc -I/Users/admin/builder/spi-builder-workspace/.derivedData/Build/Intermediates.noindex/SwiftyToolz.build/Debug-watchos/SwiftyToolz.build/swift-overrides.hmap -emit-const-values -Xfrontend -const-gather-protocols-file -Xfrontend /Users/admin/builder/spi-builder-workspace/.derivedData/Build/Intermediates.noindex/SwiftyToolz.build/Debug-watchos/SwiftyToolz.build/Objects-normal/arm64/SwiftyToolz_const_extract_protocols.json -Xcc -I/Users/admin/builder/spi-builder-workspace/.derivedData/Build/Products/Debug-watchos/include -Xcc -I/Users/admin/builder/spi-builder-workspace/.derivedData/Build/Intermediates.noindex/SwiftyToolz.build/Debug-watchos/SwiftyToolz.build/DerivedSources-normal/arm64 -Xcc -I/Users/admin/builder/spi-builder-workspace/.derivedData/Build/Intermediates.noindex/SwiftyToolz.build/Debug-watchos/SwiftyToolz.build/DerivedSources/arm64 -Xcc -I/Users/admin/builder/spi-builder-workspace/.derivedData/Build/Intermediates.noindex/SwiftyToolz.build/Debug-watchos/SwiftyToolz.build/DerivedSources -Xcc -DSWIFT_PACKAGE -Xcc -DDEBUG\=1 -emit-objc-header -emit-objc-header-path /Users/admin/builder/spi-builder-workspace/.derivedData/Build/Intermediates.noindex/SwiftyToolz.build/Debug-watchos/SwiftyToolz.build/Objects-normal/arm64/SwiftyToolz-Swift.h -working-directory /Users/admin/builder/spi-builder-workspace/.swiftpm/xcode -experimental-emit-module-separately -disable-cmo
SwiftEmitModule normal arm64_32 Emitting\ module\ for\ SwiftyToolz (in target 'SwiftyToolz' from project 'SwiftyToolz')
EmitSwiftModule normal arm64_32 (in target 'SwiftyToolz' from project 'SwiftyToolz')
    cd /Users/admin/builder/spi-builder-workspace/.swiftpm/xcode

SwiftCompile normal arm64_32 Compiling\ Set+SwiftyToolz.swift,\ String+SwiftyToolz.swift /Users/admin/builder/spi-builder-workspace/.dependencies/checkouts/SwiftyToolz/Code/Swift+SwiftyToolz/Set+SwiftyToolz.swift /Users/admin/builder/spi-builder-workspace/.dependencies/checkouts/SwiftyToolz/Code/Swift+SwiftyToolz/String+SwiftyToolz.swift (in target 'SwiftyToolz' from project 'SwiftyToolz')
SwiftCompile normal arm64_32 /Users/admin/builder/spi-builder-workspace/.dependencies/checkouts/SwiftyToolz/Code/Swift+SwiftyToolz/Set+SwiftyToolz.swift (in target 'SwiftyToolz' from project 'SwiftyToolz')
    cd /Users/admin/builder/spi-builder-workspace/.swiftpm/xcode

SwiftCompile normal arm64_32 /Users/admin/builder/spi-builder-workspace/.dependencies/checkouts/SwiftyToolz/Code/Swift+SwiftyToolz/String+SwiftyToolz.swift (in target 'SwiftyToolz' from project 'SwiftyToolz')
    cd /Users/admin/builder/spi-builder-workspace/.swiftpm/xcode

SwiftCompile normal arm64_32 Compiling\ Task+SwiftyToolz.swift,\ SwiftHelpers.swift /Users/admin/builder/spi-builder-workspace/.dependencies/checkouts/SwiftyToolz/Code/Swift+SwiftyToolz/Task+SwiftyToolz.swift /Users/admin/builder/spi-builder-workspace/.dependencies/checkouts/SwiftyToolz/Code/SwiftHelpers.swift (in target 'SwiftyToolz' from project 'SwiftyToolz')
SwiftCompile normal arm64_32 /Users/admin/builder/spi-builder-workspace/.dependencies/checkouts/SwiftyToolz/Code/Swift+SwiftyToolz/Task+SwiftyToolz.swift (in target 'SwiftyToolz' from project 'SwiftyToolz')
    cd /Users/admin/builder/spi-builder-workspace/.swiftpm/xcode

SwiftCompile normal arm64_32 /Users/admin/builder/spi-builder-workspace/.dependencies/checkouts/SwiftyToolz/Code/SwiftHelpers.swift (in target 'SwiftyToolz' from project 'SwiftyToolz')
    cd /Users/admin/builder/spi-builder-workspace/.swiftpm/xcode

SwiftCompile normal arm64_32 Compiling\ Dictionary+SwiftyToolz.swift,\ Int+SwiftyToolz.swift /Users/admin/builder/spi-builder-workspace/.dependencies/checkouts/SwiftyToolz/Code/Swift+SwiftyToolz/Dictionary+SwiftyToolz.swift /Users/admin/builder/spi-builder-workspace/.dependencies/checkouts/SwiftyToolz/Code/Swift+SwiftyToolz/Int+SwiftyToolz.swift (in target 'SwiftyToolz' from project 'SwiftyToolz')
SwiftCompile normal arm64_32 /Users/admin/builder/spi-builder-workspace/.dependencies/checkouts/SwiftyToolz/Code/Swift+SwiftyToolz/Dictionary+SwiftyToolz.swift (in target 'SwiftyToolz' from project 'SwiftyToolz')
    cd /Users/admin/builder/spi-builder-workspace/.swiftpm/xcode

SwiftCompile normal arm64_32 /Users/admin/builder/spi-builder-workspace/.dependencies/checkouts/SwiftyToolz/Code/Swift+SwiftyToolz/Int+SwiftyToolz.swift (in target 'SwiftyToolz' from project 'SwiftyToolz')
    cd /Users/admin/builder/spi-builder-workspace/.swiftpm/xcode

SwiftCompile normal arm64_32 Compiling\ BackgroundActor.swift,\ BuildEnvironment.swift,\ Clipboard.swift /Users/admin/builder/spi-builder-workspace/.dependencies/checkouts/SwiftyToolz/Code/BackgroundActor.swift /Users/admin/builder/spi-builder-workspace/.dependencies/checkouts/SwiftyToolz/Code/BuildEnvironment.swift /Users/admin/builder/spi-builder-workspace/.dependencies/checkouts/SwiftyToolz/Code/Clipboard.swift (in target 'SwiftyToolz' from project 'SwiftyToolz')
SwiftCompile normal arm64_32 /Users/admin/builder/spi-builder-workspace/.dependencies/checkouts/SwiftyToolz/Code/BackgroundActor.swift (in target 'SwiftyToolz' from project 'SwiftyToolz')
    cd /Users/admin/builder/spi-builder-workspace/.swiftpm/xcode

SwiftCompile normal arm64_32 /Users/admin/builder/spi-builder-workspace/.dependencies/checkouts/SwiftyToolz/Code/BuildEnvironment.swift (in target 'SwiftyToolz' from project 'SwiftyToolz')
    cd /Users/admin/builder/spi-builder-workspace/.swiftpm/xcode

SwiftCompile normal arm64_32 /Users/admin/builder/spi-builder-workspace/.dependencies/checkouts/SwiftyToolz/Code/Clipboard.swift (in target 'SwiftyToolz' from project 'SwiftyToolz')
    cd /Users/admin/builder/spi-builder-workspace/.swiftpm/xcode

SwiftCompile normal arm64_32 Compiling\ ReadableError.swift,\ Array+SwiftyToolz.swift,\ Collection+Sum.swift /Users/admin/builder/spi-builder-workspace/.dependencies/checkouts/SwiftyToolz/Code/ReadableError.swift /Users/admin/builder/spi-builder-workspace/.dependencies/checkouts/SwiftyToolz/Code/Swift+SwiftyToolz/Array+SwiftyToolz.swift /Users/admin/builder/spi-builder-workspace/.dependencies/checkouts/SwiftyToolz/Code/Swift+SwiftyToolz/Collection+Sum.swift (in target 'SwiftyToolz' from project 'SwiftyToolz')
SwiftCompile normal arm64_32 /Users/admin/builder/spi-builder-workspace/.dependencies/checkouts/SwiftyToolz/Code/ReadableError.swift (in target 'SwiftyToolz' from project 'SwiftyToolz')
    cd /Users/admin/builder/spi-builder-workspace/.swiftpm/xcode

SwiftCompile normal arm64_32 /Users/admin/builder/spi-builder-workspace/.dependencies/checkouts/SwiftyToolz/Code/Swift+SwiftyToolz/Array+SwiftyToolz.swift (in target 'SwiftyToolz' from project 'SwiftyToolz')
    cd /Users/admin/builder/spi-builder-workspace/.swiftpm/xcode

SwiftCompile normal arm64_32 /Users/admin/builder/spi-builder-workspace/.dependencies/checkouts/SwiftyToolz/Code/Swift+SwiftyToolz/Collection+Sum.swift (in target 'SwiftyToolz' from project 'SwiftyToolz')
    cd /Users/admin/builder/spi-builder-workspace/.swiftpm/xcode

SwiftCompile normal arm64_32 Compiling\ Font.swift,\ Geometry.swift /Users/admin/builder/spi-builder-workspace/.dependencies/checkouts/SwiftyToolz/Code/UI\ Model\ Elements/Font.swift /Users/admin/builder/spi-builder-workspace/.dependencies/checkouts/SwiftyToolz/Code/UI\ Model\ Elements/Geometry.swift (in target 'SwiftyToolz' from project 'SwiftyToolz')
SwiftCompile normal arm64_32 /Users/admin/builder/spi-builder-workspace/.dependencies/checkouts/SwiftyToolz/Code/UI\ Model\ Elements/Font.swift (in target 'SwiftyToolz' from project 'SwiftyToolz')
    cd /Users/admin/builder/spi-builder-workspace/.swiftpm/xcode

SwiftCompile normal arm64_32 /Users/admin/builder/spi-builder-workspace/.dependencies/checkouts/SwiftyToolz/Code/UI\ Model\ Elements/Geometry.swift (in target 'SwiftyToolz' from project 'SwiftyToolz')
    cd /Users/admin/builder/spi-builder-workspace/.swiftpm/xcode

SwiftCompile normal arm64_32 Compiling\ Optional+SwiftyToolz.swift,\ Sequence+Async.swift /Users/admin/builder/spi-builder-workspace/.dependencies/checkouts/SwiftyToolz/Code/Swift+SwiftyToolz/Optional+SwiftyToolz.swift /Users/admin/builder/spi-builder-workspace/.dependencies/checkouts/SwiftyToolz/Code/Swift+SwiftyToolz/Sequence+Async.swift (in target 'SwiftyToolz' from project 'SwiftyToolz')
SwiftCompile normal arm64_32 /Users/admin/builder/spi-builder-workspace/.dependencies/checkouts/SwiftyToolz/Code/Swift+SwiftyToolz/Optional+SwiftyToolz.swift (in target 'SwiftyToolz' from project 'SwiftyToolz')
    cd /Users/admin/builder/spi-builder-workspace/.swiftpm/xcode

SwiftCompile normal arm64_32 /Users/admin/builder/spi-builder-workspace/.dependencies/checkouts/SwiftyToolz/Code/Swift+SwiftyToolz/Sequence+Async.swift (in target 'SwiftyToolz' from project 'SwiftyToolz')
    cd /Users/admin/builder/spi-builder-workspace/.swiftpm/xcode

SwiftEmitModule normal arm64 Emitting\ module\ for\ SwiftyToolz (in target 'SwiftyToolz' from project 'SwiftyToolz')
EmitSwiftModule normal arm64 (in target 'SwiftyToolz' from project 'SwiftyToolz')
    cd /Users/admin/builder/spi-builder-workspace/.swiftpm/xcode

SwiftEmitModule normal armv7k Emitting\ module\ for\ SwiftyToolz (in target 'SwiftyToolz' from project 'SwiftyToolz')
EmitSwiftModule normal armv7k (in target 'SwiftyToolz' from project 'SwiftyToolz')
    cd /Users/admin/builder/spi-builder-workspace/.swiftpm/xcode

SwiftCompile normal arm64 Compiling\ Task+SwiftyToolz.swift,\ SwiftHelpers.swift /Users/admin/builder/spi-builder-workspace/.dependencies/checkouts/SwiftyToolz/Code/Swift+SwiftyToolz/Task+SwiftyToolz.swift /Users/admin/builder/spi-builder-workspace/.dependencies/checkouts/SwiftyToolz/Code/SwiftHelpers.swift (in target 'SwiftyToolz' from project 'SwiftyToolz')
SwiftCompile normal arm64 /Users/admin/builder/spi-builder-workspace/.dependencies/checkouts/SwiftyToolz/Code/Swift+SwiftyToolz/Task+SwiftyToolz.swift (in target 'SwiftyToolz' from project 'SwiftyToolz')
    cd /Users/admin/builder/spi-builder-workspace/.swiftpm/xcode

SwiftCompile normal arm64 /Users/admin/builder/spi-builder-workspace/.dependencies/checkouts/SwiftyToolz/Code/SwiftHelpers.swift (in target 'SwiftyToolz' from project 'SwiftyToolz')
    cd /Users/admin/builder/spi-builder-workspace/.swiftpm/xcode

SwiftDriverJobDiscovery normal arm64_32 Compiling Task+SwiftyToolz.swift, SwiftHelpers.swift (in target 'SwiftyToolz' from project 'SwiftyToolz')
SwiftCompile normal arm64 Compiling\ URLString.swift,\ WeakArray.swift /Users/admin/builder/spi-builder-workspace/.dependencies/checkouts/SwiftyToolz/Code/URLString.swift /Users/admin/builder/spi-builder-workspace/.dependencies/checkouts/SwiftyToolz/Code/WeakArray.swift (in target 'SwiftyToolz' from project 'SwiftyToolz')
SwiftCompile normal arm64 /Users/admin/builder/spi-builder-workspace/.dependencies/checkouts/SwiftyToolz/Code/URLString.swift (in target 'SwiftyToolz' from project 'SwiftyToolz')
    cd /Users/admin/builder/spi-builder-workspace/.swiftpm/xcode

SwiftCompile normal arm64 /Users/admin/builder/spi-builder-workspace/.dependencies/checkouts/SwiftyToolz/Code/WeakArray.swift (in target 'SwiftyToolz' from project 'SwiftyToolz')
    cd /Users/admin/builder/spi-builder-workspace/.swiftpm/xcode

SwiftDriverJobDiscovery normal arm64_32 Compiling BackgroundActor.swift, BuildEnvironment.swift, Clipboard.swift (in target 'SwiftyToolz' from project 'SwiftyToolz')
SwiftCompile normal arm64 Compiling\ Set+SwiftyToolz.swift,\ String+SwiftyToolz.swift /Users/admin/builder/spi-builder-workspace/.dependencies/checkouts/SwiftyToolz/Code/Swift+SwiftyToolz/Set+SwiftyToolz.swift /Users/admin/builder/spi-builder-workspace/.dependencies/checkouts/SwiftyToolz/Code/Swift+SwiftyToolz/String+SwiftyToolz.swift (in target 'SwiftyToolz' from project 'SwiftyToolz')
SwiftCompile normal arm64 /Users/admin/builder/spi-builder-workspace/.dependencies/checkouts/SwiftyToolz/Code/Swift+SwiftyToolz/Set+SwiftyToolz.swift (in target 'SwiftyToolz' from project 'SwiftyToolz')
    cd /Users/admin/builder/spi-builder-workspace/.swiftpm/xcode

SwiftCompile normal arm64 /Users/admin/builder/spi-builder-workspace/.dependencies/checkouts/SwiftyToolz/Code/Swift+SwiftyToolz/String+SwiftyToolz.swift (in target 'SwiftyToolz' from project 'SwiftyToolz')
    cd /Users/admin/builder/spi-builder-workspace/.swiftpm/xcode

SwiftDriverJobDiscovery normal arm64_32 Compiling Optional+SwiftyToolz.swift, Sequence+Async.swift (in target 'SwiftyToolz' from project 'SwiftyToolz')
SwiftCompile normal arm64 Compiling\ Font.swift,\ Geometry.swift /Users/admin/builder/spi-builder-workspace/.dependencies/checkouts/SwiftyToolz/Code/UI\ Model\ Elements/Font.swift /Users/admin/builder/spi-builder-workspace/.dependencies/checkouts/SwiftyToolz/Code/UI\ Model\ Elements/Geometry.swift (in target 'SwiftyToolz' from project 'SwiftyToolz')
SwiftCompile normal arm64 /Users/admin/builder/spi-builder-workspace/.dependencies/checkouts/SwiftyToolz/Code/UI\ Model\ Elements/Font.swift (in target 'SwiftyToolz' from project 'SwiftyToolz')
    cd /Users/admin/builder/spi-builder-workspace/.swiftpm/xcode

SwiftCompile normal arm64 /Users/admin/builder/spi-builder-workspace/.dependencies/checkouts/SwiftyToolz/Code/UI\ Model\ Elements/Geometry.swift (in target 'SwiftyToolz' from project 'SwiftyToolz')
    cd /Users/admin/builder/spi-builder-workspace/.swiftpm/xcode

SwiftDriverJobDiscovery normal arm64_32 Compiling Dictionary+SwiftyToolz.swift, Int+SwiftyToolz.swift (in target 'SwiftyToolz' from project 'SwiftyToolz')
SwiftCompile normal armv7k Compiling\ Set+SwiftyToolz.swift,\ String+SwiftyToolz.swift /Users/admin/builder/spi-builder-workspace/.dependencies/checkouts/SwiftyToolz/Code/Swift+SwiftyToolz/Set+SwiftyToolz.swift /Users/admin/builder/spi-builder-workspace/.dependencies/checkouts/SwiftyToolz/Code/Swift+SwiftyToolz/String+SwiftyToolz.swift (in target 'SwiftyToolz' from project 'SwiftyToolz')
SwiftCompile normal armv7k /Users/admin/builder/spi-builder-workspace/.dependencies/checkouts/SwiftyToolz/Code/Swift+SwiftyToolz/Set+SwiftyToolz.swift (in target 'SwiftyToolz' from project 'SwiftyToolz')
    cd /Users/admin/builder/spi-builder-workspace/.swiftpm/xcode

SwiftCompile normal armv7k /Users/admin/builder/spi-builder-workspace/.dependencies/checkouts/SwiftyToolz/Code/Swift+SwiftyToolz/String+SwiftyToolz.swift (in target 'SwiftyToolz' from project 'SwiftyToolz')
    cd /Users/admin/builder/spi-builder-workspace/.swiftpm/xcode

SwiftDriverJobDiscovery normal arm64_32 Compiling Font.swift, Geometry.swift (in target 'SwiftyToolz' from project 'SwiftyToolz')
SwiftCompile normal arm64 Compiling\ Optional+SwiftyToolz.swift,\ Sequence+Async.swift /Users/admin/builder/spi-builder-workspace/.dependencies/checkouts/SwiftyToolz/Code/Swift+SwiftyToolz/Optional+SwiftyToolz.swift /Users/admin/builder/spi-builder-workspace/.dependencies/checkouts/SwiftyToolz/Code/Swift+SwiftyToolz/Sequence+Async.swift (in target 'SwiftyToolz' from project 'SwiftyToolz')
SwiftCompile normal arm64 /Users/admin/builder/spi-builder-workspace/.dependencies/checkouts/SwiftyToolz/Code/Swift+SwiftyToolz/Optional+SwiftyToolz.swift (in target 'SwiftyToolz' from project 'SwiftyToolz')
    cd /Users/admin/builder/spi-builder-workspace/.swiftpm/xcode

SwiftCompile normal arm64 /Users/admin/builder/spi-builder-workspace/.dependencies/checkouts/SwiftyToolz/Code/Swift+SwiftyToolz/Sequence+Async.swift (in target 'SwiftyToolz' from project 'SwiftyToolz')
    cd /Users/admin/builder/spi-builder-workspace/.swiftpm/xcode

SwiftDriverJobDiscovery normal arm64_32 Compiling Set+SwiftyToolz.swift, String+SwiftyToolz.swift (in target 'SwiftyToolz' from project 'SwiftyToolz')
SwiftCompile normal armv7k Compiling\ ReadableError.swift,\ Array+SwiftyToolz.swift,\ Collection+Sum.swift /Users/admin/builder/spi-builder-workspace/.dependencies/checkouts/SwiftyToolz/Code/ReadableError.swift /Users/admin/builder/spi-builder-workspace/.dependencies/checkouts/SwiftyToolz/Code/Swift+SwiftyToolz/Array+SwiftyToolz.swift /Users/admin/builder/spi-builder-workspace/.dependencies/checkouts/SwiftyToolz/Code/Swift+SwiftyToolz/Collection+Sum.swift (in target 'SwiftyToolz' from project 'SwiftyToolz')
SwiftCompile normal armv7k /Users/admin/builder/spi-builder-workspace/.dependencies/checkouts/SwiftyToolz/Code/ReadableError.swift (in target 'SwiftyToolz' from project 'SwiftyToolz')
    cd /Users/admin/builder/spi-builder-workspace/.swiftpm/xcode

SwiftCompile normal armv7k /Users/admin/builder/spi-builder-workspace/.dependencies/checkouts/SwiftyToolz/Code/Swift+SwiftyToolz/Array+SwiftyToolz.swift (in target 'SwiftyToolz' from project 'SwiftyToolz')
    cd /Users/admin/builder/spi-builder-workspace/.swiftpm/xcode

SwiftCompile normal armv7k /Users/admin/builder/spi-builder-workspace/.dependencies/checkouts/SwiftyToolz/Code/Swift+SwiftyToolz/Collection+Sum.swift (in target 'SwiftyToolz' from project 'SwiftyToolz')
    cd /Users/admin/builder/spi-builder-workspace/.swiftpm/xcode

SwiftDriverJobDiscovery normal arm64_32 Emitting module for SwiftyToolz (in target 'SwiftyToolz' from project 'SwiftyToolz')
SwiftDriver\ Compilation\ Requirements SwiftyToolz normal arm64_32 com.apple.xcode.tools.swift.compiler (in target 'SwiftyToolz' from project 'SwiftyToolz')
    cd /Users/admin/builder/spi-builder-workspace/.swiftpm/xcode
    builtin-Swift-Compilation-Requirements -- /Applications/Xcode-16.3.0.app/Contents/Developer/Toolchains/XcodeDefault.xctoolchain/usr/bin/swiftc -module-name SwiftyToolz -Onone -enforce-exclusivity\=checked @/Users/admin/builder/spi-builder-workspace/.derivedData/Build/Intermediates.noindex/SwiftyToolz.build/Debug-watchos/SwiftyToolz.build/Objects-normal/arm64_32/SwiftyToolz.SwiftFileList -DSWIFT_PACKAGE -DDEBUG -DXcode -plugin-path /Applications/Xcode-16.3.0.app/Contents/Developer/Toolchains/XcodeDefault.xctoolchain/usr/lib/swift/host/plugins/testing -enable-experimental-feature DebugDescriptionMacro -sdk /Applications/Xcode-16.3.0.app/Contents/Developer/Platforms/WatchOS.platform/Developer/SDKs/WatchOS11.4.sdk -target arm64_32-apple-watchos5.0 -g -module-cache-path /Users/admin/builder/spi-builder-workspace/.derivedData/ModuleCache.noindex -Xfrontend -serialize-debugging-options -profile-coverage-mapping -profile-generate -enable-testing -suppress-warnings -index-store-path /Users/admin/builder/spi-builder-workspace/.derivedData/Index.noindex/DataStore -swift-version 6 -I /Users/admin/builder/spi-builder-workspace/.derivedData/Build/Products/Debug-watchos -I /Applications/Xcode-16.3.0.app/Contents/Developer/Platforms/WatchOS.platform/Developer/usr/lib -F /Users/admin/builder/spi-builder-workspace/.derivedData/Build/Products/Debug-watchos -F /Applications/Xcode-16.3.0.app/Contents/Developer/Platforms/WatchOS.platform/Developer/Library/Frameworks -F /Applications/Xcode-16.3.0.app/Contents/Developer/Platforms/WatchOS.platform/Developer/SDKs/WatchOS11.4.sdk/Developer/Library/Frameworks -c -j10 -enable-batch-mode -incremental -Xcc -ivfsstatcache -Xcc /Users/admin/builder/spi-builder-workspace/.derivedData/SDKStatCaches.noindex/watchos11.4-22T246-43efb940ff07ba2497b70ec94253f576.sdkstatcache -output-file-map /Users/admin/builder/spi-builder-workspace/.derivedData/Build/Intermediates.noindex/SwiftyToolz.build/Debug-watchos/SwiftyToolz.build/Objects-normal/arm64_32/SwiftyToolz-OutputFileMap.json -use-frontend-parseable-output -save-temps -no-color-diagnostics -serialize-diagnostics -emit-dependencies -emit-module -emit-module-path /Users/admin/builder/spi-builder-workspace/.derivedData/Build/Intermediates.noindex/SwiftyToolz.build/Debug-watchos/SwiftyToolz.build/Objects-normal/arm64_32/SwiftyToolz.swiftmodule -user-module-version 0.5.8 -validate-clang-modules-once -clang-build-session-file /Users/admin/builder/spi-builder-workspace/.derivedData/ModuleCache.noindex/Session.modulevalidation -package-name swiftytoolz -Xcc -I/Users/admin/builder/spi-builder-workspace/.derivedData/Build/Intermediates.noindex/SwiftyToolz.build/Debug-watchos/SwiftyToolz.build/swift-overrides.hmap -emit-const-values -Xfrontend -const-gather-protocols-file -Xfrontend /Users/admin/builder/spi-builder-workspace/.derivedData/Build/Intermediates.noindex/SwiftyToolz.build/Debug-watchos/SwiftyToolz.build/Objects-normal/arm64_32/SwiftyToolz_const_extract_protocols.json -Xcc -I/Users/admin/builder/spi-builder-workspace/.derivedData/Build/Products/Debug-watchos/include -Xcc -I/Users/admin/builder/spi-builder-workspace/.derivedData/Build/Intermediates.noindex/SwiftyToolz.build/Debug-watchos/SwiftyToolz.build/DerivedSources-normal/arm64_32 -Xcc -I/Users/admin/builder/spi-builder-workspace/.derivedData/Build/Intermediates.noindex/SwiftyToolz.build/Debug-watchos/SwiftyToolz.build/DerivedSources/arm64_32 -Xcc -I/Users/admin/builder/spi-builder-workspace/.derivedData/Build/Intermediates.noindex/SwiftyToolz.build/Debug-watchos/SwiftyToolz.build/DerivedSources -Xcc -DSWIFT_PACKAGE -Xcc -DDEBUG\=1 -emit-objc-header -emit-objc-header-path /Users/admin/builder/spi-builder-workspace/.derivedData/Build/Intermediates.noindex/SwiftyToolz.build/Debug-watchos/SwiftyToolz.build/Objects-normal/arm64_32/SwiftyToolz-Swift.h -working-directory /Users/admin/builder/spi-builder-workspace/.swiftpm/xcode -experimental-emit-module-separately -disable-cmo
SwiftDriverJobDiscovery normal arm64 Emitting module for SwiftyToolz (in target 'SwiftyToolz' from project 'SwiftyToolz')
SwiftCompile normal arm64 Compiling\ Dictionary+SwiftyToolz.swift,\ Int+SwiftyToolz.swift /Users/admin/builder/spi-builder-workspace/.dependencies/checkouts/SwiftyToolz/Code/Swift+SwiftyToolz/Dictionary+SwiftyToolz.swift /Users/admin/builder/spi-builder-workspace/.dependencies/checkouts/SwiftyToolz/Code/Swift+SwiftyToolz/Int+SwiftyToolz.swift (in target 'SwiftyToolz' from project 'SwiftyToolz')
SwiftCompile normal arm64 /Users/admin/builder/spi-builder-workspace/.dependencies/checkouts/SwiftyToolz/Code/Swift+SwiftyToolz/Dictionary+SwiftyToolz.swift (in target 'SwiftyToolz' from project 'SwiftyToolz')
    cd /Users/admin/builder/spi-builder-workspace/.swiftpm/xcode

SwiftCompile normal arm64 /Users/admin/builder/spi-builder-workspace/.dependencies/checkouts/SwiftyToolz/Code/Swift+SwiftyToolz/Int+SwiftyToolz.swift (in target 'SwiftyToolz' from project 'SwiftyToolz')
    cd /Users/admin/builder/spi-builder-workspace/.swiftpm/xcode

SwiftDriver\ Compilation\ Requirements SwiftyToolz normal arm64 com.apple.xcode.tools.swift.compiler (in target 'SwiftyToolz' from project 'SwiftyToolz')
    cd /Users/admin/builder/spi-builder-workspace/.swiftpm/xcode
    builtin-Swift-Compilation-Requirements -- /Applications/Xcode-16.3.0.app/Contents/Developer/Toolchains/XcodeDefault.xctoolchain/usr/bin/swiftc -module-name SwiftyToolz -Onone -enforce-exclusivity\=checked @/Users/admin/builder/spi-builder-workspace/.derivedData/Build/Intermediates.noindex/SwiftyToolz.build/Debug-watchos/SwiftyToolz.build/Objects-normal/arm64/SwiftyToolz.SwiftFileList -DSWIFT_PACKAGE -DDEBUG -DXcode -plugin-path /Applications/Xcode-16.3.0.app/Contents/Developer/Toolchains/XcodeDefault.xctoolchain/usr/lib/swift/host/plugins/testing -enable-experimental-feature DebugDescriptionMacro -sdk /Applications/Xcode-16.3.0.app/Contents/Developer/Platforms/WatchOS.platform/Developer/SDKs/WatchOS11.4.sdk -target arm64-apple-watchos5.0 -g -module-cache-path /Users/admin/builder/spi-builder-workspace/.derivedData/ModuleCache.noindex -Xfrontend -serialize-debugging-options -profile-coverage-mapping -profile-generate -enable-testing -suppress-warnings -index-store-path /Users/admin/builder/spi-builder-workspace/.derivedData/Index.noindex/DataStore -swift-version 6 -I /Users/admin/builder/spi-builder-workspace/.derivedData/Build/Products/Debug-watchos -I /Applications/Xcode-16.3.0.app/Contents/Developer/Platforms/WatchOS.platform/Developer/usr/lib -F /Users/admin/builder/spi-builder-workspace/.derivedData/Build/Products/Debug-watchos -F /Applications/Xcode-16.3.0.app/Contents/Developer/Platforms/WatchOS.platform/Developer/Library/Frameworks -F /Applications/Xcode-16.3.0.app/Contents/Developer/Platforms/WatchOS.platform/Developer/SDKs/WatchOS11.4.sdk/Developer/Library/Frameworks -c -j10 -enable-batch-mode -incremental -Xcc -ivfsstatcache -Xcc /Users/admin/builder/spi-builder-workspace/.derivedData/SDKStatCaches.noindex/watchos11.4-22T246-43efb940ff07ba2497b70ec94253f576.sdkstatcache -output-file-map /Users/admin/builder/spi-builder-workspace/.derivedData/Build/Intermediates.noindex/SwiftyToolz.build/Debug-watchos/SwiftyToolz.build/Objects-normal/arm64/SwiftyToolz-OutputFileMap.json -use-frontend-parseable-output -save-temps -no-color-diagnostics -serialize-diagnostics -emit-dependencies -emit-module -emit-module-path /Users/admin/builder/spi-builder-workspace/.derivedData/Build/Intermediates.noindex/SwiftyToolz.build/Debug-watchos/SwiftyToolz.build/Objects-normal/arm64/SwiftyToolz.swiftmodule -user-module-version 0.5.8 -validate-clang-modules-once -clang-build-session-file /Users/admin/builder/spi-builder-workspace/.derivedData/ModuleCache.noindex/Session.modulevalidation -package-name swiftytoolz -Xcc -I/Users/admin/builder/spi-builder-workspace/.derivedData/Build/Intermediates.noindex/SwiftyToolz.build/Debug-watchos/SwiftyToolz.build/swift-overrides.hmap -emit-const-values -Xfrontend -const-gather-protocols-file -Xfrontend /Users/admin/builder/spi-builder-workspace/.derivedData/Build/Intermediates.noindex/SwiftyToolz.build/Debug-watchos/SwiftyToolz.build/Objects-normal/arm64/SwiftyToolz_const_extract_protocols.json -Xcc -I/Users/admin/builder/spi-builder-workspace/.derivedData/Build/Products/Debug-watchos/include -Xcc -I/Users/admin/builder/spi-builder-workspace/.derivedData/Build/Intermediates.noindex/SwiftyToolz.build/Debug-watchos/SwiftyToolz.build/DerivedSources-normal/arm64 -Xcc -I/Users/admin/builder/spi-builder-workspace/.derivedData/Build/Intermediates.noindex/SwiftyToolz.build/Debug-watchos/SwiftyToolz.build/DerivedSources/arm64 -Xcc -I/Users/admin/builder/spi-builder-workspace/.derivedData/Build/Intermediates.noindex/SwiftyToolz.build/Debug-watchos/SwiftyToolz.build/DerivedSources -Xcc -DSWIFT_PACKAGE -Xcc -DDEBUG\=1 -emit-objc-header -emit-objc-header-path /Users/admin/builder/spi-builder-workspace/.derivedData/Build/Intermediates.noindex/SwiftyToolz.build/Debug-watchos/SwiftyToolz.build/Objects-normal/arm64/SwiftyToolz-Swift.h -working-directory /Users/admin/builder/spi-builder-workspace/.swiftpm/xcode -experimental-emit-module-separately -disable-cmo
SwiftDriverJobDiscovery normal armv7k Emitting module for SwiftyToolz (in target 'SwiftyToolz' from project 'SwiftyToolz')
Copy /Users/admin/builder/spi-builder-workspace/.derivedData/Build/Products/Debug-watchos/SwiftyToolz.swiftmodule/arm64_32-apple-watchos.abi.json /Users/admin/builder/spi-builder-workspace/.derivedData/Build/Intermediates.noindex/SwiftyToolz.build/Debug-watchos/SwiftyToolz.build/Objects-normal/arm64_32/SwiftyToolz.abi.json (in target 'SwiftyToolz' from project 'SwiftyToolz')
    cd /Users/admin/builder/spi-builder-workspace/.dependencies/checkouts/SwiftyToolz
    builtin-copy -exclude .DS_Store -exclude CVS -exclude .svn -exclude .git -exclude .hg -resolve-src-symlinks -rename /Users/admin/builder/spi-builder-workspace/.derivedData/Build/Intermediates.noindex/SwiftyToolz.build/Debug-watchos/SwiftyToolz.build/Objects-normal/arm64_32/SwiftyToolz.abi.json /Users/admin/builder/spi-builder-workspace/.derivedData/Build/Products/Debug-watchos/SwiftyToolz.swiftmodule/arm64_32-apple-watchos.abi.json
SwiftDriver\ Compilation\ Requirements SwiftyToolz normal armv7k com.apple.xcode.tools.swift.compiler (in target 'SwiftyToolz' from project 'SwiftyToolz')
    cd /Users/admin/builder/spi-builder-workspace/.swiftpm/xcode
    builtin-Swift-Compilation-Requirements -- /Applications/Xcode-16.3.0.app/Contents/Developer/Toolchains/XcodeDefault.xctoolchain/usr/bin/swiftc -module-name SwiftyToolz -Onone -enforce-exclusivity\=checked @/Users/admin/builder/spi-builder-workspace/.derivedData/Build/Intermediates.noindex/SwiftyToolz.build/Debug-watchos/SwiftyToolz.build/Objects-normal/armv7k/SwiftyToolz.SwiftFileList -DSWIFT_PACKAGE -DDEBUG -DXcode -plugin-path /Applications/Xcode-16.3.0.app/Contents/Developer/Toolchains/XcodeDefault.xctoolchain/usr/lib/swift/host/plugins/testing -enable-experimental-feature DebugDescriptionMacro -sdk /Applications/Xcode-16.3.0.app/Contents/Developer/Platforms/WatchOS.platform/Developer/SDKs/WatchOS11.4.sdk -target armv7k-apple-watchos5.0 -g -module-cache-path /Users/admin/builder/spi-builder-workspace/.derivedData/ModuleCache.noindex -Xfrontend -serialize-debugging-options -profile-coverage-mapping -profile-generate -enable-testing -suppress-warnings -index-store-path /Users/admin/builder/spi-builder-workspace/.derivedData/Index.noindex/DataStore -swift-version 6 -I /Users/admin/builder/spi-builder-workspace/.derivedData/Build/Products/Debug-watchos -I /Applications/Xcode-16.3.0.app/Contents/Developer/Platforms/WatchOS.platform/Developer/usr/lib -F /Users/admin/builder/spi-builder-workspace/.derivedData/Build/Products/Debug-watchos -F /Applications/Xcode-16.3.0.app/Contents/Developer/Platforms/WatchOS.platform/Developer/Library/Frameworks -F /Applications/Xcode-16.3.0.app/Contents/Developer/Platforms/WatchOS.platform/Developer/SDKs/WatchOS11.4.sdk/Developer/Library/Frameworks -c -j10 -enable-batch-mode -incremental -Xcc -ivfsstatcache -Xcc /Users/admin/builder/spi-builder-workspace/.derivedData/SDKStatCaches.noindex/watchos11.4-22T246-43efb940ff07ba2497b70ec94253f576.sdkstatcache -output-file-map /Users/admin/builder/spi-builder-workspace/.derivedData/Build/Intermediates.noindex/SwiftyToolz.build/Debug-watchos/SwiftyToolz.build/Objects-normal/armv7k/SwiftyToolz-OutputFileMap.json -use-frontend-parseable-output -save-temps -no-color-diagnostics -serialize-diagnostics -emit-dependencies -emit-module -emit-module-path /Users/admin/builder/spi-builder-workspace/.derivedData/Build/Intermediates.noindex/SwiftyToolz.build/Debug-watchos/SwiftyToolz.build/Objects-normal/armv7k/SwiftyToolz.swiftmodule -user-module-version 0.5.8 -validate-clang-modules-once -clang-build-session-file /Users/admin/builder/spi-builder-workspace/.derivedData/ModuleCache.noindex/Session.modulevalidation -package-name swiftytoolz -Xcc -I/Users/admin/builder/spi-builder-workspace/.derivedData/Build/Intermediates.noindex/SwiftyToolz.build/Debug-watchos/SwiftyToolz.build/swift-overrides.hmap -emit-const-values -Xfrontend -const-gather-protocols-file -Xfrontend /Users/admin/builder/spi-builder-workspace/.derivedData/Build/Intermediates.noindex/SwiftyToolz.build/Debug-watchos/SwiftyToolz.build/Objects-normal/armv7k/SwiftyToolz_const_extract_protocols.json -Xcc -I/Users/admin/builder/spi-builder-workspace/.derivedData/Build/Products/Debug-watchos/include -Xcc -I/Users/admin/builder/spi-builder-workspace/.derivedData/Build/Intermediates.noindex/SwiftyToolz.build/Debug-watchos/SwiftyToolz.build/DerivedSources-normal/armv7k -Xcc -I/Users/admin/builder/spi-builder-workspace/.derivedData/Build/Intermediates.noindex/SwiftyToolz.build/Debug-watchos/SwiftyToolz.build/DerivedSources/armv7k -Xcc -I/Users/admin/builder/spi-builder-workspace/.derivedData/Build/Intermediates.noindex/SwiftyToolz.build/Debug-watchos/SwiftyToolz.build/DerivedSources -Xcc -DSWIFT_PACKAGE -Xcc -DDEBUG\=1 -emit-objc-header -emit-objc-header-path /Users/admin/builder/spi-builder-workspace/.derivedData/Build/Intermediates.noindex/SwiftyToolz.build/Debug-watchos/SwiftyToolz.build/Objects-normal/armv7k/SwiftyToolz-Swift.h -working-directory /Users/admin/builder/spi-builder-workspace/.swiftpm/xcode -experimental-emit-module-separately -disable-cmo
Copy /Users/admin/builder/spi-builder-workspace/.derivedData/Build/Products/Debug-watchos/SwiftyToolz.swiftmodule/arm64-apple-watchos.abi.json /Users/admin/builder/spi-builder-workspace/.derivedData/Build/Intermediates.noindex/SwiftyToolz.build/Debug-watchos/SwiftyToolz.build/Objects-normal/arm64/SwiftyToolz.abi.json (in target 'SwiftyToolz' from project 'SwiftyToolz')
    cd /Users/admin/builder/spi-builder-workspace/.dependencies/checkouts/SwiftyToolz
    builtin-copy -exclude .DS_Store -exclude CVS -exclude .svn -exclude .git -exclude .hg -resolve-src-symlinks -rename /Users/admin/builder/spi-builder-workspace/.derivedData/Build/Intermediates.noindex/SwiftyToolz.build/Debug-watchos/SwiftyToolz.build/Objects-normal/arm64/SwiftyToolz.abi.json /Users/admin/builder/spi-builder-workspace/.derivedData/Build/Products/Debug-watchos/SwiftyToolz.swiftmodule/arm64-apple-watchos.abi.json
Copy /Users/admin/builder/spi-builder-workspace/.derivedData/Build/Products/Debug-watchos/SwiftyToolz.swiftmodule/armv7k-apple-watchos.abi.json /Users/admin/builder/spi-builder-workspace/.derivedData/Build/Intermediates.noindex/SwiftyToolz.build/Debug-watchos/SwiftyToolz.build/Objects-normal/armv7k/SwiftyToolz.abi.json (in target 'SwiftyToolz' from project 'SwiftyToolz')
    cd /Users/admin/builder/spi-builder-workspace/.dependencies/checkouts/SwiftyToolz
    builtin-copy -exclude .DS_Store -exclude CVS -exclude .svn -exclude .git -exclude .hg -resolve-src-symlinks -rename /Users/admin/builder/spi-builder-workspace/.derivedData/Build/Intermediates.noindex/SwiftyToolz.build/Debug-watchos/SwiftyToolz.build/Objects-normal/armv7k/SwiftyToolz.abi.json /Users/admin/builder/spi-builder-workspace/.derivedData/Build/Products/Debug-watchos/SwiftyToolz.swiftmodule/armv7k-apple-watchos.abi.json
SwiftCompile normal armv7k Compiling\ Font.swift,\ Geometry.swift /Users/admin/builder/spi-builder-workspace/.dependencies/checkouts/SwiftyToolz/Code/UI\ Model\ Elements/Font.swift /Users/admin/builder/spi-builder-workspace/.dependencies/checkouts/SwiftyToolz/Code/UI\ Model\ Elements/Geometry.swift (in target 'SwiftyToolz' from project 'SwiftyToolz')
SwiftCompile normal armv7k /Users/admin/builder/spi-builder-workspace/.dependencies/checkouts/SwiftyToolz/Code/UI\ Model\ Elements/Font.swift (in target 'SwiftyToolz' from project 'SwiftyToolz')
    cd /Users/admin/builder/spi-builder-workspace/.swiftpm/xcode

SwiftCompile normal armv7k /Users/admin/builder/spi-builder-workspace/.dependencies/checkouts/SwiftyToolz/Code/UI\ Model\ Elements/Geometry.swift (in target 'SwiftyToolz' from project 'SwiftyToolz')
    cd /Users/admin/builder/spi-builder-workspace/.swiftpm/xcode

SwiftCompile normal arm64 Compiling\ BackgroundActor.swift,\ BuildEnvironment.swift,\ Clipboard.swift /Users/admin/builder/spi-builder-workspace/.dependencies/checkouts/SwiftyToolz/Code/BackgroundActor.swift /Users/admin/builder/spi-builder-workspace/.dependencies/checkouts/SwiftyToolz/Code/BuildEnvironment.swift /Users/admin/builder/spi-builder-workspace/.dependencies/checkouts/SwiftyToolz/Code/Clipboard.swift (in target 'SwiftyToolz' from project 'SwiftyToolz')
SwiftCompile normal arm64 /Users/admin/builder/spi-builder-workspace/.dependencies/checkouts/SwiftyToolz/Code/BackgroundActor.swift (in target 'SwiftyToolz' from project 'SwiftyToolz')
    cd /Users/admin/builder/spi-builder-workspace/.swiftpm/xcode

SwiftCompile normal arm64 /Users/admin/builder/spi-builder-workspace/.dependencies/checkouts/SwiftyToolz/Code/BuildEnvironment.swift (in target 'SwiftyToolz' from project 'SwiftyToolz')
    cd /Users/admin/builder/spi-builder-workspace/.swiftpm/xcode

SwiftCompile normal arm64 /Users/admin/builder/spi-builder-workspace/.dependencies/checkouts/SwiftyToolz/Code/Clipboard.swift (in target 'SwiftyToolz' from project 'SwiftyToolz')
    cd /Users/admin/builder/spi-builder-workspace/.swiftpm/xcode

SwiftDriverJobDiscovery normal arm64 Compiling Task+SwiftyToolz.swift, SwiftHelpers.swift (in target 'SwiftyToolz' from project 'SwiftyToolz')
SwiftDriver FoundationToolz normal arm64_32 com.apple.xcode.tools.swift.compiler (in target 'FoundationToolz' from project 'FoundationToolz')
    cd /Users/admin/builder/spi-builder-workspace/.swiftpm/xcode
    builtin-SwiftDriver -- /Applications/Xcode-16.3.0.app/Contents/Developer/Toolchains/XcodeDefault.xctoolchain/usr/bin/swiftc -module-name FoundationToolz -Onone -enforce-exclusivity\=checked @/Users/admin/builder/spi-builder-workspace/.derivedData/Build/Intermediates.noindex/FoundationToolz.build/Debug-watchos/FoundationToolz.build/Objects-normal/arm64_32/FoundationToolz.SwiftFileList -DSWIFT_PACKAGE -DDEBUG -DXcode -plugin-path /Applications/Xcode-16.3.0.app/Contents/Developer/Toolchains/XcodeDefault.xctoolchain/usr/lib/swift/host/plugins/testing -enable-experimental-feature DebugDescriptionMacro -sdk /Applications/Xcode-16.3.0.app/Contents/Developer/Platforms/WatchOS.platform/Developer/SDKs/WatchOS11.4.sdk -target arm64_32-apple-watchos5.0 -g -module-cache-path /Users/admin/builder/spi-builder-workspace/.derivedData/ModuleCache.noindex -Xfrontend -serialize-debugging-options -profile-coverage-mapping -profile-generate -enable-testing -index-store-path /Users/admin/builder/spi-builder-workspace/.derivedData/Index.noindex/DataStore -swift-version 6 -I /Users/admin/builder/spi-builder-workspace/.derivedData/Build/Products/Debug-watchos -I /Applications/Xcode-16.3.0.app/Contents/Developer/Platforms/WatchOS.platform/Developer/usr/lib -F /Users/admin/builder/spi-builder-workspace/.derivedData/Build/Products/Debug-watchos/PackageFrameworks -F /Users/admin/builder/spi-builder-workspace/.derivedData/Build/Products/Debug-watchos -F /Applications/Xcode-16.3.0.app/Contents/Developer/Platforms/WatchOS.platform/Developer/Library/Frameworks -F /Applications/Xcode-16.3.0.app/Contents/Developer/Platforms/WatchOS.platform/Developer/SDKs/WatchOS11.4.sdk/Developer/Library/Frameworks -c -j10 -enable-batch-mode -incremental -Xcc -ivfsstatcache -Xcc /Users/admin/builder/spi-builder-workspace/.derivedData/SDKStatCaches.noindex/watchos11.4-22T246-43efb940ff07ba2497b70ec94253f576.sdkstatcache -output-file-map /Users/admin/builder/spi-builder-workspace/.derivedData/Build/Intermediates.noindex/FoundationToolz.build/Debug-watchos/FoundationToolz.build/Objects-normal/arm64_32/FoundationToolz-OutputFileMap.json -use-frontend-parseable-output -save-temps -no-color-diagnostics -serialize-diagnostics -emit-dependencies -emit-module -emit-module-path /Users/admin/builder/spi-builder-workspace/.derivedData/Build/Intermediates.noindex/FoundationToolz.build/Debug-watchos/FoundationToolz.build/Objects-normal/arm64_32/FoundationToolz.swiftmodule -validate-clang-modules-once -clang-build-session-file /Users/admin/builder/spi-builder-workspace/.derivedData/ModuleCache.noindex/Session.modulevalidation -package-name spi_builder_workspace -Xcc -I/Users/admin/builder/spi-builder-workspace/.derivedData/Build/Intermediates.noindex/FoundationToolz.build/Debug-watchos/FoundationToolz.build/swift-overrides.hmap -emit-const-values -Xfrontend -const-gather-protocols-file -Xfrontend /Users/admin/builder/spi-builder-workspace/.derivedData/Build/Intermediates.noindex/FoundationToolz.build/Debug-watchos/FoundationToolz.build/Objects-normal/arm64_32/FoundationToolz_const_extract_protocols.json -Xcc -I/Users/admin/builder/spi-builder-workspace/.derivedData/Build/Products/Debug-watchos/include -Xcc -I/Users/admin/builder/spi-builder-workspace/.derivedData/Build/Intermediates.noindex/FoundationToolz.build/Debug-watchos/FoundationToolz.build/DerivedSources-normal/arm64_32 -Xcc -I/Users/admin/builder/spi-builder-workspace/.derivedData/Build/Intermediates.noindex/FoundationToolz.build/Debug-watchos/FoundationToolz.build/DerivedSources/arm64_32 -Xcc -I/Users/admin/builder/spi-builder-workspace/.derivedData/Build/Intermediates.noindex/FoundationToolz.build/Debug-watchos/FoundationToolz.build/DerivedSources -Xcc -DSWIFT_PACKAGE -Xcc -DDEBUG\=1 -emit-objc-header -emit-objc-header-path /Users/admin/builder/spi-builder-workspace/.derivedData/Build/Intermediates.noindex/FoundationToolz.build/Debug-watchos/FoundationToolz.build/Objects-normal/arm64_32/FoundationToolz-Swift.h -working-directory /Users/admin/builder/spi-builder-workspace/.swiftpm/xcode -experimental-emit-module-separately -disable-cmo
SwiftDriverJobDiscovery normal arm64 Compiling Font.swift, Geometry.swift (in target 'SwiftyToolz' from project 'SwiftyToolz')
SwiftDriver FoundationToolz normal armv7k com.apple.xcode.tools.swift.compiler (in target 'FoundationToolz' from project 'FoundationToolz')
    cd /Users/admin/builder/spi-builder-workspace/.swiftpm/xcode
    builtin-SwiftDriver -- /Applications/Xcode-16.3.0.app/Contents/Developer/Toolchains/XcodeDefault.xctoolchain/usr/bin/swiftc -module-name FoundationToolz -Onone -enforce-exclusivity\=checked @/Users/admin/builder/spi-builder-workspace/.derivedData/Build/Intermediates.noindex/FoundationToolz.build/Debug-watchos/FoundationToolz.build/Objects-normal/armv7k/FoundationToolz.SwiftFileList -DSWIFT_PACKAGE -DDEBUG -DXcode -plugin-path /Applications/Xcode-16.3.0.app/Contents/Developer/Toolchains/XcodeDefault.xctoolchain/usr/lib/swift/host/plugins/testing -enable-experimental-feature DebugDescriptionMacro -sdk /Applications/Xcode-16.3.0.app/Contents/Developer/Platforms/WatchOS.platform/Developer/SDKs/WatchOS11.4.sdk -target armv7k-apple-watchos5.0 -g -module-cache-path /Users/admin/builder/spi-builder-workspace/.derivedData/ModuleCache.noindex -Xfrontend -serialize-debugging-options -profile-coverage-mapping -profile-generate -enable-testing -index-store-path /Users/admin/builder/spi-builder-workspace/.derivedData/Index.noindex/DataStore -swift-version 6 -I /Users/admin/builder/spi-builder-workspace/.derivedData/Build/Products/Debug-watchos -I /Applications/Xcode-16.3.0.app/Contents/Developer/Platforms/WatchOS.platform/Developer/usr/lib -F /Users/admin/builder/spi-builder-workspace/.derivedData/Build/Products/Debug-watchos/PackageFrameworks -F /Users/admin/builder/spi-builder-workspace/.derivedData/Build/Products/Debug-watchos -F /Applications/Xcode-16.3.0.app/Contents/Developer/Platforms/WatchOS.platform/Developer/Library/Frameworks -F /Applications/Xcode-16.3.0.app/Contents/Developer/Platforms/WatchOS.platform/Developer/SDKs/WatchOS11.4.sdk/Developer/Library/Frameworks -c -j10 -enable-batch-mode -incremental -Xcc -ivfsstatcache -Xcc /Users/admin/builder/spi-builder-workspace/.derivedData/SDKStatCaches.noindex/watchos11.4-22T246-43efb940ff07ba2497b70ec94253f576.sdkstatcache -output-file-map /Users/admin/builder/spi-builder-workspace/.derivedData/Build/Intermediates.noindex/FoundationToolz.build/Debug-watchos/FoundationToolz.build/Objects-normal/armv7k/FoundationToolz-OutputFileMap.json -use-frontend-parseable-output -save-temps -no-color-diagnostics -serialize-diagnostics -emit-dependencies -emit-module -emit-module-path /Users/admin/builder/spi-builder-workspace/.derivedData/Build/Intermediates.noindex/FoundationToolz.build/Debug-watchos/FoundationToolz.build/Objects-normal/armv7k/FoundationToolz.swiftmodule -validate-clang-modules-once -clang-build-session-file /Users/admin/builder/spi-builder-workspace/.derivedData/ModuleCache.noindex/Session.modulevalidation -package-name spi_builder_workspace -Xcc -I/Users/admin/builder/spi-builder-workspace/.derivedData/Build/Intermediates.noindex/FoundationToolz.build/Debug-watchos/FoundationToolz.build/swift-overrides.hmap -emit-const-values -Xfrontend -const-gather-protocols-file -Xfrontend /Users/admin/builder/spi-builder-workspace/.derivedData/Build/Intermediates.noindex/FoundationToolz.build/Debug-watchos/FoundationToolz.build/Objects-normal/armv7k/FoundationToolz_const_extract_protocols.json -Xcc -I/Users/admin/builder/spi-builder-workspace/.derivedData/Build/Products/Debug-watchos/include -Xcc -I/Users/admin/builder/spi-builder-workspace/.derivedData/Build/Intermediates.noindex/FoundationToolz.build/Debug-watchos/FoundationToolz.build/DerivedSources-normal/armv7k -Xcc -I/Users/admin/builder/spi-builder-workspace/.derivedData/Build/Intermediates.noindex/FoundationToolz.build/Debug-watchos/FoundationToolz.build/DerivedSources/armv7k -Xcc -I/Users/admin/builder/spi-builder-workspace/.derivedData/Build/Intermediates.noindex/FoundationToolz.build/Debug-watchos/FoundationToolz.build/DerivedSources -Xcc -DSWIFT_PACKAGE -Xcc -DDEBUG\=1 -emit-objc-header -emit-objc-header-path /Users/admin/builder/spi-builder-workspace/.derivedData/Build/Intermediates.noindex/FoundationToolz.build/Debug-watchos/FoundationToolz.build/Objects-normal/armv7k/FoundationToolz-Swift.h -working-directory /Users/admin/builder/spi-builder-workspace/.swiftpm/xcode -experimental-emit-module-separately -disable-cmo
SwiftDriverJobDiscovery normal arm64 Compiling Optional+SwiftyToolz.swift, Sequence+Async.swift (in target 'SwiftyToolz' from project 'SwiftyToolz')
SwiftDriver FoundationToolz normal arm64 com.apple.xcode.tools.swift.compiler (in target 'FoundationToolz' from project 'FoundationToolz')
    cd /Users/admin/builder/spi-builder-workspace/.swiftpm/xcode
    builtin-SwiftDriver -- /Applications/Xcode-16.3.0.app/Contents/Developer/Toolchains/XcodeDefault.xctoolchain/usr/bin/swiftc -module-name FoundationToolz -Onone -enforce-exclusivity\=checked @/Users/admin/builder/spi-builder-workspace/.derivedData/Build/Intermediates.noindex/FoundationToolz.build/Debug-watchos/FoundationToolz.build/Objects-normal/arm64/FoundationToolz.SwiftFileList -DSWIFT_PACKAGE -DDEBUG -DXcode -plugin-path /Applications/Xcode-16.3.0.app/Contents/Developer/Toolchains/XcodeDefault.xctoolchain/usr/lib/swift/host/plugins/testing -enable-experimental-feature DebugDescriptionMacro -sdk /Applications/Xcode-16.3.0.app/Contents/Developer/Platforms/WatchOS.platform/Developer/SDKs/WatchOS11.4.sdk -target arm64-apple-watchos5.0 -g -module-cache-path /Users/admin/builder/spi-builder-workspace/.derivedData/ModuleCache.noindex -Xfrontend -serialize-debugging-options -profile-coverage-mapping -profile-generate -enable-testing -index-store-path /Users/admin/builder/spi-builder-workspace/.derivedData/Index.noindex/DataStore -swift-version 6 -I /Users/admin/builder/spi-builder-workspace/.derivedData/Build/Products/Debug-watchos -I /Applications/Xcode-16.3.0.app/Contents/Developer/Platforms/WatchOS.platform/Developer/usr/lib -F /Users/admin/builder/spi-builder-workspace/.derivedData/Build/Products/Debug-watchos/PackageFrameworks -F /Users/admin/builder/spi-builder-workspace/.derivedData/Build/Products/Debug-watchos -F /Applications/Xcode-16.3.0.app/Contents/Developer/Platforms/WatchOS.platform/Developer/Library/Frameworks -F /Applications/Xcode-16.3.0.app/Contents/Developer/Platforms/WatchOS.platform/Developer/SDKs/WatchOS11.4.sdk/Developer/Library/Frameworks -c -j10 -enable-batch-mode -incremental -Xcc -ivfsstatcache -Xcc /Users/admin/builder/spi-builder-workspace/.derivedData/SDKStatCaches.noindex/watchos11.4-22T246-43efb940ff07ba2497b70ec94253f576.sdkstatcache -output-file-map /Users/admin/builder/spi-builder-workspace/.derivedData/Build/Intermediates.noindex/FoundationToolz.build/Debug-watchos/FoundationToolz.build/Objects-normal/arm64/FoundationToolz-OutputFileMap.json -use-frontend-parseable-output -save-temps -no-color-diagnostics -serialize-diagnostics -emit-dependencies -emit-module -emit-module-path /Users/admin/builder/spi-builder-workspace/.derivedData/Build/Intermediates.noindex/FoundationToolz.build/Debug-watchos/FoundationToolz.build/Objects-normal/arm64/FoundationToolz.swiftmodule -validate-clang-modules-once -clang-build-session-file /Users/admin/builder/spi-builder-workspace/.derivedData/ModuleCache.noindex/Session.modulevalidation -package-name spi_builder_workspace -Xcc -I/Users/admin/builder/spi-builder-workspace/.derivedData/Build/Intermediates.noindex/FoundationToolz.build/Debug-watchos/FoundationToolz.build/swift-overrides.hmap -emit-const-values -Xfrontend -const-gather-protocols-file -Xfrontend /Users/admin/builder/spi-builder-workspace/.derivedData/Build/Intermediates.noindex/FoundationToolz.build/Debug-watchos/FoundationToolz.build/Objects-normal/arm64/FoundationToolz_const_extract_protocols.json -Xcc -I/Users/admin/builder/spi-builder-workspace/.derivedData/Build/Products/Debug-watchos/include -Xcc -I/Users/admin/builder/spi-builder-workspace/.derivedData/Build/Intermediates.noindex/FoundationToolz.build/Debug-watchos/FoundationToolz.build/DerivedSources-normal/arm64 -Xcc -I/Users/admin/builder/spi-builder-workspace/.derivedData/Build/Intermediates.noindex/FoundationToolz.build/Debug-watchos/FoundationToolz.build/DerivedSources/arm64 -Xcc -I/Users/admin/builder/spi-builder-workspace/.derivedData/Build/Intermediates.noindex/FoundationToolz.build/Debug-watchos/FoundationToolz.build/DerivedSources -Xcc -DSWIFT_PACKAGE -Xcc -DDEBUG\=1 -emit-objc-header -emit-objc-header-path /Users/admin/builder/spi-builder-workspace/.derivedData/Build/Intermediates.noindex/FoundationToolz.build/Debug-watchos/FoundationToolz.build/Objects-normal/arm64/FoundationToolz-Swift.h -working-directory /Users/admin/builder/spi-builder-workspace/.swiftpm/xcode -experimental-emit-module-separately -disable-cmo
SwiftDriverJobDiscovery normal arm64 Compiling Set+SwiftyToolz.swift, String+SwiftyToolz.swift (in target 'SwiftyToolz' from project 'SwiftyToolz')
SwiftCompile normal arm64 Compiling\ Copyable.swift,\ JSON.swift,\ Log.swift /Users/admin/builder/spi-builder-workspace/.dependencies/checkouts/SwiftyToolz/Code/Copyable.swift /Users/admin/builder/spi-builder-workspace/.dependencies/checkouts/SwiftyToolz/Code/JSON.swift /Users/admin/builder/spi-builder-workspace/.dependencies/checkouts/SwiftyToolz/Code/Log.swift (in target 'SwiftyToolz' from project 'SwiftyToolz')
SwiftCompile normal arm64 /Users/admin/builder/spi-builder-workspace/.dependencies/checkouts/SwiftyToolz/Code/Copyable.swift (in target 'SwiftyToolz' from project 'SwiftyToolz')
    cd /Users/admin/builder/spi-builder-workspace/.swiftpm/xcode

SwiftCompile normal arm64 /Users/admin/builder/spi-builder-workspace/.dependencies/checkouts/SwiftyToolz/Code/JSON.swift (in target 'SwiftyToolz' from project 'SwiftyToolz')
    cd /Users/admin/builder/spi-builder-workspace/.swiftpm/xcode

SwiftCompile normal arm64 /Users/admin/builder/spi-builder-workspace/.dependencies/checkouts/SwiftyToolz/Code/Log.swift (in target 'SwiftyToolz' from project 'SwiftyToolz')
    cd /Users/admin/builder/spi-builder-workspace/.swiftpm/xcode

SwiftDriverJobDiscovery normal arm64 Compiling URLString.swift, WeakArray.swift (in target 'SwiftyToolz' from project 'SwiftyToolz')
SwiftCompile normal arm64 Compiling\ ReadableError.swift,\ Array+SwiftyToolz.swift,\ Collection+Sum.swift /Users/admin/builder/spi-builder-workspace/.dependencies/checkouts/SwiftyToolz/Code/ReadableError.swift /Users/admin/builder/spi-builder-workspace/.dependencies/checkouts/SwiftyToolz/Code/Swift+SwiftyToolz/Array+SwiftyToolz.swift /Users/admin/builder/spi-builder-workspace/.dependencies/checkouts/SwiftyToolz/Code/Swift+SwiftyToolz/Collection+Sum.swift (in target 'SwiftyToolz' from project 'SwiftyToolz')
SwiftCompile normal arm64 /Users/admin/builder/spi-builder-workspace/.dependencies/checkouts/SwiftyToolz/Code/ReadableError.swift (in target 'SwiftyToolz' from project 'SwiftyToolz')
    cd /Users/admin/builder/spi-builder-workspace/.swiftpm/xcode

SwiftCompile normal arm64 /Users/admin/builder/spi-builder-workspace/.dependencies/checkouts/SwiftyToolz/Code/Swift+SwiftyToolz/Array+SwiftyToolz.swift (in target 'SwiftyToolz' from project 'SwiftyToolz')
    cd /Users/admin/builder/spi-builder-workspace/.swiftpm/xcode

SwiftCompile normal arm64 /Users/admin/builder/spi-builder-workspace/.dependencies/checkouts/SwiftyToolz/Code/Swift+SwiftyToolz/Collection+Sum.swift (in target 'SwiftyToolz' from project 'SwiftyToolz')
    cd /Users/admin/builder/spi-builder-workspace/.swiftpm/xcode

SwiftDriverJobDiscovery normal arm64_32 Compiling ReadableError.swift, Array+SwiftyToolz.swift, Collection+Sum.swift (in target 'SwiftyToolz' from project 'SwiftyToolz')
SwiftCompile normal armv7k Compiling\ URLString.swift,\ WeakArray.swift /Users/admin/builder/spi-builder-workspace/.dependencies/checkouts/SwiftyToolz/Code/URLString.swift /Users/admin/builder/spi-builder-workspace/.dependencies/checkouts/SwiftyToolz/Code/WeakArray.swift (in target 'SwiftyToolz' from project 'SwiftyToolz')
SwiftCompile normal armv7k /Users/admin/builder/spi-builder-workspace/.dependencies/checkouts/SwiftyToolz/Code/URLString.swift (in target 'SwiftyToolz' from project 'SwiftyToolz')
    cd /Users/admin/builder/spi-builder-workspace/.swiftpm/xcode

SwiftCompile normal armv7k /Users/admin/builder/spi-builder-workspace/.dependencies/checkouts/SwiftyToolz/Code/WeakArray.swift (in target 'SwiftyToolz' from project 'SwiftyToolz')
    cd /Users/admin/builder/spi-builder-workspace/.swiftpm/xcode

SwiftDriverJobDiscovery normal armv7k Compiling Set+SwiftyToolz.swift, String+SwiftyToolz.swift (in target 'SwiftyToolz' from project 'SwiftyToolz')
SwiftCompile normal armv7k Compiling\ Optional+SwiftyToolz.swift,\ Sequence+Async.swift /Users/admin/builder/spi-builder-workspace/.dependencies/checkouts/SwiftyToolz/Code/Swift+SwiftyToolz/Optional+SwiftyToolz.swift /Users/admin/builder/spi-builder-workspace/.dependencies/checkouts/SwiftyToolz/Code/Swift+SwiftyToolz/Sequence+Async.swift (in target 'SwiftyToolz' from project 'SwiftyToolz')
SwiftCompile normal armv7k /Users/admin/builder/spi-builder-workspace/.dependencies/checkouts/SwiftyToolz/Code/Swift+SwiftyToolz/Optional+SwiftyToolz.swift (in target 'SwiftyToolz' from project 'SwiftyToolz')
    cd /Users/admin/builder/spi-builder-workspace/.swiftpm/xcode

SwiftCompile normal armv7k /Users/admin/builder/spi-builder-workspace/.dependencies/checkouts/SwiftyToolz/Code/Swift+SwiftyToolz/Sequence+Async.swift (in target 'SwiftyToolz' from project 'SwiftyToolz')
    cd /Users/admin/builder/spi-builder-workspace/.swiftpm/xcode

SwiftCompile normal armv7k Compiling\ Task+SwiftyToolz.swift,\ SwiftHelpers.swift /Users/admin/builder/spi-builder-workspace/.dependencies/checkouts/SwiftyToolz/Code/Swift+SwiftyToolz/Task+SwiftyToolz.swift /Users/admin/builder/spi-builder-workspace/.dependencies/checkouts/SwiftyToolz/Code/SwiftHelpers.swift (in target 'SwiftyToolz' from project 'SwiftyToolz')
SwiftCompile normal armv7k /Users/admin/builder/spi-builder-workspace/.dependencies/checkouts/SwiftyToolz/Code/Swift+SwiftyToolz/Task+SwiftyToolz.swift (in target 'SwiftyToolz' from project 'SwiftyToolz')
    cd /Users/admin/builder/spi-builder-workspace/.swiftpm/xcode

SwiftCompile normal armv7k /Users/admin/builder/spi-builder-workspace/.dependencies/checkouts/SwiftyToolz/Code/SwiftHelpers.swift (in target 'SwiftyToolz' from project 'SwiftyToolz')
    cd /Users/admin/builder/spi-builder-workspace/.swiftpm/xcode

SwiftCompile normal armv7k Compiling\ BackgroundActor.swift,\ BuildEnvironment.swift,\ Clipboard.swift /Users/admin/builder/spi-builder-workspace/.dependencies/checkouts/SwiftyToolz/Code/BackgroundActor.swift /Users/admin/builder/spi-builder-workspace/.dependencies/checkouts/SwiftyToolz/Code/BuildEnvironment.swift /Users/admin/builder/spi-builder-workspace/.dependencies/checkouts/SwiftyToolz/Code/Clipboard.swift (in target 'SwiftyToolz' from project 'SwiftyToolz')
SwiftCompile normal armv7k /Users/admin/builder/spi-builder-workspace/.dependencies/checkouts/SwiftyToolz/Code/BackgroundActor.swift (in target 'SwiftyToolz' from project 'SwiftyToolz')
    cd /Users/admin/builder/spi-builder-workspace/.swiftpm/xcode

SwiftCompile normal armv7k /Users/admin/builder/spi-builder-workspace/.dependencies/checkouts/SwiftyToolz/Code/BuildEnvironment.swift (in target 'SwiftyToolz' from project 'SwiftyToolz')
    cd /Users/admin/builder/spi-builder-workspace/.swiftpm/xcode

SwiftCompile normal armv7k /Users/admin/builder/spi-builder-workspace/.dependencies/checkouts/SwiftyToolz/Code/Clipboard.swift (in target 'SwiftyToolz' from project 'SwiftyToolz')
    cd /Users/admin/builder/spi-builder-workspace/.swiftpm/xcode

SwiftEmitModule normal armv7k Emitting\ module\ for\ FoundationToolz (in target 'FoundationToolz' from project 'FoundationToolz')
EmitSwiftModule normal armv7k (in target 'FoundationToolz' from project 'FoundationToolz')
    cd /Users/admin/builder/spi-builder-workspace/.swiftpm/xcode

SwiftDriverJobDiscovery normal arm64 Compiling Dictionary+SwiftyToolz.swift, Int+SwiftyToolz.swift (in target 'SwiftyToolz' from project 'SwiftyToolz')
SwiftEmitModule normal arm64_32 Emitting\ module\ for\ FoundationToolz (in target 'FoundationToolz' from project 'FoundationToolz')
EmitSwiftModule normal arm64_32 (in target 'FoundationToolz' from project 'FoundationToolz')
    cd /Users/admin/builder/spi-builder-workspace/.swiftpm/xcode

SwiftDriverJobDiscovery normal arm64 Compiling BackgroundActor.swift, BuildEnvironment.swift, Clipboard.swift (in target 'SwiftyToolz' from project 'SwiftyToolz')
SwiftEmitModule normal arm64 Emitting\ module\ for\ FoundationToolz (in target 'FoundationToolz' from project 'FoundationToolz')
EmitSwiftModule normal arm64 (in target 'FoundationToolz' from project 'FoundationToolz')
    cd /Users/admin/builder/spi-builder-workspace/.swiftpm/xcode

SwiftDriverJobDiscovery normal armv7k Compiling Font.swift, Geometry.swift (in target 'SwiftyToolz' from project 'SwiftyToolz')
SwiftCompile normal arm64_32 Compiling\ URLString.swift,\ WeakArray.swift /Users/admin/builder/spi-builder-workspace/.dependencies/checkouts/SwiftyToolz/Code/URLString.swift /Users/admin/builder/spi-builder-workspace/.dependencies/checkouts/SwiftyToolz/Code/WeakArray.swift (in target 'SwiftyToolz' from project 'SwiftyToolz')
SwiftCompile normal arm64_32 /Users/admin/builder/spi-builder-workspace/.dependencies/checkouts/SwiftyToolz/Code/URLString.swift (in target 'SwiftyToolz' from project 'SwiftyToolz')
    cd /Users/admin/builder/spi-builder-workspace/.swiftpm/xcode

SwiftCompile normal arm64_32 /Users/admin/builder/spi-builder-workspace/.dependencies/checkouts/SwiftyToolz/Code/WeakArray.swift (in target 'SwiftyToolz' from project 'SwiftyToolz')
    cd /Users/admin/builder/spi-builder-workspace/.swiftpm/xcode

SwiftDriverJobDiscovery normal armv7k Compiling ReadableError.swift, Array+SwiftyToolz.swift, Collection+Sum.swift (in target 'SwiftyToolz' from project 'SwiftyToolz')
SwiftCompile normal armv7k Compiling\ Dictionary+SwiftyToolz.swift,\ Int+SwiftyToolz.swift /Users/admin/builder/spi-builder-workspace/.dependencies/checkouts/SwiftyToolz/Code/Swift+SwiftyToolz/Dictionary+SwiftyToolz.swift /Users/admin/builder/spi-builder-workspace/.dependencies/checkouts/SwiftyToolz/Code/Swift+SwiftyToolz/Int+SwiftyToolz.swift (in target 'SwiftyToolz' from project 'SwiftyToolz')
SwiftCompile normal armv7k /Users/admin/builder/spi-builder-workspace/.dependencies/checkouts/SwiftyToolz/Code/Swift+SwiftyToolz/Dictionary+SwiftyToolz.swift (in target 'SwiftyToolz' from project 'SwiftyToolz')
    cd /Users/admin/builder/spi-builder-workspace/.swiftpm/xcode

SwiftCompile normal armv7k /Users/admin/builder/spi-builder-workspace/.dependencies/checkouts/SwiftyToolz/Code/Swift+SwiftyToolz/Int+SwiftyToolz.swift (in target 'SwiftyToolz' from project 'SwiftyToolz')
    cd /Users/admin/builder/spi-builder-workspace/.swiftpm/xcode

SwiftDriverJobDiscovery normal armv7k Compiling Task+SwiftyToolz.swift, SwiftHelpers.swift (in target 'SwiftyToolz' from project 'SwiftyToolz')
SwiftCompile normal arm64_32 Compiling\ Copyable.swift,\ JSON.swift,\ Log.swift /Users/admin/builder/spi-builder-workspace/.dependencies/checkouts/SwiftyToolz/Code/Copyable.swift /Users/admin/builder/spi-builder-workspace/.dependencies/checkouts/SwiftyToolz/Code/JSON.swift /Users/admin/builder/spi-builder-workspace/.dependencies/checkouts/SwiftyToolz/Code/Log.swift (in target 'SwiftyToolz' from project 'SwiftyToolz')
SwiftCompile normal arm64_32 /Users/admin/builder/spi-builder-workspace/.dependencies/checkouts/SwiftyToolz/Code/Copyable.swift (in target 'SwiftyToolz' from project 'SwiftyToolz')
    cd /Users/admin/builder/spi-builder-workspace/.swiftpm/xcode

SwiftCompile normal arm64_32 /Users/admin/builder/spi-builder-workspace/.dependencies/checkouts/SwiftyToolz/Code/JSON.swift (in target 'SwiftyToolz' from project 'SwiftyToolz')
    cd /Users/admin/builder/spi-builder-workspace/.swiftpm/xcode

SwiftCompile normal arm64_32 /Users/admin/builder/spi-builder-workspace/.dependencies/checkouts/SwiftyToolz/Code/Log.swift (in target 'SwiftyToolz' from project 'SwiftyToolz')
    cd /Users/admin/builder/spi-builder-workspace/.swiftpm/xcode

SwiftDriverJobDiscovery normal armv7k Compiling Optional+SwiftyToolz.swift, Sequence+Async.swift (in target 'SwiftyToolz' from project 'SwiftyToolz')
SwiftCompile normal armv7k Compiling\ Timeout.swift,\ Color.swift /Users/admin/builder/spi-builder-workspace/.dependencies/checkouts/SwiftyToolz/Code/Timeout.swift /Users/admin/builder/spi-builder-workspace/.dependencies/checkouts/SwiftyToolz/Code/UI\ Model\ Elements/Color.swift (in target 'SwiftyToolz' from project 'SwiftyToolz')
SwiftCompile normal armv7k /Users/admin/builder/spi-builder-workspace/.dependencies/checkouts/SwiftyToolz/Code/Timeout.swift (in target 'SwiftyToolz' from project 'SwiftyToolz')
    cd /Users/admin/builder/spi-builder-workspace/.swiftpm/xcode

SwiftCompile normal armv7k /Users/admin/builder/spi-builder-workspace/.dependencies/checkouts/SwiftyToolz/Code/UI\ Model\ Elements/Color.swift (in target 'SwiftyToolz' from project 'SwiftyToolz')
    cd /Users/admin/builder/spi-builder-workspace/.swiftpm/xcode

SwiftDriverJobDiscovery normal armv7k Compiling BackgroundActor.swift, BuildEnvironment.swift, Clipboard.swift (in target 'SwiftyToolz' from project 'SwiftyToolz')
SwiftCompile normal arm64_32 Compiling\ Timeout.swift,\ Color.swift /Users/admin/builder/spi-builder-workspace/.dependencies/checkouts/SwiftyToolz/Code/Timeout.swift /Users/admin/builder/spi-builder-workspace/.dependencies/checkouts/SwiftyToolz/Code/UI\ Model\ Elements/Color.swift (in target 'SwiftyToolz' from project 'SwiftyToolz')
SwiftCompile normal arm64_32 /Users/admin/builder/spi-builder-workspace/.dependencies/checkouts/SwiftyToolz/Code/Timeout.swift (in target 'SwiftyToolz' from project 'SwiftyToolz')
    cd /Users/admin/builder/spi-builder-workspace/.swiftpm/xcode

SwiftCompile normal arm64_32 /Users/admin/builder/spi-builder-workspace/.dependencies/checkouts/SwiftyToolz/Code/UI\ Model\ Elements/Color.swift (in target 'SwiftyToolz' from project 'SwiftyToolz')
    cd /Users/admin/builder/spi-builder-workspace/.swiftpm/xcode

SwiftDriverJobDiscovery normal armv7k Compiling URLString.swift, WeakArray.swift (in target 'SwiftyToolz' from project 'SwiftyToolz')
SwiftCompile normal arm64 Compiling\ Timeout.swift,\ Color.swift /Users/admin/builder/spi-builder-workspace/.dependencies/checkouts/SwiftyToolz/Code/Timeout.swift /Users/admin/builder/spi-builder-workspace/.dependencies/checkouts/SwiftyToolz/Code/UI\ Model\ Elements/Color.swift (in target 'SwiftyToolz' from project 'SwiftyToolz')
SwiftCompile normal arm64 /Users/admin/builder/spi-builder-workspace/.dependencies/checkouts/SwiftyToolz/Code/Timeout.swift (in target 'SwiftyToolz' from project 'SwiftyToolz')
    cd /Users/admin/builder/spi-builder-workspace/.swiftpm/xcode

SwiftCompile normal arm64 /Users/admin/builder/spi-builder-workspace/.dependencies/checkouts/SwiftyToolz/Code/UI\ Model\ Elements/Color.swift (in target 'SwiftyToolz' from project 'SwiftyToolz')
    cd /Users/admin/builder/spi-builder-workspace/.swiftpm/xcode

SwiftDriverJobDiscovery normal arm64 Compiling Copyable.swift, JSON.swift, Log.swift (in target 'SwiftyToolz' from project 'SwiftyToolz')
SwiftCompile normal armv7k Compiling\ Copyable.swift,\ JSON.swift,\ Log.swift /Users/admin/builder/spi-builder-workspace/.dependencies/checkouts/SwiftyToolz/Code/Copyable.swift /Users/admin/builder/spi-builder-workspace/.dependencies/checkouts/SwiftyToolz/Code/JSON.swift /Users/admin/builder/spi-builder-workspace/.dependencies/checkouts/SwiftyToolz/Code/Log.swift (in target 'SwiftyToolz' from project 'SwiftyToolz')
SwiftCompile normal armv7k /Users/admin/builder/spi-builder-workspace/.dependencies/checkouts/SwiftyToolz/Code/Copyable.swift (in target 'SwiftyToolz' from project 'SwiftyToolz')
    cd /Users/admin/builder/spi-builder-workspace/.swiftpm/xcode

SwiftCompile normal armv7k /Users/admin/builder/spi-builder-workspace/.dependencies/checkouts/SwiftyToolz/Code/JSON.swift (in target 'SwiftyToolz' from project 'SwiftyToolz')
    cd /Users/admin/builder/spi-builder-workspace/.swiftpm/xcode

SwiftCompile normal armv7k /Users/admin/builder/spi-builder-workspace/.dependencies/checkouts/SwiftyToolz/Code/Log.swift (in target 'SwiftyToolz' from project 'SwiftyToolz')
    cd /Users/admin/builder/spi-builder-workspace/.swiftpm/xcode

SwiftDriverJobDiscovery normal arm64 Compiling ReadableError.swift, Array+SwiftyToolz.swift, Collection+Sum.swift (in target 'SwiftyToolz' from project 'SwiftyToolz')
SwiftCompile normal arm64 Compiling\ Timer+FoundationToolz.swift,\ URL+FoundationToolz.swift,\ URL+HTTPRequests.swift /Users/admin/builder/spi-builder-workspace/Code/Foundation+FoundationToolz/Timer+FoundationToolz.swift /Users/admin/builder/spi-builder-workspace/Code/Foundation+FoundationToolz/URL+FoundationToolz.swift /Users/admin/builder/spi-builder-workspace/Code/Foundation+FoundationToolz/URL+HTTPRequests.swift (in target 'FoundationToolz' from project 'FoundationToolz')
SwiftCompile normal arm64 /Users/admin/builder/spi-builder-workspace/Code/Foundation+FoundationToolz/Timer+FoundationToolz.swift (in target 'FoundationToolz' from project 'FoundationToolz')
    cd /Users/admin/builder/spi-builder-workspace/.swiftpm/xcode

SwiftCompile normal arm64 /Users/admin/builder/spi-builder-workspace/Code/Foundation+FoundationToolz/URL+FoundationToolz.swift (in target 'FoundationToolz' from project 'FoundationToolz')
    cd /Users/admin/builder/spi-builder-workspace/.swiftpm/xcode

SwiftCompile normal arm64 /Users/admin/builder/spi-builder-workspace/Code/Foundation+FoundationToolz/URL+HTTPRequests.swift (in target 'FoundationToolz' from project 'FoundationToolz')
    cd /Users/admin/builder/spi-builder-workspace/.swiftpm/xcode

SwiftDriverJobDiscovery normal armv7k Emitting module for FoundationToolz (in target 'FoundationToolz' from project 'FoundationToolz')
SwiftDriver\ Compilation\ Requirements FoundationToolz normal armv7k com.apple.xcode.tools.swift.compiler (in target 'FoundationToolz' from project 'FoundationToolz')
    cd /Users/admin/builder/spi-builder-workspace/.swiftpm/xcode
    builtin-Swift-Compilation-Requirements -- /Applications/Xcode-16.3.0.app/Contents/Developer/Toolchains/XcodeDefault.xctoolchain/usr/bin/swiftc -module-name FoundationToolz -Onone -enforce-exclusivity\=checked @/Users/admin/builder/spi-builder-workspace/.derivedData/Build/Intermediates.noindex/FoundationToolz.build/Debug-watchos/FoundationToolz.build/Objects-normal/armv7k/FoundationToolz.SwiftFileList -DSWIFT_PACKAGE -DDEBUG -DXcode -plugin-path /Applications/Xcode-16.3.0.app/Contents/Developer/Toolchains/XcodeDefault.xctoolchain/usr/lib/swift/host/plugins/testing -enable-experimental-feature DebugDescriptionMacro -sdk /Applications/Xcode-16.3.0.app/Contents/Developer/Platforms/WatchOS.platform/Developer/SDKs/WatchOS11.4.sdk -target armv7k-apple-watchos5.0 -g -module-cache-path /Users/admin/builder/spi-builder-workspace/.derivedData/ModuleCache.noindex -Xfrontend -serialize-debugging-options -profile-coverage-mapping -profile-generate -enable-testing -index-store-path /Users/admin/builder/spi-builder-workspace/.derivedData/Index.noindex/DataStore -swift-version 6 -I /Users/admin/builder/spi-builder-workspace/.derivedData/Build/Products/Debug-watchos -I /Applications/Xcode-16.3.0.app/Contents/Developer/Platforms/WatchOS.platform/Developer/usr/lib -F /Users/admin/builder/spi-builder-workspace/.derivedData/Build/Products/Debug-watchos/PackageFrameworks -F /Users/admin/builder/spi-builder-workspace/.derivedData/Build/Products/Debug-watchos -F /Applications/Xcode-16.3.0.app/Contents/Developer/Platforms/WatchOS.platform/Developer/Library/Frameworks -F /Applications/Xcode-16.3.0.app/Contents/Developer/Platforms/WatchOS.platform/Developer/SDKs/WatchOS11.4.sdk/Developer/Library/Frameworks -c -j10 -enable-batch-mode -incremental -Xcc -ivfsstatcache -Xcc /Users/admin/builder/spi-builder-workspace/.derivedData/SDKStatCaches.noindex/watchos11.4-22T246-43efb940ff07ba2497b70ec94253f576.sdkstatcache -output-file-map /Users/admin/builder/spi-builder-workspace/.derivedData/Build/Intermediates.noindex/FoundationToolz.build/Debug-watchos/FoundationToolz.build/Objects-normal/armv7k/FoundationToolz-OutputFileMap.json -use-frontend-parseable-output -save-temps -no-color-diagnostics -serialize-diagnostics -emit-dependencies -emit-module -emit-module-path /Users/admin/builder/spi-builder-workspace/.derivedData/Build/Intermediates.noindex/FoundationToolz.build/Debug-watchos/FoundationToolz.build/Objects-normal/armv7k/FoundationToolz.swiftmodule -validate-clang-modules-once -clang-build-session-file /Users/admin/builder/spi-builder-workspace/.derivedData/ModuleCache.noindex/Session.modulevalidation -package-name spi_builder_workspace -Xcc -I/Users/admin/builder/spi-builder-workspace/.derivedData/Build/Intermediates.noindex/FoundationToolz.build/Debug-watchos/FoundationToolz.build/swift-overrides.hmap -emit-const-values -Xfrontend -const-gather-protocols-file -Xfrontend /Users/admin/builder/spi-builder-workspace/.derivedData/Build/Intermediates.noindex/FoundationToolz.build/Debug-watchos/FoundationToolz.build/Objects-normal/armv7k/FoundationToolz_const_extract_protocols.json -Xcc -I/Users/admin/builder/spi-builder-workspace/.derivedData/Build/Products/Debug-watchos/include -Xcc -I/Users/admin/builder/spi-builder-workspace/.derivedData/Build/Intermediates.noindex/FoundationToolz.build/Debug-watchos/FoundationToolz.build/DerivedSources-normal/armv7k -Xcc -I/Users/admin/builder/spi-builder-workspace/.derivedData/Build/Intermediates.noindex/FoundationToolz.build/Debug-watchos/FoundationToolz.build/DerivedSources/armv7k -Xcc -I/Users/admin/builder/spi-builder-workspace/.derivedData/Build/Intermediates.noindex/FoundationToolz.build/Debug-watchos/FoundationToolz.build/DerivedSources -Xcc -DSWIFT_PACKAGE -Xcc -DDEBUG\=1 -emit-objc-header -emit-objc-header-path /Users/admin/builder/spi-builder-workspace/.derivedData/Build/Intermediates.noindex/FoundationToolz.build/Debug-watchos/FoundationToolz.build/Objects-normal/armv7k/FoundationToolz-Swift.h -working-directory /Users/admin/builder/spi-builder-workspace/.swiftpm/xcode -experimental-emit-module-separately -disable-cmo
SwiftDriverJobDiscovery normal arm64_32 Emitting module for FoundationToolz (in target 'FoundationToolz' from project 'FoundationToolz')
SwiftDriver\ Compilation\ Requirements FoundationToolz normal arm64_32 com.apple.xcode.tools.swift.compiler (in target 'FoundationToolz' from project 'FoundationToolz')
    cd /Users/admin/builder/spi-builder-workspace/.swiftpm/xcode
    builtin-Swift-Compilation-Requirements -- /Applications/Xcode-16.3.0.app/Contents/Developer/Toolchains/XcodeDefault.xctoolchain/usr/bin/swiftc -module-name FoundationToolz -Onone -enforce-exclusivity\=checked @/Users/admin/builder/spi-builder-workspace/.derivedData/Build/Intermediates.noindex/FoundationToolz.build/Debug-watchos/FoundationToolz.build/Objects-normal/arm64_32/FoundationToolz.SwiftFileList -DSWIFT_PACKAGE -DDEBUG -DXcode -plugin-path /Applications/Xcode-16.3.0.app/Contents/Developer/Toolchains/XcodeDefault.xctoolchain/usr/lib/swift/host/plugins/testing -enable-experimental-feature DebugDescriptionMacro -sdk /Applications/Xcode-16.3.0.app/Contents/Developer/Platforms/WatchOS.platform/Developer/SDKs/WatchOS11.4.sdk -target arm64_32-apple-watchos5.0 -g -module-cache-path /Users/admin/builder/spi-builder-workspace/.derivedData/ModuleCache.noindex -Xfrontend -serialize-debugging-options -profile-coverage-mapping -profile-generate -enable-testing -index-store-path /Users/admin/builder/spi-builder-workspace/.derivedData/Index.noindex/DataStore -swift-version 6 -I /Users/admin/builder/spi-builder-workspace/.derivedData/Build/Products/Debug-watchos -I /Applications/Xcode-16.3.0.app/Contents/Developer/Platforms/WatchOS.platform/Developer/usr/lib -F /Users/admin/builder/spi-builder-workspace/.derivedData/Build/Products/Debug-watchos/PackageFrameworks -F /Users/admin/builder/spi-builder-workspace/.derivedData/Build/Products/Debug-watchos -F /Applications/Xcode-16.3.0.app/Contents/Developer/Platforms/WatchOS.platform/Developer/Library/Frameworks -F /Applications/Xcode-16.3.0.app/Contents/Developer/Platforms/WatchOS.platform/Developer/SDKs/WatchOS11.4.sdk/Developer/Library/Frameworks -c -j10 -enable-batch-mode -incremental -Xcc -ivfsstatcache -Xcc /Users/admin/builder/spi-builder-workspace/.derivedData/SDKStatCaches.noindex/watchos11.4-22T246-43efb940ff07ba2497b70ec94253f576.sdkstatcache -output-file-map /Users/admin/builder/spi-builder-workspace/.derivedData/Build/Intermediates.noindex/FoundationToolz.build/Debug-watchos/FoundationToolz.build/Objects-normal/arm64_32/FoundationToolz-OutputFileMap.json -use-frontend-parseable-output -save-temps -no-color-diagnostics -serialize-diagnostics -emit-dependencies -emit-module -emit-module-path /Users/admin/builder/spi-builder-workspace/.derivedData/Build/Intermediates.noindex/FoundationToolz.build/Debug-watchos/FoundationToolz.build/Objects-normal/arm64_32/FoundationToolz.swiftmodule -validate-clang-modules-once -clang-build-session-file /Users/admin/builder/spi-builder-workspace/.derivedData/ModuleCache.noindex/Session.modulevalidation -package-name spi_builder_workspace -Xcc -I/Users/admin/builder/spi-builder-workspace/.derivedData/Build/Intermediates.noindex/FoundationToolz.build/Debug-watchos/FoundationToolz.build/swift-overrides.hmap -emit-const-values -Xfrontend -const-gather-protocols-file -Xfrontend /Users/admin/builder/spi-builder-workspace/.derivedData/Build/Intermediates.noindex/FoundationToolz.build/Debug-watchos/FoundationToolz.build/Objects-normal/arm64_32/FoundationToolz_const_extract_protocols.json -Xcc -I/Users/admin/builder/spi-builder-workspace/.derivedData/Build/Products/Debug-watchos/include -Xcc -I/Users/admin/builder/spi-builder-workspace/.derivedData/Build/Intermediates.noindex/FoundationToolz.build/Debug-watchos/FoundationToolz.build/DerivedSources-normal/arm64_32 -Xcc -I/Users/admin/builder/spi-builder-workspace/.derivedData/Build/Intermediates.noindex/FoundationToolz.build/Debug-watchos/FoundationToolz.build/DerivedSources/arm64_32 -Xcc -I/Users/admin/builder/spi-builder-workspace/.derivedData/Build/Intermediates.noindex/FoundationToolz.build/Debug-watchos/FoundationToolz.build/DerivedSources -Xcc -DSWIFT_PACKAGE -Xcc -DDEBUG\=1 -emit-objc-header -emit-objc-header-path /Users/admin/builder/spi-builder-workspace/.derivedData/Build/Intermediates.noindex/FoundationToolz.build/Debug-watchos/FoundationToolz.build/Objects-normal/arm64_32/FoundationToolz-Swift.h -working-directory /Users/admin/builder/spi-builder-workspace/.swiftpm/xcode -experimental-emit-module-separately -disable-cmo
Copy /Users/admin/builder/spi-builder-workspace/.derivedData/Build/Products/Debug-watchos/FoundationToolz.swiftmodule/armv7k-apple-watchos.abi.json /Users/admin/builder/spi-builder-workspace/.derivedData/Build/Intermediates.noindex/FoundationToolz.build/Debug-watchos/FoundationToolz.build/Objects-normal/armv7k/FoundationToolz.abi.json (in target 'FoundationToolz' from project 'FoundationToolz')
    cd /Users/admin/builder/spi-builder-workspace
    builtin-copy -exclude .DS_Store -exclude CVS -exclude .svn -exclude .git -exclude .hg -resolve-src-symlinks -rename /Users/admin/builder/spi-builder-workspace/.derivedData/Build/Intermediates.noindex/FoundationToolz.build/Debug-watchos/FoundationToolz.build/Objects-normal/armv7k/FoundationToolz.abi.json /Users/admin/builder/spi-builder-workspace/.derivedData/Build/Products/Debug-watchos/FoundationToolz.swiftmodule/armv7k-apple-watchos.abi.json
Copy /Users/admin/builder/spi-builder-workspace/.derivedData/Build/Products/Debug-watchos/FoundationToolz.swiftmodule/arm64_32-apple-watchos.abi.json /Users/admin/builder/spi-builder-workspace/.derivedData/Build/Intermediates.noindex/FoundationToolz.build/Debug-watchos/FoundationToolz.build/Objects-normal/arm64_32/FoundationToolz.abi.json (in target 'FoundationToolz' from project 'FoundationToolz')
    cd /Users/admin/builder/spi-builder-workspace
    builtin-copy -exclude .DS_Store -exclude CVS -exclude .svn -exclude .git -exclude .hg -resolve-src-symlinks -rename /Users/admin/builder/spi-builder-workspace/.derivedData/Build/Intermediates.noindex/FoundationToolz.build/Debug-watchos/FoundationToolz.build/Objects-normal/arm64_32/FoundationToolz.abi.json /Users/admin/builder/spi-builder-workspace/.derivedData/Build/Products/Debug-watchos/FoundationToolz.swiftmodule/arm64_32-apple-watchos.abi.json
SwiftCompile normal arm64 Compiling\ Int+FoundationToolz.swift,\ NumericTypes+MeasureTime.swift /Users/admin/builder/spi-builder-workspace/Code/Swift+FoundationToolz/Int+FoundationToolz.swift /Users/admin/builder/spi-builder-workspace/Code/Swift+FoundationToolz/NumericTypes+MeasureTime.swift (in target 'FoundationToolz' from project 'FoundationToolz')
SwiftCompile normal arm64 /Users/admin/builder/spi-builder-workspace/Code/Swift+FoundationToolz/Int+FoundationToolz.swift (in target 'FoundationToolz' from project 'FoundationToolz')
    cd /Users/admin/builder/spi-builder-workspace/.swiftpm/xcode

SwiftCompile normal arm64 /Users/admin/builder/spi-builder-workspace/Code/Swift+FoundationToolz/NumericTypes+MeasureTime.swift (in target 'FoundationToolz' from project 'FoundationToolz')
    cd /Users/admin/builder/spi-builder-workspace/.swiftpm/xcode

SwiftCompile normal arm64_32 Compiling\ FileManager+FoundationToolz.swift,\ NSPredicate+FoundationToolz.swift,\ Process+RunExecutable.swift /Users/admin/builder/spi-builder-workspace/Code/Foundation+FoundationToolz/FileManager+FoundationToolz.swift /Users/admin/builder/spi-builder-workspace/Code/Foundation+FoundationToolz/NSPredicate+FoundationToolz.swift /Users/admin/builder/spi-builder-workspace/Code/Foundation+FoundationToolz/Process+RunExecutable.swift (in target 'FoundationToolz' from project 'FoundationToolz')
SwiftCompile normal arm64_32 /Users/admin/builder/spi-builder-workspace/Code/Foundation+FoundationToolz/FileManager+FoundationToolz.swift (in target 'FoundationToolz' from project 'FoundationToolz')
    cd /Users/admin/builder/spi-builder-workspace/.swiftpm/xcode

SwiftCompile normal arm64_32 /Users/admin/builder/spi-builder-workspace/Code/Foundation+FoundationToolz/NSPredicate+FoundationToolz.swift (in target 'FoundationToolz' from project 'FoundationToolz')
    cd /Users/admin/builder/spi-builder-workspace/.swiftpm/xcode

SwiftCompile normal arm64_32 /Users/admin/builder/spi-builder-workspace/Code/Foundation+FoundationToolz/Process+RunExecutable.swift (in target 'FoundationToolz' from project 'FoundationToolz')
    cd /Users/admin/builder/spi-builder-workspace/.swiftpm/xcode

SwiftDriverJobDiscovery normal arm64 Emitting module for FoundationToolz (in target 'FoundationToolz' from project 'FoundationToolz')
SwiftDriver\ Compilation\ Requirements FoundationToolz normal arm64 com.apple.xcode.tools.swift.compiler (in target 'FoundationToolz' from project 'FoundationToolz')
    cd /Users/admin/builder/spi-builder-workspace/.swiftpm/xcode
    builtin-Swift-Compilation-Requirements -- /Applications/Xcode-16.3.0.app/Contents/Developer/Toolchains/XcodeDefault.xctoolchain/usr/bin/swiftc -module-name FoundationToolz -Onone -enforce-exclusivity\=checked @/Users/admin/builder/spi-builder-workspace/.derivedData/Build/Intermediates.noindex/FoundationToolz.build/Debug-watchos/FoundationToolz.build/Objects-normal/arm64/FoundationToolz.SwiftFileList -DSWIFT_PACKAGE -DDEBUG -DXcode -plugin-path /Applications/Xcode-16.3.0.app/Contents/Developer/Toolchains/XcodeDefault.xctoolchain/usr/lib/swift/host/plugins/testing -enable-experimental-feature DebugDescriptionMacro -sdk /Applications/Xcode-16.3.0.app/Contents/Developer/Platforms/WatchOS.platform/Developer/SDKs/WatchOS11.4.sdk -target arm64-apple-watchos5.0 -g -module-cache-path /Users/admin/builder/spi-builder-workspace/.derivedData/ModuleCache.noindex -Xfrontend -serialize-debugging-options -profile-coverage-mapping -profile-generate -enable-testing -index-store-path /Users/admin/builder/spi-builder-workspace/.derivedData/Index.noindex/DataStore -swift-version 6 -I /Users/admin/builder/spi-builder-workspace/.derivedData/Build/Products/Debug-watchos -I /Applications/Xcode-16.3.0.app/Contents/Developer/Platforms/WatchOS.platform/Developer/usr/lib -F /Users/admin/builder/spi-builder-workspace/.derivedData/Build/Products/Debug-watchos/PackageFrameworks -F /Users/admin/builder/spi-builder-workspace/.derivedData/Build/Products/Debug-watchos -F /Applications/Xcode-16.3.0.app/Contents/Developer/Platforms/WatchOS.platform/Developer/Library/Frameworks -F /Applications/Xcode-16.3.0.app/Contents/Developer/Platforms/WatchOS.platform/Developer/SDKs/WatchOS11.4.sdk/Developer/Library/Frameworks -c -j10 -enable-batch-mode -incremental -Xcc -ivfsstatcache -Xcc /Users/admin/builder/spi-builder-workspace/.derivedData/SDKStatCaches.noindex/watchos11.4-22T246-43efb940ff07ba2497b70ec94253f576.sdkstatcache -output-file-map /Users/admin/builder/spi-builder-workspace/.derivedData/Build/Intermediates.noindex/FoundationToolz.build/Debug-watchos/FoundationToolz.build/Objects-normal/arm64/FoundationToolz-OutputFileMap.json -use-frontend-parseable-output -save-temps -no-color-diagnostics -serialize-diagnostics -emit-dependencies -emit-module -emit-module-path /Users/admin/builder/spi-builder-workspace/.derivedData/Build/Intermediates.noindex/FoundationToolz.build/Debug-watchos/FoundationToolz.build/Objects-normal/arm64/FoundationToolz.swiftmodule -validate-clang-modules-once -clang-build-session-file /Users/admin/builder/spi-builder-workspace/.derivedData/ModuleCache.noindex/Session.modulevalidation -package-name spi_builder_workspace -Xcc -I/Users/admin/builder/spi-builder-workspace/.derivedData/Build/Intermediates.noindex/FoundationToolz.build/Debug-watchos/FoundationToolz.build/swift-overrides.hmap -emit-const-values -Xfrontend -const-gather-protocols-file -Xfrontend /Users/admin/builder/spi-builder-workspace/.derivedData/Build/Intermediates.noindex/FoundationToolz.build/Debug-watchos/FoundationToolz.build/Objects-normal/arm64/FoundationToolz_const_extract_protocols.json -Xcc -I/Users/admin/builder/spi-builder-workspace/.derivedData/Build/Products/Debug-watchos/include -Xcc -I/Users/admin/builder/spi-builder-workspace/.derivedData/Build/Intermediates.noindex/FoundationToolz.build/Debug-watchos/FoundationToolz.build/DerivedSources-normal/arm64 -Xcc -I/Users/admin/builder/spi-builder-workspace/.derivedData/Build/Intermediates.noindex/FoundationToolz.build/Debug-watchos/FoundationToolz.build/DerivedSources/arm64 -Xcc -I/Users/admin/builder/spi-builder-workspace/.derivedData/Build/Intermediates.noindex/FoundationToolz.build/Debug-watchos/FoundationToolz.build/DerivedSources -Xcc -DSWIFT_PACKAGE -Xcc -DDEBUG\=1 -emit-objc-header -emit-objc-header-path /Users/admin/builder/spi-builder-workspace/.derivedData/Build/Intermediates.noindex/FoundationToolz.build/Debug-watchos/FoundationToolz.build/Objects-normal/arm64/FoundationToolz-Swift.h -working-directory /Users/admin/builder/spi-builder-workspace/.swiftpm/xcode -experimental-emit-module-separately -disable-cmo
SwiftDriverJobDiscovery normal armv7k Compiling Dictionary+SwiftyToolz.swift, Int+SwiftyToolz.swift (in target 'SwiftyToolz' from project 'SwiftyToolz')
SwiftCompile normal armv7k Compiling\ URL+WebSocket.swift,\ UserDefaults+PropertyWrapper.swift /Users/admin/builder/spi-builder-workspace/Code/Foundation+FoundationToolz/URL+WebSocket.swift /Users/admin/builder/spi-builder-workspace/Code/Foundation+FoundationToolz/UserDefaults+PropertyWrapper.swift (in target 'FoundationToolz' from project 'FoundationToolz')
SwiftCompile normal armv7k /Users/admin/builder/spi-builder-workspace/Code/Foundation+FoundationToolz/URL+WebSocket.swift (in target 'FoundationToolz' from project 'FoundationToolz')
    cd /Users/admin/builder/spi-builder-workspace/.swiftpm/xcode

SwiftCompile normal armv7k /Users/admin/builder/spi-builder-workspace/Code/Foundation+FoundationToolz/UserDefaults+PropertyWrapper.swift (in target 'FoundationToolz' from project 'FoundationToolz')
    cd /Users/admin/builder/spi-builder-workspace/.swiftpm/xcode

Copy /Users/admin/builder/spi-builder-workspace/.derivedData/Build/Products/Debug-watchos/FoundationToolz.swiftmodule/arm64-apple-watchos.abi.json /Users/admin/builder/spi-builder-workspace/.derivedData/Build/Intermediates.noindex/FoundationToolz.build/Debug-watchos/FoundationToolz.build/Objects-normal/arm64/FoundationToolz.abi.json (in target 'FoundationToolz' from project 'FoundationToolz')
    cd /Users/admin/builder/spi-builder-workspace
    builtin-copy -exclude .DS_Store -exclude CVS -exclude .svn -exclude .git -exclude .hg -resolve-src-symlinks -rename /Users/admin/builder/spi-builder-workspace/.derivedData/Build/Intermediates.noindex/FoundationToolz.build/Debug-watchos/FoundationToolz.build/Objects-normal/arm64/FoundationToolz.abi.json /Users/admin/builder/spi-builder-workspace/.derivedData/Build/Products/Debug-watchos/FoundationToolz.swiftmodule/arm64-apple-watchos.abi.json
SwiftDriverJobDiscovery normal arm64_32 Compiling URLString.swift, WeakArray.swift (in target 'SwiftyToolz' from project 'SwiftyToolz')
SwiftCompile normal arm64_32 Compiling\ Timer+FoundationToolz.swift,\ URL+FoundationToolz.swift,\ URL+HTTPRequests.swift /Users/admin/builder/spi-builder-workspace/Code/Foundation+FoundationToolz/Timer+FoundationToolz.swift /Users/admin/builder/spi-builder-workspace/Code/Foundation+FoundationToolz/URL+FoundationToolz.swift /Users/admin/builder/spi-builder-workspace/Code/Foundation+FoundationToolz/URL+HTTPRequests.swift (in target 'FoundationToolz' from project 'FoundationToolz')
SwiftCompile normal arm64_32 /Users/admin/builder/spi-builder-workspace/Code/Foundation+FoundationToolz/Timer+FoundationToolz.swift (in target 'FoundationToolz' from project 'FoundationToolz')
    cd /Users/admin/builder/spi-builder-workspace/.swiftpm/xcode

SwiftCompile normal arm64_32 /Users/admin/builder/spi-builder-workspace/Code/Foundation+FoundationToolz/URL+FoundationToolz.swift (in target 'FoundationToolz' from project 'FoundationToolz')
    cd /Users/admin/builder/spi-builder-workspace/.swiftpm/xcode

SwiftCompile normal arm64_32 /Users/admin/builder/spi-builder-workspace/Code/Foundation+FoundationToolz/URL+HTTPRequests.swift (in target 'FoundationToolz' from project 'FoundationToolz')
    cd /Users/admin/builder/spi-builder-workspace/.swiftpm/xcode

SwiftCompile normal arm64_32 Compiling\ Array+FoundationToolz.swift,\ Dictionary+Foundation.swift /Users/admin/builder/spi-builder-workspace/Code/Swift+FoundationToolz/Array+FoundationToolz.swift /Users/admin/builder/spi-builder-workspace/Code/Swift+FoundationToolz/Dictionary+Foundation.swift (in target 'FoundationToolz' from project 'FoundationToolz')
SwiftCompile normal arm64_32 /Users/admin/builder/spi-builder-workspace/Code/Swift+FoundationToolz/Array+FoundationToolz.swift (in target 'FoundationToolz' from project 'FoundationToolz')
    cd /Users/admin/builder/spi-builder-workspace/.swiftpm/xcode

SwiftCompile normal arm64_32 /Users/admin/builder/spi-builder-workspace/Code/Swift+FoundationToolz/Dictionary+Foundation.swift (in target 'FoundationToolz' from project 'FoundationToolz')
    cd /Users/admin/builder/spi-builder-workspace/.swiftpm/xcode

SwiftDriverJobDiscovery normal armv7k Compiling Timeout.swift, Color.swift (in target 'SwiftyToolz' from project 'SwiftyToolz')
SwiftCompile normal arm64 Compiling\ HTTP.swift,\ Keychain.swift /Users/admin/builder/spi-builder-workspace/Code/HTTP.swift /Users/admin/builder/spi-builder-workspace/Code/Keychain.swift (in target 'FoundationToolz' from project 'FoundationToolz')
SwiftCompile normal arm64 /Users/admin/builder/spi-builder-workspace/Code/HTTP.swift (in target 'FoundationToolz' from project 'FoundationToolz')
    cd /Users/admin/builder/spi-builder-workspace/.swiftpm/xcode

SwiftCompile normal arm64 /Users/admin/builder/spi-builder-workspace/Code/Keychain.swift (in target 'FoundationToolz' from project 'FoundationToolz')
    cd /Users/admin/builder/spi-builder-workspace/.swiftpm/xcode

SwiftDriverJobDiscovery normal arm64_32 Compiling Timeout.swift, Color.swift (in target 'SwiftyToolz' from project 'SwiftyToolz')
SwiftCompile normal armv7k Compiling\ HTTP.swift,\ Keychain.swift /Users/admin/builder/spi-builder-workspace/Code/HTTP.swift /Users/admin/builder/spi-builder-workspace/Code/Keychain.swift (in target 'FoundationToolz' from project 'FoundationToolz')
SwiftCompile normal armv7k /Users/admin/builder/spi-builder-workspace/Code/HTTP.swift (in target 'FoundationToolz' from project 'FoundationToolz')
    cd /Users/admin/builder/spi-builder-workspace/.swiftpm/xcode

SwiftCompile normal armv7k /Users/admin/builder/spi-builder-workspace/Code/Keychain.swift (in target 'FoundationToolz' from project 'FoundationToolz')
    cd /Users/admin/builder/spi-builder-workspace/.swiftpm/xcode

SwiftDriverJobDiscovery normal arm64_32 Compiling Copyable.swift, JSON.swift, Log.swift (in target 'SwiftyToolz' from project 'SwiftyToolz')
SwiftDriver\ Compilation SwiftyToolz normal arm64_32 com.apple.xcode.tools.swift.compiler (in target 'SwiftyToolz' from project 'SwiftyToolz')
    cd /Users/admin/builder/spi-builder-workspace/.swiftpm/xcode
    builtin-Swift-Compilation -- /Applications/Xcode-16.3.0.app/Contents/Developer/Toolchains/XcodeDefault.xctoolchain/usr/bin/swiftc -module-name SwiftyToolz -Onone -enforce-exclusivity\=checked @/Users/admin/builder/spi-builder-workspace/.derivedData/Build/Intermediates.noindex/SwiftyToolz.build/Debug-watchos/SwiftyToolz.build/Objects-normal/arm64_32/SwiftyToolz.SwiftFileList -DSWIFT_PACKAGE -DDEBUG -DXcode -plugin-path /Applications/Xcode-16.3.0.app/Contents/Developer/Toolchains/XcodeDefault.xctoolchain/usr/lib/swift/host/plugins/testing -enable-experimental-feature DebugDescriptionMacro -sdk /Applications/Xcode-16.3.0.app/Contents/Developer/Platforms/WatchOS.platform/Developer/SDKs/WatchOS11.4.sdk -target arm64_32-apple-watchos5.0 -g -module-cache-path /Users/admin/builder/spi-builder-workspace/.derivedData/ModuleCache.noindex -Xfrontend -serialize-debugging-options -profile-coverage-mapping -profile-generate -enable-testing -suppress-warnings -index-store-path /Users/admin/builder/spi-builder-workspace/.derivedData/Index.noindex/DataStore -swift-version 6 -I /Users/admin/builder/spi-builder-workspace/.derivedData/Build/Products/Debug-watchos -I /Applications/Xcode-16.3.0.app/Contents/Developer/Platforms/WatchOS.platform/Developer/usr/lib -F /Users/admin/builder/spi-builder-workspace/.derivedData/Build/Products/Debug-watchos -F /Applications/Xcode-16.3.0.app/Contents/Developer/Platforms/WatchOS.platform/Developer/Library/Frameworks -F /Applications/Xcode-16.3.0.app/Contents/Developer/Platforms/WatchOS.platform/Developer/SDKs/WatchOS11.4.sdk/Developer/Library/Frameworks -c -j10 -enable-batch-mode -incremental -Xcc -ivfsstatcache -Xcc /Users/admin/builder/spi-builder-workspace/.derivedData/SDKStatCaches.noindex/watchos11.4-22T246-43efb940ff07ba2497b70ec94253f576.sdkstatcache -output-file-map /Users/admin/builder/spi-builder-workspace/.derivedData/Build/Intermediates.noindex/SwiftyToolz.build/Debug-watchos/SwiftyToolz.build/Objects-normal/arm64_32/SwiftyToolz-OutputFileMap.json -use-frontend-parseable-output -save-temps -no-color-diagnostics -serialize-diagnostics -emit-dependencies -emit-module -emit-module-path /Users/admin/builder/spi-builder-workspace/.derivedData/Build/Intermediates.noindex/SwiftyToolz.build/Debug-watchos/SwiftyToolz.build/Objects-normal/arm64_32/SwiftyToolz.swiftmodule -user-module-version 0.5.8 -validate-clang-modules-once -clang-build-session-file /Users/admin/builder/spi-builder-workspace/.derivedData/ModuleCache.noindex/Session.modulevalidation -package-name swiftytoolz -Xcc -I/Users/admin/builder/spi-builder-workspace/.derivedData/Build/Intermediates.noindex/SwiftyToolz.build/Debug-watchos/SwiftyToolz.build/swift-overrides.hmap -emit-const-values -Xfrontend -const-gather-protocols-file -Xfrontend /Users/admin/builder/spi-builder-workspace/.derivedData/Build/Intermediates.noindex/SwiftyToolz.build/Debug-watchos/SwiftyToolz.build/Objects-normal/arm64_32/SwiftyToolz_const_extract_protocols.json -Xcc -I/Users/admin/builder/spi-builder-workspace/.derivedData/Build/Products/Debug-watchos/include -Xcc -I/Users/admin/builder/spi-builder-workspace/.derivedData/Build/Intermediates.noindex/SwiftyToolz.build/Debug-watchos/SwiftyToolz.build/DerivedSources-normal/arm64_32 -Xcc -I/Users/admin/builder/spi-builder-workspace/.derivedData/Build/Intermediates.noindex/SwiftyToolz.build/Debug-watchos/SwiftyToolz.build/DerivedSources/arm64_32 -Xcc -I/Users/admin/builder/spi-builder-workspace/.derivedData/Build/Intermediates.noindex/SwiftyToolz.build/Debug-watchos/SwiftyToolz.build/DerivedSources -Xcc -DSWIFT_PACKAGE -Xcc -DDEBUG\=1 -emit-objc-header -emit-objc-header-path /Users/admin/builder/spi-builder-workspace/.derivedData/Build/Intermediates.noindex/SwiftyToolz.build/Debug-watchos/SwiftyToolz.build/Objects-normal/arm64_32/SwiftyToolz-Swift.h -working-directory /Users/admin/builder/spi-builder-workspace/.swiftpm/xcode -experimental-emit-module-separately -disable-cmo
SwiftDriverJobDiscovery normal arm64 Compiling Timeout.swift, Color.swift (in target 'SwiftyToolz' from project 'SwiftyToolz')
SwiftCompile normal arm64_32 Compiling\ String+FoundationToolz.swift,\ JSON+FoundationToolz.swift /Users/admin/builder/spi-builder-workspace/Code/Swift+FoundationToolz/String+FoundationToolz.swift /Users/admin/builder/spi-builder-workspace/Code/SwiftyToolz+FoundationToolz/JSON+FoundationToolz.swift (in target 'FoundationToolz' from project 'FoundationToolz')
SwiftCompile normal arm64_32 /Users/admin/builder/spi-builder-workspace/Code/Swift+FoundationToolz/String+FoundationToolz.swift (in target 'FoundationToolz' from project 'FoundationToolz')
    cd /Users/admin/builder/spi-builder-workspace/.swiftpm/xcode

SwiftCompile normal arm64_32 /Users/admin/builder/spi-builder-workspace/Code/SwiftyToolz+FoundationToolz/JSON+FoundationToolz.swift (in target 'FoundationToolz' from project 'FoundationToolz')
    cd /Users/admin/builder/spi-builder-workspace/.swiftpm/xcode

SwiftDriver\ Compilation SwiftyToolz normal arm64 com.apple.xcode.tools.swift.compiler (in target 'SwiftyToolz' from project 'SwiftyToolz')
    cd /Users/admin/builder/spi-builder-workspace/.swiftpm/xcode
    builtin-Swift-Compilation -- /Applications/Xcode-16.3.0.app/Contents/Developer/Toolchains/XcodeDefault.xctoolchain/usr/bin/swiftc -module-name SwiftyToolz -Onone -enforce-exclusivity\=checked @/Users/admin/builder/spi-builder-workspace/.derivedData/Build/Intermediates.noindex/SwiftyToolz.build/Debug-watchos/SwiftyToolz.build/Objects-normal/arm64/SwiftyToolz.SwiftFileList -DSWIFT_PACKAGE -DDEBUG -DXcode -plugin-path /Applications/Xcode-16.3.0.app/Contents/Developer/Toolchains/XcodeDefault.xctoolchain/usr/lib/swift/host/plugins/testing -enable-experimental-feature DebugDescriptionMacro -sdk /Applications/Xcode-16.3.0.app/Contents/Developer/Platforms/WatchOS.platform/Developer/SDKs/WatchOS11.4.sdk -target arm64-apple-watchos5.0 -g -module-cache-path /Users/admin/builder/spi-builder-workspace/.derivedData/ModuleCache.noindex -Xfrontend -serialize-debugging-options -profile-coverage-mapping -profile-generate -enable-testing -suppress-warnings -index-store-path /Users/admin/builder/spi-builder-workspace/.derivedData/Index.noindex/DataStore -swift-version 6 -I /Users/admin/builder/spi-builder-workspace/.derivedData/Build/Products/Debug-watchos -I /Applications/Xcode-16.3.0.app/Contents/Developer/Platforms/WatchOS.platform/Developer/usr/lib -F /Users/admin/builder/spi-builder-workspace/.derivedData/Build/Products/Debug-watchos -F /Applications/Xcode-16.3.0.app/Contents/Developer/Platforms/WatchOS.platform/Developer/Library/Frameworks -F /Applications/Xcode-16.3.0.app/Contents/Developer/Platforms/WatchOS.platform/Developer/SDKs/WatchOS11.4.sdk/Developer/Library/Frameworks -c -j10 -enable-batch-mode -incremental -Xcc -ivfsstatcache -Xcc /Users/admin/builder/spi-builder-workspace/.derivedData/SDKStatCaches.noindex/watchos11.4-22T246-43efb940ff07ba2497b70ec94253f576.sdkstatcache -output-file-map /Users/admin/builder/spi-builder-workspace/.derivedData/Build/Intermediates.noindex/SwiftyToolz.build/Debug-watchos/SwiftyToolz.build/Objects-normal/arm64/SwiftyToolz-OutputFileMap.json -use-frontend-parseable-output -save-temps -no-color-diagnostics -serialize-diagnostics -emit-dependencies -emit-module -emit-module-path /Users/admin/builder/spi-builder-workspace/.derivedData/Build/Intermediates.noindex/SwiftyToolz.build/Debug-watchos/SwiftyToolz.build/Objects-normal/arm64/SwiftyToolz.swiftmodule -user-module-version 0.5.8 -validate-clang-modules-once -clang-build-session-file /Users/admin/builder/spi-builder-workspace/.derivedData/ModuleCache.noindex/Session.modulevalidation -package-name swiftytoolz -Xcc -I/Users/admin/builder/spi-builder-workspace/.derivedData/Build/Intermediates.noindex/SwiftyToolz.build/Debug-watchos/SwiftyToolz.build/swift-overrides.hmap -emit-const-values -Xfrontend -const-gather-protocols-file -Xfrontend /Users/admin/builder/spi-builder-workspace/.derivedData/Build/Intermediates.noindex/SwiftyToolz.build/Debug-watchos/SwiftyToolz.build/Objects-normal/arm64/SwiftyToolz_const_extract_protocols.json -Xcc -I/Users/admin/builder/spi-builder-workspace/.derivedData/Build/Products/Debug-watchos/include -Xcc -I/Users/admin/builder/spi-builder-workspace/.derivedData/Build/Intermediates.noindex/SwiftyToolz.build/Debug-watchos/SwiftyToolz.build/DerivedSources-normal/arm64 -Xcc -I/Users/admin/builder/spi-builder-workspace/.derivedData/Build/Intermediates.noindex/SwiftyToolz.build/Debug-watchos/SwiftyToolz.build/DerivedSources/arm64 -Xcc -I/Users/admin/builder/spi-builder-workspace/.derivedData/Build/Intermediates.noindex/SwiftyToolz.build/Debug-watchos/SwiftyToolz.build/DerivedSources -Xcc -DSWIFT_PACKAGE -Xcc -DDEBUG\=1 -emit-objc-header -emit-objc-header-path /Users/admin/builder/spi-builder-workspace/.derivedData/Build/Intermediates.noindex/SwiftyToolz.build/Debug-watchos/SwiftyToolz.build/Objects-normal/arm64/SwiftyToolz-Swift.h -working-directory /Users/admin/builder/spi-builder-workspace/.swiftpm/xcode -experimental-emit-module-separately -disable-cmo
SwiftDriverJobDiscovery normal arm64 Compiling Int+FoundationToolz.swift, NumericTypes+MeasureTime.swift (in target 'FoundationToolz' from project 'FoundationToolz')
SwiftCompile normal arm64 Compiling\ ArbitraryLegacyDateHelpers.swift,\ Executable.swift,\ Bundle+AppInfos.swift /Users/admin/builder/spi-builder-workspace/Code/ArbitraryLegacyDateHelpers.swift /Users/admin/builder/spi-builder-workspace/Code/Executable.swift /Users/admin/builder/spi-builder-workspace/Code/Foundation+FoundationToolz/Bundle+AppInfos.swift (in target 'FoundationToolz' from project 'FoundationToolz')
SwiftCompile normal arm64 /Users/admin/builder/spi-builder-workspace/Code/ArbitraryLegacyDateHelpers.swift (in target 'FoundationToolz' from project 'FoundationToolz')
    cd /Users/admin/builder/spi-builder-workspace/.swiftpm/xcode

SwiftCompile normal arm64 /Users/admin/builder/spi-builder-workspace/Code/Executable.swift (in target 'FoundationToolz' from project 'FoundationToolz')
    cd /Users/admin/builder/spi-builder-workspace/.swiftpm/xcode

SwiftCompile normal arm64 /Users/admin/builder/spi-builder-workspace/Code/Foundation+FoundationToolz/Bundle+AppInfos.swift (in target 'FoundationToolz' from project 'FoundationToolz')
    cd /Users/admin/builder/spi-builder-workspace/.swiftpm/xcode

SwiftCompile normal armv7k Compiling\ Codable+FoundationToolz.swift,\ Data+FoundationToolz.swift,\ Date+FoundationToolz.swift /Users/admin/builder/spi-builder-workspace/Code/Foundation+FoundationToolz/Codable+FoundationToolz.swift /Users/admin/builder/spi-builder-workspace/Code/Foundation+FoundationToolz/Data+FoundationToolz.swift /Users/admin/builder/spi-builder-workspace/Code/Foundation+FoundationToolz/Date+FoundationToolz.swift (in target 'FoundationToolz' from project 'FoundationToolz')
Failed frontend command:
/Applications/Xcode-16.3.0.app/Contents/Developer/Toolchains/XcodeDefault.xctoolchain/usr/bin/swift-frontend -frontend -c /Users/admin/builder/spi-builder-workspace/Code/ArbitraryLegacyDateHelpers.swift /Users/admin/builder/spi-builder-workspace/Code/Executable.swift /Users/admin/builder/spi-builder-workspace/Code/Foundation+FoundationToolz/Bundle+AppInfos.swift -primary-file /Users/admin/builder/spi-builder-workspace/Code/Foundation+FoundationToolz/Codable+FoundationToolz.swift -primary-file /Users/admin/builder/spi-builder-workspace/Code/Foundation+FoundationToolz/Data+FoundationToolz.swift -primary-file /Users/admin/builder/spi-builder-workspace/Code/Foundation+FoundationToolz/Date+FoundationToolz.swift /Users/admin/builder/spi-builder-workspace/Code/Foundation+FoundationToolz/FileManager+FoundationToolz.swift /Users/admin/builder/spi-builder-workspace/Code/Foundation+FoundationToolz/NSPredicate+FoundationToolz.swift /Users/admin/builder/spi-builder-workspace/Code/Foundation+FoundationToolz/Process+RunExecutable.swift /Users/admin/builder/spi-builder-workspace/Code/Foundation+FoundationToolz/Timer+FoundationToolz.swift /Users/admin/builder/spi-builder-workspace/Code/Foundation+FoundationToolz/URL+FoundationToolz.swift /Users/admin/builder/spi-builder-workspace/Code/Foundation+FoundationToolz/URL+HTTPRequests.swift /Users/admin/builder/spi-builder-workspace/Code/Foundation+FoundationToolz/URL+WebSocket.swift /Users/admin/builder/spi-builder-workspace/Code/Foundation+FoundationToolz/UserDefaults+PropertyWrapper.swift /Users/admin/builder/spi-builder-workspace/Code/HTTP.swift /Users/admin/builder/spi-builder-workspace/Code/Keychain.swift /Users/admin/builder/spi-builder-workspace/Code/NetworkReachability.swift /Users/admin/builder/spi-builder-workspace/Code/StopWatch.swift /Users/admin/builder/spi-builder-workspace/Code/Swift+FoundationToolz/Array+FoundationToolz.swift /Users/admin/builder/spi-builder-workspace/Code/Swift+FoundationToolz/Dictionary+Foundation.swift /Users/admin/builder/spi-builder-workspace/Code/Swift+FoundationToolz/Int+FoundationToolz.swift /Users/admin/builder/spi-builder-workspace/Code/Swift+FoundationToolz/NumericTypes+MeasureTime.swift /Users/admin/builder/spi-builder-workspace/Code/Swift+FoundationToolz/String+FoundationToolz.swift /Users/admin/builder/spi-builder-workspace/Code/SwiftyToolz+FoundationToolz/JSON+FoundationToolz.swift -supplementary-output-file-map /Users/admin/builder/spi-builder-workspace/.derivedData/Build/Intermediates.noindex/FoundationToolz.build/Debug-watchos/FoundationToolz.build/Objects-normal/armv7k/supplementaryOutputs-22 -target armv7k-apple-watchos5.0 -enable-objc-interop -sdk /Applications/Xcode-16.3.0.app/Contents/Developer/Platforms/WatchOS.platform/Developer/SDKs/WatchOS11.4.sdk -I /Users/admin/builder/spi-builder-workspace/.derivedData/Build/Products/Debug-watchos -I /Applications/Xcode-16.3.0.app/Contents/Developer/Platforms/WatchOS.platform/Developer/usr/lib -F /Users/admin/builder/spi-builder-workspace/.derivedData/Build/Products/Debug-watchos/PackageFrameworks -F /Users/admin/builder/spi-builder-workspace/.derivedData/Build/Products/Debug-watchos -F /Applications/Xcode-16.3.0.app/Contents/Developer/Platforms/WatchOS.platform/Developer/Library/Frameworks -F /Applications/Xcode-16.3.0.app/Contents/Developer/Platforms/WatchOS.platform/Developer/SDKs/WatchOS11.4.sdk/Developer/Library/Frameworks -no-color-diagnostics -enable-testing -g -debug-info-format\=dwarf -dwarf-version\=4 -module-cache-path /Users/admin/builder/spi-builder-workspace/.derivedData/ModuleCache.noindex -profile-generate -profile-coverage-mapping -swift-version 6 -enforce-exclusivity\=checked -Onone -D SWIFT_PACKAGE -D DEBUG -D Xcode -serialize-debugging-options -const-gather-protocols-file /Users/admin/builder/spi-builder-workspace/.derivedData/Build/Intermediates.noindex/FoundationToolz.build/Debug-watchos/FoundationToolz.build/Objects-normal/armv7k/FoundationToolz_const_extract_protocols.json -enable-experimental-feature DebugDescriptionMacro -empty-abi-descriptor -plugin-path /Applications/Xcode-16.3.0.app/Contents/Developer/Toolchains/XcodeDefault.xctoolchain/usr/lib/swift/host/plugins/testing -validate-clang-modules-once -clang-build-session-file /Users/admin/builder/spi-builder-workspace/.derivedData/ModuleCache.noindex/Session.modulevalidation -Xcc -working-directory -Xcc /Users/admin/builder/spi-builder-workspace/.swiftpm/xcode -resource-dir /Applications/Xcode-16.3.0.app/Contents/Developer/Toolchains/XcodeDefault.xctoolchain/usr/lib/swift -enable-anonymous-context-mangled-names -file-compilation-dir /Users/admin/builder/spi-builder-workspace/.swiftpm/xcode -Xcc -ivfsstatcache -Xcc /Users/admin/builder/spi-builder-workspace/.derivedData/SDKStatCaches.noindex/watchos11.4-22T246-43efb940ff07ba2497b70ec94253f576.sdkstatcache -Xcc -I/Users/admin/builder/spi-builder-workspace/.derivedData/Build/Intermediates.noindex/FoundationToolz.build/Debug-watchos/FoundationToolz.build/swift-overrides.hmap -Xcc -I/Users/admin/builder/spi-builder-workspace/.derivedData/Build/Products/Debug-watchos/include -Xcc -I/Users/admin/builder/spi-builder-workspace/.derivedData/Build/Intermediates.noindex/FoundationToolz.build/Debug-watchos/FoundationToolz.build/DerivedSources-normal/armv7k -Xcc -I/Users/admin/builder/spi-builder-workspace/.derivedData/Build/Intermediates.noindex/FoundationToolz.build/Debug-watchos/FoundationToolz.build/DerivedSources/armv7k -Xcc -I/Users/admin/builder/spi-builder-workspace/.derivedData/Build/Intermediates.noindex/FoundationToolz.build/Debug-watchos/FoundationToolz.build/DerivedSources -Xcc -DSWIFT_PACKAGE -Xcc -DDEBUG\=1 -module-name FoundationToolz -package-name spi_builder_workspace -frontend-parseable-output -disable-clang-spi -target-sdk-version 11.4 -target-sdk-name watchos11.4 -external-plugin-path /Applications/Xcode-16.3.0.app/Contents/Developer/Platforms/WatchOS.platform/Developer/usr/lib/swift/host/plugins\#/Applications/Xcode-16.3.0.app/Contents/Developer/Platforms/WatchOS.platform/Developer/usr/bin/swift-plugin-server -external-plugin-path /Applications/Xcode-16.3.0.app/Contents/Developer/Platforms/WatchOS.platform/Developer/usr/local/lib/swift/host/plugins\#/Applications/Xcode-16.3.0.app/Contents/Developer/Platforms/WatchOS.platform/Developer/usr/bin/swift-plugin-server -in-process-plugin-server-path /Applications/Xcode-16.3.0.app/Contents/Developer/Toolchains/XcodeDefault.xctoolchain/usr/lib/swift/host/libSwiftInProcPluginServer.dylib -plugin-path /Applications/Xcode-16.3.0.app/Contents/Developer/Toolchains/XcodeDefault.xctoolchain/usr/lib/swift/host/plugins -plugin-path /Applications/Xcode-16.3.0.app/Contents/Developer/Toolchains/XcodeDefault.xctoolchain/usr/local/lib/swift/host/plugins -o /Users/admin/builder/spi-builder-workspace/.derivedData/Build/Intermediates.noindex/FoundationToolz.build/Debug-watchos/FoundationToolz.build/Objects-normal/armv7k/Codable+FoundationToolz.o -o /Users/admin/builder/spi-builder-workspace/.derivedData/Build/Intermediates.noindex/FoundationToolz.build/Debug-watchos/FoundationToolz.build/Objects-normal/armv7k/Data+FoundationToolz.o -o /Users/admin/builder/spi-builder-workspace/.derivedData/Build/Intermediates.noindex/FoundationToolz.build/Debug-watchos/FoundationToolz.build/Objects-normal/armv7k/Date+FoundationToolz.o -index-unit-output-path /FoundationToolz.build/Debug-watchos/FoundationToolz.build/Objects-normal/armv7k/Codable+FoundationToolz.o -index-unit-output-path /FoundationToolz.build/Debug-watchos/FoundationToolz.build/Objects-normal/armv7k/Data+FoundationToolz.o -index-unit-output-path /FoundationToolz.build/Debug-watchos/FoundationToolz.build/Objects-normal/armv7k/Date+FoundationToolz.o -index-store-path /Users/admin/builder/spi-builder-workspace/.derivedData/Index.noindex/DataStore -index-system-modules
SwiftCompile normal armv7k /Users/admin/builder/spi-builder-workspace/Code/Foundation+FoundationToolz/Codable+FoundationToolz.swift (in target 'FoundationToolz' from project 'FoundationToolz')
    cd /Users/admin/builder/spi-builder-workspace/.swiftpm/xcode

/Users/admin/builder/spi-builder-workspace/Code/Foundation+FoundationToolz/Codable+FoundationToolz.swift:31:26: error: 'init(filePath:directoryHint:relativeTo:)' is only available in watchOS 9.0 or newer
            try save(to: URL(filePath: filePath))
                         ^
/Users/admin/builder/spi-builder-workspace/Code/Foundation+FoundationToolz/Codable+FoundationToolz.swift:31:26: note: add 'if #available' version check
            try save(to: URL(filePath: filePath))
                         ^
/Users/admin/builder/spi-builder-workspace/Code/Foundation+FoundationToolz/Codable+FoundationToolz.swift:26:10: note: add @available attribute to enclosing instance method
    func save(toFilePath filePath: String,
         ^
/Users/admin/builder/spi-builder-workspace/Code/Foundation+FoundationToolz/Codable+FoundationToolz.swift:23:8: note: add @available attribute to enclosing extension
public extension Encodable
       ^
SwiftCompile normal armv7k /Users/admin/builder/spi-builder-workspace/Code/Foundation+FoundationToolz/Data+FoundationToolz.swift (in target 'FoundationToolz' from project 'FoundationToolz')
    cd /Users/admin/builder/spi-builder-workspace/.swiftpm/xcode

SwiftCompile normal armv7k /Users/admin/builder/spi-builder-workspace/Code/Foundation+FoundationToolz/Date+FoundationToolz.swift (in target 'FoundationToolz' from project 'FoundationToolz')
    cd /Users/admin/builder/spi-builder-workspace/.swiftpm/xcode

SwiftDriverJobDiscovery normal arm64_32 Compiling FileManager+FoundationToolz.swift, NSPredicate+FoundationToolz.swift, Process+RunExecutable.swift (in target 'FoundationToolz' from project 'FoundationToolz')
SwiftCompile normal arm64 Compiling\ Codable+FoundationToolz.swift,\ Data+FoundationToolz.swift,\ Date+FoundationToolz.swift /Users/admin/builder/spi-builder-workspace/Code/Foundation+FoundationToolz/Codable+FoundationToolz.swift /Users/admin/builder/spi-builder-workspace/Code/Foundation+FoundationToolz/Data+FoundationToolz.swift /Users/admin/builder/spi-builder-workspace/Code/Foundation+FoundationToolz/Date+FoundationToolz.swift (in target 'FoundationToolz' from project 'FoundationToolz')
SwiftCompile normal arm64 /Users/admin/builder/spi-builder-workspace/Code/Foundation+FoundationToolz/Codable+FoundationToolz.swift (in target 'FoundationToolz' from project 'FoundationToolz')
    cd /Users/admin/builder/spi-builder-workspace/.swiftpm/xcode

SwiftCompile normal arm64 /Users/admin/builder/spi-builder-workspace/Code/Foundation+FoundationToolz/Data+FoundationToolz.swift (in target 'FoundationToolz' from project 'FoundationToolz')
    cd /Users/admin/builder/spi-builder-workspace/.swiftpm/xcode

SwiftCompile normal arm64 /Users/admin/builder/spi-builder-workspace/Code/Foundation+FoundationToolz/Date+FoundationToolz.swift (in target 'FoundationToolz' from project 'FoundationToolz')
    cd /Users/admin/builder/spi-builder-workspace/.swiftpm/xcode

SwiftDriverJobDiscovery normal armv7k Compiling Copyable.swift, JSON.swift, Log.swift (in target 'SwiftyToolz' from project 'SwiftyToolz')
SwiftDriver\ Compilation SwiftyToolz normal armv7k com.apple.xcode.tools.swift.compiler (in target 'SwiftyToolz' from project 'SwiftyToolz')
    cd /Users/admin/builder/spi-builder-workspace/.swiftpm/xcode
    builtin-Swift-Compilation -- /Applications/Xcode-16.3.0.app/Contents/Developer/Toolchains/XcodeDefault.xctoolchain/usr/bin/swiftc -module-name SwiftyToolz -Onone -enforce-exclusivity\=checked @/Users/admin/builder/spi-builder-workspace/.derivedData/Build/Intermediates.noindex/SwiftyToolz.build/Debug-watchos/SwiftyToolz.build/Objects-normal/armv7k/SwiftyToolz.SwiftFileList -DSWIFT_PACKAGE -DDEBUG -DXcode -plugin-path /Applications/Xcode-16.3.0.app/Contents/Developer/Toolchains/XcodeDefault.xctoolchain/usr/lib/swift/host/plugins/testing -enable-experimental-feature DebugDescriptionMacro -sdk /Applications/Xcode-16.3.0.app/Contents/Developer/Platforms/WatchOS.platform/Developer/SDKs/WatchOS11.4.sdk -target armv7k-apple-watchos5.0 -g -module-cache-path /Users/admin/builder/spi-builder-workspace/.derivedData/ModuleCache.noindex -Xfrontend -serialize-debugging-options -profile-coverage-mapping -profile-generate -enable-testing -suppress-warnings -index-store-path /Users/admin/builder/spi-builder-workspace/.derivedData/Index.noindex/DataStore -swift-version 6 -I /Users/admin/builder/spi-builder-workspace/.derivedData/Build/Products/Debug-watchos -I /Applications/Xcode-16.3.0.app/Contents/Developer/Platforms/WatchOS.platform/Developer/usr/lib -F /Users/admin/builder/spi-builder-workspace/.derivedData/Build/Products/Debug-watchos -F /Applications/Xcode-16.3.0.app/Contents/Developer/Platforms/WatchOS.platform/Developer/Library/Frameworks -F /Applications/Xcode-16.3.0.app/Contents/Developer/Platforms/WatchOS.platform/Developer/SDKs/WatchOS11.4.sdk/Developer/Library/Frameworks -c -j10 -enable-batch-mode -incremental -Xcc -ivfsstatcache -Xcc /Users/admin/builder/spi-builder-workspace/.derivedData/SDKStatCaches.noindex/watchos11.4-22T246-43efb940ff07ba2497b70ec94253f576.sdkstatcache -output-file-map /Users/admin/builder/spi-builder-workspace/.derivedData/Build/Intermediates.noindex/SwiftyToolz.build/Debug-watchos/SwiftyToolz.build/Objects-normal/armv7k/SwiftyToolz-OutputFileMap.json -use-frontend-parseable-output -save-temps -no-color-diagnostics -serialize-diagnostics -emit-dependencies -emit-module -emit-module-path /Users/admin/builder/spi-builder-workspace/.derivedData/Build/Intermediates.noindex/SwiftyToolz.build/Debug-watchos/SwiftyToolz.build/Objects-normal/armv7k/SwiftyToolz.swiftmodule -user-module-version 0.5.8 -validate-clang-modules-once -clang-build-session-file /Users/admin/builder/spi-builder-workspace/.derivedData/ModuleCache.noindex/Session.modulevalidation -package-name swiftytoolz -Xcc -I/Users/admin/builder/spi-builder-workspace/.derivedData/Build/Intermediates.noindex/SwiftyToolz.build/Debug-watchos/SwiftyToolz.build/swift-overrides.hmap -emit-const-values -Xfrontend -const-gather-protocols-file -Xfrontend /Users/admin/builder/spi-builder-workspace/.derivedData/Build/Intermediates.noindex/SwiftyToolz.build/Debug-watchos/SwiftyToolz.build/Objects-normal/armv7k/SwiftyToolz_const_extract_protocols.json -Xcc -I/Users/admin/builder/spi-builder-workspace/.derivedData/Build/Products/Debug-watchos/include -Xcc -I/Users/admin/builder/spi-builder-workspace/.derivedData/Build/Intermediates.noindex/SwiftyToolz.build/Debug-watchos/SwiftyToolz.build/DerivedSources-normal/armv7k -Xcc -I/Users/admin/builder/spi-builder-workspace/.derivedData/Build/Intermediates.noindex/SwiftyToolz.build/Debug-watchos/SwiftyToolz.build/DerivedSources/armv7k -Xcc -I/Users/admin/builder/spi-builder-workspace/.derivedData/Build/Intermediates.noindex/SwiftyToolz.build/Debug-watchos/SwiftyToolz.build/DerivedSources -Xcc -DSWIFT_PACKAGE -Xcc -DDEBUG\=1 -emit-objc-header -emit-objc-header-path /Users/admin/builder/spi-builder-workspace/.derivedData/Build/Intermediates.noindex/SwiftyToolz.build/Debug-watchos/SwiftyToolz.build/Objects-normal/armv7k/SwiftyToolz-Swift.h -working-directory /Users/admin/builder/spi-builder-workspace/.swiftpm/xcode -experimental-emit-module-separately -disable-cmo
SwiftDriverJobDiscovery normal armv7k Compiling URL+WebSocket.swift, UserDefaults+PropertyWrapper.swift (in target 'FoundationToolz' from project 'FoundationToolz')
SwiftCompile normal armv7k Compiling\ Int+FoundationToolz.swift,\ NumericTypes+MeasureTime.swift /Users/admin/builder/spi-builder-workspace/Code/Swift+FoundationToolz/Int+FoundationToolz.swift /Users/admin/builder/spi-builder-workspace/Code/Swift+FoundationToolz/NumericTypes+MeasureTime.swift (in target 'FoundationToolz' from project 'FoundationToolz')
SwiftCompile normal armv7k /Users/admin/builder/spi-builder-workspace/Code/Swift+FoundationToolz/Int+FoundationToolz.swift (in target 'FoundationToolz' from project 'FoundationToolz')
    cd /Users/admin/builder/spi-builder-workspace/.swiftpm/xcode

SwiftCompile normal armv7k /Users/admin/builder/spi-builder-workspace/Code/Swift+FoundationToolz/NumericTypes+MeasureTime.swift (in target 'FoundationToolz' from project 'FoundationToolz')
    cd /Users/admin/builder/spi-builder-workspace/.swiftpm/xcode

SwiftCompile normal armv7k Compiling\ FileManager+FoundationToolz.swift,\ NSPredicate+FoundationToolz.swift,\ Process+RunExecutable.swift /Users/admin/builder/spi-builder-workspace/Code/Foundation+FoundationToolz/FileManager+FoundationToolz.swift /Users/admin/builder/spi-builder-workspace/Code/Foundation+FoundationToolz/NSPredicate+FoundationToolz.swift /Users/admin/builder/spi-builder-workspace/Code/Foundation+FoundationToolz/Process+RunExecutable.swift (in target 'FoundationToolz' from project 'FoundationToolz')
SwiftCompile normal armv7k /Users/admin/builder/spi-builder-workspace/Code/Foundation+FoundationToolz/FileManager+FoundationToolz.swift (in target 'FoundationToolz' from project 'FoundationToolz')
    cd /Users/admin/builder/spi-builder-workspace/.swiftpm/xcode

SwiftCompile normal armv7k /Users/admin/builder/spi-builder-workspace/Code/Foundation+FoundationToolz/NSPredicate+FoundationToolz.swift (in target 'FoundationToolz' from project 'FoundationToolz')
    cd /Users/admin/builder/spi-builder-workspace/.swiftpm/xcode

SwiftCompile normal armv7k /Users/admin/builder/spi-builder-workspace/Code/Foundation+FoundationToolz/Process+RunExecutable.swift (in target 'FoundationToolz' from project 'FoundationToolz')
    cd /Users/admin/builder/spi-builder-workspace/.swiftpm/xcode

SwiftDriverJobDiscovery normal arm64 Compiling Timer+FoundationToolz.swift, URL+FoundationToolz.swift, URL+HTTPRequests.swift (in target 'FoundationToolz' from project 'FoundationToolz')
SwiftCompile normal armv7k Compiling\ Timer+FoundationToolz.swift,\ URL+FoundationToolz.swift,\ URL+HTTPRequests.swift /Users/admin/builder/spi-builder-workspace/Code/Foundation+FoundationToolz/Timer+FoundationToolz.swift /Users/admin/builder/spi-builder-workspace/Code/Foundation+FoundationToolz/URL+FoundationToolz.swift /Users/admin/builder/spi-builder-workspace/Code/Foundation+FoundationToolz/URL+HTTPRequests.swift (in target 'FoundationToolz' from project 'FoundationToolz')
SwiftCompile normal armv7k /Users/admin/builder/spi-builder-workspace/Code/Foundation+FoundationToolz/Timer+FoundationToolz.swift (in target 'FoundationToolz' from project 'FoundationToolz')
    cd /Users/admin/builder/spi-builder-workspace/.swiftpm/xcode

SwiftCompile normal armv7k /Users/admin/builder/spi-builder-workspace/Code/Foundation+FoundationToolz/URL+FoundationToolz.swift (in target 'FoundationToolz' from project 'FoundationToolz')
    cd /Users/admin/builder/spi-builder-workspace/.swiftpm/xcode

SwiftCompile normal armv7k /Users/admin/builder/spi-builder-workspace/Code/Foundation+FoundationToolz/URL+HTTPRequests.swift (in target 'FoundationToolz' from project 'FoundationToolz')
    cd /Users/admin/builder/spi-builder-workspace/.swiftpm/xcode

SwiftDriverJobDiscovery normal arm64_32 Compiling Array+FoundationToolz.swift, Dictionary+Foundation.swift (in target 'FoundationToolz' from project 'FoundationToolz')
SwiftCompile normal arm64_32 Compiling\ HTTP.swift,\ Keychain.swift /Users/admin/builder/spi-builder-workspace/Code/HTTP.swift /Users/admin/builder/spi-builder-workspace/Code/Keychain.swift (in target 'FoundationToolz' from project 'FoundationToolz')
SwiftCompile normal arm64_32 /Users/admin/builder/spi-builder-workspace/Code/HTTP.swift (in target 'FoundationToolz' from project 'FoundationToolz')
    cd /Users/admin/builder/spi-builder-workspace/.swiftpm/xcode

SwiftCompile normal arm64_32 /Users/admin/builder/spi-builder-workspace/Code/Keychain.swift (in target 'FoundationToolz' from project 'FoundationToolz')
    cd /Users/admin/builder/spi-builder-workspace/.swiftpm/xcode

SwiftDriverJobDiscovery normal arm64_32 Compiling Timer+FoundationToolz.swift, URL+FoundationToolz.swift, URL+HTTPRequests.swift (in target 'FoundationToolz' from project 'FoundationToolz')
SwiftCompile normal arm64 Compiling\ Array+FoundationToolz.swift,\ Dictionary+Foundation.swift /Users/admin/builder/spi-builder-workspace/Code/Swift+FoundationToolz/Array+FoundationToolz.swift /Users/admin/builder/spi-builder-workspace/Code/Swift+FoundationToolz/Dictionary+Foundation.swift (in target 'FoundationToolz' from project 'FoundationToolz')
SwiftDriverJobDiscovery normal arm64 Compiling HTTP.swift, Keychain.swift (in target 'FoundationToolz' from project 'FoundationToolz')
SwiftCompile normal armv7k Compiling\ Array+FoundationToolz.swift,\ Dictionary+Foundation.swift /Users/admin/builder/spi-builder-workspace/Code/Swift+FoundationToolz/Array+FoundationToolz.swift /Users/admin/builder/spi-builder-workspace/Code/Swift+FoundationToolz/Dictionary+Foundation.swift (in target 'FoundationToolz' from project 'FoundationToolz')
Command SwiftCompile failed with a nonzero exit code
** BUILD FAILED **
The following build commands failed:
	SwiftCompile normal armv7k Compiling\ Codable+FoundationToolz.swift,\ Data+FoundationToolz.swift,\ Date+FoundationToolz.swift /Users/admin/builder/spi-builder-workspace/Code/Foundation+FoundationToolz/Codable+FoundationToolz.swift /Users/admin/builder/spi-builder-workspace/Code/Foundation+FoundationToolz/Data+FoundationToolz.swift /Users/admin/builder/spi-builder-workspace/Code/Foundation+FoundationToolz/Date+FoundationToolz.swift (in target 'FoundationToolz' from project 'FoundationToolz')
	SwiftCompile normal armv7k /Users/admin/builder/spi-builder-workspace/Code/Foundation+FoundationToolz/Codable+FoundationToolz.swift (in target 'FoundationToolz' from project 'FoundationToolz')
	SwiftCompile normal armv7k Compiling\ Array+FoundationToolz.swift,\ Dictionary+Foundation.swift /Users/admin/builder/spi-builder-workspace/Code/Swift+FoundationToolz/Array+FoundationToolz.swift /Users/admin/builder/spi-builder-workspace/Code/Swift+FoundationToolz/Dictionary+Foundation.swift (in target 'FoundationToolz' from project 'FoundationToolz')
	Building workspace spi-builder-workspace with scheme FoundationToolz
(4 failures)
BUILD FAILURE 6.1 watchOS