The Swift Package Index logo.Swift Package Index

Build Information

Failed to build coreml-stable-diffusion-swift, reference 1.0.0 (d00632), with Swift 6.4 for watchOS using Xcode 27.0 on 21 Sep 2026 13:33:07 UTC.

Build Command

env DEVELOPER_DIR=/Applications/Xcode-27.0.0-Release.Candidate.app xcrun xcodebuild -IDEClonedSourcePackagesDirPathOverride=$PWD/.dependencies -skipMacroValidation -skipPackagePluginValidation -derivedDataPath $PWD/.derivedData build -scheme coreml-stable-diffusion-swift -destination generic/platform=watchOS

Build Log

========================================
RunAll
========================================
Builder version: 5.1.0
Interrupt handler set up.
========================================
Checkout
========================================
Clone URL: https://github.com/swiftuiux/coreml-stable-diffusion-swift.git
Reference: 1.0.0
Initialized empty Git repository in /Users/admin/builder/spi-builder-workspace/.git/
From https://github.com/swiftuiux/coreml-stable-diffusion-swift
 * tag               1.0.0      -> FETCH_HEAD
HEAD is now at d00632b Update HelperImage.swift
Cloned https://github.com/swiftuiux/coreml-stable-diffusion-swift.git
Revision (git rev-parse @):
d00632ba63f7efcf9f0a124715debe09487e5a3b
SUCCESS checkout https://github.com/swiftuiux/coreml-stable-diffusion-swift.git at 1.0.0
========================================
Build
========================================
Selected platform:         watchOS
Swift version:             6.4
Building package at path:  $PWD
https://github.com/swiftuiux/coreml-stable-diffusion-swift.git
Command line invocation:
    /Applications/Xcode-27.0.0-Release.Candidate.app/Contents/Developer/usr/bin/xcodebuild -IDEClonedSourcePackagesDirPathOverride=/Users/admin/builder/spi-builder-workspace/.dependencies -resolvePackageDependencies
Resolve Package Graph
Fetching from https://github.com/apple/ml-stable-diffusion.git
Fetching from https://github.com/JohnSundell/Files.git
Fetching from https://github.com/apple/swift-argument-parser.git
Creating working copy of package ‘Files’
Checking out 4.3.0 of package ‘Files’
Creating working copy of package ‘ml-stable-diffusion’
Checking out 1.1.1 of package ‘ml-stable-diffusion’
Creating working copy of package ‘swift-argument-parser’
Checking out 1.8.2 of package ‘swift-argument-parser’
Resolve Package Graph
Resolved source packages:
  swift-argument-parser: https://github.com/apple/swift-argument-parser.git @ 1.8.2
  coreml-stable-diffusion-swift: /Users/admin/builder/spi-builder-workspace
  Files: https://github.com/JohnSundell/Files.git @ 4.3.0
  stable-diffusion: https://github.com/apple/ml-stable-diffusion.git @ 1.1.1
resolved source packages: swift-argument-parser, coreml-stable-diffusion-swift, Files, stable-diffusion
2026-09-21 09:32:06.526 xcodebuild[523:3002] [MT] IDERunDestination: Supported platforms for the buildables in the current scheme is empty.
{
  "dependencies" : [
    {
      "identity" : "ml-stable-diffusion",
      "requirement" : {
        "exact" : [
          "1.1.1"
        ]
      },
      "type" : "sourceControl",
      "url" : "https://github.com/apple/ml-stable-diffusion.git"
    },
    {
      "identity" : "files",
      "requirement" : {
        "range" : [
          {
            "lower_bound" : "4.2.0",
            "upper_bound" : "5.0.0"
          }
        ]
      },
      "type" : "sourceControl",
      "url" : "https://github.com/JohnSundell/Files.git"
    }
  ],
  "manifest_display_name" : "coreml-stable-diffusion-swift",
  "name" : "coreml-stable-diffusion-swift",
  "path" : "/Users/admin/builder/spi-builder-workspace",
  "platforms" : [
    {
      "name" : "macos",
      "version" : "13.0"
    },
    {
      "name" : "ios",
      "version" : "16.2"
    }
  ],
  "products" : [
    {
      "name" : "coreml-stable-diffusion-swift",
      "targets" : [
        "coreml-stable-diffusion-swift"
      ],
      "type" : {
        "library" : [
          "automatic"
        ]
      }
    }
  ],
  "targets" : [
    {
      "c99name" : "coreml_stable_diffusion_swiftTests",
      "module_type" : "SwiftTarget",
      "name" : "coreml-stable-diffusion-swiftTests",
      "path" : "Tests/coreml-stable-diffusion-swiftTests",
      "sources" : [
        "coreml_stable_diffusion_swiftTests.swift"
      ],
      "target_dependencies" : [
        "coreml-stable-diffusion-swift"
      ],
      "type" : "test"
    },
    {
      "c99name" : "coreml_stable_diffusion_swift",
      "module_type" : "SwiftTarget",
      "name" : "coreml-stable-diffusion-swift",
      "path" : "Sources/coreml-stable-diffusion-swift",
      "product_dependencies" : [
        "StableDiffusion",
        "Files"
      ],
      "product_memberships" : [
        "coreml-stable-diffusion-swift"
      ],
      "sources" : [
        "enum/Errors.swift",
        "enum/ProgressState.swift",
        "ext/NSImage+.swift",
        "ext/URL+.swift",
        "helper/HelperFile.swift",
        "helper/HelperImage.swift",
        "helper/HelperPipeline.swift",
        "manager/GenerativeManager.swift",
        "model/GenerativeModel.swift",
        "model/Scheduler.swift",
        "protocol/IGenerativeManager.swift"
      ],
      "type" : "library"
    }
  ],
  "tools_version" : "5.7"
}
warning: 'spi-builder-workspace': /Users/admin/builder/spi-builder-workspace/Package.swift:20:10: warning: 'package(url:_:)' is deprecated: use specific requirement APIs instead (e.g. use 'branch:' instead of '.branch') [#DeprecatedDeclaration]
18 |     dependencies: [
19 |         // Dependencies declare other packages that this package depends on.
20 |         .package(url: "https://github.com/apple/ml-stable-diffusion.git", .exactItem("1.1.1")),
   |          `- warning: 'package(url:_:)' is deprecated: use specific requirement APIs instead (e.g. use 'branch:' instead of '.branch') [#DeprecatedDeclaration]
21 |         .package(url: "https://github.com/JohnSundell/Files.git",
22 |                  from: "4.2.0")
[#DeprecatedDeclaration]: <https://docs.swift.org/compiler/documentation/diagnostics/deprecated-declaration>
{
  "workspace" : {
    "name" : "coreml-stable-diffusion-swift",
    "schemes" : [
      "coreml-stable-diffusion-swift"
    ]
  }
}
2026-09-21 09:32:49.738 xcodebuild[769:4709] [MT] IDERunDestination: Supported platforms for the buildables in the current scheme is empty.
Running build ...
env DEVELOPER_DIR=/Applications/Xcode-27.0.0-Release.Candidate.app xcrun xcodebuild -IDEClonedSourcePackagesDirPathOverride=$PWD/.dependencies -skipMacroValidation -skipPackagePluginValidation -derivedDataPath $PWD/.derivedData build -scheme coreml-stable-diffusion-swift -destination generic/platform=watchOS
Command line invocation:
    /Applications/Xcode-27.0.0-Release.Candidate.app/Contents/Developer/usr/bin/xcodebuild -IDEClonedSourcePackagesDirPathOverride=/Users/admin/builder/spi-builder-workspace/.dependencies -skipMacroValidation -skipPackagePluginValidation -derivedDataPath /Users/admin/builder/spi-builder-workspace/.derivedData build -scheme coreml-stable-diffusion-swift -destination generic/platform=watchOS
Resolve Package Graph
Resolve Package Graph
Resolved source packages:
  Files: https://github.com/JohnSundell/Files.git @ 4.3.0
  swift-argument-parser: https://github.com/apple/swift-argument-parser.git @ 1.8.2
  coreml-stable-diffusion-swift: /Users/admin/builder/spi-builder-workspace
  stable-diffusion: https://github.com/apple/ml-stable-diffusion.git @ 1.1.1
ComputePackagePrebuildTargetDependencyGraph
Prepare packages
CreateBuildRequest
SendProjectDescription
CreateBuildOperation
ComputeTargetDependencyGraph
note: Building targets in dependency order
note: Target dependency graph (6 targets)
    Target 'coreml-stable-diffusion-swift-product' in project 'coreml-stable-diffusion-swift'
        ➜ Explicit dependency on target 'coreml-stable-diffusion-swift' in project 'coreml-stable-diffusion-swift'
        ➜ Explicit dependency on target 'StableDiffusion-product' in project 'stable-diffusion'
        ➜ Explicit dependency on target 'Files-product' in project 'Files'
    Target 'coreml-stable-diffusion-swift' in project 'coreml-stable-diffusion-swift'
        ➜ Explicit dependency on target 'StableDiffusion-product' in project 'stable-diffusion'
        ➜ Explicit dependency on target 'Files-product' in project 'Files'
    Target 'Files-product' in project 'Files'
        ➜ Explicit dependency on target 'Files' in project 'Files'
    Target 'Files' in project 'Files' (no dependencies)
    Target 'StableDiffusion-product' in project 'stable-diffusion'
        ➜ Explicit dependency on target 'StableDiffusion' in project 'stable-diffusion'
    Target 'StableDiffusion' in project 'stable-diffusion' (no dependencies)
GatherProvisioningInputs
CreateBuildDescription
ExecuteExternalTool /Applications/Xcode-27.0.0-Release.Candidate.app/Contents/Developer/Toolchains/XcodeDefault.xctoolchain/usr/bin/swiftc --version
ExecuteExternalTool /Applications/Xcode-27.0.0-Release.Candidate.app/Contents/Developer/Toolchains/XcodeDefault.xctoolchain/usr/bin/clang -v -E -dM -isysroot /Applications/Xcode-27.0.0-Release.Candidate.app/Contents/Developer/Platforms/WatchOS.platform/Developer/SDKs/WatchOS27.0.sdk -x c -c /dev/null
ExecuteExternalTool /Applications/Xcode-27.0.0-Release.Candidate.app/Contents/Developer/Toolchains/XcodeDefault.xctoolchain/usr/bin/ld -version_details
Build description signature: 3ac46d5780a25d492d6dd3a55f850b81
Build description path: /Users/admin/builder/spi-builder-workspace/.derivedData/Build/Intermediates.noindex/XCBuildData/3ac46d5780a25d492d6dd3a55f850b81.xcbuilddata
CreateBuildDirectory /Users/admin/builder/spi-builder-workspace/.derivedData/SDKExplicitPrecompiledModules
    cd /Users/admin/builder/spi-builder-workspace/.swiftpm/xcode
    builtin-create-build-directory /Users/admin/builder/spi-builder-workspace/.derivedData/SDKExplicitPrecompiledModules
CreateBuildDirectory /Users/admin/builder/spi-builder-workspace/.derivedData/ModuleCache.noindex
    cd /Users/admin/builder/spi-builder-workspace/.swiftpm/xcode
    builtin-create-build-directory /Users/admin/builder/spi-builder-workspace/.derivedData/ModuleCache.noindex
CreateBuildDirectory /Users/admin/builder/spi-builder-workspace/.derivedData/CompilationCache.noindex
    cd /Users/admin/builder/spi-builder-workspace/.swiftpm/xcode
    builtin-create-build-directory /Users/admin/builder/spi-builder-workspace/.derivedData/CompilationCache.noindex
CreateBuildDirectory /Users/admin/builder/spi-builder-workspace/.derivedData/Build/Intermediates.noindex
    cd /Users/admin/builder/spi-builder-workspace/.swiftpm/xcode
    builtin-create-build-directory /Users/admin/builder/spi-builder-workspace/.derivedData/Build/Intermediates.noindex
CreateBuildDirectory /Users/admin/builder/spi-builder-workspace/.derivedData/Build/Products
    cd /Users/admin/builder/spi-builder-workspace/.swiftpm/xcode
    builtin-create-build-directory /Users/admin/builder/spi-builder-workspace/.derivedData/Build/Products
ClangStatCache /Applications/Xcode-27.0.0-Release.Candidate.app/Contents/Developer/Toolchains/XcodeDefault.xctoolchain/usr/bin/clang-stat-cache /Applications/Xcode-27.0.0-Release.Candidate.app/Contents/Developer/Platforms/WatchOS.platform/Developer/SDKs/WatchOS27.0.sdk /Users/admin/builder/spi-builder-workspace/.derivedData/SDKStatCaches.noindex/watchos27.0-24R360-e829b21a6f8c9b70876ba0858053c04477534ef55a1706bf4c1112bbb242f0a2.sdkstatcache
    cd /Users/admin/builder/spi-builder-workspace/.swiftpm/xcode
    /Applications/Xcode-27.0.0-Release.Candidate.app/Contents/Developer/Toolchains/XcodeDefault.xctoolchain/usr/bin/clang-stat-cache /Applications/Xcode-27.0.0-Release.Candidate.app/Contents/Developer/Platforms/WatchOS.platform/Developer/SDKs/WatchOS27.0.sdk -o /Users/admin/builder/spi-builder-workspace/.derivedData/SDKStatCaches.noindex/watchos27.0-24R360-e829b21a6f8c9b70876ba0858053c04477534ef55a1706bf4c1112bbb242f0a2.sdkstatcache
CreateBuildDirectory /Users/admin/builder/spi-builder-workspace/.derivedData/Build/Intermediates.noindex/SwiftExplicitPrecompiledModules
    cd /Users/admin/builder/spi-builder-workspace/.swiftpm/xcode
    builtin-create-build-directory /Users/admin/builder/spi-builder-workspace/.derivedData/Build/Intermediates.noindex/SwiftExplicitPrecompiledModules
CreateBuildDirectory /Users/admin/builder/spi-builder-workspace/.derivedData/Build/Intermediates.noindex/PrecompiledHeaders
    cd /Users/admin/builder/spi-builder-workspace/.swiftpm/xcode
    builtin-create-build-directory /Users/admin/builder/spi-builder-workspace/.derivedData/Build/Intermediates.noindex/PrecompiledHeaders
CreateBuildDirectory /Users/admin/builder/spi-builder-workspace/.derivedData/Build/Intermediates.noindex/ExplicitPrecompiledModules
    cd /Users/admin/builder/spi-builder-workspace/.swiftpm/xcode
    builtin-create-build-directory /Users/admin/builder/spi-builder-workspace/.derivedData/Build/Intermediates.noindex/ExplicitPrecompiledModules
CreateBuildDirectory /Users/admin/builder/spi-builder-workspace/.derivedData/Build/Intermediates.noindex/EagerLinkingTBDs/Debug-watchos
    cd /Users/admin/builder/spi-builder-workspace/.swiftpm/xcode
    builtin-create-build-directory /Users/admin/builder/spi-builder-workspace/.derivedData/Build/Intermediates.noindex/EagerLinkingTBDs/Debug-watchos
CreateBuildDirectory /Users/admin/builder/spi-builder-workspace/.derivedData/Build/Products/Debug-watchos
    cd /Users/admin/builder/spi-builder-workspace/.swiftpm/xcode
    builtin-create-build-directory /Users/admin/builder/spi-builder-workspace/.derivedData/Build/Products/Debug-watchos
CreateBuildDirectory /Users/admin/builder/spi-builder-workspace/.derivedData/Build/Products/Debug-watchos/PackageFrameworks
    cd /Users/admin/builder/spi-builder-workspace/.swiftpm/xcode
    builtin-create-build-directory /Users/admin/builder/spi-builder-workspace/.derivedData/Build/Products/Debug-watchos/PackageFrameworks
WriteAuxiliaryFile /Users/admin/builder/spi-builder-workspace/.derivedData/Build/Intermediates.noindex/coreml-stable-diffusion-swift.build/Debug-watchos/coreml-stable-diffusion-swift-t.build/coreml-stable-diffusion-swift.modulemap (in target 'coreml-stable-diffusion-swift' from project 'coreml-stable-diffusion-swift')
    cd /Users/admin/builder/spi-builder-workspace
    write-file /Users/admin/builder/spi-builder-workspace/.derivedData/Build/Intermediates.noindex/coreml-stable-diffusion-swift.build/Debug-watchos/coreml-stable-diffusion-swift-t.build/coreml-stable-diffusion-swift.modulemap
WriteAuxiliaryFile /Users/admin/builder/spi-builder-workspace/.derivedData/Build/Intermediates.noindex/coreml-stable-diffusion-swift.build/Debug-watchos/coreml-stable-diffusion-swift-t.build/coreml-stable-diffusion-swift.DependencyStaticMetadataFileList (in target 'coreml-stable-diffusion-swift' from project 'coreml-stable-diffusion-swift')
    cd /Users/admin/builder/spi-builder-workspace
    write-file /Users/admin/builder/spi-builder-workspace/.derivedData/Build/Intermediates.noindex/coreml-stable-diffusion-swift.build/Debug-watchos/coreml-stable-diffusion-swift-t.build/coreml-stable-diffusion-swift.DependencyStaticMetadataFileList
WriteAuxiliaryFile /Users/admin/builder/spi-builder-workspace/.derivedData/Build/Intermediates.noindex/coreml-stable-diffusion-swift.build/Debug-watchos/coreml-stable-diffusion-swift-t.build/coreml-stable-diffusion-swift.DependencyMetadataFileList (in target 'coreml-stable-diffusion-swift' from project 'coreml-stable-diffusion-swift')
    cd /Users/admin/builder/spi-builder-workspace
    write-file /Users/admin/builder/spi-builder-workspace/.derivedData/Build/Intermediates.noindex/coreml-stable-diffusion-swift.build/Debug-watchos/coreml-stable-diffusion-swift-t.build/coreml-stable-diffusion-swift.DependencyMetadataFileList
WriteAuxiliaryFile /Users/admin/builder/spi-builder-workspace/.derivedData/Build/Intermediates.noindex/coreml-stable-diffusion-swift.build/Debug-watchos/coreml-stable-diffusion-swift-t.build/Objects-normal/arm64_32/coreml-stable-diffusion-swift.LinkFileList (in target 'coreml-stable-diffusion-swift' from project 'coreml-stable-diffusion-swift')
    cd /Users/admin/builder/spi-builder-workspace
    write-file /Users/admin/builder/spi-builder-workspace/.derivedData/Build/Intermediates.noindex/coreml-stable-diffusion-swift.build/Debug-watchos/coreml-stable-diffusion-swift-t.build/Objects-normal/arm64_32/coreml-stable-diffusion-swift.LinkFileList
WriteAuxiliaryFile /Users/admin/builder/spi-builder-workspace/.derivedData/Build/Intermediates.noindex/coreml-stable-diffusion-swift.build/Debug-watchos/coreml-stable-diffusion-swift-t.build/Objects-normal/arm64_32/coreml-stable-diffusion-swift-OutputFileMap.json (in target 'coreml-stable-diffusion-swift' from project 'coreml-stable-diffusion-swift')
    cd /Users/admin/builder/spi-builder-workspace
    write-file /Users/admin/builder/spi-builder-workspace/.derivedData/Build/Intermediates.noindex/coreml-stable-diffusion-swift.build/Debug-watchos/coreml-stable-diffusion-swift-t.build/Objects-normal/arm64_32/coreml-stable-diffusion-swift-OutputFileMap.json
WriteAuxiliaryFile /Users/admin/builder/spi-builder-workspace/.derivedData/Build/Intermediates.noindex/coreml-stable-diffusion-swift.build/Debug-watchos/coreml-stable-diffusion-swift-t.build/Objects-normal/arm64_32/coreml-stable-diffusion-swift_const_extract_protocols.json (in target 'coreml-stable-diffusion-swift' from project 'coreml-stable-diffusion-swift')
    cd /Users/admin/builder/spi-builder-workspace
    write-file /Users/admin/builder/spi-builder-workspace/.derivedData/Build/Intermediates.noindex/coreml-stable-diffusion-swift.build/Debug-watchos/coreml-stable-diffusion-swift-t.build/Objects-normal/arm64_32/coreml-stable-diffusion-swift_const_extract_protocols.json
WriteAuxiliaryFile /Users/admin/builder/spi-builder-workspace/.derivedData/Build/Intermediates.noindex/coreml-stable-diffusion-swift.build/Debug-watchos/coreml-stable-diffusion-swift-t.build/Objects-normal/arm64_32/coreml-stable-diffusion-swift.SwiftConstValuesFileList (in target 'coreml-stable-diffusion-swift' from project 'coreml-stable-diffusion-swift')
    cd /Users/admin/builder/spi-builder-workspace
    write-file /Users/admin/builder/spi-builder-workspace/.derivedData/Build/Intermediates.noindex/coreml-stable-diffusion-swift.build/Debug-watchos/coreml-stable-diffusion-swift-t.build/Objects-normal/arm64_32/coreml-stable-diffusion-swift.SwiftConstValuesFileList
WriteAuxiliaryFile /Users/admin/builder/spi-builder-workspace/.derivedData/Build/Intermediates.noindex/coreml-stable-diffusion-swift.build/Debug-watchos/coreml-stable-diffusion-swift-t.build/Objects-normal/arm64_32/coreml-stable-diffusion-swift.SwiftFileList (in target 'coreml-stable-diffusion-swift' from project 'coreml-stable-diffusion-swift')
    cd /Users/admin/builder/spi-builder-workspace
    write-file /Users/admin/builder/spi-builder-workspace/.derivedData/Build/Intermediates.noindex/coreml-stable-diffusion-swift.build/Debug-watchos/coreml-stable-diffusion-swift-t.build/Objects-normal/arm64_32/coreml-stable-diffusion-swift.SwiftFileList
WriteAuxiliaryFile /Users/admin/builder/spi-builder-workspace/.derivedData/Build/Intermediates.noindex/coreml-stable-diffusion-swift.build/Debug-watchos/coreml-stable-diffusion-swift-t.build/Objects-normal/arm64/coreml-stable-diffusion-swift_const_extract_protocols.json (in target 'coreml-stable-diffusion-swift' from project 'coreml-stable-diffusion-swift')
    cd /Users/admin/builder/spi-builder-workspace
    write-file /Users/admin/builder/spi-builder-workspace/.derivedData/Build/Intermediates.noindex/coreml-stable-diffusion-swift.build/Debug-watchos/coreml-stable-diffusion-swift-t.build/Objects-normal/arm64/coreml-stable-diffusion-swift_const_extract_protocols.json
WriteAuxiliaryFile /Users/admin/builder/spi-builder-workspace/.derivedData/Build/Intermediates.noindex/coreml-stable-diffusion-swift.build/Debug-watchos/coreml-stable-diffusion-swift-t.build/Objects-normal/arm64/coreml-stable-diffusion-swift.SwiftConstValuesFileList (in target 'coreml-stable-diffusion-swift' from project 'coreml-stable-diffusion-swift')
    cd /Users/admin/builder/spi-builder-workspace
    write-file /Users/admin/builder/spi-builder-workspace/.derivedData/Build/Intermediates.noindex/coreml-stable-diffusion-swift.build/Debug-watchos/coreml-stable-diffusion-swift-t.build/Objects-normal/arm64/coreml-stable-diffusion-swift.SwiftConstValuesFileList
WriteAuxiliaryFile /Users/admin/builder/spi-builder-workspace/.derivedData/Build/Intermediates.noindex/coreml-stable-diffusion-swift.build/Debug-watchos/coreml-stable-diffusion-swift-t.build/Objects-normal/arm64/coreml-stable-diffusion-swift.SwiftFileList (in target 'coreml-stable-diffusion-swift' from project 'coreml-stable-diffusion-swift')
    cd /Users/admin/builder/spi-builder-workspace
    write-file /Users/admin/builder/spi-builder-workspace/.derivedData/Build/Intermediates.noindex/coreml-stable-diffusion-swift.build/Debug-watchos/coreml-stable-diffusion-swift-t.build/Objects-normal/arm64/coreml-stable-diffusion-swift.SwiftFileList
WriteAuxiliaryFile /Users/admin/builder/spi-builder-workspace/.derivedData/Build/Intermediates.noindex/coreml-stable-diffusion-swift.build/Debug-watchos/coreml-stable-diffusion-swift-t.build/Objects-normal/arm64/coreml-stable-diffusion-swift.LinkFileList (in target 'coreml-stable-diffusion-swift' from project 'coreml-stable-diffusion-swift')
    cd /Users/admin/builder/spi-builder-workspace
    write-file /Users/admin/builder/spi-builder-workspace/.derivedData/Build/Intermediates.noindex/coreml-stable-diffusion-swift.build/Debug-watchos/coreml-stable-diffusion-swift-t.build/Objects-normal/arm64/coreml-stable-diffusion-swift.LinkFileList
WriteAuxiliaryFile /Users/admin/builder/spi-builder-workspace/.derivedData/Build/Intermediates.noindex/coreml-stable-diffusion-swift.build/Debug-watchos/coreml-stable-diffusion-swift-t.build/Objects-normal/arm64/coreml-stable-diffusion-swift-OutputFileMap.json (in target 'coreml-stable-diffusion-swift' from project 'coreml-stable-diffusion-swift')
    cd /Users/admin/builder/spi-builder-workspace
    write-file /Users/admin/builder/spi-builder-workspace/.derivedData/Build/Intermediates.noindex/coreml-stable-diffusion-swift.build/Debug-watchos/coreml-stable-diffusion-swift-t.build/Objects-normal/arm64/coreml-stable-diffusion-swift-OutputFileMap.json
Copy /Users/admin/builder/spi-builder-workspace/.derivedData/Build/Intermediates.noindex/GeneratedModuleMaps-watchos/coreml-stable-diffusion-swift.modulemap /Users/admin/builder/spi-builder-workspace/.derivedData/Build/Intermediates.noindex/coreml-stable-diffusion-swift.build/Debug-watchos/coreml-stable-diffusion-swift-t.build/coreml-stable-diffusion-swift.modulemap (in target 'coreml-stable-diffusion-swift' from project 'coreml-stable-diffusion-swift')
    cd /Users/admin/builder/spi-builder-workspace
    builtin-copy -exclude .DS_Store -exclude CVS -exclude .svn -exclude .git -exclude .hg -resolve-src-symlinks /Users/admin/builder/spi-builder-workspace/.derivedData/Build/Intermediates.noindex/coreml-stable-diffusion-swift.build/Debug-watchos/coreml-stable-diffusion-swift-t.build/coreml-stable-diffusion-swift.modulemap /Users/admin/builder/spi-builder-workspace/.derivedData/Build/Intermediates.noindex/GeneratedModuleMaps-watchos
WriteAuxiliaryFile /Users/admin/builder/spi-builder-workspace/.derivedData/Build/Intermediates.noindex/stable-diffusion.build/Debug-watchos/StableDiffusion-t.build/StableDiffusion.DependencyStaticMetadataFileList (in target 'StableDiffusion' from project 'stable-diffusion')
    cd /Users/admin/builder/spi-builder-workspace/.dependencies/checkouts/ml-stable-diffusion
    write-file /Users/admin/builder/spi-builder-workspace/.derivedData/Build/Intermediates.noindex/stable-diffusion.build/Debug-watchos/StableDiffusion-t.build/StableDiffusion.DependencyStaticMetadataFileList
WriteAuxiliaryFile /Users/admin/builder/spi-builder-workspace/.derivedData/Build/Intermediates.noindex/stable-diffusion.build/Debug-watchos/StableDiffusion-t.build/StableDiffusion.modulemap (in target 'StableDiffusion' from project 'stable-diffusion')
    cd /Users/admin/builder/spi-builder-workspace/.dependencies/checkouts/ml-stable-diffusion
    write-file /Users/admin/builder/spi-builder-workspace/.derivedData/Build/Intermediates.noindex/stable-diffusion.build/Debug-watchos/StableDiffusion-t.build/StableDiffusion.modulemap
WriteAuxiliaryFile /Users/admin/builder/spi-builder-workspace/.derivedData/Build/Intermediates.noindex/stable-diffusion.build/Debug-watchos/StableDiffusion-t.build/StableDiffusion.DependencyMetadataFileList (in target 'StableDiffusion' from project 'stable-diffusion')
    cd /Users/admin/builder/spi-builder-workspace/.dependencies/checkouts/ml-stable-diffusion
    write-file /Users/admin/builder/spi-builder-workspace/.derivedData/Build/Intermediates.noindex/stable-diffusion.build/Debug-watchos/StableDiffusion-t.build/StableDiffusion.DependencyMetadataFileList
WriteAuxiliaryFile /Users/admin/builder/spi-builder-workspace/.derivedData/Build/Intermediates.noindex/stable-diffusion.build/Debug-watchos/StableDiffusion-t.build/Objects-normal/arm64_32/StableDiffusion_const_extract_protocols.json (in target 'StableDiffusion' from project 'stable-diffusion')
    cd /Users/admin/builder/spi-builder-workspace/.dependencies/checkouts/ml-stable-diffusion
    write-file /Users/admin/builder/spi-builder-workspace/.derivedData/Build/Intermediates.noindex/stable-diffusion.build/Debug-watchos/StableDiffusion-t.build/Objects-normal/arm64_32/StableDiffusion_const_extract_protocols.json
WriteAuxiliaryFile /Users/admin/builder/spi-builder-workspace/.derivedData/Build/Intermediates.noindex/stable-diffusion.build/Debug-watchos/StableDiffusion-t.build/Objects-normal/arm64_32/StableDiffusion.SwiftFileList (in target 'StableDiffusion' from project 'stable-diffusion')
    cd /Users/admin/builder/spi-builder-workspace/.dependencies/checkouts/ml-stable-diffusion
    write-file /Users/admin/builder/spi-builder-workspace/.derivedData/Build/Intermediates.noindex/stable-diffusion.build/Debug-watchos/StableDiffusion-t.build/Objects-normal/arm64_32/StableDiffusion.SwiftFileList
WriteAuxiliaryFile /Users/admin/builder/spi-builder-workspace/.derivedData/Build/Intermediates.noindex/stable-diffusion.build/Debug-watchos/StableDiffusion-t.build/Objects-normal/arm64_32/StableDiffusion.SwiftConstValuesFileList (in target 'StableDiffusion' from project 'stable-diffusion')
    cd /Users/admin/builder/spi-builder-workspace/.dependencies/checkouts/ml-stable-diffusion
    write-file /Users/admin/builder/spi-builder-workspace/.derivedData/Build/Intermediates.noindex/stable-diffusion.build/Debug-watchos/StableDiffusion-t.build/Objects-normal/arm64_32/StableDiffusion.SwiftConstValuesFileList
WriteAuxiliaryFile /Users/admin/builder/spi-builder-workspace/.derivedData/Build/Intermediates.noindex/stable-diffusion.build/Debug-watchos/StableDiffusion-t.build/Objects-normal/arm64_32/StableDiffusion.LinkFileList (in target 'StableDiffusion' from project 'stable-diffusion')
    cd /Users/admin/builder/spi-builder-workspace/.dependencies/checkouts/ml-stable-diffusion
    write-file /Users/admin/builder/spi-builder-workspace/.derivedData/Build/Intermediates.noindex/stable-diffusion.build/Debug-watchos/StableDiffusion-t.build/Objects-normal/arm64_32/StableDiffusion.LinkFileList
WriteAuxiliaryFile /Users/admin/builder/spi-builder-workspace/.derivedData/Build/Intermediates.noindex/stable-diffusion.build/Debug-watchos/StableDiffusion-t.build/Objects-normal/arm64_32/StableDiffusion-OutputFileMap.json (in target 'StableDiffusion' from project 'stable-diffusion')
    cd /Users/admin/builder/spi-builder-workspace/.dependencies/checkouts/ml-stable-diffusion
    write-file /Users/admin/builder/spi-builder-workspace/.derivedData/Build/Intermediates.noindex/stable-diffusion.build/Debug-watchos/StableDiffusion-t.build/Objects-normal/arm64_32/StableDiffusion-OutputFileMap.json
WriteAuxiliaryFile /Users/admin/builder/spi-builder-workspace/.derivedData/Build/Intermediates.noindex/stable-diffusion.build/Debug-watchos/StableDiffusion-t.build/Objects-normal/arm64/StableDiffusion_const_extract_protocols.json (in target 'StableDiffusion' from project 'stable-diffusion')
    cd /Users/admin/builder/spi-builder-workspace/.dependencies/checkouts/ml-stable-diffusion
    write-file /Users/admin/builder/spi-builder-workspace/.derivedData/Build/Intermediates.noindex/stable-diffusion.build/Debug-watchos/StableDiffusion-t.build/Objects-normal/arm64/StableDiffusion_const_extract_protocols.json
WriteAuxiliaryFile /Users/admin/builder/spi-builder-workspace/.derivedData/Build/Intermediates.noindex/stable-diffusion.build/Debug-watchos/StableDiffusion-t.build/Objects-normal/arm64/StableDiffusion.SwiftFileList (in target 'StableDiffusion' from project 'stable-diffusion')
    cd /Users/admin/builder/spi-builder-workspace/.dependencies/checkouts/ml-stable-diffusion
    write-file /Users/admin/builder/spi-builder-workspace/.derivedData/Build/Intermediates.noindex/stable-diffusion.build/Debug-watchos/StableDiffusion-t.build/Objects-normal/arm64/StableDiffusion.SwiftFileList
WriteAuxiliaryFile /Users/admin/builder/spi-builder-workspace/.derivedData/Build/Intermediates.noindex/stable-diffusion.build/Debug-watchos/StableDiffusion-t.build/Objects-normal/arm64/StableDiffusion.SwiftConstValuesFileList (in target 'StableDiffusion' from project 'stable-diffusion')
    cd /Users/admin/builder/spi-builder-workspace/.dependencies/checkouts/ml-stable-diffusion
    write-file /Users/admin/builder/spi-builder-workspace/.derivedData/Build/Intermediates.noindex/stable-diffusion.build/Debug-watchos/StableDiffusion-t.build/Objects-normal/arm64/StableDiffusion.SwiftConstValuesFileList
WriteAuxiliaryFile /Users/admin/builder/spi-builder-workspace/.derivedData/Build/Intermediates.noindex/stable-diffusion.build/Debug-watchos/StableDiffusion-t.build/Objects-normal/arm64/StableDiffusion.LinkFileList (in target 'StableDiffusion' from project 'stable-diffusion')
    cd /Users/admin/builder/spi-builder-workspace/.dependencies/checkouts/ml-stable-diffusion
    write-file /Users/admin/builder/spi-builder-workspace/.derivedData/Build/Intermediates.noindex/stable-diffusion.build/Debug-watchos/StableDiffusion-t.build/Objects-normal/arm64/StableDiffusion.LinkFileList
Copy /Users/admin/builder/spi-builder-workspace/.derivedData/Build/Intermediates.noindex/GeneratedModuleMaps-watchos/StableDiffusion.modulemap /Users/admin/builder/spi-builder-workspace/.derivedData/Build/Intermediates.noindex/stable-diffusion.build/Debug-watchos/StableDiffusion-t.build/StableDiffusion.modulemap (in target 'StableDiffusion' from project 'stable-diffusion')
    cd /Users/admin/builder/spi-builder-workspace/.dependencies/checkouts/ml-stable-diffusion
    builtin-copy -exclude .DS_Store -exclude CVS -exclude .svn -exclude .git -exclude .hg -resolve-src-symlinks /Users/admin/builder/spi-builder-workspace/.derivedData/Build/Intermediates.noindex/stable-diffusion.build/Debug-watchos/StableDiffusion-t.build/StableDiffusion.modulemap /Users/admin/builder/spi-builder-workspace/.derivedData/Build/Intermediates.noindex/GeneratedModuleMaps-watchos
WriteAuxiliaryFile /Users/admin/builder/spi-builder-workspace/.derivedData/Build/Intermediates.noindex/stable-diffusion.build/Debug-watchos/StableDiffusion-t.build/Objects-normal/arm64/StableDiffusion-OutputFileMap.json (in target 'StableDiffusion' from project 'stable-diffusion')
    cd /Users/admin/builder/spi-builder-workspace/.dependencies/checkouts/ml-stable-diffusion
    write-file /Users/admin/builder/spi-builder-workspace/.derivedData/Build/Intermediates.noindex/stable-diffusion.build/Debug-watchos/StableDiffusion-t.build/Objects-normal/arm64/StableDiffusion-OutputFileMap.json
WriteAuxiliaryFile /Users/admin/builder/spi-builder-workspace/.derivedData/Build/Intermediates.noindex/Files.build/Debug-watchos/Files-t.build/Objects-normal/arm64_32/Files_const_extract_protocols.json (in target 'Files' from project 'Files')
    cd /Users/admin/builder/spi-builder-workspace/.dependencies/checkouts/Files
    write-file /Users/admin/builder/spi-builder-workspace/.derivedData/Build/Intermediates.noindex/Files.build/Debug-watchos/Files-t.build/Objects-normal/arm64_32/Files_const_extract_protocols.json
WriteAuxiliaryFile /Users/admin/builder/spi-builder-workspace/.derivedData/Build/Intermediates.noindex/Files.build/Debug-watchos/Files-t.build/Objects-normal/arm64_32/Files.SwiftFileList (in target 'Files' from project 'Files')
    cd /Users/admin/builder/spi-builder-workspace/.dependencies/checkouts/Files
    write-file /Users/admin/builder/spi-builder-workspace/.derivedData/Build/Intermediates.noindex/Files.build/Debug-watchos/Files-t.build/Objects-normal/arm64_32/Files.SwiftFileList
WriteAuxiliaryFile /Users/admin/builder/spi-builder-workspace/.derivedData/Build/Intermediates.noindex/Files.build/Debug-watchos/Files-t.build/Objects-normal/arm64_32/Files.SwiftConstValuesFileList (in target 'Files' from project 'Files')
    cd /Users/admin/builder/spi-builder-workspace/.dependencies/checkouts/Files
    write-file /Users/admin/builder/spi-builder-workspace/.derivedData/Build/Intermediates.noindex/Files.build/Debug-watchos/Files-t.build/Objects-normal/arm64_32/Files.SwiftConstValuesFileList
WriteAuxiliaryFile /Users/admin/builder/spi-builder-workspace/.derivedData/Build/Intermediates.noindex/Files.build/Debug-watchos/Files-t.build/Objects-normal/arm64_32/Files.LinkFileList (in target 'Files' from project 'Files')
    cd /Users/admin/builder/spi-builder-workspace/.dependencies/checkouts/Files
    write-file /Users/admin/builder/spi-builder-workspace/.derivedData/Build/Intermediates.noindex/Files.build/Debug-watchos/Files-t.build/Objects-normal/arm64_32/Files.LinkFileList
WriteAuxiliaryFile /Users/admin/builder/spi-builder-workspace/.derivedData/Build/Intermediates.noindex/Files.build/Debug-watchos/Files-t.build/Objects-normal/arm64_32/Files-OutputFileMap.json (in target 'Files' from project 'Files')
    cd /Users/admin/builder/spi-builder-workspace/.dependencies/checkouts/Files
    write-file /Users/admin/builder/spi-builder-workspace/.derivedData/Build/Intermediates.noindex/Files.build/Debug-watchos/Files-t.build/Objects-normal/arm64_32/Files-OutputFileMap.json
WriteAuxiliaryFile /Users/admin/builder/spi-builder-workspace/.derivedData/Build/Intermediates.noindex/Files.build/Debug-watchos/Files-t.build/Objects-normal/arm64/Files.SwiftFileList (in target 'Files' from project 'Files')
    cd /Users/admin/builder/spi-builder-workspace/.dependencies/checkouts/Files
    write-file /Users/admin/builder/spi-builder-workspace/.derivedData/Build/Intermediates.noindex/Files.build/Debug-watchos/Files-t.build/Objects-normal/arm64/Files.SwiftFileList
WriteAuxiliaryFile /Users/admin/builder/spi-builder-workspace/.derivedData/Build/Intermediates.noindex/Files.build/Debug-watchos/Files-t.build/Objects-normal/arm64/Files_const_extract_protocols.json (in target 'Files' from project 'Files')
    cd /Users/admin/builder/spi-builder-workspace/.dependencies/checkouts/Files
    write-file /Users/admin/builder/spi-builder-workspace/.derivedData/Build/Intermediates.noindex/Files.build/Debug-watchos/Files-t.build/Objects-normal/arm64/Files_const_extract_protocols.json
WriteAuxiliaryFile /Users/admin/builder/spi-builder-workspace/.derivedData/Build/Intermediates.noindex/Files.build/Debug-watchos/Files-t.build/Objects-normal/arm64/Files.SwiftConstValuesFileList (in target 'Files' from project 'Files')
    cd /Users/admin/builder/spi-builder-workspace/.dependencies/checkouts/Files
    write-file /Users/admin/builder/spi-builder-workspace/.derivedData/Build/Intermediates.noindex/Files.build/Debug-watchos/Files-t.build/Objects-normal/arm64/Files.SwiftConstValuesFileList
WriteAuxiliaryFile /Users/admin/builder/spi-builder-workspace/.derivedData/Build/Intermediates.noindex/Files.build/Debug-watchos/Files-t.build/Objects-normal/arm64/Files.LinkFileList (in target 'Files' from project 'Files')
    cd /Users/admin/builder/spi-builder-workspace/.dependencies/checkouts/Files
    write-file /Users/admin/builder/spi-builder-workspace/.derivedData/Build/Intermediates.noindex/Files.build/Debug-watchos/Files-t.build/Objects-normal/arm64/Files.LinkFileList
WriteAuxiliaryFile /Users/admin/builder/spi-builder-workspace/.derivedData/Build/Intermediates.noindex/Files.build/Debug-watchos/Files-t.build/Objects-normal/arm64/Files-OutputFileMap.json (in target 'Files' from project 'Files')
    cd /Users/admin/builder/spi-builder-workspace/.dependencies/checkouts/Files
    write-file /Users/admin/builder/spi-builder-workspace/.derivedData/Build/Intermediates.noindex/Files.build/Debug-watchos/Files-t.build/Objects-normal/arm64/Files-OutputFileMap.json
WriteAuxiliaryFile /Users/admin/builder/spi-builder-workspace/.derivedData/Build/Intermediates.noindex/Files.build/Debug-watchos/Files-t.build/Files.modulemap (in target 'Files' from project 'Files')
    cd /Users/admin/builder/spi-builder-workspace/.dependencies/checkouts/Files
    write-file /Users/admin/builder/spi-builder-workspace/.derivedData/Build/Intermediates.noindex/Files.build/Debug-watchos/Files-t.build/Files.modulemap
WriteAuxiliaryFile /Users/admin/builder/spi-builder-workspace/.derivedData/Build/Intermediates.noindex/Files.build/Debug-watchos/Files-t.build/Files.DependencyStaticMetadataFileList (in target 'Files' from project 'Files')
    cd /Users/admin/builder/spi-builder-workspace/.dependencies/checkouts/Files
    write-file /Users/admin/builder/spi-builder-workspace/.derivedData/Build/Intermediates.noindex/Files.build/Debug-watchos/Files-t.build/Files.DependencyStaticMetadataFileList
WriteAuxiliaryFile /Users/admin/builder/spi-builder-workspace/.derivedData/Build/Intermediates.noindex/Files.build/Debug-watchos/Files-t.build/Files.DependencyMetadataFileList (in target 'Files' from project 'Files')
    cd /Users/admin/builder/spi-builder-workspace/.dependencies/checkouts/Files
    write-file /Users/admin/builder/spi-builder-workspace/.derivedData/Build/Intermediates.noindex/Files.build/Debug-watchos/Files-t.build/Files.DependencyMetadataFileList
Copy /Users/admin/builder/spi-builder-workspace/.derivedData/Build/Intermediates.noindex/GeneratedModuleMaps-watchos/Files.modulemap /Users/admin/builder/spi-builder-workspace/.derivedData/Build/Intermediates.noindex/Files.build/Debug-watchos/Files-t.build/Files.modulemap (in target 'Files' from project 'Files')
    cd /Users/admin/builder/spi-builder-workspace/.dependencies/checkouts/Files
    builtin-copy -exclude .DS_Store -exclude CVS -exclude .svn -exclude .git -exclude .hg -resolve-src-symlinks /Users/admin/builder/spi-builder-workspace/.derivedData/Build/Intermediates.noindex/Files.build/Debug-watchos/Files-t.build/Files.modulemap /Users/admin/builder/spi-builder-workspace/.derivedData/Build/Intermediates.noindex/GeneratedModuleMaps-watchos
SwiftDriver StableDiffusion normal arm64 com.apple.xcode.tools.swift.compiler (in target 'StableDiffusion' from project 'stable-diffusion')
    cd /Users/admin/builder/spi-builder-workspace/.swiftpm/xcode
    builtin-SwiftDriver -- /Applications/Xcode-27.0.0-Release.Candidate.app/Contents/Developer/Toolchains/XcodeDefault.xctoolchain/usr/bin/swiftc -parse-as-library -module-name StableDiffusion -Onone @/Users/admin/builder/spi-builder-workspace/.derivedData/Build/Intermediates.noindex/stable-diffusion.build/Debug-watchos/StableDiffusion-t.build/Objects-normal/arm64/StableDiffusion.SwiftFileList -DSWIFT_PACKAGE -DDEBUG -DSWIFT_MODULE_RESOURCE_BUNDLE_UNAVAILABLE -DXcode -plugin-path /Applications/Xcode-27.0.0-Release.Candidate.app/Contents/Developer/Toolchains/XcodeDefault.xctoolchain/usr/lib/swift/host/plugins/testing -enable-experimental-feature DebugDescriptionMacro -sdk /Applications/Xcode-27.0.0-Release.Candidate.app/Contents/Developer/Platforms/WatchOS.platform/Developer/SDKs/WatchOS27.0.sdk -target arm64-apple-watchos9.0 -g -module-cache-path /Users/admin/builder/spi-builder-workspace/.derivedData/ModuleCache.noindex -Xfrontend -serialize-debugging-options -profile-coverage-mapping -profile-generate -enable-testing -suppress-warnings -index-store-path /Users/admin/builder/spi-builder-workspace/.derivedData/Index.noindex/DataStore -Xcc -D_LIBCPP_HARDENING_MODE\=_LIBCPP_HARDENING_MODE_DEBUG -swift-version 5 -I /Users/admin/builder/spi-builder-workspace/.derivedData/Build/Products/Debug-watchos -Isystem /Applications/Xcode-27.0.0-Release.Candidate.app/Contents/Developer/Platforms/WatchOS.platform/Developer/usr/lib -F /Users/admin/builder/spi-builder-workspace/.derivedData/Build/Products/Debug-watchos -F /Applications/Xcode-27.0.0-Release.Candidate.app/Contents/Developer/Platforms/WatchOS.platform/Developer/Library/Frameworks -F /Applications/Xcode-27.0.0-Release.Candidate.app/Contents/Developer/Platforms/WatchOS.platform/Developer/SDKs/WatchOS27.0.sdk/Developer/Library/Frameworks -c -j10 -enable-batch-mode -incremental -Xcc -ivfsstatcache -Xcc /Users/admin/builder/spi-builder-workspace/.derivedData/SDKStatCaches.noindex/watchos27.0-24R360-e829b21a6f8c9b70876ba0858053c04477534ef55a1706bf4c1112bbb242f0a2.sdkstatcache -output-file-map /Users/admin/builder/spi-builder-workspace/.derivedData/Build/Intermediates.noindex/stable-diffusion.build/Debug-watchos/StableDiffusion-t.build/Objects-normal/arm64/StableDiffusion-OutputFileMap.json -save-temps -no-color-diagnostics -explicit-module-build -module-cache-path /Users/admin/builder/spi-builder-workspace/.derivedData/Build/Intermediates.noindex/SwiftExplicitPrecompiledModules -clang-scanner-module-cache-path /Users/admin/builder/spi-builder-workspace/.derivedData/ModuleCache.noindex -sdk-module-cache-path /Users/admin/builder/spi-builder-workspace/.derivedData/SDKExplicitPrecompiledModules -emit-dependencies -emit-module -emit-module-path /Users/admin/builder/spi-builder-workspace/.derivedData/Build/Intermediates.noindex/stable-diffusion.build/Debug-watchos/StableDiffusion-t.build/Objects-normal/arm64/StableDiffusion.swiftmodule -serialize-diagnostics -dependency-scan-serialize-diagnostics-path /Users/admin/builder/spi-builder-workspace/.derivedData/Build/Intermediates.noindex/stable-diffusion.build/Debug-watchos/StableDiffusion-t.build/Objects-normal/arm64/StableDiffusion-dependency-scan.dia -validate-clang-modules-once -clang-build-session-file /Users/admin/builder/spi-builder-workspace/.derivedData/ModuleCache.noindex/Session.modulevalidation -Xcc -fmodules-prune-interval\=86400 -Xcc -fmodules-prune-after\=345600 -emit-const-values -const-gather-protocols-list /Users/admin/builder/spi-builder-workspace/.derivedData/Build/Intermediates.noindex/stable-diffusion.build/Debug-watchos/StableDiffusion-t.build/Objects-normal/arm64/StableDiffusion_const_extract_protocols.json -Xcc -I/Users/admin/builder/spi-builder-workspace/.derivedData/Build/Products/Debug-watchos/include -Xcc -I/Users/admin/builder/spi-builder-workspace/.derivedData/Build/Intermediates.noindex/stable-diffusion.build/Debug-watchos/StableDiffusion-t.build/DerivedSources-normal/arm64 -Xcc -I/Users/admin/builder/spi-builder-workspace/.derivedData/Build/Intermediates.noindex/stable-diffusion.build/Debug-watchos/StableDiffusion-t.build/DerivedSources/arm64 -Xcc -I/Users/admin/builder/spi-builder-workspace/.derivedData/Build/Intermediates.noindex/stable-diffusion.build/Debug-watchos/StableDiffusion-t.build/DerivedSources -Xcc -DSWIFT_PACKAGE -Xcc -DDEBUG\=1 -emit-objc-header -emit-objc-header-path /Users/admin/builder/spi-builder-workspace/.derivedData/Build/Intermediates.noindex/stable-diffusion.build/Debug-watchos/StableDiffusion-t.build/Objects-normal/arm64/StableDiffusion-Swift.h -working-directory /Users/admin/builder/spi-builder-workspace/.swiftpm/xcode -experimental-emit-module-separately -disable-cmo
SwiftDriver StableDiffusion normal arm64_32 com.apple.xcode.tools.swift.compiler (in target 'StableDiffusion' from project 'stable-diffusion')
    cd /Users/admin/builder/spi-builder-workspace/.swiftpm/xcode
    builtin-SwiftDriver -- /Applications/Xcode-27.0.0-Release.Candidate.app/Contents/Developer/Toolchains/XcodeDefault.xctoolchain/usr/bin/swiftc -parse-as-library -module-name StableDiffusion -Onone @/Users/admin/builder/spi-builder-workspace/.derivedData/Build/Intermediates.noindex/stable-diffusion.build/Debug-watchos/StableDiffusion-t.build/Objects-normal/arm64_32/StableDiffusion.SwiftFileList -DSWIFT_PACKAGE -DDEBUG -DSWIFT_MODULE_RESOURCE_BUNDLE_UNAVAILABLE -DXcode -plugin-path /Applications/Xcode-27.0.0-Release.Candidate.app/Contents/Developer/Toolchains/XcodeDefault.xctoolchain/usr/lib/swift/host/plugins/testing -enable-experimental-feature DebugDescriptionMacro -sdk /Applications/Xcode-27.0.0-Release.Candidate.app/Contents/Developer/Platforms/WatchOS.platform/Developer/SDKs/WatchOS27.0.sdk -target arm64_32-apple-watchos9.0 -g -module-cache-path /Users/admin/builder/spi-builder-workspace/.derivedData/ModuleCache.noindex -Xfrontend -serialize-debugging-options -profile-coverage-mapping -profile-generate -enable-testing -suppress-warnings -index-store-path /Users/admin/builder/spi-builder-workspace/.derivedData/Index.noindex/DataStore -Xcc -D_LIBCPP_HARDENING_MODE\=_LIBCPP_HARDENING_MODE_DEBUG -swift-version 5 -I /Users/admin/builder/spi-builder-workspace/.derivedData/Build/Products/Debug-watchos -Isystem /Applications/Xcode-27.0.0-Release.Candidate.app/Contents/Developer/Platforms/WatchOS.platform/Developer/usr/lib -F /Users/admin/builder/spi-builder-workspace/.derivedData/Build/Products/Debug-watchos -F /Applications/Xcode-27.0.0-Release.Candidate.app/Contents/Developer/Platforms/WatchOS.platform/Developer/Library/Frameworks -F /Applications/Xcode-27.0.0-Release.Candidate.app/Contents/Developer/Platforms/WatchOS.platform/Developer/SDKs/WatchOS27.0.sdk/Developer/Library/Frameworks -c -j10 -enable-batch-mode -incremental -Xcc -ivfsstatcache -Xcc /Users/admin/builder/spi-builder-workspace/.derivedData/SDKStatCaches.noindex/watchos27.0-24R360-e829b21a6f8c9b70876ba0858053c04477534ef55a1706bf4c1112bbb242f0a2.sdkstatcache -output-file-map /Users/admin/builder/spi-builder-workspace/.derivedData/Build/Intermediates.noindex/stable-diffusion.build/Debug-watchos/StableDiffusion-t.build/Objects-normal/arm64_32/StableDiffusion-OutputFileMap.json -save-temps -no-color-diagnostics -explicit-module-build -module-cache-path /Users/admin/builder/spi-builder-workspace/.derivedData/Build/Intermediates.noindex/SwiftExplicitPrecompiledModules -clang-scanner-module-cache-path /Users/admin/builder/spi-builder-workspace/.derivedData/ModuleCache.noindex -sdk-module-cache-path /Users/admin/builder/spi-builder-workspace/.derivedData/SDKExplicitPrecompiledModules -emit-dependencies -emit-module -emit-module-path /Users/admin/builder/spi-builder-workspace/.derivedData/Build/Intermediates.noindex/stable-diffusion.build/Debug-watchos/StableDiffusion-t.build/Objects-normal/arm64_32/StableDiffusion.swiftmodule -serialize-diagnostics -dependency-scan-serialize-diagnostics-path /Users/admin/builder/spi-builder-workspace/.derivedData/Build/Intermediates.noindex/stable-diffusion.build/Debug-watchos/StableDiffusion-t.build/Objects-normal/arm64_32/StableDiffusion-dependency-scan.dia -validate-clang-modules-once -clang-build-session-file /Users/admin/builder/spi-builder-workspace/.derivedData/ModuleCache.noindex/Session.modulevalidation -Xcc -fmodules-prune-interval\=86400 -Xcc -fmodules-prune-after\=345600 -emit-const-values -const-gather-protocols-list /Users/admin/builder/spi-builder-workspace/.derivedData/Build/Intermediates.noindex/stable-diffusion.build/Debug-watchos/StableDiffusion-t.build/Objects-normal/arm64_32/StableDiffusion_const_extract_protocols.json -Xcc -I/Users/admin/builder/spi-builder-workspace/.derivedData/Build/Products/Debug-watchos/include -Xcc -I/Users/admin/builder/spi-builder-workspace/.derivedData/Build/Intermediates.noindex/stable-diffusion.build/Debug-watchos/StableDiffusion-t.build/DerivedSources-normal/arm64_32 -Xcc -I/Users/admin/builder/spi-builder-workspace/.derivedData/Build/Intermediates.noindex/stable-diffusion.build/Debug-watchos/StableDiffusion-t.build/DerivedSources/arm64_32 -Xcc -I/Users/admin/builder/spi-builder-workspace/.derivedData/Build/Intermediates.noindex/stable-diffusion.build/Debug-watchos/StableDiffusion-t.build/DerivedSources -Xcc -DSWIFT_PACKAGE -Xcc -DDEBUG\=1 -emit-objc-header -emit-objc-header-path /Users/admin/builder/spi-builder-workspace/.derivedData/Build/Intermediates.noindex/stable-diffusion.build/Debug-watchos/StableDiffusion-t.build/Objects-normal/arm64_32/StableDiffusion-Swift.h -working-directory /Users/admin/builder/spi-builder-workspace/.swiftpm/xcode -experimental-emit-module-separately -disable-cmo
SwiftDriver Files normal arm64_32 com.apple.xcode.tools.swift.compiler (in target 'Files' from project 'Files')
    cd /Users/admin/builder/spi-builder-workspace/.swiftpm/xcode
    builtin-SwiftDriver -- /Applications/Xcode-27.0.0-Release.Candidate.app/Contents/Developer/Toolchains/XcodeDefault.xctoolchain/usr/bin/swiftc -parse-as-library -module-name Files -Onone @/Users/admin/builder/spi-builder-workspace/.derivedData/Build/Intermediates.noindex/Files.build/Debug-watchos/Files-t.build/Objects-normal/arm64_32/Files.SwiftFileList -DSWIFT_PACKAGE -DDEBUG -DSWIFT_MODULE_RESOURCE_BUNDLE_UNAVAILABLE -DXcode -plugin-path /Applications/Xcode-27.0.0-Release.Candidate.app/Contents/Developer/Toolchains/XcodeDefault.xctoolchain/usr/lib/swift/host/plugins/testing -enable-experimental-feature DebugDescriptionMacro -sdk /Applications/Xcode-27.0.0-Release.Candidate.app/Contents/Developer/Platforms/WatchOS.platform/Developer/SDKs/WatchOS27.0.sdk -target arm64_32-apple-watchos9.0 -g -module-cache-path /Users/admin/builder/spi-builder-workspace/.derivedData/ModuleCache.noindex -Xfrontend -serialize-debugging-options -profile-coverage-mapping -profile-generate -enable-testing -suppress-warnings -index-store-path /Users/admin/builder/spi-builder-workspace/.derivedData/Index.noindex/DataStore -Xcc -D_LIBCPP_HARDENING_MODE\=_LIBCPP_HARDENING_MODE_DEBUG -swift-version 5 -I /Users/admin/builder/spi-builder-workspace/.derivedData/Build/Products/Debug-watchos -Isystem /Applications/Xcode-27.0.0-Release.Candidate.app/Contents/Developer/Platforms/WatchOS.platform/Developer/usr/lib -F /Users/admin/builder/spi-builder-workspace/.derivedData/Build/Products/Debug-watchos -F /Applications/Xcode-27.0.0-Release.Candidate.app/Contents/Developer/Platforms/WatchOS.platform/Developer/Library/Frameworks -F /Applications/Xcode-27.0.0-Release.Candidate.app/Contents/Developer/Platforms/WatchOS.platform/Developer/SDKs/WatchOS27.0.sdk/Developer/Library/Frameworks -c -j10 -enable-batch-mode -incremental -Xcc -ivfsstatcache -Xcc /Users/admin/builder/spi-builder-workspace/.derivedData/SDKStatCaches.noindex/watchos27.0-24R360-e829b21a6f8c9b70876ba0858053c04477534ef55a1706bf4c1112bbb242f0a2.sdkstatcache -output-file-map /Users/admin/builder/spi-builder-workspace/.derivedData/Build/Intermediates.noindex/Files.build/Debug-watchos/Files-t.build/Objects-normal/arm64_32/Files-OutputFileMap.json -save-temps -no-color-diagnostics -explicit-module-build -module-cache-path /Users/admin/builder/spi-builder-workspace/.derivedData/Build/Intermediates.noindex/SwiftExplicitPrecompiledModules -clang-scanner-module-cache-path /Users/admin/builder/spi-builder-workspace/.derivedData/ModuleCache.noindex -sdk-module-cache-path /Users/admin/builder/spi-builder-workspace/.derivedData/SDKExplicitPrecompiledModules -emit-dependencies -emit-module -emit-module-path /Users/admin/builder/spi-builder-workspace/.derivedData/Build/Intermediates.noindex/Files.build/Debug-watchos/Files-t.build/Objects-normal/arm64_32/Files.swiftmodule -serialize-diagnostics -dependency-scan-serialize-diagnostics-path /Users/admin/builder/spi-builder-workspace/.derivedData/Build/Intermediates.noindex/Files.build/Debug-watchos/Files-t.build/Objects-normal/arm64_32/Files-dependency-scan.dia -validate-clang-modules-once -clang-build-session-file /Users/admin/builder/spi-builder-workspace/.derivedData/ModuleCache.noindex/Session.modulevalidation -Xcc -fmodules-prune-interval\=86400 -Xcc -fmodules-prune-after\=345600 -emit-const-values -const-gather-protocols-list /Users/admin/builder/spi-builder-workspace/.derivedData/Build/Intermediates.noindex/Files.build/Debug-watchos/Files-t.build/Objects-normal/arm64_32/Files_const_extract_protocols.json -Xcc -I/Users/admin/builder/spi-builder-workspace/.derivedData/Build/Products/Debug-watchos/include -Xcc -I/Users/admin/builder/spi-builder-workspace/.derivedData/Build/Intermediates.noindex/Files.build/Debug-watchos/Files-t.build/DerivedSources-normal/arm64_32 -Xcc -I/Users/admin/builder/spi-builder-workspace/.derivedData/Build/Intermediates.noindex/Files.build/Debug-watchos/Files-t.build/DerivedSources/arm64_32 -Xcc -I/Users/admin/builder/spi-builder-workspace/.derivedData/Build/Intermediates.noindex/Files.build/Debug-watchos/Files-t.build/DerivedSources -Xcc -DSWIFT_PACKAGE -Xcc -DDEBUG\=1 -emit-objc-header -emit-objc-header-path /Users/admin/builder/spi-builder-workspace/.derivedData/Build/Intermediates.noindex/Files.build/Debug-watchos/Files-t.build/Objects-normal/arm64_32/Files-Swift.h -working-directory /Users/admin/builder/spi-builder-workspace/.swiftpm/xcode -experimental-emit-module-separately -disable-cmo
SwiftDriver Files normal arm64 com.apple.xcode.tools.swift.compiler (in target 'Files' from project 'Files')
    cd /Users/admin/builder/spi-builder-workspace/.swiftpm/xcode
    builtin-SwiftDriver -- /Applications/Xcode-27.0.0-Release.Candidate.app/Contents/Developer/Toolchains/XcodeDefault.xctoolchain/usr/bin/swiftc -parse-as-library -module-name Files -Onone @/Users/admin/builder/spi-builder-workspace/.derivedData/Build/Intermediates.noindex/Files.build/Debug-watchos/Files-t.build/Objects-normal/arm64/Files.SwiftFileList -DSWIFT_PACKAGE -DDEBUG -DSWIFT_MODULE_RESOURCE_BUNDLE_UNAVAILABLE -DXcode -plugin-path /Applications/Xcode-27.0.0-Release.Candidate.app/Contents/Developer/Toolchains/XcodeDefault.xctoolchain/usr/lib/swift/host/plugins/testing -enable-experimental-feature DebugDescriptionMacro -sdk /Applications/Xcode-27.0.0-Release.Candidate.app/Contents/Developer/Platforms/WatchOS.platform/Developer/SDKs/WatchOS27.0.sdk -target arm64-apple-watchos9.0 -g -module-cache-path /Users/admin/builder/spi-builder-workspace/.derivedData/ModuleCache.noindex -Xfrontend -serialize-debugging-options -profile-coverage-mapping -profile-generate -enable-testing -suppress-warnings -index-store-path /Users/admin/builder/spi-builder-workspace/.derivedData/Index.noindex/DataStore -Xcc -D_LIBCPP_HARDENING_MODE\=_LIBCPP_HARDENING_MODE_DEBUG -swift-version 5 -I /Users/admin/builder/spi-builder-workspace/.derivedData/Build/Products/Debug-watchos -Isystem /Applications/Xcode-27.0.0-Release.Candidate.app/Contents/Developer/Platforms/WatchOS.platform/Developer/usr/lib -F /Users/admin/builder/spi-builder-workspace/.derivedData/Build/Products/Debug-watchos -F /Applications/Xcode-27.0.0-Release.Candidate.app/Contents/Developer/Platforms/WatchOS.platform/Developer/Library/Frameworks -F /Applications/Xcode-27.0.0-Release.Candidate.app/Contents/Developer/Platforms/WatchOS.platform/Developer/SDKs/WatchOS27.0.sdk/Developer/Library/Frameworks -c -j10 -enable-batch-mode -incremental -Xcc -ivfsstatcache -Xcc /Users/admin/builder/spi-builder-workspace/.derivedData/SDKStatCaches.noindex/watchos27.0-24R360-e829b21a6f8c9b70876ba0858053c04477534ef55a1706bf4c1112bbb242f0a2.sdkstatcache -output-file-map /Users/admin/builder/spi-builder-workspace/.derivedData/Build/Intermediates.noindex/Files.build/Debug-watchos/Files-t.build/Objects-normal/arm64/Files-OutputFileMap.json -save-temps -no-color-diagnostics -explicit-module-build -module-cache-path /Users/admin/builder/spi-builder-workspace/.derivedData/Build/Intermediates.noindex/SwiftExplicitPrecompiledModules -clang-scanner-module-cache-path /Users/admin/builder/spi-builder-workspace/.derivedData/ModuleCache.noindex -sdk-module-cache-path /Users/admin/builder/spi-builder-workspace/.derivedData/SDKExplicitPrecompiledModules -emit-dependencies -emit-module -emit-module-path /Users/admin/builder/spi-builder-workspace/.derivedData/Build/Intermediates.noindex/Files.build/Debug-watchos/Files-t.build/Objects-normal/arm64/Files.swiftmodule -serialize-diagnostics -dependency-scan-serialize-diagnostics-path /Users/admin/builder/spi-builder-workspace/.derivedData/Build/Intermediates.noindex/Files.build/Debug-watchos/Files-t.build/Objects-normal/arm64/Files-dependency-scan.dia -validate-clang-modules-once -clang-build-session-file /Users/admin/builder/spi-builder-workspace/.derivedData/ModuleCache.noindex/Session.modulevalidation -Xcc -fmodules-prune-interval\=86400 -Xcc -fmodules-prune-after\=345600 -emit-const-values -const-gather-protocols-list /Users/admin/builder/spi-builder-workspace/.derivedData/Build/Intermediates.noindex/Files.build/Debug-watchos/Files-t.build/Objects-normal/arm64/Files_const_extract_protocols.json -Xcc -I/Users/admin/builder/spi-builder-workspace/.derivedData/Build/Products/Debug-watchos/include -Xcc -I/Users/admin/builder/spi-builder-workspace/.derivedData/Build/Intermediates.noindex/Files.build/Debug-watchos/Files-t.build/DerivedSources-normal/arm64 -Xcc -I/Users/admin/builder/spi-builder-workspace/.derivedData/Build/Intermediates.noindex/Files.build/Debug-watchos/Files-t.build/DerivedSources/arm64 -Xcc -I/Users/admin/builder/spi-builder-workspace/.derivedData/Build/Intermediates.noindex/Files.build/Debug-watchos/Files-t.build/DerivedSources -Xcc -DSWIFT_PACKAGE -Xcc -DDEBUG\=1 -emit-objc-header -emit-objc-header-path /Users/admin/builder/spi-builder-workspace/.derivedData/Build/Intermediates.noindex/Files.build/Debug-watchos/Files-t.build/Objects-normal/arm64/Files-Swift.h -working-directory /Users/admin/builder/spi-builder-workspace/.swiftpm/xcode -experimental-emit-module-separately -disable-cmo
SwiftExplicitDependencyGeneratePcm arm64_32 /Users/admin/builder/spi-builder-workspace/.derivedData/SDKExplicitPrecompiledModules/ptrcheck-7ELIH9BTIGVKX3UBITM9N72WD.pcm
SwiftExplicitDependencyGeneratePcm arm64 /Users/admin/builder/spi-builder-workspace/.derivedData/SDKExplicitPrecompiledModules/ptrcheck-AIF0NDOYZ8ORBNHQAQR5NNB8M.pcm
SwiftExplicitDependencyGeneratePcm arm64_32 /Users/admin/builder/spi-builder-workspace/.derivedData/SDKExplicitPrecompiledModules/_Builtin_stdarg-D305JG44A2WPI6CJY37X3QJE8.pcm
SwiftExplicitDependencyGeneratePcm arm64 /Users/admin/builder/spi-builder-workspace/.derivedData/SDKExplicitPrecompiledModules/_Builtin_float-C0CW5Q4HGBQYKE77TC42IAFB5.pcm
SwiftExplicitDependencyGeneratePcm arm64_32 /Users/admin/builder/spi-builder-workspace/.derivedData/SDKExplicitPrecompiledModules/_SwiftConcurrencyShims-6RTBPQ03V7BM9SPRK8SUE055H.pcm
SwiftExplicitDependencyGeneratePcm arm64_32 /Users/admin/builder/spi-builder-workspace/.derivedData/SDKExplicitPrecompiledModules/_Builtin_float-6KO8O3PEWRCA4WC6PPLOYO6WJ.pcm
SwiftExplicitDependencyGeneratePcm arm64 /Users/admin/builder/spi-builder-workspace/.derivedData/SDKExplicitPrecompiledModules/_SwiftConcurrencyShims-659N52XSKR5F0QSB880BH2FJR.pcm
SwiftExplicitDependencyGeneratePcm arm64_32 /Users/admin/builder/spi-builder-workspace/.derivedData/SDKExplicitPrecompiledModules/ptrauth-BFXF358ME5AK535N5A9Z766WU.pcm
SwiftExplicitDependencyGeneratePcm arm64_32 /Users/admin/builder/spi-builder-workspace/.derivedData/SDKExplicitPrecompiledModules/_AvailabilityInternal-244WAN3Z1QBT7PIA64EZEFY1R.pcm
SwiftExplicitDependencyGeneratePcm arm64 /Users/admin/builder/spi-builder-workspace/.derivedData/SDKExplicitPrecompiledModules/SwiftShims-4MXFZPV6FEB0XBYXCGPWAMQGL.pcm
SwiftExplicitDependencyGeneratePcm arm64_32 /Users/admin/builder/spi-builder-workspace/.derivedData/SDKExplicitPrecompiledModules/_Builtin_stddef-H44EFHQX6XSS5MZ7QP6YJZ76.pcm
SwiftExplicitDependencyGeneratePcm arm64 /Users/admin/builder/spi-builder-workspace/.derivedData/SDKExplicitPrecompiledModules/_Builtin_stdbool-83J96QSOFE9VX04AAS6310UAE.pcm
SwiftExplicitDependencyGeneratePcm arm64 /Users/admin/builder/spi-builder-workspace/.derivedData/SDKExplicitPrecompiledModules/_Builtin_stdarg-A7UU8LE6MP85SM26YO7PBZNUQ.pcm
SwiftExplicitDependencyGeneratePcm arm64 /Users/admin/builder/spi-builder-workspace/.derivedData/SDKExplicitPrecompiledModules/_AvailabilityInternal-BUNV3UXM65NT37THI4W1AM0SF.pcm
SwiftExplicitDependencyGeneratePcm arm64 /Users/admin/builder/spi-builder-workspace/.derivedData/SDKExplicitPrecompiledModules/_Builtin_stddef-1FU30Y8SWFB7OUUHMJQH5J6FM.pcm
SwiftExplicitDependencyGeneratePcm arm64 /Users/admin/builder/spi-builder-workspace/.derivedData/SDKExplicitPrecompiledModules/ptrauth-3TZ9WJCGLYD25HQPWH4968ONX.pcm
SwiftExplicitDependencyGeneratePcm arm64_32 /Users/admin/builder/spi-builder-workspace/.derivedData/SDKExplicitPrecompiledModules/_Builtin_stdbool-A967K8W8YUYEC9SN52KJ7OO88.pcm
SwiftExplicitDependencyGeneratePcm arm64_32 /Users/admin/builder/spi-builder-workspace/.derivedData/SDKExplicitPrecompiledModules/SwiftShims-9CQQGWTSNTN9EB5NSHDWUJICH.pcm
SwiftExplicitDependencyGeneratePcm arm64_32 /Users/admin/builder/spi-builder-workspace/.derivedData/SDKExplicitPrecompiledModules/_DarwinFoundation1-2GWF9RFMPLQW4PDHS3NARVI3G.pcm
SwiftExplicitDependencyGeneratePcm arm64 /Users/admin/builder/spi-builder-workspace/.derivedData/SDKExplicitPrecompiledModules/_DarwinFoundation1-7SPX3MD0HMP55E4OLNCPNDQ53.pcm
SwiftExplicitDependencyGeneratePcm arm64_32 /Users/admin/builder/spi-builder-workspace/.derivedData/SDKExplicitPrecompiledModules/_Builtin_limits-3VKBU2AFTD65PAJZ5CJ3LHFM2.pcm
SwiftExplicitDependencyGeneratePcm arm64_32 /Users/admin/builder/spi-builder-workspace/.derivedData/SDKExplicitPrecompiledModules/_DarwinFoundation2-9MY8GOSYRO0M9MKNXF6D3MBNK.pcm
SwiftExplicitDependencyGeneratePcm arm64 /Users/admin/builder/spi-builder-workspace/.derivedData/SDKExplicitPrecompiledModules/_DarwinFoundation2-D0XAPJU49S5E9XMKYOFGSTB1Q.pcm
SwiftExplicitDependencyGeneratePcm arm64 /Users/admin/builder/spi-builder-workspace/.derivedData/SDKExplicitPrecompiledModules/_Builtin_limits-9GWPA2B0H20DYUNYHYCWKABJG.pcm
SwiftExplicitDependencyGeneratePcm arm64_32 /Users/admin/builder/spi-builder-workspace/.derivedData/SDKExplicitPrecompiledModules/sys_types-8TLLMW08ZJWDGIIPKOYFGHHZW.pcm
SwiftExplicitDependencyGeneratePcm arm64_32 /Users/admin/builder/spi-builder-workspace/.derivedData/SDKExplicitPrecompiledModules/_Builtin_tgmath-23PGCKURCQILXMK0MYZRYDCOU.pcm
SwiftExplicitDependencyGeneratePcm arm64 /Users/admin/builder/spi-builder-workspace/.derivedData/SDKExplicitPrecompiledModules/_Builtin_tgmath-8NQ96OZ0YHXEC24JI95P01UF8.pcm
SwiftExplicitDependencyGeneratePcm arm64 /Users/admin/builder/spi-builder-workspace/.derivedData/SDKExplicitPrecompiledModules/_Builtin_stdint-8XMILLJZEGRN2XG7XZUXZ5RLX.pcm
SwiftExplicitDependencyGeneratePcm arm64_32 /Users/admin/builder/spi-builder-workspace/.derivedData/SDKExplicitPrecompiledModules/string_h-BFVLUQUSBZWYMLCU9QI7VZALW.pcm
SwiftExplicitDependencyGeneratePcm arm64 /Users/admin/builder/spi-builder-workspace/.derivedData/SDKExplicitPrecompiledModules/sys_types-2KXQLI78OUCDP779AE68GZJ2.pcm
SwiftExplicitDependencyGeneratePcm arm64 /Users/admin/builder/spi-builder-workspace/.derivedData/SDKExplicitPrecompiledModules/string_h-E6PRXK75PHIPCZFWOFCQ3QBMK.pcm
SwiftExplicitDependencyGeneratePcm arm64_32 /Users/admin/builder/spi-builder-workspace/.derivedData/SDKExplicitPrecompiledModules/_Builtin_stdint-1HMXWI3V0V4TXHRWZOMZGZ80Y.pcm
SwiftExplicitDependencyGeneratePcm arm64_32 /Users/admin/builder/spi-builder-workspace/.derivedData/SDKExplicitPrecompiledModules/_Builtin_intrinsics-196IIAKDQVU42DLOZP9OQCV76.pcm
SwiftExplicitDependencyGeneratePcm arm64_32 /Users/admin/builder/spi-builder-workspace/.derivedData/SDKExplicitPrecompiledModules/_DarwinFoundation3-3DUTYQDQSD9HUAAVY947NMWOI.pcm
SwiftExplicitDependencyGeneratePcm arm64_32 /Users/admin/builder/spi-builder-workspace/.derivedData/SDKExplicitPrecompiledModules/_Builtin_stdatomic-1TY035TURL76BF2U98PZPPZRX.pcm
SwiftExplicitDependencyGeneratePcm arm64 /Users/admin/builder/spi-builder-workspace/.derivedData/SDKExplicitPrecompiledModules/_Builtin_intrinsics-75960HIPCIYA06IUW8FIIPQT.pcm
SwiftExplicitDependencyGeneratePcm arm64 /Users/admin/builder/spi-builder-workspace/.derivedData/SDKExplicitPrecompiledModules/_Builtin_stdatomic-7JEFA3KBJJJN6TKJWY3OG1VG5.pcm
SwiftExplicitDependencyGeneratePcm arm64 /Users/admin/builder/spi-builder-workspace/.derivedData/SDKExplicitPrecompiledModules/_DarwinFoundation3-B97LRG0E9GON2NUE65TVG81HU.pcm
SwiftExplicitDependencyGeneratePcm arm64_32 /Users/admin/builder/spi-builder-workspace/.derivedData/SDKExplicitPrecompiledModules/_Builtin_inttypes-D2KPCR4PEX9AQA33NGLUT5SBR.pcm
SwiftExplicitDependencyGeneratePcm arm64 /Users/admin/builder/spi-builder-workspace/.derivedData/SDKExplicitPrecompiledModules/_Builtin_inttypes-3UQSCM7WNM9EK4HZML8TY5J3D.pcm
SwiftExplicitDependencyGeneratePcm arm64_32 /Users/admin/builder/spi-builder-workspace/.derivedData/SDKExplicitPrecompiledModules/Darwin-3FVT1SKLN2ZQ5RVOABMTQBB34.pcm
SwiftExplicitDependencyGeneratePcm arm64 /Users/admin/builder/spi-builder-workspace/.derivedData/SDKExplicitPrecompiledModules/Darwin-3984OXKFNSPE77NT743WK8SEX.pcm
SwiftExplicitDependencyGeneratePcm arm64_32 /Users/admin/builder/spi-builder-workspace/.derivedData/SDKExplicitPrecompiledModules/simd-21UNWYOBUZI1LVSQ99S1XBLMO.pcm
SwiftExplicitDependencyGeneratePcm arm64 /Users/admin/builder/spi-builder-workspace/.derivedData/SDKExplicitPrecompiledModules/simd-EH08NODU6574T74ZKU61VP9BW.pcm
SwiftExplicitDependencyGeneratePcm arm64 /Users/admin/builder/spi-builder-workspace/.derivedData/SDKExplicitPrecompiledModules/MachO-2U90NNSAQILBNBPS1SA4F8TYP.pcm
SwiftExplicitDependencyGeneratePcm arm64 /Users/admin/builder/spi-builder-workspace/.derivedData/SDKExplicitPrecompiledModules/ObjectiveC-72IVD3VS2RS8Q28D9PIMY0KQP.pcm
SwiftExplicitDependencyGeneratePcm arm64_32 /Users/admin/builder/spi-builder-workspace/.derivedData/SDKExplicitPrecompiledModules/MachO-56838ZJ0NC1EBAJ0O6O8QMPDX.pcm
SwiftExplicitDependencyGeneratePcm arm64_32 /Users/admin/builder/spi-builder-workspace/.derivedData/SDKExplicitPrecompiledModules/ObjectiveC-6IJNELR2E80E7LUKESVCP2KET.pcm
SwiftExplicitDependencyGeneratePcm arm64 /Users/admin/builder/spi-builder-workspace/.derivedData/SDKExplicitPrecompiledModules/os_object-3SDKD7F87FTZ26OON37DRYT6O.pcm
SwiftExplicitDependencyGeneratePcm arm64_32 /Users/admin/builder/spi-builder-workspace/.derivedData/SDKExplicitPrecompiledModules/os_object-5YWTC6L4756IWSTPGXS5NM0D0.pcm
SwiftExplicitDependencyGeneratePcm arm64 /Users/admin/builder/spi-builder-workspace/.derivedData/SDKExplicitPrecompiledModules/os_workgroup-89GG5G7YC2D0ZTK6AZXXQ20DH.pcm
SwiftExplicitDependencyGeneratePcm arm64_32 /Users/admin/builder/spi-builder-workspace/.derivedData/SDKExplicitPrecompiledModules/os_workgroup-5JHTPDMNBUNHLJI8LPHKQK1JK.pcm
SwiftExplicitDependencyGeneratePcm arm64 /Users/admin/builder/spi-builder-workspace/.derivedData/SDKExplicitPrecompiledModules/Dispatch-1NLJOVAK60XP0DUB05XA59EIM.pcm
SwiftExplicitDependencyGeneratePcm arm64_32 /Users/admin/builder/spi-builder-workspace/.derivedData/SDKExplicitPrecompiledModules/Dispatch-2P62F1T4XV63S4P99TUDTOK2Q.pcm
SwiftExplicitDependencyGeneratePcm arm64 /Users/admin/builder/spi-builder-workspace/.derivedData/SDKExplicitPrecompiledModules/CoreFoundation-8T2L24YC5NU7WO6WQJWRY7W08.pcm
SwiftExplicitDependencyGeneratePcm arm64 /Users/admin/builder/spi-builder-workspace/.derivedData/SDKExplicitPrecompiledModules/XPC-40DR0X1DHKGCV4J1IOLFS8MOU.pcm
SwiftExplicitDependencyGeneratePcm arm64_32 /Users/admin/builder/spi-builder-workspace/.derivedData/SDKExplicitPrecompiledModules/XPC-81Y45QFY96XYYFCW2GT6FY8S4.pcm
SwiftExplicitDependencyGeneratePcm arm64_32 /Users/admin/builder/spi-builder-workspace/.derivedData/SDKExplicitPrecompiledModules/CoreFoundation-8E6Y4BA3EXYKUGJ24GT9LGV3N.pcm
SwiftExplicitDependencyGeneratePcm arm64_32 /Users/admin/builder/spi-builder-workspace/.derivedData/SDKExplicitPrecompiledModules/os-E5IGB442IA6SBB25TTCOLK2OC.pcm
SwiftExplicitDependencyGeneratePcm arm64 /Users/admin/builder/spi-builder-workspace/.derivedData/SDKExplicitPrecompiledModules/os-5DIL6Z9LFIGLMZAHM7X2T5435.pcm
SwiftExplicitDependencyGeneratePcm arm64 /Users/admin/builder/spi-builder-workspace/.derivedData/SDKExplicitPrecompiledModules/Security-6RZ6YBRU8WCUHRFFRVUK5WKMM.pcm
SwiftExplicitDependencyGeneratePcm arm64 /Users/admin/builder/spi-builder-workspace/.derivedData/SDKExplicitPrecompiledModules/CoreGraphics-DWNZ73GEH98SBJXZ7DEXB420K.pcm
SwiftExplicitDependencyGeneratePcm arm64_32 /Users/admin/builder/spi-builder-workspace/.derivedData/SDKExplicitPrecompiledModules/CoreGraphics-9FDXYX6BKBUT6TJ2VF819E7T5.pcm
SwiftExplicitDependencyGeneratePcm arm64_32 /Users/admin/builder/spi-builder-workspace/.derivedData/SDKExplicitPrecompiledModules/Security-D7TOWF88VWF67TB9HAFP5UWB1.pcm
SwiftExplicitDependencyGeneratePcm arm64_32 /Users/admin/builder/spi-builder-workspace/.derivedData/SDKExplicitPrecompiledModules/Foundation-BJ2VQGI3OGR34500MEQ1VKHPH.pcm
SwiftExplicitDependencyGeneratePcm arm64 /Users/admin/builder/spi-builder-workspace/.derivedData/SDKExplicitPrecompiledModules/Foundation-DLBKUSGXN8QHAT8W0OARR9S8A.pcm
SwiftExplicitDependencyGeneratePcm arm64 /Users/admin/builder/spi-builder-workspace/.derivedData/SDKExplicitPrecompiledModules/ImageIO-208F4GO13XRG67XXLAMH07N4X.pcm
SwiftExplicitDependencyGeneratePcm arm64 /Users/admin/builder/spi-builder-workspace/.derivedData/SDKExplicitPrecompiledModules/CoreVideo-8MRR5MNWUOAW2DBPGUQ8FKK4.pcm
SwiftExplicitDependencyGeneratePcm arm64_32 /Users/admin/builder/spi-builder-workspace/.derivedData/SDKExplicitPrecompiledModules/ImageIO-2Y4S05VUFWLNTRW92S35BUMG8.pcm
SwiftExplicitDependencyGeneratePcm arm64_32 /Users/admin/builder/spi-builder-workspace/.derivedData/SDKExplicitPrecompiledModules/CoreVideo-2P8HI0403J99LBDPKNFJ5D4DL.pcm
SwiftExplicitDependencyGeneratePcm arm64 /Users/admin/builder/spi-builder-workspace/.derivedData/SDKExplicitPrecompiledModules/Accelerate-28ES2UAMDN4QG4BXE6ZO309NT.pcm
SwiftExplicitDependencyGeneratePcm arm64_32 /Users/admin/builder/spi-builder-workspace/.derivedData/SDKExplicitPrecompiledModules/Accelerate-34RID1ZBY3BK39CTD4WYM062U.pcm
SwiftEmitModule normal arm64 Emitting\ module\ for\ Files (in target 'Files' from project 'Files')
SwiftCompile normal arm64 (in target 'Files' from project 'Files')
    cd /Users/admin/builder/spi-builder-workspace/.swiftpm/xcode

SwiftExplicitDependencyGeneratePcm arm64 /Users/admin/builder/spi-builder-workspace/.derivedData/SDKExplicitPrecompiledModules/UniformTypeIdentifiers-8L08Q8DQJV8C4AW84YVGFGTRN.pcm
SwiftCompile normal arm64 Compiling\ Files.swift /Users/admin/builder/spi-builder-workspace/.dependencies/checkouts/Files/Sources/Files.swift (in target 'Files' from project 'Files')
SwiftCompile normal arm64 /Users/admin/builder/spi-builder-workspace/.dependencies/checkouts/Files/Sources/Files.swift (in target 'Files' from project 'Files')
    cd /Users/admin/builder/spi-builder-workspace/.swiftpm/xcode
    builtin-SwiftPerFileCompile Files.swift
SwiftExplicitDependencyGeneratePcm arm64 /Users/admin/builder/spi-builder-workspace/.derivedData/SDKExplicitPrecompiledModules/CoreML-9IMR58NS6CRUNQL5H60RIBDD8.pcm
SwiftExplicitDependencyGeneratePcm arm64 /Users/admin/builder/spi-builder-workspace/.derivedData/SDKExplicitPrecompiledModules/NaturalLanguage-DV3Y31LHJV92S5K3XXTFJAJT4.pcm
SwiftEmitModule normal arm64_32 Emitting\ module\ for\ Files (in target 'Files' from project 'Files')
SwiftCompile normal arm64_32 (in target 'Files' from project 'Files')
    cd /Users/admin/builder/spi-builder-workspace/.swiftpm/xcode

SwiftExplicitDependencyGeneratePcm arm64_32 /Users/admin/builder/spi-builder-workspace/.derivedData/SDKExplicitPrecompiledModules/UniformTypeIdentifiers-CJZ3NTHPSBH4XWX5EVOG56UZS.pcm
SwiftExplicitDependencyGeneratePcm arm64_32 /Users/admin/builder/spi-builder-workspace/.derivedData/SDKExplicitPrecompiledModules/NaturalLanguage-4XVDS3BG5S4PI67KGVDO0D4WV.pcm
SwiftExplicitDependencyGeneratePcm arm64_32 /Users/admin/builder/spi-builder-workspace/.derivedData/SDKExplicitPrecompiledModules/CoreML-BTANJPQOKEJF4X1ID6TTJCWEW.pcm
SwiftCompile normal arm64_32 Compiling\ Files.swift /Users/admin/builder/spi-builder-workspace/.dependencies/checkouts/Files/Sources/Files.swift (in target 'Files' from project 'Files')
SwiftCompile normal arm64_32 /Users/admin/builder/spi-builder-workspace/.dependencies/checkouts/Files/Sources/Files.swift (in target 'Files' from project 'Files')
    cd /Users/admin/builder/spi-builder-workspace/.swiftpm/xcode
    builtin-SwiftPerFileCompile Files.swift
SwiftDriverJobDiscovery normal arm64 Emitting module for Files (in target 'Files' from project 'Files')
SwiftDriverJobDiscovery normal arm64_32 Emitting module for Files (in target 'Files' from project 'Files')
SwiftDriver\ Compilation\ Requirements Files normal arm64 com.apple.xcode.tools.swift.compiler (in target 'Files' from project 'Files')
    cd /Users/admin/builder/spi-builder-workspace/.swiftpm/xcode
    builtin-Swift-Compilation-Requirements -- /Applications/Xcode-27.0.0-Release.Candidate.app/Contents/Developer/Toolchains/XcodeDefault.xctoolchain/usr/bin/swiftc -parse-as-library -module-name Files -Onone @/Users/admin/builder/spi-builder-workspace/.derivedData/Build/Intermediates.noindex/Files.build/Debug-watchos/Files-t.build/Objects-normal/arm64/Files.SwiftFileList -DSWIFT_PACKAGE -DDEBUG -DSWIFT_MODULE_RESOURCE_BUNDLE_UNAVAILABLE -DXcode -plugin-path /Applications/Xcode-27.0.0-Release.Candidate.app/Contents/Developer/Toolchains/XcodeDefault.xctoolchain/usr/lib/swift/host/plugins/testing -enable-experimental-feature DebugDescriptionMacro -sdk /Applications/Xcode-27.0.0-Release.Candidate.app/Contents/Developer/Platforms/WatchOS.platform/Developer/SDKs/WatchOS27.0.sdk -target arm64-apple-watchos9.0 -g -module-cache-path /Users/admin/builder/spi-builder-workspace/.derivedData/ModuleCache.noindex -Xfrontend -serialize-debugging-options -profile-coverage-mapping -profile-generate -enable-testing -suppress-warnings -index-store-path /Users/admin/builder/spi-builder-workspace/.derivedData/Index.noindex/DataStore -Xcc -D_LIBCPP_HARDENING_MODE\=_LIBCPP_HARDENING_MODE_DEBUG -swift-version 5 -I /Users/admin/builder/spi-builder-workspace/.derivedData/Build/Products/Debug-watchos -Isystem /Applications/Xcode-27.0.0-Release.Candidate.app/Contents/Developer/Platforms/WatchOS.platform/Developer/usr/lib -F /Users/admin/builder/spi-builder-workspace/.derivedData/Build/Products/Debug-watchos -F /Applications/Xcode-27.0.0-Release.Candidate.app/Contents/Developer/Platforms/WatchOS.platform/Developer/Library/Frameworks -F /Applications/Xcode-27.0.0-Release.Candidate.app/Contents/Developer/Platforms/WatchOS.platform/Developer/SDKs/WatchOS27.0.sdk/Developer/Library/Frameworks -c -j10 -enable-batch-mode -incremental -Xcc -ivfsstatcache -Xcc /Users/admin/builder/spi-builder-workspace/.derivedData/SDKStatCaches.noindex/watchos27.0-24R360-e829b21a6f8c9b70876ba0858053c04477534ef55a1706bf4c1112bbb242f0a2.sdkstatcache -output-file-map /Users/admin/builder/spi-builder-workspace/.derivedData/Build/Intermediates.noindex/Files.build/Debug-watchos/Files-t.build/Objects-normal/arm64/Files-OutputFileMap.json -save-temps -no-color-diagnostics -explicit-module-build -module-cache-path /Users/admin/builder/spi-builder-workspace/.derivedData/Build/Intermediates.noindex/SwiftExplicitPrecompiledModules -clang-scanner-module-cache-path /Users/admin/builder/spi-builder-workspace/.derivedData/ModuleCache.noindex -sdk-module-cache-path /Users/admin/builder/spi-builder-workspace/.derivedData/SDKExplicitPrecompiledModules -emit-dependencies -emit-module -emit-module-path /Users/admin/builder/spi-builder-workspace/.derivedData/Build/Intermediates.noindex/Files.build/Debug-watchos/Files-t.build/Objects-normal/arm64/Files.swiftmodule -serialize-diagnostics -dependency-scan-serialize-diagnostics-path /Users/admin/builder/spi-builder-workspace/.derivedData/Build/Intermediates.noindex/Files.build/Debug-watchos/Files-t.build/Objects-normal/arm64/Files-dependency-scan.dia -validate-clang-modules-once -clang-build-session-file /Users/admin/builder/spi-builder-workspace/.derivedData/ModuleCache.noindex/Session.modulevalidation -Xcc -fmodules-prune-interval\=86400 -Xcc -fmodules-prune-after\=345600 -emit-const-values -const-gather-protocols-list /Users/admin/builder/spi-builder-workspace/.derivedData/Build/Intermediates.noindex/Files.build/Debug-watchos/Files-t.build/Objects-normal/arm64/Files_const_extract_protocols.json -Xcc -I/Users/admin/builder/spi-builder-workspace/.derivedData/Build/Products/Debug-watchos/include -Xcc -I/Users/admin/builder/spi-builder-workspace/.derivedData/Build/Intermediates.noindex/Files.build/Debug-watchos/Files-t.build/DerivedSources-normal/arm64 -Xcc -I/Users/admin/builder/spi-builder-workspace/.derivedData/Build/Intermediates.noindex/Files.build/Debug-watchos/Files-t.build/DerivedSources/arm64 -Xcc -I/Users/admin/builder/spi-builder-workspace/.derivedData/Build/Intermediates.noindex/Files.build/Debug-watchos/Files-t.build/DerivedSources -Xcc -DSWIFT_PACKAGE -Xcc -DDEBUG\=1 -emit-objc-header -emit-objc-header-path /Users/admin/builder/spi-builder-workspace/.derivedData/Build/Intermediates.noindex/Files.build/Debug-watchos/Files-t.build/Objects-normal/arm64/Files-Swift.h -working-directory /Users/admin/builder/spi-builder-workspace/.swiftpm/xcode -experimental-emit-module-separately -disable-cmo
SwiftDriver\ Compilation\ Requirements Files normal arm64_32 com.apple.xcode.tools.swift.compiler (in target 'Files' from project 'Files')
    cd /Users/admin/builder/spi-builder-workspace/.swiftpm/xcode
    builtin-Swift-Compilation-Requirements -- /Applications/Xcode-27.0.0-Release.Candidate.app/Contents/Developer/Toolchains/XcodeDefault.xctoolchain/usr/bin/swiftc -parse-as-library -module-name Files -Onone @/Users/admin/builder/spi-builder-workspace/.derivedData/Build/Intermediates.noindex/Files.build/Debug-watchos/Files-t.build/Objects-normal/arm64_32/Files.SwiftFileList -DSWIFT_PACKAGE -DDEBUG -DSWIFT_MODULE_RESOURCE_BUNDLE_UNAVAILABLE -DXcode -plugin-path /Applications/Xcode-27.0.0-Release.Candidate.app/Contents/Developer/Toolchains/XcodeDefault.xctoolchain/usr/lib/swift/host/plugins/testing -enable-experimental-feature DebugDescriptionMacro -sdk /Applications/Xcode-27.0.0-Release.Candidate.app/Contents/Developer/Platforms/WatchOS.platform/Developer/SDKs/WatchOS27.0.sdk -target arm64_32-apple-watchos9.0 -g -module-cache-path /Users/admin/builder/spi-builder-workspace/.derivedData/ModuleCache.noindex -Xfrontend -serialize-debugging-options -profile-coverage-mapping -profile-generate -enable-testing -suppress-warnings -index-store-path /Users/admin/builder/spi-builder-workspace/.derivedData/Index.noindex/DataStore -Xcc -D_LIBCPP_HARDENING_MODE\=_LIBCPP_HARDENING_MODE_DEBUG -swift-version 5 -I /Users/admin/builder/spi-builder-workspace/.derivedData/Build/Products/Debug-watchos -Isystem /Applications/Xcode-27.0.0-Release.Candidate.app/Contents/Developer/Platforms/WatchOS.platform/Developer/usr/lib -F /Users/admin/builder/spi-builder-workspace/.derivedData/Build/Products/Debug-watchos -F /Applications/Xcode-27.0.0-Release.Candidate.app/Contents/Developer/Platforms/WatchOS.platform/Developer/Library/Frameworks -F /Applications/Xcode-27.0.0-Release.Candidate.app/Contents/Developer/Platforms/WatchOS.platform/Developer/SDKs/WatchOS27.0.sdk/Developer/Library/Frameworks -c -j10 -enable-batch-mode -incremental -Xcc -ivfsstatcache -Xcc /Users/admin/builder/spi-builder-workspace/.derivedData/SDKStatCaches.noindex/watchos27.0-24R360-e829b21a6f8c9b70876ba0858053c04477534ef55a1706bf4c1112bbb242f0a2.sdkstatcache -output-file-map /Users/admin/builder/spi-builder-workspace/.derivedData/Build/Intermediates.noindex/Files.build/Debug-watchos/Files-t.build/Objects-normal/arm64_32/Files-OutputFileMap.json -save-temps -no-color-diagnostics -explicit-module-build -module-cache-path /Users/admin/builder/spi-builder-workspace/.derivedData/Build/Intermediates.noindex/SwiftExplicitPrecompiledModules -clang-scanner-module-cache-path /Users/admin/builder/spi-builder-workspace/.derivedData/ModuleCache.noindex -sdk-module-cache-path /Users/admin/builder/spi-builder-workspace/.derivedData/SDKExplicitPrecompiledModules -emit-dependencies -emit-module -emit-module-path /Users/admin/builder/spi-builder-workspace/.derivedData/Build/Intermediates.noindex/Files.build/Debug-watchos/Files-t.build/Objects-normal/arm64_32/Files.swiftmodule -serialize-diagnostics -dependency-scan-serialize-diagnostics-path /Users/admin/builder/spi-builder-workspace/.derivedData/Build/Intermediates.noindex/Files.build/Debug-watchos/Files-t.build/Objects-normal/arm64_32/Files-dependency-scan.dia -validate-clang-modules-once -clang-build-session-file /Users/admin/builder/spi-builder-workspace/.derivedData/ModuleCache.noindex/Session.modulevalidation -Xcc -fmodules-prune-interval\=86400 -Xcc -fmodules-prune-after\=345600 -emit-const-values -const-gather-protocols-list /Users/admin/builder/spi-builder-workspace/.derivedData/Build/Intermediates.noindex/Files.build/Debug-watchos/Files-t.build/Objects-normal/arm64_32/Files_const_extract_protocols.json -Xcc -I/Users/admin/builder/spi-builder-workspace/.derivedData/Build/Products/Debug-watchos/include -Xcc -I/Users/admin/builder/spi-builder-workspace/.derivedData/Build/Intermediates.noindex/Files.build/Debug-watchos/Files-t.build/DerivedSources-normal/arm64_32 -Xcc -I/Users/admin/builder/spi-builder-workspace/.derivedData/Build/Intermediates.noindex/Files.build/Debug-watchos/Files-t.build/DerivedSources/arm64_32 -Xcc -I/Users/admin/builder/spi-builder-workspace/.derivedData/Build/Intermediates.noindex/Files.build/Debug-watchos/Files-t.build/DerivedSources -Xcc -DSWIFT_PACKAGE -Xcc -DDEBUG\=1 -emit-objc-header -emit-objc-header-path /Users/admin/builder/spi-builder-workspace/.derivedData/Build/Intermediates.noindex/Files.build/Debug-watchos/Files-t.build/Objects-normal/arm64_32/Files-Swift.h -working-directory /Users/admin/builder/spi-builder-workspace/.swiftpm/xcode -experimental-emit-module-separately -disable-cmo
SwiftMergeGeneratedHeaders /Users/admin/builder/spi-builder-workspace/.derivedData/Build/Intermediates.noindex/GeneratedModuleMaps-watchos/Files-Swift.h /Users/admin/builder/spi-builder-workspace/.derivedData/Build/Intermediates.noindex/Files.build/Debug-watchos/Files-t.build/Objects-normal/arm64/Files-Swift.h /Users/admin/builder/spi-builder-workspace/.derivedData/Build/Intermediates.noindex/Files.build/Debug-watchos/Files-t.build/Objects-normal/arm64_32/Files-Swift.h (in target 'Files' from project 'Files')
    cd /Users/admin/builder/spi-builder-workspace/.dependencies/checkouts/Files
    builtin-swiftHeaderTool -arch arm64 /Users/admin/builder/spi-builder-workspace/.derivedData/Build/Intermediates.noindex/Files.build/Debug-watchos/Files-t.build/Objects-normal/arm64/Files-Swift.h -arch arm64_32 /Users/admin/builder/spi-builder-workspace/.derivedData/Build/Intermediates.noindex/Files.build/Debug-watchos/Files-t.build/Objects-normal/arm64_32/Files-Swift.h -o /Users/admin/builder/spi-builder-workspace/.derivedData/Build/Intermediates.noindex/GeneratedModuleMaps-watchos/Files-Swift.h
Copy /Users/admin/builder/spi-builder-workspace/.derivedData/Build/Products/Debug-watchos/Files.swiftmodule/arm64-apple-watchos.swiftdoc /Users/admin/builder/spi-builder-workspace/.derivedData/Build/Intermediates.noindex/Files.build/Debug-watchos/Files-t.build/Objects-normal/arm64/Files.swiftdoc (in target 'Files' from project 'Files')
    cd /Users/admin/builder/spi-builder-workspace/.dependencies/checkouts/Files
    builtin-copy -exclude .DS_Store -exclude CVS -exclude .svn -exclude .git -exclude .hg -resolve-src-symlinks -rename /Users/admin/builder/spi-builder-workspace/.derivedData/Build/Intermediates.noindex/Files.build/Debug-watchos/Files-t.build/Objects-normal/arm64/Files.swiftdoc /Users/admin/builder/spi-builder-workspace/.derivedData/Build/Products/Debug-watchos/Files.swiftmodule/arm64-apple-watchos.swiftdoc
Copy /Users/admin/builder/spi-builder-workspace/.derivedData/Build/Products/Debug-watchos/Files.swiftmodule/arm64_32-apple-watchos.swiftmodule /Users/admin/builder/spi-builder-workspace/.derivedData/Build/Intermediates.noindex/Files.build/Debug-watchos/Files-t.build/Objects-normal/arm64_32/Files.swiftmodule (in target 'Files' from project 'Files')
    cd /Users/admin/builder/spi-builder-workspace/.dependencies/checkouts/Files
    builtin-copy -exclude .DS_Store -exclude CVS -exclude .svn -exclude .git -exclude .hg -resolve-src-symlinks -rename /Users/admin/builder/spi-builder-workspace/.derivedData/Build/Intermediates.noindex/Files.build/Debug-watchos/Files-t.build/Objects-normal/arm64_32/Files.swiftmodule /Users/admin/builder/spi-builder-workspace/.derivedData/Build/Products/Debug-watchos/Files.swiftmodule/arm64_32-apple-watchos.swiftmodule
Copy /Users/admin/builder/spi-builder-workspace/.derivedData/Build/Products/Debug-watchos/Files.swiftmodule/arm64-apple-watchos.swiftmodule /Users/admin/builder/spi-builder-workspace/.derivedData/Build/Intermediates.noindex/Files.build/Debug-watchos/Files-t.build/Objects-normal/arm64/Files.swiftmodule (in target 'Files' from project 'Files')
    cd /Users/admin/builder/spi-builder-workspace/.dependencies/checkouts/Files
    builtin-copy -exclude .DS_Store -exclude CVS -exclude .svn -exclude .git -exclude .hg -resolve-src-symlinks -rename /Users/admin/builder/spi-builder-workspace/.derivedData/Build/Intermediates.noindex/Files.build/Debug-watchos/Files-t.build/Objects-normal/arm64/Files.swiftmodule /Users/admin/builder/spi-builder-workspace/.derivedData/Build/Products/Debug-watchos/Files.swiftmodule/arm64-apple-watchos.swiftmodule
Copy /Users/admin/builder/spi-builder-workspace/.derivedData/Build/Products/Debug-watchos/Files.swiftmodule/arm64-apple-watchos.abi.json /Users/admin/builder/spi-builder-workspace/.derivedData/Build/Intermediates.noindex/Files.build/Debug-watchos/Files-t.build/Objects-normal/arm64/Files.abi.json (in target 'Files' from project 'Files')
    cd /Users/admin/builder/spi-builder-workspace/.dependencies/checkouts/Files
    builtin-copy -exclude .DS_Store -exclude CVS -exclude .svn -exclude .git -exclude .hg -resolve-src-symlinks -rename /Users/admin/builder/spi-builder-workspace/.derivedData/Build/Intermediates.noindex/Files.build/Debug-watchos/Files-t.build/Objects-normal/arm64/Files.abi.json /Users/admin/builder/spi-builder-workspace/.derivedData/Build/Products/Debug-watchos/Files.swiftmodule/arm64-apple-watchos.abi.json
Copy /Users/admin/builder/spi-builder-workspace/.derivedData/Build/Products/Debug-watchos/Files.swiftmodule/Project/arm64-apple-watchos.swiftsourceinfo /Users/admin/builder/spi-builder-workspace/.derivedData/Build/Intermediates.noindex/Files.build/Debug-watchos/Files-t.build/Objects-normal/arm64/Files.swiftsourceinfo (in target 'Files' from project 'Files')
    cd /Users/admin/builder/spi-builder-workspace/.dependencies/checkouts/Files
    builtin-copy -exclude .DS_Store -exclude CVS -exclude .svn -exclude .git -exclude .hg -resolve-src-symlinks -rename /Users/admin/builder/spi-builder-workspace/.derivedData/Build/Intermediates.noindex/Files.build/Debug-watchos/Files-t.build/Objects-normal/arm64/Files.swiftsourceinfo /Users/admin/builder/spi-builder-workspace/.derivedData/Build/Products/Debug-watchos/Files.swiftmodule/Project/arm64-apple-watchos.swiftsourceinfo
Copy /Users/admin/builder/spi-builder-workspace/.derivedData/Build/Products/Debug-watchos/Files.swiftmodule/arm64_32-apple-watchos.swiftdoc /Users/admin/builder/spi-builder-workspace/.derivedData/Build/Intermediates.noindex/Files.build/Debug-watchos/Files-t.build/Objects-normal/arm64_32/Files.swiftdoc (in target 'Files' from project 'Files')
    cd /Users/admin/builder/spi-builder-workspace/.dependencies/checkouts/Files
    builtin-copy -exclude .DS_Store -exclude CVS -exclude .svn -exclude .git -exclude .hg -resolve-src-symlinks -rename /Users/admin/builder/spi-builder-workspace/.derivedData/Build/Intermediates.noindex/Files.build/Debug-watchos/Files-t.build/Objects-normal/arm64_32/Files.swiftdoc /Users/admin/builder/spi-builder-workspace/.derivedData/Build/Products/Debug-watchos/Files.swiftmodule/arm64_32-apple-watchos.swiftdoc
Copy /Users/admin/builder/spi-builder-workspace/.derivedData/Build/Products/Debug-watchos/Files.swiftmodule/arm64_32-apple-watchos.abi.json /Users/admin/builder/spi-builder-workspace/.derivedData/Build/Intermediates.noindex/Files.build/Debug-watchos/Files-t.build/Objects-normal/arm64_32/Files.abi.json (in target 'Files' from project 'Files')
    cd /Users/admin/builder/spi-builder-workspace/.dependencies/checkouts/Files
    builtin-copy -exclude .DS_Store -exclude CVS -exclude .svn -exclude .git -exclude .hg -resolve-src-symlinks -rename /Users/admin/builder/spi-builder-workspace/.derivedData/Build/Intermediates.noindex/Files.build/Debug-watchos/Files-t.build/Objects-normal/arm64_32/Files.abi.json /Users/admin/builder/spi-builder-workspace/.derivedData/Build/Products/Debug-watchos/Files.swiftmodule/arm64_32-apple-watchos.abi.json
Copy /Users/admin/builder/spi-builder-workspace/.derivedData/Build/Products/Debug-watchos/Files.swiftmodule/Project/arm64_32-apple-watchos.swiftsourceinfo /Users/admin/builder/spi-builder-workspace/.derivedData/Build/Intermediates.noindex/Files.build/Debug-watchos/Files-t.build/Objects-normal/arm64_32/Files.swiftsourceinfo (in target 'Files' from project 'Files')
    cd /Users/admin/builder/spi-builder-workspace/.dependencies/checkouts/Files
    builtin-copy -exclude .DS_Store -exclude CVS -exclude .svn -exclude .git -exclude .hg -resolve-src-symlinks -rename /Users/admin/builder/spi-builder-workspace/.derivedData/Build/Intermediates.noindex/Files.build/Debug-watchos/Files-t.build/Objects-normal/arm64_32/Files.swiftsourceinfo /Users/admin/builder/spi-builder-workspace/.derivedData/Build/Products/Debug-watchos/Files.swiftmodule/Project/arm64_32-apple-watchos.swiftsourceinfo
SwiftEmitModule normal arm64 Emitting\ module\ for\ StableDiffusion (in target 'StableDiffusion' from project 'stable-diffusion')
/Users/admin/builder/spi-builder-workspace/.dependencies/checkouts/ml-stable-diffusion/swift/StableDiffusion/pipeline/MultilingualTextEncoder.swift:13:25: error: 'NLContextualEmbedding' is only available in watchOS 10.0 or newer
  8 | #if canImport(NaturalLanguage.NLContextualEmbedding)
  9 | @available(iOS 17.0, macOS 14.0, *)
 10 | public struct MultilingualTextEncoder: TextEncoderModel {
    |               `- note: add '@available' attribute to enclosing struct
 11 |     let adapter: ManagedMLModel?
 12 |
 13 |     let embeddingModel: NLContextualEmbedding
    |                         `- error: 'NLContextualEmbedding' is only available in watchOS 10.0 or newer
 14 |
 15 |     // TODO: use maximum sequence length from embedding.
Failed frontend command:
/Applications/Xcode-27.0.0-Release.Candidate.app/Contents/Developer/Toolchains/XcodeDefault.xctoolchain/usr/bin/swift-frontend -frontend -emit-module -experimental-skip-non-inlinable-function-bodies-without-types /Users/admin/builder/spi-builder-workspace/.dependencies/checkouts/ml-stable-diffusion/swift/StableDiffusion/pipeline/CGImage+vImage.swift /Users/admin/builder/spi-builder-workspace/.dependencies/checkouts/ml-stable-diffusion/swift/StableDiffusion/pipeline/ControlNet.swift /Users/admin/builder/spi-builder-workspace/.dependencies/checkouts/ml-stable-diffusion/swift/StableDiffusion/pipeline/DPMSolverMultistepScheduler.swift /Users/admin/builder/spi-builder-workspace/.dependencies/checkouts/ml-stable-diffusion/swift/StableDiffusion/pipeline/Decoder.swift /Users/admin/builder/spi-builder-workspace/.dependencies/checkouts/ml-stable-diffusion/swift/StableDiffusion/pipeline/Encoder.swift /Users/admin/builder/spi-builder-workspace/.dependencies/checkouts/ml-stable-diffusion/swift/StableDiffusion/pipeline/ManagedMLModel.swift /Users/admin/builder/spi-builder-workspace/.dependencies/checkouts/ml-stable-diffusion/swift/StableDiffusion/pipeline/MultilingualTextEncoder.swift /Users/admin/builder/spi-builder-workspace/.dependencies/checkouts/ml-stable-diffusion/swift/StableDiffusion/pipeline/NumPyRandomSource.swift /Users/admin/builder/spi-builder-workspace/.dependencies/checkouts/ml-stable-diffusion/swift/StableDiffusion/pipeline/NvRandomSource.swift /Users/admin/builder/spi-builder-workspace/.dependencies/checkouts/ml-stable-diffusion/swift/StableDiffusion/pipeline/RandomSource.swift /Users/admin/builder/spi-builder-workspace/.dependencies/checkouts/ml-stable-diffusion/swift/StableDiffusion/pipeline/ResourceManaging.swift /Users/admin/builder/spi-builder-workspace/.dependencies/checkouts/ml-stable-diffusion/swift/StableDiffusion/pipeline/SafetyChecker.swift /Users/admin/builder/spi-builder-workspace/.dependencies/checkouts/ml-stable-diffusion/swift/StableDiffusion/pipeline/SampleTimer.swift /Users/admin/builder/spi-builder-workspace/.dependencies/checkouts/ml-stable-diffusion/swift/StableDiffusion/pipeline/Scheduler.swift /Users/admin/builder/spi-builder-workspace/.dependencies/checkouts/ml-stable-diffusion/swift/StableDiffusion/pipeline/StableDiffusionPipeline+Resources.swift /Users/admin/builder/spi-builder-workspace/.dependencies/checkouts/ml-stable-diffusion/swift/StableDiffusion/pipeline/StableDiffusionPipeline.Configuration.swift /Users/admin/builder/spi-builder-workspace/.dependencies/checkouts/ml-stable-diffusion/swift/StableDiffusion/pipeline/StableDiffusionPipeline.swift /Users/admin/builder/spi-builder-workspace/.dependencies/checkouts/ml-stable-diffusion/swift/StableDiffusion/pipeline/StableDiffusionXL+Resources.swift /Users/admin/builder/spi-builder-workspace/.dependencies/checkouts/ml-stable-diffusion/swift/StableDiffusion/pipeline/StableDiffusionXLPipeline.swift /Users/admin/builder/spi-builder-workspace/.dependencies/checkouts/ml-stable-diffusion/swift/StableDiffusion/pipeline/TextEncoder.swift /Users/admin/builder/spi-builder-workspace/.dependencies/checkouts/ml-stable-diffusion/swift/StableDiffusion/pipeline/TextEncoderXL.swift /Users/admin/builder/spi-builder-workspace/.dependencies/checkouts/ml-stable-diffusion/swift/StableDiffusion/pipeline/TorchRandomSource.swift /Users/admin/builder/spi-builder-workspace/.dependencies/checkouts/ml-stable-diffusion/swift/StableDiffusion/pipeline/Unet.swift /Users/admin/builder/spi-builder-workspace/.dependencies/checkouts/ml-stable-diffusion/swift/StableDiffusion/tokenizer/BPETokenizer+Reading.swift /Users/admin/builder/spi-builder-workspace/.dependencies/checkouts/ml-stable-diffusion/swift/StableDiffusion/tokenizer/BPETokenizer.swift -target arm64-apple-watchos9.0 -disable-cross-import-overlay-search -load-resolved-plugin /Applications/Xcode-27.0.0-Release.Candidate.app/Contents/Developer/Platforms/WatchOS.platform/Developer/usr/lib/swift/host/plugins/libFoundationMacros.dylib\#/Applications/Xcode-27.0.0-Release.Candidate.app/Contents/Developer/Platforms/WatchOS.platform/Developer/usr/bin/swift-plugin-server\#FoundationMacros -load-resolved-plugin /Applications/Xcode-27.0.0-Release.Candidate.app/Contents/Developer/Platforms/WatchOS.platform/Developer/usr/lib/swift/host/plugins/libObservationMacros.dylib\#/Applications/Xcode-27.0.0-Release.Candidate.app/Contents/Developer/Platforms/WatchOS.platform/Developer/usr/bin/swift-plugin-server\#ObservationMacros -load-resolved-plugin /Applications/Xcode-27.0.0-Release.Candidate.app/Contents/Developer/Platforms/WatchOS.platform/Developer/usr/lib/swift/host/plugins/libSwiftMacros.dylib\#/Applications/Xcode-27.0.0-Release.Candidate.app/Contents/Developer/Platforms/WatchOS.platform/Developer/usr/bin/swift-plugin-server\#SwiftMacros -disable-implicit-swift-modules -Xcc -fno-implicit-modules -Xcc -fno-implicit-module-maps -explicit-swift-module-map-file /Users/admin/builder/spi-builder-workspace/.derivedData/Build/Intermediates.noindex/stable-diffusion.build/Debug-watchos/StableDiffusion-t.build/Objects-normal/arm64/StableDiffusion-dependencies-2.json -Xllvm -aarch64-use-tbi -enable-objc-interop -stack-check -sdk /Applications/Xcode-27.0.0-Release.Candidate.app/Contents/Developer/Platforms/WatchOS.platform/Developer/SDKs/WatchOS27.0.sdk -I /Users/admin/builder/spi-builder-workspace/.derivedData/Build/Products/Debug-watchos -Isystem /Applications/Xcode-27.0.0-Release.Candidate.app/Contents/Developer/Platforms/WatchOS.platform/Developer/usr/lib -F /Users/admin/builder/spi-builder-workspace/.derivedData/Build/Products/Debug-watchos -F /Applications/Xcode-27.0.0-Release.Candidate.app/Contents/Developer/Platforms/WatchOS.platform/Developer/Library/Frameworks -F /Applications/Xcode-27.0.0-Release.Candidate.app/Contents/Developer/Platforms/WatchOS.platform/Developer/SDKs/WatchOS27.0.sdk/Developer/Library/Frameworks -module-cache-path /Users/admin/builder/spi-builder-workspace/.derivedData/Build/Intermediates.noindex/SwiftExplicitPrecompiledModules -no-color-diagnostics -Xcc -fno-color-diagnostics -enable-testing -g -debug-info-format\=dwarf -dwarf-version\=4 -suppress-warnings -profile-generate -profile-coverage-mapping -swift-version 5 -Onone -D SWIFT_PACKAGE -D DEBUG -D SWIFT_MODULE_RESOURCE_BUNDLE_UNAVAILABLE -D Xcode -serialize-debugging-options -enable-experimental-feature DebugDescriptionMacro -empty-abi-descriptor -validate-clang-modules-once -clang-build-session-file /Users/admin/builder/spi-builder-workspace/.derivedData/ModuleCache.noindex/Session.modulevalidation -Xcc -working-directory -Xcc /Users/admin/builder/spi-builder-workspace/.swiftpm/xcode -enable-anonymous-context-mangled-names -file-compilation-dir /Users/admin/builder/spi-builder-workspace/.swiftpm/xcode -Xcc -D_LIBCPP_HARDENING_MODE\=_LIBCPP_HARDENING_MODE_DEBUG -Xcc -ivfsstatcache -Xcc /Users/admin/builder/spi-builder-workspace/.derivedData/SDKStatCaches.noindex/watchos27.0-24R360-e829b21a6f8c9b70876ba0858053c04477534ef55a1706bf4c1112bbb242f0a2.sdkstatcache -Xcc -fmodules-prune-interval\=86400 -Xcc -fmodules-prune-after\=345600 -Xcc -I/Users/admin/builder/spi-builder-workspace/.derivedData/Build/Products/Debug-watchos/include -Xcc -I/Users/admin/builder/spi-builder-workspace/.derivedData/Build/Intermediates.noindex/stable-diffusion.build/Debug-watchos/StableDiffusion-t.build/DerivedSources-normal/arm64 -Xcc -I/Users/admin/builder/spi-builder-workspace/.derivedData/Build/Intermediates.noindex/stable-diffusion.build/Debug-watchos/StableDiffusion-t.build/DerivedSources/arm64 -Xcc -I/Users/admin/builder/spi-builder-workspace/.derivedData/Build/Intermediates.noindex/stable-diffusion.build/Debug-watchos/StableDiffusion-t.build/DerivedSources -Xcc -DSWIFT_PACKAGE -Xcc -DDEBUG\=1 -no-auto-bridging-header-chaining -module-name StableDiffusion -const-gather-protocols-file /Users/admin/builder/spi-builder-workspace/.derivedData/Build/Intermediates.noindex/stable-diffusion.build/Debug-watchos/StableDiffusion-t.build/Objects-normal/arm64/StableDiffusion_const_extract_protocols.json -disable-clang-spi -clang-target arm64-apple-watchos27.0 -target-sdk-version 27.0 -target-sdk-name watchos27.0 -in-process-plugin-server-path /Applications/Xcode-27.0.0-Release.Candidate.app/Contents/Developer/Toolchains/XcodeDefault.xctoolchain/usr/lib/swift/host/libSwiftInProcPluginServer.dylib -emit-module-doc-path /Users/admin/builder/spi-builder-workspace/.derivedData/Build/Intermediates.noindex/stable-diffusion.build/Debug-watchos/StableDiffusion-t.build/Objects-normal/arm64/StableDiffusion.swiftdoc -emit-module-source-info-path /Users/admin/builder/spi-builder-workspace/.derivedData/Build/Intermediates.noindex/stable-diffusion.build/Debug-watchos/StableDiffusion-t.build/Objects-normal/arm64/StableDiffusion.swiftsourceinfo -emit-objc-header-path /Users/admin/builder/spi-builder-workspace/.derivedData/Build/Intermediates.noindex/stable-diffusion.build/Debug-watchos/StableDiffusion-t.build/Objects-normal/arm64/StableDiffusion-Swift.h -serialize-diagnostics-path /Users/admin/builder/spi-builder-workspace/.derivedData/Build/Intermediates.noindex/stable-diffusion.build/Debug-watchos/StableDiffusion-t.build/Objects-normal/arm64/StableDiffusion-primary-emit-module.dia -emit-dependencies-path /Users/admin/builder/spi-builder-workspace/.derivedData/Build/Intermediates.noindex/stable-diffusion.build/Debug-watchos/StableDiffusion-t.build/Objects-normal/arm64/StableDiffusion-primary-emit-module.d -parse-as-library -o /Users/admin/builder/spi-builder-workspace/.derivedData/Build/Intermediates.noindex/stable-diffusion.build/Debug-watchos/StableDiffusion-t.build/Objects-normal/arm64/StableDiffusion.swiftmodule -emit-abi-descriptor-path /Users/admin/builder/spi-builder-workspace/.derivedData/Build/Intermediates.noindex/stable-diffusion.build/Debug-watchos/StableDiffusion-t.build/Objects-normal/arm64/StableDiffusion.abi.json
SwiftCompile normal arm64 (in target 'StableDiffusion' from project 'stable-diffusion')
    cd /Users/admin/builder/spi-builder-workspace/.swiftpm/xcode

SwiftCompile normal arm64 Compiling\ SampleTimer.swift,\ Scheduler.swift,\ StableDiffusionPipeline+Resources.swift /Users/admin/builder/spi-builder-workspace/.dependencies/checkouts/ml-stable-diffusion/swift/StableDiffusion/pipeline/SampleTimer.swift /Users/admin/builder/spi-builder-workspace/.dependencies/checkouts/ml-stable-diffusion/swift/StableDiffusion/pipeline/Scheduler.swift /Users/admin/builder/spi-builder-workspace/.dependencies/checkouts/ml-stable-diffusion/swift/StableDiffusion/pipeline/StableDiffusionPipeline+Resources.swift (in target 'StableDiffusion' from project 'stable-diffusion')
SwiftCompile normal arm64 /Users/admin/builder/spi-builder-workspace/.dependencies/checkouts/ml-stable-diffusion/swift/StableDiffusion/pipeline/SampleTimer.swift (in target 'StableDiffusion' from project 'stable-diffusion')
    cd /Users/admin/builder/spi-builder-workspace/.swiftpm/xcode
    builtin-SwiftPerFileCompile SampleTimer.swift
SwiftCompile normal arm64 /Users/admin/builder/spi-builder-workspace/.dependencies/checkouts/ml-stable-diffusion/swift/StableDiffusion/pipeline/Scheduler.swift (in target 'StableDiffusion' from project 'stable-diffusion')
    cd /Users/admin/builder/spi-builder-workspace/.swiftpm/xcode
    builtin-SwiftPerFileCompile Scheduler.swift
SwiftCompile normal arm64 /Users/admin/builder/spi-builder-workspace/.dependencies/checkouts/ml-stable-diffusion/swift/StableDiffusion/pipeline/StableDiffusionPipeline+Resources.swift (in target 'StableDiffusion' from project 'stable-diffusion')
    cd /Users/admin/builder/spi-builder-workspace/.swiftpm/xcode
    builtin-SwiftPerFileCompile StableDiffusionPipeline+Resources.swift
SwiftCompile normal arm64 Compiling\ StableDiffusionPipeline.Configuration.swift,\ StableDiffusionPipeline.swift /Users/admin/builder/spi-builder-workspace/.dependencies/checkouts/ml-stable-diffusion/swift/StableDiffusion/pipeline/StableDiffusionPipeline.Configuration.swift /Users/admin/builder/spi-builder-workspace/.dependencies/checkouts/ml-stable-diffusion/swift/StableDiffusion/pipeline/StableDiffusionPipeline.swift (in target 'StableDiffusion' from project 'stable-diffusion')
SwiftCompile normal arm64 /Users/admin/builder/spi-builder-workspace/.dependencies/checkouts/ml-stable-diffusion/swift/StableDiffusion/pipeline/StableDiffusionPipeline.Configuration.swift (in target 'StableDiffusion' from project 'stable-diffusion')
    cd /Users/admin/builder/spi-builder-workspace/.swiftpm/xcode
    builtin-SwiftPerFileCompile StableDiffusionPipeline.Configuration.swift
SwiftCompile normal arm64 /Users/admin/builder/spi-builder-workspace/.dependencies/checkouts/ml-stable-diffusion/swift/StableDiffusion/pipeline/StableDiffusionPipeline.swift (in target 'StableDiffusion' from project 'stable-diffusion')
    cd /Users/admin/builder/spi-builder-workspace/.swiftpm/xcode
    builtin-SwiftPerFileCompile StableDiffusionPipeline.swift
SwiftCompile normal arm64 Compiling\ TextEncoder.swift,\ TextEncoderXL.swift /Users/admin/builder/spi-builder-workspace/.dependencies/checkouts/ml-stable-diffusion/swift/StableDiffusion/pipeline/TextEncoder.swift /Users/admin/builder/spi-builder-workspace/.dependencies/checkouts/ml-stable-diffusion/swift/StableDiffusion/pipeline/TextEncoderXL.swift (in target 'StableDiffusion' from project 'stable-diffusion')
SwiftCompile normal arm64 /Users/admin/builder/spi-builder-workspace/.dependencies/checkouts/ml-stable-diffusion/swift/StableDiffusion/pipeline/TextEncoder.swift (in target 'StableDiffusion' from project 'stable-diffusion')
    cd /Users/admin/builder/spi-builder-workspace/.swiftpm/xcode
    builtin-SwiftPerFileCompile TextEncoder.swift
SwiftCompile normal arm64 /Users/admin/builder/spi-builder-workspace/.dependencies/checkouts/ml-stable-diffusion/swift/StableDiffusion/pipeline/TextEncoderXL.swift (in target 'StableDiffusion' from project 'stable-diffusion')
    cd /Users/admin/builder/spi-builder-workspace/.swiftpm/xcode
    builtin-SwiftPerFileCompile TextEncoderXL.swift
SwiftCompile normal arm64 Compiling\ MultilingualTextEncoder.swift,\ NumPyRandomSource.swift,\ NvRandomSource.swift /Users/admin/builder/spi-builder-workspace/.dependencies/checkouts/ml-stable-diffusion/swift/StableDiffusion/pipeline/MultilingualTextEncoder.swift /Users/admin/builder/spi-builder-workspace/.dependencies/checkouts/ml-stable-diffusion/swift/StableDiffusion/pipeline/NumPyRandomSource.swift /Users/admin/builder/spi-builder-workspace/.dependencies/checkouts/ml-stable-diffusion/swift/StableDiffusion/pipeline/NvRandomSource.swift (in target 'StableDiffusion' from project 'stable-diffusion')
/Users/admin/builder/spi-builder-workspace/.dependencies/checkouts/ml-stable-diffusion/swift/StableDiffusion/pipeline/MultilingualTextEncoder.swift:13:25: error: 'NLContextualEmbedding' is only available in watchOS 10.0 or newer
  8 | #if canImport(NaturalLanguage.NLContextualEmbedding)
  9 | @available(iOS 17.0, macOS 14.0, *)
 10 | public struct MultilingualTextEncoder: TextEncoderModel {
    |               `- note: add '@available' attribute to enclosing struct
 11 |     let adapter: ManagedMLModel?
 12 |
 13 |     let embeddingModel: NLContextualEmbedding
    |                         `- error: 'NLContextualEmbedding' is only available in watchOS 10.0 or newer
 14 |
 15 |     // TODO: use maximum sequence length from embedding.
/Users/admin/builder/spi-builder-workspace/.dependencies/checkouts/ml-stable-diffusion/swift/StableDiffusion/pipeline/MultilingualTextEncoder.swift:35:31: error: 'NLContextualEmbedding' is only available in watchOS 10.0 or newer
  8 | #if canImport(NaturalLanguage.NLContextualEmbedding)
  9 | @available(iOS 17.0, macOS 14.0, *)
 10 | public struct MultilingualTextEncoder: TextEncoderModel {
    |               `- note: add '@available' attribute to enclosing struct
 11 |     let adapter: ManagedMLModel?
 12 |
    :
 23 |     ///   - configuration: The configuration to be used when the model is loaded.
 24 |     ///   - script: The scipt of the contextual embedding.
 25 |     public init(
    |            `- note: add '@available' attribute to enclosing initializer
 26 |         modelAt url: URL? = nil,
 27 |         configuration: MLModelConfiguration = .init(),
    :
 33 |             self.adapter = nil
 34 |         }
 35 |         self.embeddingModel = NLContextualEmbedding(script: script.asNLScript)!
    |                               |- error: 'NLContextualEmbedding' is only available in watchOS 10.0 or newer
    |                               `- note: add 'if #available' version check
 36 |         self.embeddingModel.requestAssets { _, _ in }
 37 |     }
/Users/admin/builder/spi-builder-workspace/.dependencies/checkouts/ml-stable-diffusion/swift/StableDiffusion/pipeline/MultilingualTextEncoder.swift:70:23: error: 'enumerateTokenVectors(in:using:)' is only available in watchOS 10.0 or newer
  8 | #if canImport(NaturalLanguage.NLContextualEmbedding)
  9 | @available(iOS 17.0, macOS 14.0, *)
 10 | public struct MultilingualTextEncoder: TextEncoderModel {
    |               `- note: add '@available' attribute to enclosing struct
 11 |     let adapter: ManagedMLModel?
 12 |
    :
 53 |     ///  - Parameter text: The input text.
 54 |     ///  - Returns: An embedding shaped array.
 55 |     public func encode(_ text: String) throws -> MLShapedArray<Float> {
    |                 `- note: add '@available' attribute to enclosing instance method
 56 |         guard embeddingModel.hasAvailableAssets else {
 57 |             throw Error.missingEmbeddingResource
    :
 68 |         shapedEmbeddings.withUnsafeMutableShapedBufferPointer { pointer, _, _ in
 69 |             var tokenIndex = 0
 70 |             embedding.enumerateTokenVectors(in: text.startIndex ..< text.endIndex) { (tokenEmbeddings, _) -> Bool in
    |                       |- error: 'enumerateTokenVectors(in:using:)' is only available in watchOS 10.0 or newer
    |                       `- note: add 'if #available' version check
 71 |                 for tokenEmbeddingIndex in 0 ..< tokenEmbeddings.count {
 72 |                     pointer[tokenIndex * embeddingModel.dimension + tokenEmbeddingIndex] = tokenEmbeddings[tokenEmbeddingIndex]
/Users/admin/builder/spi-builder-workspace/.dependencies/checkouts/ml-stable-diffusion/swift/StableDiffusion/pipeline/MultilingualTextEncoder.swift:188:30: error: 'latin' is only available in watchOS 10.0 or newer
179 |
180 | @available(iOS 16.2, macOS 13.1, *)
181 | public enum Script: String {
    |             `- note: add '@available' attribute to enclosing enum
182 |     case latin, cyrillic, cjk
183 |
184 | #if canImport(NaturalLanguage.NLScript)
185 |     @available(iOS 17.0, macOS 14.0, *)
186 |     var asNLScript: NLScript {
    |         `- note: add '@available' attribute to enclosing property
187 |         switch self {
188 |         case .latin: return .latin
    |                              |- error: 'latin' is only available in watchOS 10.0 or newer
    |                              `- note: add 'if #available' version check
189 |         case .cyrillic: return .cyrillic
190 |         case .cjk: return .simplifiedChinese
/Users/admin/builder/spi-builder-workspace/.dependencies/checkouts/ml-stable-diffusion/swift/StableDiffusion/pipeline/MultilingualTextEncoder.swift:189:33: error: 'cyrillic' is only available in watchOS 10.0 or newer
179 |
180 | @available(iOS 16.2, macOS 13.1, *)
181 | public enum Script: String {
    |             `- note: add '@available' attribute to enclosing enum
182 |     case latin, cyrillic, cjk
183 |
184 | #if canImport(NaturalLanguage.NLScript)
185 |     @available(iOS 17.0, macOS 14.0, *)
186 |     var asNLScript: NLScript {
    |         `- note: add '@available' attribute to enclosing property
187 |         switch self {
188 |         case .latin: return .latin
189 |         case .cyrillic: return .cyrillic
    |                                 |- error: 'cyrillic' is only available in watchOS 10.0 or newer
    |                                 `- note: add 'if #available' version check
190 |         case .cjk: return .simplifiedChinese
191 |         }
SwiftCompile normal arm64 /Users/admin/builder/spi-builder-workspace/.dependencies/checkouts/ml-stable-diffusion/swift/StableDiffusion/pipeline/MultilingualTextEncoder.swift (in target 'StableDiffusion' from project 'stable-diffusion')
    cd /Users/admin/builder/spi-builder-workspace/.swiftpm/xcode
    builtin-SwiftPerFileCompile MultilingualTextEncoder.swift
SwiftCompile normal arm64 /Users/admin/builder/spi-builder-workspace/.dependencies/checkouts/ml-stable-diffusion/swift/StableDiffusion/pipeline/NumPyRandomSource.swift (in target 'StableDiffusion' from project 'stable-diffusion')
    cd /Users/admin/builder/spi-builder-workspace/.swiftpm/xcode
    builtin-SwiftPerFileCompile NumPyRandomSource.swift
SwiftCompile normal arm64 /Users/admin/builder/spi-builder-workspace/.dependencies/checkouts/ml-stable-diffusion/swift/StableDiffusion/pipeline/NvRandomSource.swift (in target 'StableDiffusion' from project 'stable-diffusion')
    cd /Users/admin/builder/spi-builder-workspace/.swiftpm/xcode
    builtin-SwiftPerFileCompile NvRandomSource.swift
SwiftCompile normal arm64 Compiling\ RandomSource.swift,\ ResourceManaging.swift,\ SafetyChecker.swift /Users/admin/builder/spi-builder-workspace/.dependencies/checkouts/ml-stable-diffusion/swift/StableDiffusion/pipeline/RandomSource.swift /Users/admin/builder/spi-builder-workspace/.dependencies/checkouts/ml-stable-diffusion/swift/StableDiffusion/pipeline/ResourceManaging.swift /Users/admin/builder/spi-builder-workspace/.dependencies/checkouts/ml-stable-diffusion/swift/StableDiffusion/pipeline/SafetyChecker.swift (in target 'StableDiffusion' from project 'stable-diffusion')
SwiftCompile normal arm64 /Users/admin/builder/spi-builder-workspace/.dependencies/checkouts/ml-stable-diffusion/swift/StableDiffusion/pipeline/RandomSource.swift (in target 'StableDiffusion' from project 'stable-diffusion')
    cd /Users/admin/builder/spi-builder-workspace/.swiftpm/xcode
    builtin-SwiftPerFileCompile RandomSource.swift
SwiftCompile normal arm64 /Users/admin/builder/spi-builder-workspace/.dependencies/checkouts/ml-stable-diffusion/swift/StableDiffusion/pipeline/ResourceManaging.swift (in target 'StableDiffusion' from project 'stable-diffusion')
    cd /Users/admin/builder/spi-builder-workspace/.swiftpm/xcode
    builtin-SwiftPerFileCompile ResourceManaging.swift
SwiftCompile normal arm64 /Users/admin/builder/spi-builder-workspace/.dependencies/checkouts/ml-stable-diffusion/swift/StableDiffusion/pipeline/SafetyChecker.swift (in target 'StableDiffusion' from project 'stable-diffusion')
    cd /Users/admin/builder/spi-builder-workspace/.swiftpm/xcode
    builtin-SwiftPerFileCompile SafetyChecker.swift
SwiftCompile normal arm64 Compiling\ Decoder.swift,\ Encoder.swift,\ ManagedMLModel.swift /Users/admin/builder/spi-builder-workspace/.dependencies/checkouts/ml-stable-diffusion/swift/StableDiffusion/pipeline/Decoder.swift /Users/admin/builder/spi-builder-workspace/.dependencies/checkouts/ml-stable-diffusion/swift/StableDiffusion/pipeline/Encoder.swift /Users/admin/builder/spi-builder-workspace/.dependencies/checkouts/ml-stable-diffusion/swift/StableDiffusion/pipeline/ManagedMLModel.swift (in target 'StableDiffusion' from project 'stable-diffusion')
SwiftCompile normal arm64 /Users/admin/builder/spi-builder-workspace/.dependencies/checkouts/ml-stable-diffusion/swift/StableDiffusion/pipeline/Decoder.swift (in target 'StableDiffusion' from project 'stable-diffusion')
    cd /Users/admin/builder/spi-builder-workspace/.swiftpm/xcode
    builtin-SwiftPerFileCompile Decoder.swift
SwiftCompile normal arm64 /Users/admin/builder/spi-builder-workspace/.dependencies/checkouts/ml-stable-diffusion/swift/StableDiffusion/pipeline/Encoder.swift (in target 'StableDiffusion' from project 'stable-diffusion')
    cd /Users/admin/builder/spi-builder-workspace/.swiftpm/xcode
    builtin-SwiftPerFileCompile Encoder.swift
SwiftCompile normal arm64 /Users/admin/builder/spi-builder-workspace/.dependencies/checkouts/ml-stable-diffusion/swift/StableDiffusion/pipeline/ManagedMLModel.swift (in target 'StableDiffusion' from project 'stable-diffusion')
    cd /Users/admin/builder/spi-builder-workspace/.swiftpm/xcode
    builtin-SwiftPerFileCompile ManagedMLModel.swift
SwiftCompile normal arm64 Compiling\ CGImage+vImage.swift,\ ControlNet.swift,\ DPMSolverMultistepScheduler.swift /Users/admin/builder/spi-builder-workspace/.dependencies/checkouts/ml-stable-diffusion/swift/StableDiffusion/pipeline/CGImage+vImage.swift /Users/admin/builder/spi-builder-workspace/.dependencies/checkouts/ml-stable-diffusion/swift/StableDiffusion/pipeline/ControlNet.swift /Users/admin/builder/spi-builder-workspace/.dependencies/checkouts/ml-stable-diffusion/swift/StableDiffusion/pipeline/DPMSolverMultistepScheduler.swift (in target 'StableDiffusion' from project 'stable-diffusion')
SwiftCompile normal arm64 /Users/admin/builder/spi-builder-workspace/.dependencies/checkouts/ml-stable-diffusion/swift/StableDiffusion/pipeline/CGImage+vImage.swift (in target 'StableDiffusion' from project 'stable-diffusion')
    cd /Users/admin/builder/spi-builder-workspace/.swiftpm/xcode
    builtin-SwiftPerFileCompile CGImage+vImage.swift
SwiftCompile normal arm64 /Users/admin/builder/spi-builder-workspace/.dependencies/checkouts/ml-stable-diffusion/swift/StableDiffusion/pipeline/ControlNet.swift (in target 'StableDiffusion' from project 'stable-diffusion')
    cd /Users/admin/builder/spi-builder-workspace/.swiftpm/xcode
    builtin-SwiftPerFileCompile ControlNet.swift
SwiftCompile normal arm64 /Users/admin/builder/spi-builder-workspace/.dependencies/checkouts/ml-stable-diffusion/swift/StableDiffusion/pipeline/DPMSolverMultistepScheduler.swift (in target 'StableDiffusion' from project 'stable-diffusion')
    cd /Users/admin/builder/spi-builder-workspace/.swiftpm/xcode
    builtin-SwiftPerFileCompile DPMSolverMultistepScheduler.swift
SwiftEmitModule normal arm64_32 Emitting\ module\ for\ StableDiffusion (in target 'StableDiffusion' from project 'stable-diffusion')
SwiftCompile normal arm64_32 (in target 'StableDiffusion' from project 'stable-diffusion')
    cd /Users/admin/builder/spi-builder-workspace/.swiftpm/xcode

PruneExplicitPrecompiledModules /Users/admin/builder/spi-builder-workspace/.derivedData/Build/Intermediates.noindex/ExplicitPrecompiledModules
PruneExplicitPrecompiledModules /Users/admin/builder/spi-builder-workspace/.derivedData/Build/Intermediates.noindex/SwiftExplicitPrecompiledModules
PruneExplicitPrecompiledModules /Users/admin/builder/spi-builder-workspace/.derivedData/SDKExplicitPrecompiledModules
2026-09-21 09:32:53.818 xcodebuild[778:4808] [MT] IDERunDestination: Supported platforms for the buildables in the current scheme is empty.
** BUILD FAILED **
The following build commands failed:
	SwiftEmitModule normal arm64 Emitting\ module\ for\ StableDiffusion (in target 'StableDiffusion' from project 'stable-diffusion')
	SwiftCompile normal arm64 (in target 'StableDiffusion' from project 'stable-diffusion')
	Building workspace coreml-stable-diffusion-swift with scheme coreml-stable-diffusion-swift
(3 failures)
Command line invocation:
    /Applications/Xcode-27.0.0-Release.Candidate.app/Contents/Developer/usr/bin/xcodebuild -IDEClonedSourcePackagesDirPathOverride=/Users/admin/builder/spi-builder-workspace/.dependencies -resolvePackageDependencies
Resolve Package Graph
Resolved source packages:
  stable-diffusion: https://github.com/apple/ml-stable-diffusion.git @ 1.1.1
  Files: https://github.com/JohnSundell/Files.git @ 4.3.0
  swift-argument-parser: https://github.com/apple/swift-argument-parser.git @ 1.8.2
  coreml-stable-diffusion-swift: /Users/admin/builder/spi-builder-workspace
resolved source packages: stable-diffusion, Files, swift-argument-parser, coreml-stable-diffusion-swift
2026-09-21 09:33:01.444 xcodebuild[923:5510] [MT] IDERunDestination: Supported platforms for the buildables in the current scheme is empty.
{
  "dependencies" : [
    {
      "identity" : "ml-stable-diffusion",
      "requirement" : {
        "exact" : [
          "1.1.1"
        ]
      },
      "type" : "sourceControl",
      "url" : "https://github.com/apple/ml-stable-diffusion.git"
    },
    {
      "identity" : "files",
      "requirement" : {
        "range" : [
          {
            "lower_bound" : "4.2.0",
            "upper_bound" : "5.0.0"
          }
        ]
      },
      "type" : "sourceControl",
      "url" : "https://github.com/JohnSundell/Files.git"
    }
  ],
  "manifest_display_name" : "coreml-stable-diffusion-swift",
  "name" : "coreml-stable-diffusion-swift",
  "path" : "/Users/admin/builder/spi-builder-workspace",
  "platforms" : [
    {
      "name" : "macos",
      "version" : "13.0"
    },
    {
      "name" : "ios",
      "version" : "16.2"
    }
  ],
  "products" : [
    {
      "name" : "coreml-stable-diffusion-swift",
      "targets" : [
        "coreml-stable-diffusion-swift"
      ],
      "type" : {
        "library" : [
          "automatic"
        ]
      }
    }
  ],
  "targets" : [
    {
      "c99name" : "coreml_stable_diffusion_swiftTests",
      "module_type" : "SwiftTarget",
      "name" : "coreml-stable-diffusion-swiftTests",
      "path" : "Tests/coreml-stable-diffusion-swiftTests",
      "sources" : [
        "coreml_stable_diffusion_swiftTests.swift"
      ],
      "target_dependencies" : [
        "coreml-stable-diffusion-swift"
      ],
      "type" : "test"
    },
    {
      "c99name" : "coreml_stable_diffusion_swift",
      "module_type" : "SwiftTarget",
      "name" : "coreml-stable-diffusion-swift",
      "path" : "Sources/coreml-stable-diffusion-swift",
      "product_dependencies" : [
        "StableDiffusion",
        "Files"
      ],
      "product_memberships" : [
        "coreml-stable-diffusion-swift"
      ],
      "sources" : [
        "enum/Errors.swift",
        "enum/ProgressState.swift",
        "ext/NSImage+.swift",
        "ext/URL+.swift",
        "helper/HelperFile.swift",
        "helper/HelperImage.swift",
        "helper/HelperPipeline.swift",
        "manager/GenerativeManager.swift",
        "model/GenerativeModel.swift",
        "model/Scheduler.swift",
        "protocol/IGenerativeManager.swift"
      ],
      "type" : "library"
    }
  ],
  "tools_version" : "5.7"
}
{
  "workspace" : {
    "name" : "coreml-stable-diffusion-swift",
    "schemes" : [
      "coreml-stable-diffusion-swift"
    ]
  }
}
2026-09-21 09:33:03.787 xcodebuild[939:5635] [MT] IDERunDestination: Supported platforms for the buildables in the current scheme is empty.
Running build ...
env DEVELOPER_DIR=/Applications/Xcode-27.0.0-Release.Candidate.app xcrun xcodebuild -IDEClonedSourcePackagesDirPathOverride=$PWD/.dependencies -skipMacroValidation -skipPackagePluginValidation -derivedDataPath $PWD/.derivedData build -scheme coreml-stable-diffusion-swift -destination generic/platform=watchOS
Command line invocation:
    /Applications/Xcode-27.0.0-Release.Candidate.app/Contents/Developer/usr/bin/xcodebuild -IDEClonedSourcePackagesDirPathOverride=/Users/admin/builder/spi-builder-workspace/.dependencies -skipMacroValidation -skipPackagePluginValidation -derivedDataPath /Users/admin/builder/spi-builder-workspace/.derivedData build -scheme coreml-stable-diffusion-swift -destination generic/platform=watchOS
Resolve Package Graph
Resolved source packages:
  stable-diffusion: https://github.com/apple/ml-stable-diffusion.git @ 1.1.1
  swift-argument-parser: https://github.com/apple/swift-argument-parser.git @ 1.8.2
  Files: https://github.com/JohnSundell/Files.git @ 4.3.0
  coreml-stable-diffusion-swift: /Users/admin/builder/spi-builder-workspace
ComputePackagePrebuildTargetDependencyGraph
Prepare packages
CreateBuildRequest
SendProjectDescription
CreateBuildOperation
ComputeTargetDependencyGraph
note: Building targets in dependency order
note: Target dependency graph (6 targets)
    Target 'coreml-stable-diffusion-swift-product' in project 'coreml-stable-diffusion-swift'
        ➜ Explicit dependency on target 'coreml-stable-diffusion-swift' in project 'coreml-stable-diffusion-swift'
        ➜ Explicit dependency on target 'StableDiffusion-product' in project 'stable-diffusion'
        ➜ Explicit dependency on target 'Files-product' in project 'Files'
    Target 'coreml-stable-diffusion-swift' in project 'coreml-stable-diffusion-swift'
        ➜ Explicit dependency on target 'StableDiffusion-product' in project 'stable-diffusion'
        ➜ Explicit dependency on target 'Files-product' in project 'Files'
    Target 'Files-product' in project 'Files'
        ➜ Explicit dependency on target 'Files' in project 'Files'
    Target 'Files' in project 'Files' (no dependencies)
    Target 'StableDiffusion-product' in project 'stable-diffusion'
        ➜ Explicit dependency on target 'StableDiffusion' in project 'stable-diffusion'
    Target 'StableDiffusion' in project 'stable-diffusion' (no dependencies)
GatherProvisioningInputs
CreateBuildDescription
ClangStatCache /Applications/Xcode-27.0.0-Release.Candidate.app/Contents/Developer/Toolchains/XcodeDefault.xctoolchain/usr/bin/clang-stat-cache /Applications/Xcode-27.0.0-Release.Candidate.app/Contents/Developer/Platforms/WatchOS.platform/Developer/SDKs/WatchOS27.0.sdk /Users/admin/builder/spi-builder-workspace/.derivedData/SDKStatCaches.noindex/watchos27.0-24R360-e829b21a6f8c9b70876ba0858053c04477534ef55a1706bf4c1112bbb242f0a2.sdkstatcache
    cd /Users/admin/builder/spi-builder-workspace/.swiftpm/xcode
    /Applications/Xcode-27.0.0-Release.Candidate.app/Contents/Developer/Toolchains/XcodeDefault.xctoolchain/usr/bin/clang-stat-cache /Applications/Xcode-27.0.0-Release.Candidate.app/Contents/Developer/Platforms/WatchOS.platform/Developer/SDKs/WatchOS27.0.sdk -o /Users/admin/builder/spi-builder-workspace/.derivedData/SDKStatCaches.noindex/watchos27.0-24R360-e829b21a6f8c9b70876ba0858053c04477534ef55a1706bf4c1112bbb242f0a2.sdkstatcache
SwiftDriver StableDiffusion normal arm64_32 com.apple.xcode.tools.swift.compiler (in target 'StableDiffusion' from project 'stable-diffusion')
    cd /Users/admin/builder/spi-builder-workspace/.swiftpm/xcode
    builtin-SwiftDriver -- /Applications/Xcode-27.0.0-Release.Candidate.app/Contents/Developer/Toolchains/XcodeDefault.xctoolchain/usr/bin/swiftc -parse-as-library -module-name StableDiffusion -Onone @/Users/admin/builder/spi-builder-workspace/.derivedData/Build/Intermediates.noindex/stable-diffusion.build/Debug-watchos/StableDiffusion-t.build/Objects-normal/arm64_32/StableDiffusion.SwiftFileList -DSWIFT_PACKAGE -DDEBUG -DSWIFT_MODULE_RESOURCE_BUNDLE_UNAVAILABLE -DXcode -plugin-path /Applications/Xcode-27.0.0-Release.Candidate.app/Contents/Developer/Toolchains/XcodeDefault.xctoolchain/usr/lib/swift/host/plugins/testing -enable-experimental-feature DebugDescriptionMacro -sdk /Applications/Xcode-27.0.0-Release.Candidate.app/Contents/Developer/Platforms/WatchOS.platform/Developer/SDKs/WatchOS27.0.sdk -target arm64_32-apple-watchos9.0 -g -module-cache-path /Users/admin/builder/spi-builder-workspace/.derivedData/ModuleCache.noindex -Xfrontend -serialize-debugging-options -profile-coverage-mapping -profile-generate -enable-testing -suppress-warnings -index-store-path /Users/admin/builder/spi-builder-workspace/.derivedData/Index.noindex/DataStore -Xcc -D_LIBCPP_HARDENING_MODE\=_LIBCPP_HARDENING_MODE_DEBUG -swift-version 5 -I /Users/admin/builder/spi-builder-workspace/.derivedData/Build/Products/Debug-watchos -Isystem /Applications/Xcode-27.0.0-Release.Candidate.app/Contents/Developer/Platforms/WatchOS.platform/Developer/usr/lib -F /Users/admin/builder/spi-builder-workspace/.derivedData/Build/Products/Debug-watchos -F /Applications/Xcode-27.0.0-Release.Candidate.app/Contents/Developer/Platforms/WatchOS.platform/Developer/Library/Frameworks -F /Applications/Xcode-27.0.0-Release.Candidate.app/Contents/Developer/Platforms/WatchOS.platform/Developer/SDKs/WatchOS27.0.sdk/Developer/Library/Frameworks -c -j10 -enable-batch-mode -incremental -Xcc -ivfsstatcache -Xcc /Users/admin/builder/spi-builder-workspace/.derivedData/SDKStatCaches.noindex/watchos27.0-24R360-e829b21a6f8c9b70876ba0858053c04477534ef55a1706bf4c1112bbb242f0a2.sdkstatcache -output-file-map /Users/admin/builder/spi-builder-workspace/.derivedData/Build/Intermediates.noindex/stable-diffusion.build/Debug-watchos/StableDiffusion-t.build/Objects-normal/arm64_32/StableDiffusion-OutputFileMap.json -save-temps -no-color-diagnostics -explicit-module-build -module-cache-path /Users/admin/builder/spi-builder-workspace/.derivedData/Build/Intermediates.noindex/SwiftExplicitPrecompiledModules -clang-scanner-module-cache-path /Users/admin/builder/spi-builder-workspace/.derivedData/ModuleCache.noindex -sdk-module-cache-path /Users/admin/builder/spi-builder-workspace/.derivedData/SDKExplicitPrecompiledModules -emit-dependencies -emit-module -emit-module-path /Users/admin/builder/spi-builder-workspace/.derivedData/Build/Intermediates.noindex/stable-diffusion.build/Debug-watchos/StableDiffusion-t.build/Objects-normal/arm64_32/StableDiffusion.swiftmodule -serialize-diagnostics -dependency-scan-serialize-diagnostics-path /Users/admin/builder/spi-builder-workspace/.derivedData/Build/Intermediates.noindex/stable-diffusion.build/Debug-watchos/StableDiffusion-t.build/Objects-normal/arm64_32/StableDiffusion-dependency-scan.dia -validate-clang-modules-once -clang-build-session-file /Users/admin/builder/spi-builder-workspace/.derivedData/ModuleCache.noindex/Session.modulevalidation -Xcc -fmodules-prune-interval\=86400 -Xcc -fmodules-prune-after\=345600 -emit-const-values -const-gather-protocols-list /Users/admin/builder/spi-builder-workspace/.derivedData/Build/Intermediates.noindex/stable-diffusion.build/Debug-watchos/StableDiffusion-t.build/Objects-normal/arm64_32/StableDiffusion_const_extract_protocols.json -Xcc -I/Users/admin/builder/spi-builder-workspace/.derivedData/Build/Products/Debug-watchos/include -Xcc -I/Users/admin/builder/spi-builder-workspace/.derivedData/Build/Intermediates.noindex/stable-diffusion.build/Debug-watchos/StableDiffusion-t.build/DerivedSources-normal/arm64_32 -Xcc -I/Users/admin/builder/spi-builder-workspace/.derivedData/Build/Intermediates.noindex/stable-diffusion.build/Debug-watchos/StableDiffusion-t.build/DerivedSources/arm64_32 -Xcc -I/Users/admin/builder/spi-builder-workspace/.derivedData/Build/Intermediates.noindex/stable-diffusion.build/Debug-watchos/StableDiffusion-t.build/DerivedSources -Xcc -DSWIFT_PACKAGE -Xcc -DDEBUG\=1 -emit-objc-header -emit-objc-header-path /Users/admin/builder/spi-builder-workspace/.derivedData/Build/Intermediates.noindex/stable-diffusion.build/Debug-watchos/StableDiffusion-t.build/Objects-normal/arm64_32/StableDiffusion-Swift.h -working-directory /Users/admin/builder/spi-builder-workspace/.swiftpm/xcode -experimental-emit-module-separately -disable-cmo
SwiftDriver StableDiffusion normal arm64 com.apple.xcode.tools.swift.compiler (in target 'StableDiffusion' from project 'stable-diffusion')
    cd /Users/admin/builder/spi-builder-workspace/.swiftpm/xcode
    builtin-SwiftDriver -- /Applications/Xcode-27.0.0-Release.Candidate.app/Contents/Developer/Toolchains/XcodeDefault.xctoolchain/usr/bin/swiftc -parse-as-library -module-name StableDiffusion -Onone @/Users/admin/builder/spi-builder-workspace/.derivedData/Build/Intermediates.noindex/stable-diffusion.build/Debug-watchos/StableDiffusion-t.build/Objects-normal/arm64/StableDiffusion.SwiftFileList -DSWIFT_PACKAGE -DDEBUG -DSWIFT_MODULE_RESOURCE_BUNDLE_UNAVAILABLE -DXcode -plugin-path /Applications/Xcode-27.0.0-Release.Candidate.app/Contents/Developer/Toolchains/XcodeDefault.xctoolchain/usr/lib/swift/host/plugins/testing -enable-experimental-feature DebugDescriptionMacro -sdk /Applications/Xcode-27.0.0-Release.Candidate.app/Contents/Developer/Platforms/WatchOS.platform/Developer/SDKs/WatchOS27.0.sdk -target arm64-apple-watchos9.0 -g -module-cache-path /Users/admin/builder/spi-builder-workspace/.derivedData/ModuleCache.noindex -Xfrontend -serialize-debugging-options -profile-coverage-mapping -profile-generate -enable-testing -suppress-warnings -index-store-path /Users/admin/builder/spi-builder-workspace/.derivedData/Index.noindex/DataStore -Xcc -D_LIBCPP_HARDENING_MODE\=_LIBCPP_HARDENING_MODE_DEBUG -swift-version 5 -I /Users/admin/builder/spi-builder-workspace/.derivedData/Build/Products/Debug-watchos -Isystem /Applications/Xcode-27.0.0-Release.Candidate.app/Contents/Developer/Platforms/WatchOS.platform/Developer/usr/lib -F /Users/admin/builder/spi-builder-workspace/.derivedData/Build/Products/Debug-watchos -F /Applications/Xcode-27.0.0-Release.Candidate.app/Contents/Developer/Platforms/WatchOS.platform/Developer/Library/Frameworks -F /Applications/Xcode-27.0.0-Release.Candidate.app/Contents/Developer/Platforms/WatchOS.platform/Developer/SDKs/WatchOS27.0.sdk/Developer/Library/Frameworks -c -j10 -enable-batch-mode -incremental -Xcc -ivfsstatcache -Xcc /Users/admin/builder/spi-builder-workspace/.derivedData/SDKStatCaches.noindex/watchos27.0-24R360-e829b21a6f8c9b70876ba0858053c04477534ef55a1706bf4c1112bbb242f0a2.sdkstatcache -output-file-map /Users/admin/builder/spi-builder-workspace/.derivedData/Build/Intermediates.noindex/stable-diffusion.build/Debug-watchos/StableDiffusion-t.build/Objects-normal/arm64/StableDiffusion-OutputFileMap.json -save-temps -no-color-diagnostics -explicit-module-build -module-cache-path /Users/admin/builder/spi-builder-workspace/.derivedData/Build/Intermediates.noindex/SwiftExplicitPrecompiledModules -clang-scanner-module-cache-path /Users/admin/builder/spi-builder-workspace/.derivedData/ModuleCache.noindex -sdk-module-cache-path /Users/admin/builder/spi-builder-workspace/.derivedData/SDKExplicitPrecompiledModules -emit-dependencies -emit-module -emit-module-path /Users/admin/builder/spi-builder-workspace/.derivedData/Build/Intermediates.noindex/stable-diffusion.build/Debug-watchos/StableDiffusion-t.build/Objects-normal/arm64/StableDiffusion.swiftmodule -serialize-diagnostics -dependency-scan-serialize-diagnostics-path /Users/admin/builder/spi-builder-workspace/.derivedData/Build/Intermediates.noindex/stable-diffusion.build/Debug-watchos/StableDiffusion-t.build/Objects-normal/arm64/StableDiffusion-dependency-scan.dia -validate-clang-modules-once -clang-build-session-file /Users/admin/builder/spi-builder-workspace/.derivedData/ModuleCache.noindex/Session.modulevalidation -Xcc -fmodules-prune-interval\=86400 -Xcc -fmodules-prune-after\=345600 -emit-const-values -const-gather-protocols-list /Users/admin/builder/spi-builder-workspace/.derivedData/Build/Intermediates.noindex/stable-diffusion.build/Debug-watchos/StableDiffusion-t.build/Objects-normal/arm64/StableDiffusion_const_extract_protocols.json -Xcc -I/Users/admin/builder/spi-builder-workspace/.derivedData/Build/Products/Debug-watchos/include -Xcc -I/Users/admin/builder/spi-builder-workspace/.derivedData/Build/Intermediates.noindex/stable-diffusion.build/Debug-watchos/StableDiffusion-t.build/DerivedSources-normal/arm64 -Xcc -I/Users/admin/builder/spi-builder-workspace/.derivedData/Build/Intermediates.noindex/stable-diffusion.build/Debug-watchos/StableDiffusion-t.build/DerivedSources/arm64 -Xcc -I/Users/admin/builder/spi-builder-workspace/.derivedData/Build/Intermediates.noindex/stable-diffusion.build/Debug-watchos/StableDiffusion-t.build/DerivedSources -Xcc -DSWIFT_PACKAGE -Xcc -DDEBUG\=1 -emit-objc-header -emit-objc-header-path /Users/admin/builder/spi-builder-workspace/.derivedData/Build/Intermediates.noindex/stable-diffusion.build/Debug-watchos/StableDiffusion-t.build/Objects-normal/arm64/StableDiffusion-Swift.h -working-directory /Users/admin/builder/spi-builder-workspace/.swiftpm/xcode -experimental-emit-module-separately -disable-cmo
SwiftDriver Files normal arm64_32 com.apple.xcode.tools.swift.compiler (in target 'Files' from project 'Files')
    cd /Users/admin/builder/spi-builder-workspace/.swiftpm/xcode
    builtin-SwiftDriver -- /Applications/Xcode-27.0.0-Release.Candidate.app/Contents/Developer/Toolchains/XcodeDefault.xctoolchain/usr/bin/swiftc -parse-as-library -module-name Files -Onone @/Users/admin/builder/spi-builder-workspace/.derivedData/Build/Intermediates.noindex/Files.build/Debug-watchos/Files-t.build/Objects-normal/arm64_32/Files.SwiftFileList -DSWIFT_PACKAGE -DDEBUG -DSWIFT_MODULE_RESOURCE_BUNDLE_UNAVAILABLE -DXcode -plugin-path /Applications/Xcode-27.0.0-Release.Candidate.app/Contents/Developer/Toolchains/XcodeDefault.xctoolchain/usr/lib/swift/host/plugins/testing -enable-experimental-feature DebugDescriptionMacro -sdk /Applications/Xcode-27.0.0-Release.Candidate.app/Contents/Developer/Platforms/WatchOS.platform/Developer/SDKs/WatchOS27.0.sdk -target arm64_32-apple-watchos9.0 -g -module-cache-path /Users/admin/builder/spi-builder-workspace/.derivedData/ModuleCache.noindex -Xfrontend -serialize-debugging-options -profile-coverage-mapping -profile-generate -enable-testing -suppress-warnings -index-store-path /Users/admin/builder/spi-builder-workspace/.derivedData/Index.noindex/DataStore -Xcc -D_LIBCPP_HARDENING_MODE\=_LIBCPP_HARDENING_MODE_DEBUG -swift-version 5 -I /Users/admin/builder/spi-builder-workspace/.derivedData/Build/Products/Debug-watchos -Isystem /Applications/Xcode-27.0.0-Release.Candidate.app/Contents/Developer/Platforms/WatchOS.platform/Developer/usr/lib -F /Users/admin/builder/spi-builder-workspace/.derivedData/Build/Products/Debug-watchos -F /Applications/Xcode-27.0.0-Release.Candidate.app/Contents/Developer/Platforms/WatchOS.platform/Developer/Library/Frameworks -F /Applications/Xcode-27.0.0-Release.Candidate.app/Contents/Developer/Platforms/WatchOS.platform/Developer/SDKs/WatchOS27.0.sdk/Developer/Library/Frameworks -c -j10 -enable-batch-mode -incremental -Xcc -ivfsstatcache -Xcc /Users/admin/builder/spi-builder-workspace/.derivedData/SDKStatCaches.noindex/watchos27.0-24R360-e829b21a6f8c9b70876ba0858053c04477534ef55a1706bf4c1112bbb242f0a2.sdkstatcache -output-file-map /Users/admin/builder/spi-builder-workspace/.derivedData/Build/Intermediates.noindex/Files.build/Debug-watchos/Files-t.build/Objects-normal/arm64_32/Files-OutputFileMap.json -save-temps -no-color-diagnostics -explicit-module-build -module-cache-path /Users/admin/builder/spi-builder-workspace/.derivedData/Build/Intermediates.noindex/SwiftExplicitPrecompiledModules -clang-scanner-module-cache-path /Users/admin/builder/spi-builder-workspace/.derivedData/ModuleCache.noindex -sdk-module-cache-path /Users/admin/builder/spi-builder-workspace/.derivedData/SDKExplicitPrecompiledModules -emit-dependencies -emit-module -emit-module-path /Users/admin/builder/spi-builder-workspace/.derivedData/Build/Intermediates.noindex/Files.build/Debug-watchos/Files-t.build/Objects-normal/arm64_32/Files.swiftmodule -serialize-diagnostics -dependency-scan-serialize-diagnostics-path /Users/admin/builder/spi-builder-workspace/.derivedData/Build/Intermediates.noindex/Files.build/Debug-watchos/Files-t.build/Objects-normal/arm64_32/Files-dependency-scan.dia -validate-clang-modules-once -clang-build-session-file /Users/admin/builder/spi-builder-workspace/.derivedData/ModuleCache.noindex/Session.modulevalidation -Xcc -fmodules-prune-interval\=86400 -Xcc -fmodules-prune-after\=345600 -emit-const-values -const-gather-protocols-list /Users/admin/builder/spi-builder-workspace/.derivedData/Build/Intermediates.noindex/Files.build/Debug-watchos/Files-t.build/Objects-normal/arm64_32/Files_const_extract_protocols.json -Xcc -I/Users/admin/builder/spi-builder-workspace/.derivedData/Build/Products/Debug-watchos/include -Xcc -I/Users/admin/builder/spi-builder-workspace/.derivedData/Build/Intermediates.noindex/Files.build/Debug-watchos/Files-t.build/DerivedSources-normal/arm64_32 -Xcc -I/Users/admin/builder/spi-builder-workspace/.derivedData/Build/Intermediates.noindex/Files.build/Debug-watchos/Files-t.build/DerivedSources/arm64_32 -Xcc -I/Users/admin/builder/spi-builder-workspace/.derivedData/Build/Intermediates.noindex/Files.build/Debug-watchos/Files-t.build/DerivedSources -Xcc -DSWIFT_PACKAGE -Xcc -DDEBUG\=1 -emit-objc-header -emit-objc-header-path /Users/admin/builder/spi-builder-workspace/.derivedData/Build/Intermediates.noindex/Files.build/Debug-watchos/Files-t.build/Objects-normal/arm64_32/Files-Swift.h -working-directory /Users/admin/builder/spi-builder-workspace/.swiftpm/xcode -experimental-emit-module-separately -disable-cmo
SwiftDriver Files normal arm64 com.apple.xcode.tools.swift.compiler (in target 'Files' from project 'Files')
    cd /Users/admin/builder/spi-builder-workspace/.swiftpm/xcode
    builtin-SwiftDriver -- /Applications/Xcode-27.0.0-Release.Candidate.app/Contents/Developer/Toolchains/XcodeDefault.xctoolchain/usr/bin/swiftc -parse-as-library -module-name Files -Onone @/Users/admin/builder/spi-builder-workspace/.derivedData/Build/Intermediates.noindex/Files.build/Debug-watchos/Files-t.build/Objects-normal/arm64/Files.SwiftFileList -DSWIFT_PACKAGE -DDEBUG -DSWIFT_MODULE_RESOURCE_BUNDLE_UNAVAILABLE -DXcode -plugin-path /Applications/Xcode-27.0.0-Release.Candidate.app/Contents/Developer/Toolchains/XcodeDefault.xctoolchain/usr/lib/swift/host/plugins/testing -enable-experimental-feature DebugDescriptionMacro -sdk /Applications/Xcode-27.0.0-Release.Candidate.app/Contents/Developer/Platforms/WatchOS.platform/Developer/SDKs/WatchOS27.0.sdk -target arm64-apple-watchos9.0 -g -module-cache-path /Users/admin/builder/spi-builder-workspace/.derivedData/ModuleCache.noindex -Xfrontend -serialize-debugging-options -profile-coverage-mapping -profile-generate -enable-testing -suppress-warnings -index-store-path /Users/admin/builder/spi-builder-workspace/.derivedData/Index.noindex/DataStore -Xcc -D_LIBCPP_HARDENING_MODE\=_LIBCPP_HARDENING_MODE_DEBUG -swift-version 5 -I /Users/admin/builder/spi-builder-workspace/.derivedData/Build/Products/Debug-watchos -Isystem /Applications/Xcode-27.0.0-Release.Candidate.app/Contents/Developer/Platforms/WatchOS.platform/Developer/usr/lib -F /Users/admin/builder/spi-builder-workspace/.derivedData/Build/Products/Debug-watchos -F /Applications/Xcode-27.0.0-Release.Candidate.app/Contents/Developer/Platforms/WatchOS.platform/Developer/Library/Frameworks -F /Applications/Xcode-27.0.0-Release.Candidate.app/Contents/Developer/Platforms/WatchOS.platform/Developer/SDKs/WatchOS27.0.sdk/Developer/Library/Frameworks -c -j10 -enable-batch-mode -incremental -Xcc -ivfsstatcache -Xcc /Users/admin/builder/spi-builder-workspace/.derivedData/SDKStatCaches.noindex/watchos27.0-24R360-e829b21a6f8c9b70876ba0858053c04477534ef55a1706bf4c1112bbb242f0a2.sdkstatcache -output-file-map /Users/admin/builder/spi-builder-workspace/.derivedData/Build/Intermediates.noindex/Files.build/Debug-watchos/Files-t.build/Objects-normal/arm64/Files-OutputFileMap.json -save-temps -no-color-diagnostics -explicit-module-build -module-cache-path /Users/admin/builder/spi-builder-workspace/.derivedData/Build/Intermediates.noindex/SwiftExplicitPrecompiledModules -clang-scanner-module-cache-path /Users/admin/builder/spi-builder-workspace/.derivedData/ModuleCache.noindex -sdk-module-cache-path /Users/admin/builder/spi-builder-workspace/.derivedData/SDKExplicitPrecompiledModules -emit-dependencies -emit-module -emit-module-path /Users/admin/builder/spi-builder-workspace/.derivedData/Build/Intermediates.noindex/Files.build/Debug-watchos/Files-t.build/Objects-normal/arm64/Files.swiftmodule -serialize-diagnostics -dependency-scan-serialize-diagnostics-path /Users/admin/builder/spi-builder-workspace/.derivedData/Build/Intermediates.noindex/Files.build/Debug-watchos/Files-t.build/Objects-normal/arm64/Files-dependency-scan.dia -validate-clang-modules-once -clang-build-session-file /Users/admin/builder/spi-builder-workspace/.derivedData/ModuleCache.noindex/Session.modulevalidation -Xcc -fmodules-prune-interval\=86400 -Xcc -fmodules-prune-after\=345600 -emit-const-values -const-gather-protocols-list /Users/admin/builder/spi-builder-workspace/.derivedData/Build/Intermediates.noindex/Files.build/Debug-watchos/Files-t.build/Objects-normal/arm64/Files_const_extract_protocols.json -Xcc -I/Users/admin/builder/spi-builder-workspace/.derivedData/Build/Products/Debug-watchos/include -Xcc -I/Users/admin/builder/spi-builder-workspace/.derivedData/Build/Intermediates.noindex/Files.build/Debug-watchos/Files-t.build/DerivedSources-normal/arm64 -Xcc -I/Users/admin/builder/spi-builder-workspace/.derivedData/Build/Intermediates.noindex/Files.build/Debug-watchos/Files-t.build/DerivedSources/arm64 -Xcc -I/Users/admin/builder/spi-builder-workspace/.derivedData/Build/Intermediates.noindex/Files.build/Debug-watchos/Files-t.build/DerivedSources -Xcc -DSWIFT_PACKAGE -Xcc -DDEBUG\=1 -emit-objc-header -emit-objc-header-path /Users/admin/builder/spi-builder-workspace/.derivedData/Build/Intermediates.noindex/Files.build/Debug-watchos/Files-t.build/Objects-normal/arm64/Files-Swift.h -working-directory /Users/admin/builder/spi-builder-workspace/.swiftpm/xcode -experimental-emit-module-separately -disable-cmo
SwiftEmitModule normal arm64_32 Emitting\ module\ for\ Files (in target 'Files' from project 'Files')
SwiftCompile normal arm64_32 (in target 'Files' from project 'Files')
    cd /Users/admin/builder/spi-builder-workspace/.swiftpm/xcode

SwiftEmitModule normal arm64 Emitting\ module\ for\ Files (in target 'Files' from project 'Files')
SwiftCompile normal arm64 (in target 'Files' from project 'Files')
    cd /Users/admin/builder/spi-builder-workspace/.swiftpm/xcode

SwiftCompile normal arm64_32 Compiling\ Files.swift /Users/admin/builder/spi-builder-workspace/.dependencies/checkouts/Files/Sources/Files.swift (in target 'Files' from project 'Files')
SwiftCompile normal arm64_32 /Users/admin/builder/spi-builder-workspace/.dependencies/checkouts/Files/Sources/Files.swift (in target 'Files' from project 'Files')
    cd /Users/admin/builder/spi-builder-workspace/.swiftpm/xcode
    builtin-SwiftPerFileCompile Files.swift
SwiftCompile normal arm64 Compiling\ Files.swift /Users/admin/builder/spi-builder-workspace/.dependencies/checkouts/Files/Sources/Files.swift (in target 'Files' from project 'Files')
SwiftCompile normal arm64 /Users/admin/builder/spi-builder-workspace/.dependencies/checkouts/Files/Sources/Files.swift (in target 'Files' from project 'Files')
    cd /Users/admin/builder/spi-builder-workspace/.swiftpm/xcode
    builtin-SwiftPerFileCompile Files.swift
SwiftEmitModule normal arm64_32 Emitting\ module\ for\ StableDiffusion (in target 'StableDiffusion' from project 'stable-diffusion')
/Users/admin/builder/spi-builder-workspace/.dependencies/checkouts/ml-stable-diffusion/swift/StableDiffusion/pipeline/MultilingualTextEncoder.swift:13:25: error: 'NLContextualEmbedding' is only available in watchOS 10.0 or newer
  8 | #if canImport(NaturalLanguage.NLContextualEmbedding)
  9 | @available(iOS 17.0, macOS 14.0, *)
 10 | public struct MultilingualTextEncoder: TextEncoderModel {
    |               `- note: add '@available' attribute to enclosing struct
 11 |     let adapter: ManagedMLModel?
 12 |
 13 |     let embeddingModel: NLContextualEmbedding
    |                         `- error: 'NLContextualEmbedding' is only available in watchOS 10.0 or newer
 14 |
 15 |     // TODO: use maximum sequence length from embedding.
Failed frontend command:
/Applications/Xcode-27.0.0-Release.Candidate.app/Contents/Developer/Toolchains/XcodeDefault.xctoolchain/usr/bin/swift-frontend -frontend -emit-module -experimental-skip-non-inlinable-function-bodies-without-types /Users/admin/builder/spi-builder-workspace/.dependencies/checkouts/ml-stable-diffusion/swift/StableDiffusion/pipeline/CGImage+vImage.swift /Users/admin/builder/spi-builder-workspace/.dependencies/checkouts/ml-stable-diffusion/swift/StableDiffusion/pipeline/ControlNet.swift /Users/admin/builder/spi-builder-workspace/.dependencies/checkouts/ml-stable-diffusion/swift/StableDiffusion/pipeline/DPMSolverMultistepScheduler.swift /Users/admin/builder/spi-builder-workspace/.dependencies/checkouts/ml-stable-diffusion/swift/StableDiffusion/pipeline/Decoder.swift /Users/admin/builder/spi-builder-workspace/.dependencies/checkouts/ml-stable-diffusion/swift/StableDiffusion/pipeline/Encoder.swift /Users/admin/builder/spi-builder-workspace/.dependencies/checkouts/ml-stable-diffusion/swift/StableDiffusion/pipeline/ManagedMLModel.swift /Users/admin/builder/spi-builder-workspace/.dependencies/checkouts/ml-stable-diffusion/swift/StableDiffusion/pipeline/MultilingualTextEncoder.swift /Users/admin/builder/spi-builder-workspace/.dependencies/checkouts/ml-stable-diffusion/swift/StableDiffusion/pipeline/NumPyRandomSource.swift /Users/admin/builder/spi-builder-workspace/.dependencies/checkouts/ml-stable-diffusion/swift/StableDiffusion/pipeline/NvRandomSource.swift /Users/admin/builder/spi-builder-workspace/.dependencies/checkouts/ml-stable-diffusion/swift/StableDiffusion/pipeline/RandomSource.swift /Users/admin/builder/spi-builder-workspace/.dependencies/checkouts/ml-stable-diffusion/swift/StableDiffusion/pipeline/ResourceManaging.swift /Users/admin/builder/spi-builder-workspace/.dependencies/checkouts/ml-stable-diffusion/swift/StableDiffusion/pipeline/SafetyChecker.swift /Users/admin/builder/spi-builder-workspace/.dependencies/checkouts/ml-stable-diffusion/swift/StableDiffusion/pipeline/SampleTimer.swift /Users/admin/builder/spi-builder-workspace/.dependencies/checkouts/ml-stable-diffusion/swift/StableDiffusion/pipeline/Scheduler.swift /Users/admin/builder/spi-builder-workspace/.dependencies/checkouts/ml-stable-diffusion/swift/StableDiffusion/pipeline/StableDiffusionPipeline+Resources.swift /Users/admin/builder/spi-builder-workspace/.dependencies/checkouts/ml-stable-diffusion/swift/StableDiffusion/pipeline/StableDiffusionPipeline.Configuration.swift /Users/admin/builder/spi-builder-workspace/.dependencies/checkouts/ml-stable-diffusion/swift/StableDiffusion/pipeline/StableDiffusionPipeline.swift /Users/admin/builder/spi-builder-workspace/.dependencies/checkouts/ml-stable-diffusion/swift/StableDiffusion/pipeline/StableDiffusionXL+Resources.swift /Users/admin/builder/spi-builder-workspace/.dependencies/checkouts/ml-stable-diffusion/swift/StableDiffusion/pipeline/StableDiffusionXLPipeline.swift /Users/admin/builder/spi-builder-workspace/.dependencies/checkouts/ml-stable-diffusion/swift/StableDiffusion/pipeline/TextEncoder.swift /Users/admin/builder/spi-builder-workspace/.dependencies/checkouts/ml-stable-diffusion/swift/StableDiffusion/pipeline/TextEncoderXL.swift /Users/admin/builder/spi-builder-workspace/.dependencies/checkouts/ml-stable-diffusion/swift/StableDiffusion/pipeline/TorchRandomSource.swift /Users/admin/builder/spi-builder-workspace/.dependencies/checkouts/ml-stable-diffusion/swift/StableDiffusion/pipeline/Unet.swift /Users/admin/builder/spi-builder-workspace/.dependencies/checkouts/ml-stable-diffusion/swift/StableDiffusion/tokenizer/BPETokenizer+Reading.swift /Users/admin/builder/spi-builder-workspace/.dependencies/checkouts/ml-stable-diffusion/swift/StableDiffusion/tokenizer/BPETokenizer.swift -target arm64_32-apple-watchos9.0 -disable-cross-import-overlay-search -load-resolved-plugin /Applications/Xcode-27.0.0-Release.Candidate.app/Contents/Developer/Platforms/WatchOS.platform/Developer/usr/lib/swift/host/plugins/libFoundationMacros.dylib\#/Applications/Xcode-27.0.0-Release.Candidate.app/Contents/Developer/Platforms/WatchOS.platform/Developer/usr/bin/swift-plugin-server\#FoundationMacros -load-resolved-plugin /Applications/Xcode-27.0.0-Release.Candidate.app/Contents/Developer/Platforms/WatchOS.platform/Developer/usr/lib/swift/host/plugins/libObservationMacros.dylib\#/Applications/Xcode-27.0.0-Release.Candidate.app/Contents/Developer/Platforms/WatchOS.platform/Developer/usr/bin/swift-plugin-server\#ObservationMacros -load-resolved-plugin /Applications/Xcode-27.0.0-Release.Candidate.app/Contents/Developer/Platforms/WatchOS.platform/Developer/usr/lib/swift/host/plugins/libSwiftMacros.dylib\#/Applications/Xcode-27.0.0-Release.Candidate.app/Contents/Developer/Platforms/WatchOS.platform/Developer/usr/bin/swift-plugin-server\#SwiftMacros -disable-implicit-swift-modules -Xcc -fno-implicit-modules -Xcc -fno-implicit-module-maps -explicit-swift-module-map-file /Users/admin/builder/spi-builder-workspace/.derivedData/Build/Intermediates.noindex/stable-diffusion.build/Debug-watchos/StableDiffusion-t.build/Objects-normal/arm64_32/StableDiffusion-dependencies-1.json -enable-objc-interop -sdk /Applications/Xcode-27.0.0-Release.Candidate.app/Contents/Developer/Platforms/WatchOS.platform/Developer/SDKs/WatchOS27.0.sdk -I /Users/admin/builder/spi-builder-workspace/.derivedData/Build/Products/Debug-watchos -Isystem /Applications/Xcode-27.0.0-Release.Candidate.app/Contents/Developer/Platforms/WatchOS.platform/Developer/usr/lib -F /Users/admin/builder/spi-builder-workspace/.derivedData/Build/Products/Debug-watchos -F /Applications/Xcode-27.0.0-Release.Candidate.app/Contents/Developer/Platforms/WatchOS.platform/Developer/Library/Frameworks -F /Applications/Xcode-27.0.0-Release.Candidate.app/Contents/Developer/Platforms/WatchOS.platform/Developer/SDKs/WatchOS27.0.sdk/Developer/Library/Frameworks -module-cache-path /Users/admin/builder/spi-builder-workspace/.derivedData/Build/Intermediates.noindex/SwiftExplicitPrecompiledModules -no-color-diagnostics -Xcc -fno-color-diagnostics -enable-testing -g -debug-info-format\=dwarf -dwarf-version\=4 -suppress-warnings -profile-generate -profile-coverage-mapping -swift-version 5 -Onone -D SWIFT_PACKAGE -D DEBUG -D SWIFT_MODULE_RESOURCE_BUNDLE_UNAVAILABLE -D Xcode -serialize-debugging-options -enable-experimental-feature DebugDescriptionMacro -empty-abi-descriptor -validate-clang-modules-once -clang-build-session-file /Users/admin/builder/spi-builder-workspace/.derivedData/ModuleCache.noindex/Session.modulevalidation -Xcc -working-directory -Xcc /Users/admin/builder/spi-builder-workspace/.swiftpm/xcode -enable-anonymous-context-mangled-names -file-compilation-dir /Users/admin/builder/spi-builder-workspace/.swiftpm/xcode -Xcc -D_LIBCPP_HARDENING_MODE\=_LIBCPP_HARDENING_MODE_DEBUG -Xcc -ivfsstatcache -Xcc /Users/admin/builder/spi-builder-workspace/.derivedData/SDKStatCaches.noindex/watchos27.0-24R360-e829b21a6f8c9b70876ba0858053c04477534ef55a1706bf4c1112bbb242f0a2.sdkstatcache -Xcc -fmodules-prune-interval\=86400 -Xcc -fmodules-prune-after\=345600 -Xcc -I/Users/admin/builder/spi-builder-workspace/.derivedData/Build/Products/Debug-watchos/include -Xcc -I/Users/admin/builder/spi-builder-workspace/.derivedData/Build/Intermediates.noindex/stable-diffusion.build/Debug-watchos/StableDiffusion-t.build/DerivedSources-normal/arm64_32 -Xcc -I/Users/admin/builder/spi-builder-workspace/.derivedData/Build/Intermediates.noindex/stable-diffusion.build/Debug-watchos/StableDiffusion-t.build/DerivedSources/arm64_32 -Xcc -I/Users/admin/builder/spi-builder-workspace/.derivedData/Build/Intermediates.noindex/stable-diffusion.build/Debug-watchos/StableDiffusion-t.build/DerivedSources -Xcc -DSWIFT_PACKAGE -Xcc -DDEBUG\=1 -no-auto-bridging-header-chaining -module-name StableDiffusion -const-gather-protocols-file /Users/admin/builder/spi-builder-workspace/.derivedData/Build/Intermediates.noindex/stable-diffusion.build/Debug-watchos/StableDiffusion-t.build/Objects-normal/arm64_32/StableDiffusion_const_extract_protocols.json -disable-clang-spi -clang-target arm64_32-apple-watchos27.0 -target-sdk-version 27.0 -target-sdk-name watchos27.0 -in-process-plugin-server-path /Applications/Xcode-27.0.0-Release.Candidate.app/Contents/Developer/Toolchains/XcodeDefault.xctoolchain/usr/lib/swift/host/libSwiftInProcPluginServer.dylib -emit-module-doc-path /Users/admin/builder/spi-builder-workspace/.derivedData/Build/Intermediates.noindex/stable-diffusion.build/Debug-watchos/StableDiffusion-t.build/Objects-normal/arm64_32/StableDiffusion.swiftdoc -emit-module-source-info-path /Users/admin/builder/spi-builder-workspace/.derivedData/Build/Intermediates.noindex/stable-diffusion.build/Debug-watchos/StableDiffusion-t.build/Objects-normal/arm64_32/StableDiffusion.swiftsourceinfo -emit-objc-header-path /Users/admin/builder/spi-builder-workspace/.derivedData/Build/Intermediates.noindex/stable-diffusion.build/Debug-watchos/StableDiffusion-t.build/Objects-normal/arm64_32/StableDiffusion-Swift.h -serialize-diagnostics-path /Users/admin/builder/spi-builder-workspace/.derivedData/Build/Intermediates.noindex/stable-diffusion.build/Debug-watchos/StableDiffusion-t.build/Objects-normal/arm64_32/StableDiffusion-primary-emit-module.dia -emit-dependencies-path /Users/admin/builder/spi-builder-workspace/.derivedData/Build/Intermediates.noindex/stable-diffusion.build/Debug-watchos/StableDiffusion-t.build/Objects-normal/arm64_32/StableDiffusion-primary-emit-module.d -parse-as-library -o /Users/admin/builder/spi-builder-workspace/.derivedData/Build/Intermediates.noindex/stable-diffusion.build/Debug-watchos/StableDiffusion-t.build/Objects-normal/arm64_32/StableDiffusion.swiftmodule -emit-abi-descriptor-path /Users/admin/builder/spi-builder-workspace/.derivedData/Build/Intermediates.noindex/stable-diffusion.build/Debug-watchos/StableDiffusion-t.build/Objects-normal/arm64_32/StableDiffusion.abi.json
SwiftCompile normal arm64_32 (in target 'StableDiffusion' from project 'stable-diffusion')
    cd /Users/admin/builder/spi-builder-workspace/.swiftpm/xcode

SwiftCompile normal arm64_32 Compiling\ RandomSource.swift,\ ResourceManaging.swift,\ SafetyChecker.swift /Users/admin/builder/spi-builder-workspace/.dependencies/checkouts/ml-stable-diffusion/swift/StableDiffusion/pipeline/RandomSource.swift /Users/admin/builder/spi-builder-workspace/.dependencies/checkouts/ml-stable-diffusion/swift/StableDiffusion/pipeline/ResourceManaging.swift /Users/admin/builder/spi-builder-workspace/.dependencies/checkouts/ml-stable-diffusion/swift/StableDiffusion/pipeline/SafetyChecker.swift (in target 'StableDiffusion' from project 'stable-diffusion')
SwiftCompile normal arm64_32 /Users/admin/builder/spi-builder-workspace/.dependencies/checkouts/ml-stable-diffusion/swift/StableDiffusion/pipeline/RandomSource.swift (in target 'StableDiffusion' from project 'stable-diffusion')
    cd /Users/admin/builder/spi-builder-workspace/.swiftpm/xcode
    builtin-SwiftPerFileCompile RandomSource.swift
SwiftCompile normal arm64_32 /Users/admin/builder/spi-builder-workspace/.dependencies/checkouts/ml-stable-diffusion/swift/StableDiffusion/pipeline/ResourceManaging.swift (in target 'StableDiffusion' from project 'stable-diffusion')
    cd /Users/admin/builder/spi-builder-workspace/.swiftpm/xcode
    builtin-SwiftPerFileCompile ResourceManaging.swift
SwiftCompile normal arm64_32 /Users/admin/builder/spi-builder-workspace/.dependencies/checkouts/ml-stable-diffusion/swift/StableDiffusion/pipeline/SafetyChecker.swift (in target 'StableDiffusion' from project 'stable-diffusion')
    cd /Users/admin/builder/spi-builder-workspace/.swiftpm/xcode
    builtin-SwiftPerFileCompile SafetyChecker.swift
SwiftCompile normal arm64_32 Compiling\ BPETokenizer+Reading.swift,\ BPETokenizer.swift /Users/admin/builder/spi-builder-workspace/.dependencies/checkouts/ml-stable-diffusion/swift/StableDiffusion/tokenizer/BPETokenizer+Reading.swift /Users/admin/builder/spi-builder-workspace/.dependencies/checkouts/ml-stable-diffusion/swift/StableDiffusion/tokenizer/BPETokenizer.swift (in target 'StableDiffusion' from project 'stable-diffusion')
SwiftCompile normal arm64_32 /Users/admin/builder/spi-builder-workspace/.dependencies/checkouts/ml-stable-diffusion/swift/StableDiffusion/tokenizer/BPETokenizer+Reading.swift (in target 'StableDiffusion' from project 'stable-diffusion')
    cd /Users/admin/builder/spi-builder-workspace/.swiftpm/xcode
    builtin-SwiftPerFileCompile BPETokenizer+Reading.swift
SwiftCompile normal arm64_32 /Users/admin/builder/spi-builder-workspace/.dependencies/checkouts/ml-stable-diffusion/swift/StableDiffusion/tokenizer/BPETokenizer.swift (in target 'StableDiffusion' from project 'stable-diffusion')
    cd /Users/admin/builder/spi-builder-workspace/.swiftpm/xcode
    builtin-SwiftPerFileCompile BPETokenizer.swift
SwiftCompile normal arm64_32 Compiling\ SampleTimer.swift,\ Scheduler.swift,\ StableDiffusionPipeline+Resources.swift /Users/admin/builder/spi-builder-workspace/.dependencies/checkouts/ml-stable-diffusion/swift/StableDiffusion/pipeline/SampleTimer.swift /Users/admin/builder/spi-builder-workspace/.dependencies/checkouts/ml-stable-diffusion/swift/StableDiffusion/pipeline/Scheduler.swift /Users/admin/builder/spi-builder-workspace/.dependencies/checkouts/ml-stable-diffusion/swift/StableDiffusion/pipeline/StableDiffusionPipeline+Resources.swift (in target 'StableDiffusion' from project 'stable-diffusion')
SwiftCompile normal arm64_32 /Users/admin/builder/spi-builder-workspace/.dependencies/checkouts/ml-stable-diffusion/swift/StableDiffusion/pipeline/SampleTimer.swift (in target 'StableDiffusion' from project 'stable-diffusion')
    cd /Users/admin/builder/spi-builder-workspace/.swiftpm/xcode
    builtin-SwiftPerFileCompile SampleTimer.swift
SwiftCompile normal arm64_32 /Users/admin/builder/spi-builder-workspace/.dependencies/checkouts/ml-stable-diffusion/swift/StableDiffusion/pipeline/Scheduler.swift (in target 'StableDiffusion' from project 'stable-diffusion')
    cd /Users/admin/builder/spi-builder-workspace/.swiftpm/xcode
    builtin-SwiftPerFileCompile Scheduler.swift
SwiftCompile normal arm64_32 /Users/admin/builder/spi-builder-workspace/.dependencies/checkouts/ml-stable-diffusion/swift/StableDiffusion/pipeline/StableDiffusionPipeline+Resources.swift (in target 'StableDiffusion' from project 'stable-diffusion')
    cd /Users/admin/builder/spi-builder-workspace/.swiftpm/xcode
    builtin-SwiftPerFileCompile StableDiffusionPipeline+Resources.swift
SwiftCompile normal arm64_32 Compiling\ StableDiffusionPipeline.Configuration.swift,\ StableDiffusionPipeline.swift /Users/admin/builder/spi-builder-workspace/.dependencies/checkouts/ml-stable-diffusion/swift/StableDiffusion/pipeline/StableDiffusionPipeline.Configuration.swift /Users/admin/builder/spi-builder-workspace/.dependencies/checkouts/ml-stable-diffusion/swift/StableDiffusion/pipeline/StableDiffusionPipeline.swift (in target 'StableDiffusion' from project 'stable-diffusion')
SwiftCompile normal arm64_32 /Users/admin/builder/spi-builder-workspace/.dependencies/checkouts/ml-stable-diffusion/swift/StableDiffusion/pipeline/StableDiffusionPipeline.Configuration.swift (in target 'StableDiffusion' from project 'stable-diffusion')
    cd /Users/admin/builder/spi-builder-workspace/.swiftpm/xcode
    builtin-SwiftPerFileCompile StableDiffusionPipeline.Configuration.swift
SwiftCompile normal arm64_32 /Users/admin/builder/spi-builder-workspace/.dependencies/checkouts/ml-stable-diffusion/swift/StableDiffusion/pipeline/StableDiffusionPipeline.swift (in target 'StableDiffusion' from project 'stable-diffusion')
    cd /Users/admin/builder/spi-builder-workspace/.swiftpm/xcode
    builtin-SwiftPerFileCompile StableDiffusionPipeline.swift
SwiftCompile normal arm64_32 Compiling\ StableDiffusionXL+Resources.swift,\ StableDiffusionXLPipeline.swift /Users/admin/builder/spi-builder-workspace/.dependencies/checkouts/ml-stable-diffusion/swift/StableDiffusion/pipeline/StableDiffusionXL+Resources.swift /Users/admin/builder/spi-builder-workspace/.dependencies/checkouts/ml-stable-diffusion/swift/StableDiffusion/pipeline/StableDiffusionXLPipeline.swift (in target 'StableDiffusion' from project 'stable-diffusion')
SwiftCompile normal arm64_32 /Users/admin/builder/spi-builder-workspace/.dependencies/checkouts/ml-stable-diffusion/swift/StableDiffusion/pipeline/StableDiffusionXL+Resources.swift (in target 'StableDiffusion' from project 'stable-diffusion')
    cd /Users/admin/builder/spi-builder-workspace/.swiftpm/xcode
    builtin-SwiftPerFileCompile StableDiffusionXL+Resources.swift
SwiftCompile normal arm64_32 /Users/admin/builder/spi-builder-workspace/.dependencies/checkouts/ml-stable-diffusion/swift/StableDiffusion/pipeline/StableDiffusionXLPipeline.swift (in target 'StableDiffusion' from project 'stable-diffusion')
    cd /Users/admin/builder/spi-builder-workspace/.swiftpm/xcode
    builtin-SwiftPerFileCompile StableDiffusionXLPipeline.swift
SwiftEmitModule normal arm64 Emitting\ module\ for\ StableDiffusion (in target 'StableDiffusion' from project 'stable-diffusion')
SwiftCompile normal arm64 (in target 'StableDiffusion' from project 'stable-diffusion')
    cd /Users/admin/builder/spi-builder-workspace/.swiftpm/xcode

SwiftCompile normal arm64 Compiling\ TextEncoder.swift,\ TextEncoderXL.swift /Users/admin/builder/spi-builder-workspace/.dependencies/checkouts/ml-stable-diffusion/swift/StableDiffusion/pipeline/TextEncoder.swift /Users/admin/builder/spi-builder-workspace/.dependencies/checkouts/ml-stable-diffusion/swift/StableDiffusion/pipeline/TextEncoderXL.swift (in target 'StableDiffusion' from project 'stable-diffusion')
SwiftCompile normal arm64 /Users/admin/builder/spi-builder-workspace/.dependencies/checkouts/ml-stable-diffusion/swift/StableDiffusion/pipeline/TextEncoder.swift (in target 'StableDiffusion' from project 'stable-diffusion')
    cd /Users/admin/builder/spi-builder-workspace/.swiftpm/xcode
    builtin-SwiftPerFileCompile TextEncoder.swift
SwiftCompile normal arm64 /Users/admin/builder/spi-builder-workspace/.dependencies/checkouts/ml-stable-diffusion/swift/StableDiffusion/pipeline/TextEncoderXL.swift (in target 'StableDiffusion' from project 'stable-diffusion')
    cd /Users/admin/builder/spi-builder-workspace/.swiftpm/xcode
    builtin-SwiftPerFileCompile TextEncoderXL.swift
SwiftCompile normal arm64 Compiling\ TorchRandomSource.swift,\ Unet.swift /Users/admin/builder/spi-builder-workspace/.dependencies/checkouts/ml-stable-diffusion/swift/StableDiffusion/pipeline/TorchRandomSource.swift /Users/admin/builder/spi-builder-workspace/.dependencies/checkouts/ml-stable-diffusion/swift/StableDiffusion/pipeline/Unet.swift (in target 'StableDiffusion' from project 'stable-diffusion')
SwiftCompile normal arm64 /Users/admin/builder/spi-builder-workspace/.dependencies/checkouts/ml-stable-diffusion/swift/StableDiffusion/pipeline/TorchRandomSource.swift (in target 'StableDiffusion' from project 'stable-diffusion')
    cd /Users/admin/builder/spi-builder-workspace/.swiftpm/xcode
    builtin-SwiftPerFileCompile TorchRandomSource.swift
SwiftCompile normal arm64 /Users/admin/builder/spi-builder-workspace/.dependencies/checkouts/ml-stable-diffusion/swift/StableDiffusion/pipeline/Unet.swift (in target 'StableDiffusion' from project 'stable-diffusion')
    cd /Users/admin/builder/spi-builder-workspace/.swiftpm/xcode
    builtin-SwiftPerFileCompile Unet.swift
PruneExplicitPrecompiledModules /Users/admin/builder/spi-builder-workspace/.derivedData/Build/Intermediates.noindex/ExplicitPrecompiledModules
PruneExplicitPrecompiledModules /Users/admin/builder/spi-builder-workspace/.derivedData/Build/Intermediates.noindex/SwiftExplicitPrecompiledModules
PruneExplicitPrecompiledModules /Users/admin/builder/spi-builder-workspace/.derivedData/SDKExplicitPrecompiledModules
2026-09-21 09:33:05.784 xcodebuild[948:5708] [MT] IDERunDestination: Supported platforms for the buildables in the current scheme is empty.
** BUILD FAILED **
The following build commands failed:
	SwiftEmitModule normal arm64_32 Emitting\ module\ for\ StableDiffusion (in target 'StableDiffusion' from project 'stable-diffusion')
	SwiftCompile normal arm64_32 (in target 'StableDiffusion' from project 'stable-diffusion')
	Building workspace coreml-stable-diffusion-swift with scheme coreml-stable-diffusion-swift
(3 failures)
BUILD FAILURE 6.4 watchOS