The Swift Package Index logo.Swift Package Index

Build Information

Failed to build jose-swift, reference main (9b5fde), with Swift 6.1 for watchOS using Xcode 16.3 on 27 Aug 2026 16:16:15 UTC.

Build Command

env DEVELOPER_DIR=/Applications/Xcode-16.3.0.app xcrun xcodebuild -IDEClonedSourcePackagesDirPathOverride=$PWD/.dependencies -skipMacroValidation -skipPackagePluginValidation -derivedDataPath $PWD/.derivedData build -scheme jose-swift-Package -destination generic/platform=watchOS

Build Log

    cd /Users/admin/builder/spi-builder-workspace/.swiftpm/xcode

SwiftCompile normal arm64 /Users/admin/builder/spi-builder-workspace/.dependencies/checkouts/swift-certificates/Sources/X509/OCSP/OCSPVersion.swift (in target 'X509' from project 'swift-certificates')
    cd /Users/admin/builder/spi-builder-workspace/.swiftpm/xcode

SwiftCompile normal arm64 /Users/admin/builder/spi-builder-workspace/.dependencies/checkouts/swift-certificates/Sources/X509/PKCS8PrivateKey.swift (in target 'X509' from project 'swift-certificates')
    cd /Users/admin/builder/spi-builder-workspace/.swiftpm/xcode

SwiftCompile normal arm64 /Users/admin/builder/spi-builder-workspace/.dependencies/checkouts/swift-certificates/Sources/X509/PromiseAndFuture.swift (in target 'X509' from project 'swift-certificates')
    cd /Users/admin/builder/spi-builder-workspace/.swiftpm/xcode

SwiftCompile normal arm64 /Users/admin/builder/spi-builder-workspace/.dependencies/checkouts/swift-certificates/Sources/X509/RDNAttribute.swift (in target 'X509' from project 'swift-certificates')
    cd /Users/admin/builder/spi-builder-workspace/.swiftpm/xcode

SwiftCompile normal arm64 /Users/admin/builder/spi-builder-workspace/.dependencies/checkouts/swift-certificates/Sources/X509/RandomNumberGenerator+bytes.swift (in target 'X509' from project 'swift-certificates')
    cd /Users/admin/builder/spi-builder-workspace/.swiftpm/xcode

SwiftCompile normal arm64 /Users/admin/builder/spi-builder-workspace/.dependencies/checkouts/swift-certificates/Sources/X509/RelativeDistinguishedName.swift (in target 'X509' from project 'swift-certificates')
    cd /Users/admin/builder/spi-builder-workspace/.swiftpm/xcode

SwiftCompile normal arm64 /Users/admin/builder/spi-builder-workspace/.dependencies/checkouts/swift-certificates/Sources/X509/SEC1PrivateKey.swift (in target 'X509' from project 'swift-certificates')
    cd /Users/admin/builder/spi-builder-workspace/.swiftpm/xcode

SwiftCompile normal arm64 /Users/admin/builder/spi-builder-workspace/.dependencies/checkouts/swift-certificates/Sources/X509/SecKeyWrapper.swift (in target 'X509' from project 'swift-certificates')
    cd /Users/admin/builder/spi-builder-workspace/.swiftpm/xcode

SwiftCompile normal arm64 /Users/admin/builder/spi-builder-workspace/.dependencies/checkouts/swift-certificates/Sources/X509/Signature.swift (in target 'X509' from project 'swift-certificates')
    cd /Users/admin/builder/spi-builder-workspace/.swiftpm/xcode

SwiftCompile normal arm64 /Users/admin/builder/spi-builder-workspace/.dependencies/checkouts/swift-certificates/Sources/X509/SignatureAlgorithm.swift (in target 'X509' from project 'swift-certificates')
    cd /Users/admin/builder/spi-builder-workspace/.swiftpm/xcode

SwiftCompile normal arm64 Compiling\ StateOrProvinceName.swift,\ StreetAddress.swift,\ Error.swift,\ AuthorityInformationAccess.swift,\ AuthorityKeyIdentifier.swift,\ BasicConstraints.swift,\ ExtendedKeyUsage.swift,\ ExtensionIdentifiers.swift,\ KeyUsage.swift,\ NameConstraints.swift,\ SubjectAlternativeName.swift /Users/admin/builder/spi-builder-workspace/.dependencies/checkouts/swift-certificates/Sources/X509/DistinguishedNameBuilder/StateOrProvinceName.swift /Users/admin/builder/spi-builder-workspace/.dependencies/checkouts/swift-certificates/Sources/X509/DistinguishedNameBuilder/StreetAddress.swift /Users/admin/builder/spi-builder-workspace/.dependencies/checkouts/swift-certificates/Sources/X509/Error.swift /Users/admin/builder/spi-builder-workspace/.dependencies/checkouts/swift-certificates/Sources/X509/Extension\ Types/AuthorityInformationAccess.swift /Users/admin/builder/spi-builder-workspace/.dependencies/checkouts/swift-certificates/Sources/X509/Extension\ Types/AuthorityKeyIdentifier.swift /Users/admin/builder/spi-builder-workspace/.dependencies/checkouts/swift-certificates/Sources/X509/Extension\ Types/BasicConstraints.swift /Users/admin/builder/spi-builder-workspace/.dependencies/checkouts/swift-certificates/Sources/X509/Extension\ Types/ExtendedKeyUsage.swift /Users/admin/builder/spi-builder-workspace/.dependencies/checkouts/swift-certificates/Sources/X509/Extension\ Types/ExtensionIdentifiers.swift /Users/admin/builder/spi-builder-workspace/.dependencies/checkouts/swift-certificates/Sources/X509/Extension\ Types/KeyUsage.swift /Users/admin/builder/spi-builder-workspace/.dependencies/checkouts/swift-certificates/Sources/X509/Extension\ Types/NameConstraints.swift /Users/admin/builder/spi-builder-workspace/.dependencies/checkouts/swift-certificates/Sources/X509/Extension\ Types/SubjectAlternativeName.swift (in target 'X509' from project 'swift-certificates')
SwiftCompile normal arm64 /Users/admin/builder/spi-builder-workspace/.dependencies/checkouts/swift-certificates/Sources/X509/DistinguishedNameBuilder/StateOrProvinceName.swift (in target 'X509' from project 'swift-certificates')
    cd /Users/admin/builder/spi-builder-workspace/.swiftpm/xcode

SwiftCompile normal arm64 /Users/admin/builder/spi-builder-workspace/.dependencies/checkouts/swift-certificates/Sources/X509/DistinguishedNameBuilder/StreetAddress.swift (in target 'X509' from project 'swift-certificates')
    cd /Users/admin/builder/spi-builder-workspace/.swiftpm/xcode

SwiftCompile normal arm64 /Users/admin/builder/spi-builder-workspace/.dependencies/checkouts/swift-certificates/Sources/X509/Error.swift (in target 'X509' from project 'swift-certificates')
    cd /Users/admin/builder/spi-builder-workspace/.swiftpm/xcode

SwiftCompile normal arm64 /Users/admin/builder/spi-builder-workspace/.dependencies/checkouts/swift-certificates/Sources/X509/Extension\ Types/AuthorityInformationAccess.swift (in target 'X509' from project 'swift-certificates')
    cd /Users/admin/builder/spi-builder-workspace/.swiftpm/xcode

SwiftCompile normal arm64 /Users/admin/builder/spi-builder-workspace/.dependencies/checkouts/swift-certificates/Sources/X509/Extension\ Types/AuthorityKeyIdentifier.swift (in target 'X509' from project 'swift-certificates')
    cd /Users/admin/builder/spi-builder-workspace/.swiftpm/xcode

SwiftCompile normal arm64 /Users/admin/builder/spi-builder-workspace/.dependencies/checkouts/swift-certificates/Sources/X509/Extension\ Types/BasicConstraints.swift (in target 'X509' from project 'swift-certificates')
    cd /Users/admin/builder/spi-builder-workspace/.swiftpm/xcode

SwiftCompile normal arm64 /Users/admin/builder/spi-builder-workspace/.dependencies/checkouts/swift-certificates/Sources/X509/Extension\ Types/ExtendedKeyUsage.swift (in target 'X509' from project 'swift-certificates')
    cd /Users/admin/builder/spi-builder-workspace/.swiftpm/xcode

SwiftCompile normal arm64 /Users/admin/builder/spi-builder-workspace/.dependencies/checkouts/swift-certificates/Sources/X509/Extension\ Types/ExtensionIdentifiers.swift (in target 'X509' from project 'swift-certificates')
    cd /Users/admin/builder/spi-builder-workspace/.swiftpm/xcode

SwiftCompile normal arm64 /Users/admin/builder/spi-builder-workspace/.dependencies/checkouts/swift-certificates/Sources/X509/Extension\ Types/KeyUsage.swift (in target 'X509' from project 'swift-certificates')
    cd /Users/admin/builder/spi-builder-workspace/.swiftpm/xcode

SwiftCompile normal arm64 /Users/admin/builder/spi-builder-workspace/.dependencies/checkouts/swift-certificates/Sources/X509/Extension\ Types/NameConstraints.swift (in target 'X509' from project 'swift-certificates')
    cd /Users/admin/builder/spi-builder-workspace/.swiftpm/xcode

SwiftCompile normal arm64 /Users/admin/builder/spi-builder-workspace/.dependencies/checkouts/swift-certificates/Sources/X509/Extension\ Types/SubjectAlternativeName.swift (in target 'X509' from project 'swift-certificates')
    cd /Users/admin/builder/spi-builder-workspace/.swiftpm/xcode

SwiftDriverJobDiscovery normal arm64 Compiling StreamEncryptor.swift, String+Extension.swift, UInt128.swift, UInt16+Extension.swift, UInt32+Extension.swift, UInt64+Extension.swift, UInt8+Extension.swift, Updatable.swift, Utils.swift, XChaCha20.swift, ZeroPadding.swift (in target 'CryptoSwift' from project 'CryptoSwift')
SwiftCompile normal arm64_32 Compiling\ VerifierPolicy.swift,\ AlgorithmIdentifier.swift,\ ECDSASignature.swift,\ RSAPKCS1PublicKey.swift,\ SubjectPublicKeyInfo.swift,\ TBSCertificate.swift,\ Time.swift,\ TimeCalculations.swift,\ Validity.swift,\ X509SendableMetatype.swift /Users/admin/builder/spi-builder-workspace/.dependencies/checkouts/swift-certificates/Sources/X509/Verifier/VerifierPolicy.swift /Users/admin/builder/spi-builder-workspace/.dependencies/checkouts/swift-certificates/Sources/X509/X509BaseTypes/AlgorithmIdentifier.swift /Users/admin/builder/spi-builder-workspace/.dependencies/checkouts/swift-certificates/Sources/X509/X509BaseTypes/ECDSASignature.swift /Users/admin/builder/spi-builder-workspace/.dependencies/checkouts/swift-certificates/Sources/X509/X509BaseTypes/RSAPKCS1PublicKey.swift /Users/admin/builder/spi-builder-workspace/.dependencies/checkouts/swift-certificates/Sources/X509/X509BaseTypes/SubjectPublicKeyInfo.swift /Users/admin/builder/spi-builder-workspace/.dependencies/checkouts/swift-certificates/Sources/X509/X509BaseTypes/TBSCertificate.swift /Users/admin/builder/spi-builder-workspace/.dependencies/checkouts/swift-certificates/Sources/X509/X509BaseTypes/Time.swift /Users/admin/builder/spi-builder-workspace/.dependencies/checkouts/swift-certificates/Sources/X509/X509BaseTypes/TimeCalculations.swift /Users/admin/builder/spi-builder-workspace/.dependencies/checkouts/swift-certificates/Sources/X509/X509BaseTypes/Validity.swift /Users/admin/builder/spi-builder-workspace/.dependencies/checkouts/swift-certificates/Sources/X509/X509SendableMetatype.swift (in target 'X509' from project 'swift-certificates')
SwiftCompile normal arm64_32 /Users/admin/builder/spi-builder-workspace/.dependencies/checkouts/swift-certificates/Sources/X509/Verifier/VerifierPolicy.swift (in target 'X509' from project 'swift-certificates')
    cd /Users/admin/builder/spi-builder-workspace/.swiftpm/xcode

SwiftCompile normal arm64_32 /Users/admin/builder/spi-builder-workspace/.dependencies/checkouts/swift-certificates/Sources/X509/X509BaseTypes/AlgorithmIdentifier.swift (in target 'X509' from project 'swift-certificates')
    cd /Users/admin/builder/spi-builder-workspace/.swiftpm/xcode

SwiftCompile normal arm64_32 /Users/admin/builder/spi-builder-workspace/.dependencies/checkouts/swift-certificates/Sources/X509/X509BaseTypes/ECDSASignature.swift (in target 'X509' from project 'swift-certificates')
    cd /Users/admin/builder/spi-builder-workspace/.swiftpm/xcode

SwiftCompile normal arm64_32 /Users/admin/builder/spi-builder-workspace/.dependencies/checkouts/swift-certificates/Sources/X509/X509BaseTypes/RSAPKCS1PublicKey.swift (in target 'X509' from project 'swift-certificates')
    cd /Users/admin/builder/spi-builder-workspace/.swiftpm/xcode

SwiftCompile normal arm64_32 /Users/admin/builder/spi-builder-workspace/.dependencies/checkouts/swift-certificates/Sources/X509/X509BaseTypes/SubjectPublicKeyInfo.swift (in target 'X509' from project 'swift-certificates')
    cd /Users/admin/builder/spi-builder-workspace/.swiftpm/xcode

SwiftCompile normal arm64_32 /Users/admin/builder/spi-builder-workspace/.dependencies/checkouts/swift-certificates/Sources/X509/X509BaseTypes/TBSCertificate.swift (in target 'X509' from project 'swift-certificates')
    cd /Users/admin/builder/spi-builder-workspace/.swiftpm/xcode

SwiftCompile normal arm64_32 /Users/admin/builder/spi-builder-workspace/.dependencies/checkouts/swift-certificates/Sources/X509/X509BaseTypes/Time.swift (in target 'X509' from project 'swift-certificates')
    cd /Users/admin/builder/spi-builder-workspace/.swiftpm/xcode

SwiftCompile normal arm64_32 /Users/admin/builder/spi-builder-workspace/.dependencies/checkouts/swift-certificates/Sources/X509/X509BaseTypes/TimeCalculations.swift (in target 'X509' from project 'swift-certificates')
    cd /Users/admin/builder/spi-builder-workspace/.swiftpm/xcode

SwiftCompile normal arm64_32 /Users/admin/builder/spi-builder-workspace/.dependencies/checkouts/swift-certificates/Sources/X509/X509BaseTypes/Validity.swift (in target 'X509' from project 'swift-certificates')
    cd /Users/admin/builder/spi-builder-workspace/.swiftpm/xcode

SwiftCompile normal arm64_32 /Users/admin/builder/spi-builder-workspace/.dependencies/checkouts/swift-certificates/Sources/X509/X509SendableMetatype.swift (in target 'X509' from project 'swift-certificates')
    cd /Users/admin/builder/spi-builder-workspace/.swiftpm/xcode

SwiftDriverJobDiscovery normal arm64 Compiling SubjectKeyIdentifier.swift, Extension.swift, Extensions.swift, ExtensionsBuilder.swift, GeneralName.swift, Lock.swift, LockedValueBox.swift, BasicOCSPResponse.swift, DirectoryString.swift, OCSPCertID.swift, OCSPCertStatus.swift (in target 'X509' from project 'swift-certificates')
SwiftCompile normal armv7k Compiling\ CMSAttribute.swift,\ CMSContentInfo.swift,\ CMSEncapsulatedContentInfo.swift,\ CMSIssuerAndSerialNumber.swift,\ CMSOperations.swift,\ CMSSignature.swift,\ CMSSignedData.swift,\ CMSSignerIdentifier.swift,\ CMSSignerInfo.swift,\ CMSVersion.swift,\ Curve25519+DER.swift /Users/admin/builder/spi-builder-workspace/.dependencies/checkouts/swift-certificates/Sources/X509/CryptographicMessageSyntax/CMSAttribute.swift /Users/admin/builder/spi-builder-workspace/.dependencies/checkouts/swift-certificates/Sources/X509/CryptographicMessageSyntax/CMSContentInfo.swift /Users/admin/builder/spi-builder-workspace/.dependencies/checkouts/swift-certificates/Sources/X509/CryptographicMessageSyntax/CMSEncapsulatedContentInfo.swift /Users/admin/builder/spi-builder-workspace/.dependencies/checkouts/swift-certificates/Sources/X509/CryptographicMessageSyntax/CMSIssuerAndSerialNumber.swift /Users/admin/builder/spi-builder-workspace/.dependencies/checkouts/swift-certificates/Sources/X509/CryptographicMessageSyntax/CMSOperations.swift /Users/admin/builder/spi-builder-workspace/.dependencies/checkouts/swift-certificates/Sources/X509/CryptographicMessageSyntax/CMSSignature.swift /Users/admin/builder/spi-builder-workspace/.dependencies/checkouts/swift-certificates/Sources/X509/CryptographicMessageSyntax/CMSSignedData.swift /Users/admin/builder/spi-builder-workspace/.dependencies/checkouts/swift-certificates/Sources/X509/CryptographicMessageSyntax/CMSSignerIdentifier.swift /Users/admin/builder/spi-builder-workspace/.dependencies/checkouts/swift-certificates/Sources/X509/CryptographicMessageSyntax/CMSSignerInfo.swift /Users/admin/builder/spi-builder-workspace/.dependencies/checkouts/swift-certificates/Sources/X509/CryptographicMessageSyntax/CMSVersion.swift /Users/admin/builder/spi-builder-workspace/.dependencies/checkouts/swift-certificates/Sources/X509/Curve25519+DER.swift (in target 'X509' from project 'swift-certificates')
SwiftCompile normal armv7k /Users/admin/builder/spi-builder-workspace/.dependencies/checkouts/swift-certificates/Sources/X509/CryptographicMessageSyntax/CMSAttribute.swift (in target 'X509' from project 'swift-certificates')
    cd /Users/admin/builder/spi-builder-workspace/.swiftpm/xcode

SwiftCompile normal armv7k /Users/admin/builder/spi-builder-workspace/.dependencies/checkouts/swift-certificates/Sources/X509/CryptographicMessageSyntax/CMSContentInfo.swift (in target 'X509' from project 'swift-certificates')
    cd /Users/admin/builder/spi-builder-workspace/.swiftpm/xcode

SwiftCompile normal armv7k /Users/admin/builder/spi-builder-workspace/.dependencies/checkouts/swift-certificates/Sources/X509/CryptographicMessageSyntax/CMSEncapsulatedContentInfo.swift (in target 'X509' from project 'swift-certificates')
    cd /Users/admin/builder/spi-builder-workspace/.swiftpm/xcode

SwiftCompile normal armv7k /Users/admin/builder/spi-builder-workspace/.dependencies/checkouts/swift-certificates/Sources/X509/CryptographicMessageSyntax/CMSIssuerAndSerialNumber.swift (in target 'X509' from project 'swift-certificates')
    cd /Users/admin/builder/spi-builder-workspace/.swiftpm/xcode

SwiftCompile normal armv7k /Users/admin/builder/spi-builder-workspace/.dependencies/checkouts/swift-certificates/Sources/X509/CryptographicMessageSyntax/CMSOperations.swift (in target 'X509' from project 'swift-certificates')
    cd /Users/admin/builder/spi-builder-workspace/.swiftpm/xcode

SwiftCompile normal armv7k /Users/admin/builder/spi-builder-workspace/.dependencies/checkouts/swift-certificates/Sources/X509/CryptographicMessageSyntax/CMSSignature.swift (in target 'X509' from project 'swift-certificates')
    cd /Users/admin/builder/spi-builder-workspace/.swiftpm/xcode

SwiftCompile normal armv7k /Users/admin/builder/spi-builder-workspace/.dependencies/checkouts/swift-certificates/Sources/X509/CryptographicMessageSyntax/CMSSignedData.swift (in target 'X509' from project 'swift-certificates')
    cd /Users/admin/builder/spi-builder-workspace/.swiftpm/xcode

SwiftCompile normal armv7k /Users/admin/builder/spi-builder-workspace/.dependencies/checkouts/swift-certificates/Sources/X509/CryptographicMessageSyntax/CMSSignerIdentifier.swift (in target 'X509' from project 'swift-certificates')
    cd /Users/admin/builder/spi-builder-workspace/.swiftpm/xcode

SwiftCompile normal armv7k /Users/admin/builder/spi-builder-workspace/.dependencies/checkouts/swift-certificates/Sources/X509/CryptographicMessageSyntax/CMSSignerInfo.swift (in target 'X509' from project 'swift-certificates')
    cd /Users/admin/builder/spi-builder-workspace/.swiftpm/xcode

SwiftCompile normal armv7k /Users/admin/builder/spi-builder-workspace/.dependencies/checkouts/swift-certificates/Sources/X509/CryptographicMessageSyntax/CMSVersion.swift (in target 'X509' from project 'swift-certificates')
    cd /Users/admin/builder/spi-builder-workspace/.swiftpm/xcode

SwiftCompile normal armv7k /Users/admin/builder/spi-builder-workspace/.dependencies/checkouts/swift-certificates/Sources/X509/Curve25519+DER.swift (in target 'X509' from project 'swift-certificates')
    cd /Users/admin/builder/spi-builder-workspace/.swiftpm/xcode

SwiftDriverJobDiscovery normal armv7k Compiling OCSPExtensionID.swift, OCSPNonce.swift, OCSPPolicy.swift, OCSPRequest.swift, OCSPResponse.swift, OCSPResponseBytes.swift, OCSPResponseData.swift, OCSPResponseStatus.swift, OCSPSignature.swift, OCSPSingleRequest.swift, OCSPSingleResponse.swift (in target 'X509' from project 'swift-certificates')
SwiftCompile normal arm64 Compiling\ CSRAttribute.swift,\ CSRAttributes.swift,\ CSRVersion.swift,\ CertificateSigningRequest.swift,\ CertificationRequestInfo.swift,\ ExtensionRequest.swift,\ Certificate.swift,\ CertificatePrivateKey.swift,\ CertificatePublicKey.swift,\ CertificateSerialNumber.swift,\ CertificateVersion.swift /Users/admin/builder/spi-builder-workspace/.dependencies/checkouts/swift-certificates/Sources/X509/CSR/CSRAttribute.swift /Users/admin/builder/spi-builder-workspace/.dependencies/checkouts/swift-certificates/Sources/X509/CSR/CSRAttributes.swift /Users/admin/builder/spi-builder-workspace/.dependencies/checkouts/swift-certificates/Sources/X509/CSR/CSRVersion.swift /Users/admin/builder/spi-builder-workspace/.dependencies/checkouts/swift-certificates/Sources/X509/CSR/CertificateSigningRequest.swift /Users/admin/builder/spi-builder-workspace/.dependencies/checkouts/swift-certificates/Sources/X509/CSR/CertificationRequestInfo.swift /Users/admin/builder/spi-builder-workspace/.dependencies/checkouts/swift-certificates/Sources/X509/CSR/ExtensionRequest.swift /Users/admin/builder/spi-builder-workspace/.dependencies/checkouts/swift-certificates/Sources/X509/Certificate.swift /Users/admin/builder/spi-builder-workspace/.dependencies/checkouts/swift-certificates/Sources/X509/CertificatePrivateKey.swift /Users/admin/builder/spi-builder-workspace/.dependencies/checkouts/swift-certificates/Sources/X509/CertificatePublicKey.swift /Users/admin/builder/spi-builder-workspace/.dependencies/checkouts/swift-certificates/Sources/X509/CertificateSerialNumber.swift /Users/admin/builder/spi-builder-workspace/.dependencies/checkouts/swift-certificates/Sources/X509/CertificateVersion.swift (in target 'X509' from project 'swift-certificates')
SwiftCompile normal arm64 /Users/admin/builder/spi-builder-workspace/.dependencies/checkouts/swift-certificates/Sources/X509/CSR/CSRAttribute.swift (in target 'X509' from project 'swift-certificates')
    cd /Users/admin/builder/spi-builder-workspace/.swiftpm/xcode

SwiftCompile normal arm64 /Users/admin/builder/spi-builder-workspace/.dependencies/checkouts/swift-certificates/Sources/X509/CSR/CSRAttributes.swift (in target 'X509' from project 'swift-certificates')
    cd /Users/admin/builder/spi-builder-workspace/.swiftpm/xcode

SwiftCompile normal arm64 /Users/admin/builder/spi-builder-workspace/.dependencies/checkouts/swift-certificates/Sources/X509/CSR/CSRVersion.swift (in target 'X509' from project 'swift-certificates')
    cd /Users/admin/builder/spi-builder-workspace/.swiftpm/xcode

SwiftCompile normal arm64 /Users/admin/builder/spi-builder-workspace/.dependencies/checkouts/swift-certificates/Sources/X509/CSR/CertificateSigningRequest.swift (in target 'X509' from project 'swift-certificates')
    cd /Users/admin/builder/spi-builder-workspace/.swiftpm/xcode

SwiftCompile normal arm64 /Users/admin/builder/spi-builder-workspace/.dependencies/checkouts/swift-certificates/Sources/X509/CSR/CertificationRequestInfo.swift (in target 'X509' from project 'swift-certificates')
    cd /Users/admin/builder/spi-builder-workspace/.swiftpm/xcode

SwiftCompile normal arm64 /Users/admin/builder/spi-builder-workspace/.dependencies/checkouts/swift-certificates/Sources/X509/CSR/ExtensionRequest.swift (in target 'X509' from project 'swift-certificates')
    cd /Users/admin/builder/spi-builder-workspace/.swiftpm/xcode

SwiftCompile normal arm64 /Users/admin/builder/spi-builder-workspace/.dependencies/checkouts/swift-certificates/Sources/X509/Certificate.swift (in target 'X509' from project 'swift-certificates')
    cd /Users/admin/builder/spi-builder-workspace/.swiftpm/xcode

SwiftCompile normal arm64 /Users/admin/builder/spi-builder-workspace/.dependencies/checkouts/swift-certificates/Sources/X509/CertificatePrivateKey.swift (in target 'X509' from project 'swift-certificates')
    cd /Users/admin/builder/spi-builder-workspace/.swiftpm/xcode

SwiftCompile normal arm64 /Users/admin/builder/spi-builder-workspace/.dependencies/checkouts/swift-certificates/Sources/X509/CertificatePublicKey.swift (in target 'X509' from project 'swift-certificates')
    cd /Users/admin/builder/spi-builder-workspace/.swiftpm/xcode

SwiftCompile normal arm64 /Users/admin/builder/spi-builder-workspace/.dependencies/checkouts/swift-certificates/Sources/X509/CertificateSerialNumber.swift (in target 'X509' from project 'swift-certificates')
    cd /Users/admin/builder/spi-builder-workspace/.swiftpm/xcode

SwiftCompile normal arm64 /Users/admin/builder/spi-builder-workspace/.dependencies/checkouts/swift-certificates/Sources/X509/CertificateVersion.swift (in target 'X509' from project 'swift-certificates')
    cd /Users/admin/builder/spi-builder-workspace/.swiftpm/xcode

SwiftDriverJobDiscovery normal arm64_32 Compiling AllOfPolicies.swift, AnyPolicy.swift, CertificateStore.swift, CustomCertificateStore.swift, OneOfPolicies.swift, PolicyBuilder.swift, BasicConstraintsPolicy.swift, DNSNames.swift, ExpiryPolicy.swift, IPConstraints.swift (in target 'X509' from project 'swift-certificates')
SwiftCompile normal arm64 Compiling\ CustomPrivateKey.swift,\ Digests.swift,\ DistinguishedName.swift,\ CommonName.swift,\ CountryName.swift,\ DNBuilder.swift,\ DomainComponent.swift,\ EmailAddress.swift,\ LocalityName.swift,\ OrganizationName.swift,\ OrganizationalUnitName.swift /Users/admin/builder/spi-builder-workspace/.dependencies/checkouts/swift-certificates/Sources/X509/CustomPrivateKey.swift /Users/admin/builder/spi-builder-workspace/.dependencies/checkouts/swift-certificates/Sources/X509/Digests.swift /Users/admin/builder/spi-builder-workspace/.dependencies/checkouts/swift-certificates/Sources/X509/DistinguishedName.swift /Users/admin/builder/spi-builder-workspace/.dependencies/checkouts/swift-certificates/Sources/X509/DistinguishedNameBuilder/CommonName.swift /Users/admin/builder/spi-builder-workspace/.dependencies/checkouts/swift-certificates/Sources/X509/DistinguishedNameBuilder/CountryName.swift /Users/admin/builder/spi-builder-workspace/.dependencies/checkouts/swift-certificates/Sources/X509/DistinguishedNameBuilder/DNBuilder.swift /Users/admin/builder/spi-builder-workspace/.dependencies/checkouts/swift-certificates/Sources/X509/DistinguishedNameBuilder/DomainComponent.swift /Users/admin/builder/spi-builder-workspace/.dependencies/checkouts/swift-certificates/Sources/X509/DistinguishedNameBuilder/EmailAddress.swift /Users/admin/builder/spi-builder-workspace/.dependencies/checkouts/swift-certificates/Sources/X509/DistinguishedNameBuilder/LocalityName.swift /Users/admin/builder/spi-builder-workspace/.dependencies/checkouts/swift-certificates/Sources/X509/DistinguishedNameBuilder/OrganizationName.swift /Users/admin/builder/spi-builder-workspace/.dependencies/checkouts/swift-certificates/Sources/X509/DistinguishedNameBuilder/OrganizationalUnitName.swift (in target 'X509' from project 'swift-certificates')
SwiftCompile normal arm64 /Users/admin/builder/spi-builder-workspace/.dependencies/checkouts/swift-certificates/Sources/X509/CustomPrivateKey.swift (in target 'X509' from project 'swift-certificates')
    cd /Users/admin/builder/spi-builder-workspace/.swiftpm/xcode

SwiftCompile normal arm64 /Users/admin/builder/spi-builder-workspace/.dependencies/checkouts/swift-certificates/Sources/X509/Digests.swift (in target 'X509' from project 'swift-certificates')
    cd /Users/admin/builder/spi-builder-workspace/.swiftpm/xcode

SwiftCompile normal arm64 /Users/admin/builder/spi-builder-workspace/.dependencies/checkouts/swift-certificates/Sources/X509/DistinguishedName.swift (in target 'X509' from project 'swift-certificates')
    cd /Users/admin/builder/spi-builder-workspace/.swiftpm/xcode

SwiftCompile normal arm64 /Users/admin/builder/spi-builder-workspace/.dependencies/checkouts/swift-certificates/Sources/X509/DistinguishedNameBuilder/CommonName.swift (in target 'X509' from project 'swift-certificates')
    cd /Users/admin/builder/spi-builder-workspace/.swiftpm/xcode

SwiftCompile normal arm64 /Users/admin/builder/spi-builder-workspace/.dependencies/checkouts/swift-certificates/Sources/X509/DistinguishedNameBuilder/CountryName.swift (in target 'X509' from project 'swift-certificates')
    cd /Users/admin/builder/spi-builder-workspace/.swiftpm/xcode

SwiftCompile normal arm64 /Users/admin/builder/spi-builder-workspace/.dependencies/checkouts/swift-certificates/Sources/X509/DistinguishedNameBuilder/DNBuilder.swift (in target 'X509' from project 'swift-certificates')
    cd /Users/admin/builder/spi-builder-workspace/.swiftpm/xcode

SwiftCompile normal arm64 /Users/admin/builder/spi-builder-workspace/.dependencies/checkouts/swift-certificates/Sources/X509/DistinguishedNameBuilder/DomainComponent.swift (in target 'X509' from project 'swift-certificates')
    cd /Users/admin/builder/spi-builder-workspace/.swiftpm/xcode

SwiftCompile normal arm64 /Users/admin/builder/spi-builder-workspace/.dependencies/checkouts/swift-certificates/Sources/X509/DistinguishedNameBuilder/EmailAddress.swift (in target 'X509' from project 'swift-certificates')
    cd /Users/admin/builder/spi-builder-workspace/.swiftpm/xcode

SwiftCompile normal arm64 /Users/admin/builder/spi-builder-workspace/.dependencies/checkouts/swift-certificates/Sources/X509/DistinguishedNameBuilder/LocalityName.swift (in target 'X509' from project 'swift-certificates')
    cd /Users/admin/builder/spi-builder-workspace/.swiftpm/xcode

SwiftCompile normal arm64 /Users/admin/builder/spi-builder-workspace/.dependencies/checkouts/swift-certificates/Sources/X509/DistinguishedNameBuilder/OrganizationName.swift (in target 'X509' from project 'swift-certificates')
    cd /Users/admin/builder/spi-builder-workspace/.swiftpm/xcode

SwiftCompile normal arm64 /Users/admin/builder/spi-builder-workspace/.dependencies/checkouts/swift-certificates/Sources/X509/DistinguishedNameBuilder/OrganizationalUnitName.swift (in target 'X509' from project 'swift-certificates')
    cd /Users/admin/builder/spi-builder-workspace/.swiftpm/xcode

SwiftDriverJobDiscovery normal arm64 Compiling AllOfPolicies.swift, AnyPolicy.swift, CertificateStore.swift, CustomCertificateStore.swift, OneOfPolicies.swift, PolicyBuilder.swift, BasicConstraintsPolicy.swift, DNSNames.swift, ExpiryPolicy.swift, IPConstraints.swift (in target 'X509' from project 'swift-certificates')
SwiftCompile normal arm64_32 Compiling\ OCSPExtensionID.swift,\ OCSPNonce.swift,\ OCSPPolicy.swift,\ OCSPRequest.swift,\ OCSPResponse.swift,\ OCSPResponseBytes.swift,\ OCSPResponseData.swift,\ OCSPResponseStatus.swift,\ OCSPSignature.swift,\ OCSPSingleRequest.swift,\ OCSPSingleResponse.swift /Users/admin/builder/spi-builder-workspace/.dependencies/checkouts/swift-certificates/Sources/X509/OCSP/OCSPExtensionID.swift /Users/admin/builder/spi-builder-workspace/.dependencies/checkouts/swift-certificates/Sources/X509/OCSP/OCSPNonce.swift /Users/admin/builder/spi-builder-workspace/.dependencies/checkouts/swift-certificates/Sources/X509/OCSP/OCSPPolicy.swift /Users/admin/builder/spi-builder-workspace/.dependencies/checkouts/swift-certificates/Sources/X509/OCSP/OCSPRequest.swift /Users/admin/builder/spi-builder-workspace/.dependencies/checkouts/swift-certificates/Sources/X509/OCSP/OCSPResponse.swift /Users/admin/builder/spi-builder-workspace/.dependencies/checkouts/swift-certificates/Sources/X509/OCSP/OCSPResponseBytes.swift /Users/admin/builder/spi-builder-workspace/.dependencies/checkouts/swift-certificates/Sources/X509/OCSP/OCSPResponseData.swift /Users/admin/builder/spi-builder-workspace/.dependencies/checkouts/swift-certificates/Sources/X509/OCSP/OCSPResponseStatus.swift /Users/admin/builder/spi-builder-workspace/.dependencies/checkouts/swift-certificates/Sources/X509/OCSP/OCSPSignature.swift /Users/admin/builder/spi-builder-workspace/.dependencies/checkouts/swift-certificates/Sources/X509/OCSP/OCSPSingleRequest.swift /Users/admin/builder/spi-builder-workspace/.dependencies/checkouts/swift-certificates/Sources/X509/OCSP/OCSPSingleResponse.swift (in target 'X509' from project 'swift-certificates')
SwiftCompile normal arm64_32 /Users/admin/builder/spi-builder-workspace/.dependencies/checkouts/swift-certificates/Sources/X509/OCSP/OCSPExtensionID.swift (in target 'X509' from project 'swift-certificates')
    cd /Users/admin/builder/spi-builder-workspace/.swiftpm/xcode

SwiftCompile normal arm64_32 /Users/admin/builder/spi-builder-workspace/.dependencies/checkouts/swift-certificates/Sources/X509/OCSP/OCSPNonce.swift (in target 'X509' from project 'swift-certificates')
    cd /Users/admin/builder/spi-builder-workspace/.swiftpm/xcode

SwiftCompile normal arm64_32 /Users/admin/builder/spi-builder-workspace/.dependencies/checkouts/swift-certificates/Sources/X509/OCSP/OCSPPolicy.swift (in target 'X509' from project 'swift-certificates')
    cd /Users/admin/builder/spi-builder-workspace/.swiftpm/xcode

SwiftCompile normal arm64_32 /Users/admin/builder/spi-builder-workspace/.dependencies/checkouts/swift-certificates/Sources/X509/OCSP/OCSPRequest.swift (in target 'X509' from project 'swift-certificates')
    cd /Users/admin/builder/spi-builder-workspace/.swiftpm/xcode

SwiftCompile normal arm64_32 /Users/admin/builder/spi-builder-workspace/.dependencies/checkouts/swift-certificates/Sources/X509/OCSP/OCSPResponse.swift (in target 'X509' from project 'swift-certificates')
    cd /Users/admin/builder/spi-builder-workspace/.swiftpm/xcode

SwiftCompile normal arm64_32 /Users/admin/builder/spi-builder-workspace/.dependencies/checkouts/swift-certificates/Sources/X509/OCSP/OCSPResponseBytes.swift (in target 'X509' from project 'swift-certificates')
    cd /Users/admin/builder/spi-builder-workspace/.swiftpm/xcode

SwiftCompile normal arm64_32 /Users/admin/builder/spi-builder-workspace/.dependencies/checkouts/swift-certificates/Sources/X509/OCSP/OCSPResponseData.swift (in target 'X509' from project 'swift-certificates')
    cd /Users/admin/builder/spi-builder-workspace/.swiftpm/xcode

SwiftCompile normal arm64_32 /Users/admin/builder/spi-builder-workspace/.dependencies/checkouts/swift-certificates/Sources/X509/OCSP/OCSPResponseStatus.swift (in target 'X509' from project 'swift-certificates')
    cd /Users/admin/builder/spi-builder-workspace/.swiftpm/xcode

SwiftCompile normal arm64_32 /Users/admin/builder/spi-builder-workspace/.dependencies/checkouts/swift-certificates/Sources/X509/OCSP/OCSPSignature.swift (in target 'X509' from project 'swift-certificates')
    cd /Users/admin/builder/spi-builder-workspace/.swiftpm/xcode

SwiftCompile normal arm64_32 /Users/admin/builder/spi-builder-workspace/.dependencies/checkouts/swift-certificates/Sources/X509/OCSP/OCSPSingleRequest.swift (in target 'X509' from project 'swift-certificates')
    cd /Users/admin/builder/spi-builder-workspace/.swiftpm/xcode

SwiftCompile normal arm64_32 /Users/admin/builder/spi-builder-workspace/.dependencies/checkouts/swift-certificates/Sources/X509/OCSP/OCSPSingleResponse.swift (in target 'X509' from project 'swift-certificates')
    cd /Users/admin/builder/spi-builder-workspace/.swiftpm/xcode

SwiftDriverJobDiscovery normal arm64 Compiling CustomPrivateKey.swift, Digests.swift, DistinguishedName.swift, CommonName.swift, CountryName.swift, DNBuilder.swift, DomainComponent.swift, EmailAddress.swift, LocalityName.swift, OrganizationName.swift, OrganizationalUnitName.swift (in target 'X509' from project 'swift-certificates')
SwiftCompile normal arm64 Compiling\ VerifierPolicy.swift,\ AlgorithmIdentifier.swift,\ ECDSASignature.swift,\ RSAPKCS1PublicKey.swift,\ SubjectPublicKeyInfo.swift,\ TBSCertificate.swift,\ Time.swift,\ TimeCalculations.swift,\ Validity.swift,\ X509SendableMetatype.swift /Users/admin/builder/spi-builder-workspace/.dependencies/checkouts/swift-certificates/Sources/X509/Verifier/VerifierPolicy.swift /Users/admin/builder/spi-builder-workspace/.dependencies/checkouts/swift-certificates/Sources/X509/X509BaseTypes/AlgorithmIdentifier.swift /Users/admin/builder/spi-builder-workspace/.dependencies/checkouts/swift-certificates/Sources/X509/X509BaseTypes/ECDSASignature.swift /Users/admin/builder/spi-builder-workspace/.dependencies/checkouts/swift-certificates/Sources/X509/X509BaseTypes/RSAPKCS1PublicKey.swift /Users/admin/builder/spi-builder-workspace/.dependencies/checkouts/swift-certificates/Sources/X509/X509BaseTypes/SubjectPublicKeyInfo.swift /Users/admin/builder/spi-builder-workspace/.dependencies/checkouts/swift-certificates/Sources/X509/X509BaseTypes/TBSCertificate.swift /Users/admin/builder/spi-builder-workspace/.dependencies/checkouts/swift-certificates/Sources/X509/X509BaseTypes/Time.swift /Users/admin/builder/spi-builder-workspace/.dependencies/checkouts/swift-certificates/Sources/X509/X509BaseTypes/TimeCalculations.swift /Users/admin/builder/spi-builder-workspace/.dependencies/checkouts/swift-certificates/Sources/X509/X509BaseTypes/Validity.swift /Users/admin/builder/spi-builder-workspace/.dependencies/checkouts/swift-certificates/Sources/X509/X509SendableMetatype.swift (in target 'X509' from project 'swift-certificates')
SwiftCompile normal arm64 /Users/admin/builder/spi-builder-workspace/.dependencies/checkouts/swift-certificates/Sources/X509/Verifier/VerifierPolicy.swift (in target 'X509' from project 'swift-certificates')
    cd /Users/admin/builder/spi-builder-workspace/.swiftpm/xcode

SwiftCompile normal arm64 /Users/admin/builder/spi-builder-workspace/.dependencies/checkouts/swift-certificates/Sources/X509/X509BaseTypes/AlgorithmIdentifier.swift (in target 'X509' from project 'swift-certificates')
    cd /Users/admin/builder/spi-builder-workspace/.swiftpm/xcode

SwiftCompile normal arm64 /Users/admin/builder/spi-builder-workspace/.dependencies/checkouts/swift-certificates/Sources/X509/X509BaseTypes/ECDSASignature.swift (in target 'X509' from project 'swift-certificates')
    cd /Users/admin/builder/spi-builder-workspace/.swiftpm/xcode

SwiftCompile normal arm64 /Users/admin/builder/spi-builder-workspace/.dependencies/checkouts/swift-certificates/Sources/X509/X509BaseTypes/RSAPKCS1PublicKey.swift (in target 'X509' from project 'swift-certificates')
    cd /Users/admin/builder/spi-builder-workspace/.swiftpm/xcode

SwiftCompile normal arm64 /Users/admin/builder/spi-builder-workspace/.dependencies/checkouts/swift-certificates/Sources/X509/X509BaseTypes/SubjectPublicKeyInfo.swift (in target 'X509' from project 'swift-certificates')
    cd /Users/admin/builder/spi-builder-workspace/.swiftpm/xcode

SwiftCompile normal arm64 /Users/admin/builder/spi-builder-workspace/.dependencies/checkouts/swift-certificates/Sources/X509/X509BaseTypes/TBSCertificate.swift (in target 'X509' from project 'swift-certificates')
    cd /Users/admin/builder/spi-builder-workspace/.swiftpm/xcode

SwiftCompile normal arm64 /Users/admin/builder/spi-builder-workspace/.dependencies/checkouts/swift-certificates/Sources/X509/X509BaseTypes/Time.swift (in target 'X509' from project 'swift-certificates')
    cd /Users/admin/builder/spi-builder-workspace/.swiftpm/xcode

SwiftCompile normal arm64 /Users/admin/builder/spi-builder-workspace/.dependencies/checkouts/swift-certificates/Sources/X509/X509BaseTypes/TimeCalculations.swift (in target 'X509' from project 'swift-certificates')
    cd /Users/admin/builder/spi-builder-workspace/.swiftpm/xcode

SwiftCompile normal arm64 /Users/admin/builder/spi-builder-workspace/.dependencies/checkouts/swift-certificates/Sources/X509/X509BaseTypes/Validity.swift (in target 'X509' from project 'swift-certificates')
    cd /Users/admin/builder/spi-builder-workspace/.swiftpm/xcode

SwiftCompile normal arm64 /Users/admin/builder/spi-builder-workspace/.dependencies/checkouts/swift-certificates/Sources/X509/X509SendableMetatype.swift (in target 'X509' from project 'swift-certificates')
    cd /Users/admin/builder/spi-builder-workspace/.swiftpm/xcode

SwiftDriverJobDiscovery normal arm64_32 Compiling CSRAttribute.swift, CSRAttributes.swift, CSRVersion.swift, CertificateSigningRequest.swift, CertificationRequestInfo.swift, ExtensionRequest.swift, Certificate.swift, CertificatePrivateKey.swift, CertificatePublicKey.swift, CertificateSerialNumber.swift, CertificateVersion.swift (in target 'X509' from project 'swift-certificates')
SwiftCompile normal arm64 Compiling\ OCSPExtensionID.swift,\ OCSPNonce.swift,\ OCSPPolicy.swift,\ OCSPRequest.swift,\ OCSPResponse.swift,\ OCSPResponseBytes.swift,\ OCSPResponseData.swift,\ OCSPResponseStatus.swift,\ OCSPSignature.swift,\ OCSPSingleRequest.swift,\ OCSPSingleResponse.swift /Users/admin/builder/spi-builder-workspace/.dependencies/checkouts/swift-certificates/Sources/X509/OCSP/OCSPExtensionID.swift /Users/admin/builder/spi-builder-workspace/.dependencies/checkouts/swift-certificates/Sources/X509/OCSP/OCSPNonce.swift /Users/admin/builder/spi-builder-workspace/.dependencies/checkouts/swift-certificates/Sources/X509/OCSP/OCSPPolicy.swift /Users/admin/builder/spi-builder-workspace/.dependencies/checkouts/swift-certificates/Sources/X509/OCSP/OCSPRequest.swift /Users/admin/builder/spi-builder-workspace/.dependencies/checkouts/swift-certificates/Sources/X509/OCSP/OCSPResponse.swift /Users/admin/builder/spi-builder-workspace/.dependencies/checkouts/swift-certificates/Sources/X509/OCSP/OCSPResponseBytes.swift /Users/admin/builder/spi-builder-workspace/.dependencies/checkouts/swift-certificates/Sources/X509/OCSP/OCSPResponseData.swift /Users/admin/builder/spi-builder-workspace/.dependencies/checkouts/swift-certificates/Sources/X509/OCSP/OCSPResponseStatus.swift /Users/admin/builder/spi-builder-workspace/.dependencies/checkouts/swift-certificates/Sources/X509/OCSP/OCSPSignature.swift /Users/admin/builder/spi-builder-workspace/.dependencies/checkouts/swift-certificates/Sources/X509/OCSP/OCSPSingleRequest.swift /Users/admin/builder/spi-builder-workspace/.dependencies/checkouts/swift-certificates/Sources/X509/OCSP/OCSPSingleResponse.swift (in target 'X509' from project 'swift-certificates')
SwiftCompile normal arm64 /Users/admin/builder/spi-builder-workspace/.dependencies/checkouts/swift-certificates/Sources/X509/OCSP/OCSPExtensionID.swift (in target 'X509' from project 'swift-certificates')
    cd /Users/admin/builder/spi-builder-workspace/.swiftpm/xcode

SwiftCompile normal arm64 /Users/admin/builder/spi-builder-workspace/.dependencies/checkouts/swift-certificates/Sources/X509/OCSP/OCSPNonce.swift (in target 'X509' from project 'swift-certificates')
    cd /Users/admin/builder/spi-builder-workspace/.swiftpm/xcode

SwiftCompile normal arm64 /Users/admin/builder/spi-builder-workspace/.dependencies/checkouts/swift-certificates/Sources/X509/OCSP/OCSPPolicy.swift (in target 'X509' from project 'swift-certificates')
    cd /Users/admin/builder/spi-builder-workspace/.swiftpm/xcode

SwiftCompile normal arm64 /Users/admin/builder/spi-builder-workspace/.dependencies/checkouts/swift-certificates/Sources/X509/OCSP/OCSPRequest.swift (in target 'X509' from project 'swift-certificates')
    cd /Users/admin/builder/spi-builder-workspace/.swiftpm/xcode

SwiftCompile normal arm64 /Users/admin/builder/spi-builder-workspace/.dependencies/checkouts/swift-certificates/Sources/X509/OCSP/OCSPResponse.swift (in target 'X509' from project 'swift-certificates')
    cd /Users/admin/builder/spi-builder-workspace/.swiftpm/xcode

SwiftCompile normal arm64 /Users/admin/builder/spi-builder-workspace/.dependencies/checkouts/swift-certificates/Sources/X509/OCSP/OCSPResponseBytes.swift (in target 'X509' from project 'swift-certificates')
    cd /Users/admin/builder/spi-builder-workspace/.swiftpm/xcode

SwiftCompile normal arm64 /Users/admin/builder/spi-builder-workspace/.dependencies/checkouts/swift-certificates/Sources/X509/OCSP/OCSPResponseData.swift (in target 'X509' from project 'swift-certificates')
    cd /Users/admin/builder/spi-builder-workspace/.swiftpm/xcode

SwiftCompile normal arm64 /Users/admin/builder/spi-builder-workspace/.dependencies/checkouts/swift-certificates/Sources/X509/OCSP/OCSPResponseStatus.swift (in target 'X509' from project 'swift-certificates')
    cd /Users/admin/builder/spi-builder-workspace/.swiftpm/xcode

SwiftCompile normal arm64 /Users/admin/builder/spi-builder-workspace/.dependencies/checkouts/swift-certificates/Sources/X509/OCSP/OCSPSignature.swift (in target 'X509' from project 'swift-certificates')
    cd /Users/admin/builder/spi-builder-workspace/.swiftpm/xcode

SwiftCompile normal arm64 /Users/admin/builder/spi-builder-workspace/.dependencies/checkouts/swift-certificates/Sources/X509/OCSP/OCSPSingleRequest.swift (in target 'X509' from project 'swift-certificates')
    cd /Users/admin/builder/spi-builder-workspace/.swiftpm/xcode

SwiftCompile normal arm64 /Users/admin/builder/spi-builder-workspace/.dependencies/checkouts/swift-certificates/Sources/X509/OCSP/OCSPSingleResponse.swift (in target 'X509' from project 'swift-certificates')
    cd /Users/admin/builder/spi-builder-workspace/.swiftpm/xcode

SwiftDriverJobDiscovery normal arm64_32 Compiling VerifierPolicy.swift, AlgorithmIdentifier.swift, ECDSASignature.swift, RSAPKCS1PublicKey.swift, SubjectPublicKeyInfo.swift, TBSCertificate.swift, Time.swift, TimeCalculations.swift, Validity.swift, X509SendableMetatype.swift (in target 'X509' from project 'swift-certificates')
SwiftCompile normal armv7k Compiling\ SubjectKeyIdentifier.swift,\ Extension.swift,\ Extensions.swift,\ ExtensionsBuilder.swift,\ GeneralName.swift,\ Lock.swift,\ LockedValueBox.swift,\ BasicOCSPResponse.swift,\ DirectoryString.swift,\ OCSPCertID.swift,\ OCSPCertStatus.swift /Users/admin/builder/spi-builder-workspace/.dependencies/checkouts/swift-certificates/Sources/X509/Extension\ Types/SubjectKeyIdentifier.swift /Users/admin/builder/spi-builder-workspace/.dependencies/checkouts/swift-certificates/Sources/X509/Extension.swift /Users/admin/builder/spi-builder-workspace/.dependencies/checkouts/swift-certificates/Sources/X509/Extensions.swift /Users/admin/builder/spi-builder-workspace/.dependencies/checkouts/swift-certificates/Sources/X509/ExtensionsBuilder.swift /Users/admin/builder/spi-builder-workspace/.dependencies/checkouts/swift-certificates/Sources/X509/GeneralName.swift /Users/admin/builder/spi-builder-workspace/.dependencies/checkouts/swift-certificates/Sources/X509/Lock.swift /Users/admin/builder/spi-builder-workspace/.dependencies/checkouts/swift-certificates/Sources/X509/LockedValueBox.swift /Users/admin/builder/spi-builder-workspace/.dependencies/checkouts/swift-certificates/Sources/X509/OCSP/BasicOCSPResponse.swift /Users/admin/builder/spi-builder-workspace/.dependencies/checkouts/swift-certificates/Sources/X509/OCSP/DirectoryString.swift /Users/admin/builder/spi-builder-workspace/.dependencies/checkouts/swift-certificates/Sources/X509/OCSP/OCSPCertID.swift /Users/admin/builder/spi-builder-workspace/.dependencies/checkouts/swift-certificates/Sources/X509/OCSP/OCSPCertStatus.swift (in target 'X509' from project 'swift-certificates')
SwiftCompile normal armv7k /Users/admin/builder/spi-builder-workspace/.dependencies/checkouts/swift-certificates/Sources/X509/Extension\ Types/SubjectKeyIdentifier.swift (in target 'X509' from project 'swift-certificates')
    cd /Users/admin/builder/spi-builder-workspace/.swiftpm/xcode

SwiftCompile normal armv7k /Users/admin/builder/spi-builder-workspace/.dependencies/checkouts/swift-certificates/Sources/X509/Extension.swift (in target 'X509' from project 'swift-certificates')
    cd /Users/admin/builder/spi-builder-workspace/.swiftpm/xcode

SwiftCompile normal armv7k /Users/admin/builder/spi-builder-workspace/.dependencies/checkouts/swift-certificates/Sources/X509/Extensions.swift (in target 'X509' from project 'swift-certificates')
    cd /Users/admin/builder/spi-builder-workspace/.swiftpm/xcode

SwiftCompile normal armv7k /Users/admin/builder/spi-builder-workspace/.dependencies/checkouts/swift-certificates/Sources/X509/ExtensionsBuilder.swift (in target 'X509' from project 'swift-certificates')
    cd /Users/admin/builder/spi-builder-workspace/.swiftpm/xcode

SwiftCompile normal armv7k /Users/admin/builder/spi-builder-workspace/.dependencies/checkouts/swift-certificates/Sources/X509/GeneralName.swift (in target 'X509' from project 'swift-certificates')
    cd /Users/admin/builder/spi-builder-workspace/.swiftpm/xcode

SwiftCompile normal armv7k /Users/admin/builder/spi-builder-workspace/.dependencies/checkouts/swift-certificates/Sources/X509/Lock.swift (in target 'X509' from project 'swift-certificates')
    cd /Users/admin/builder/spi-builder-workspace/.swiftpm/xcode

SwiftCompile normal armv7k /Users/admin/builder/spi-builder-workspace/.dependencies/checkouts/swift-certificates/Sources/X509/LockedValueBox.swift (in target 'X509' from project 'swift-certificates')
    cd /Users/admin/builder/spi-builder-workspace/.swiftpm/xcode

SwiftCompile normal armv7k /Users/admin/builder/spi-builder-workspace/.dependencies/checkouts/swift-certificates/Sources/X509/OCSP/BasicOCSPResponse.swift (in target 'X509' from project 'swift-certificates')
    cd /Users/admin/builder/spi-builder-workspace/.swiftpm/xcode

SwiftCompile normal armv7k /Users/admin/builder/spi-builder-workspace/.dependencies/checkouts/swift-certificates/Sources/X509/OCSP/DirectoryString.swift (in target 'X509' from project 'swift-certificates')
    cd /Users/admin/builder/spi-builder-workspace/.swiftpm/xcode

SwiftCompile normal armv7k /Users/admin/builder/spi-builder-workspace/.dependencies/checkouts/swift-certificates/Sources/X509/OCSP/OCSPCertID.swift (in target 'X509' from project 'swift-certificates')
    cd /Users/admin/builder/spi-builder-workspace/.swiftpm/xcode

SwiftCompile normal armv7k /Users/admin/builder/spi-builder-workspace/.dependencies/checkouts/swift-certificates/Sources/X509/OCSP/OCSPCertStatus.swift (in target 'X509' from project 'swift-certificates')
    cd /Users/admin/builder/spi-builder-workspace/.swiftpm/xcode

SwiftDriverJobDiscovery normal armv7k Compiling NameConstraintsPolicy.swift, RFC5280Policy.swift, URIConstraints.swift, VersionPolicy.swift, ServerIdentityPolicy.swift, TrustRootLoading.swift, UnverifiedChain.swift, ValidatedCertificateChain.swift, VerificationDiagnostic.swift, Verifier.swift (in target 'X509' from project 'swift-certificates')
SwiftCompile normal armv7k Compiling\ AllOfPolicies.swift,\ AnyPolicy.swift,\ CertificateStore.swift,\ CustomCertificateStore.swift,\ OneOfPolicies.swift,\ PolicyBuilder.swift,\ BasicConstraintsPolicy.swift,\ DNSNames.swift,\ ExpiryPolicy.swift,\ IPConstraints.swift /Users/admin/builder/spi-builder-workspace/.dependencies/checkouts/swift-certificates/Sources/X509/Verifier/AllOfPolicies.swift /Users/admin/builder/spi-builder-workspace/.dependencies/checkouts/swift-certificates/Sources/X509/Verifier/AnyPolicy.swift /Users/admin/builder/spi-builder-workspace/.dependencies/checkouts/swift-certificates/Sources/X509/Verifier/CertificateStore.swift /Users/admin/builder/spi-builder-workspace/.dependencies/checkouts/swift-certificates/Sources/X509/Verifier/CustomCertificateStore.swift /Users/admin/builder/spi-builder-workspace/.dependencies/checkouts/swift-certificates/Sources/X509/Verifier/OneOfPolicies.swift /Users/admin/builder/spi-builder-workspace/.dependencies/checkouts/swift-certificates/Sources/X509/Verifier/PolicyBuilder.swift /Users/admin/builder/spi-builder-workspace/.dependencies/checkouts/swift-certificates/Sources/X509/Verifier/RFC5280/BasicConstraintsPolicy.swift /Users/admin/builder/spi-builder-workspace/.dependencies/checkouts/swift-certificates/Sources/X509/Verifier/RFC5280/DNSNames.swift /Users/admin/builder/spi-builder-workspace/.dependencies/checkouts/swift-certificates/Sources/X509/Verifier/RFC5280/ExpiryPolicy.swift /Users/admin/builder/spi-builder-workspace/.dependencies/checkouts/swift-certificates/Sources/X509/Verifier/RFC5280/IPConstraints.swift (in target 'X509' from project 'swift-certificates')
SwiftCompile normal armv7k /Users/admin/builder/spi-builder-workspace/.dependencies/checkouts/swift-certificates/Sources/X509/Verifier/AllOfPolicies.swift (in target 'X509' from project 'swift-certificates')
    cd /Users/admin/builder/spi-builder-workspace/.swiftpm/xcode

SwiftCompile normal armv7k /Users/admin/builder/spi-builder-workspace/.dependencies/checkouts/swift-certificates/Sources/X509/Verifier/AnyPolicy.swift (in target 'X509' from project 'swift-certificates')
    cd /Users/admin/builder/spi-builder-workspace/.swiftpm/xcode

SwiftCompile normal armv7k /Users/admin/builder/spi-builder-workspace/.dependencies/checkouts/swift-certificates/Sources/X509/Verifier/CertificateStore.swift (in target 'X509' from project 'swift-certificates')
    cd /Users/admin/builder/spi-builder-workspace/.swiftpm/xcode

SwiftCompile normal armv7k /Users/admin/builder/spi-builder-workspace/.dependencies/checkouts/swift-certificates/Sources/X509/Verifier/CustomCertificateStore.swift (in target 'X509' from project 'swift-certificates')
    cd /Users/admin/builder/spi-builder-workspace/.swiftpm/xcode

SwiftCompile normal armv7k /Users/admin/builder/spi-builder-workspace/.dependencies/checkouts/swift-certificates/Sources/X509/Verifier/OneOfPolicies.swift (in target 'X509' from project 'swift-certificates')
    cd /Users/admin/builder/spi-builder-workspace/.swiftpm/xcode

SwiftCompile normal armv7k /Users/admin/builder/spi-builder-workspace/.dependencies/checkouts/swift-certificates/Sources/X509/Verifier/PolicyBuilder.swift (in target 'X509' from project 'swift-certificates')
    cd /Users/admin/builder/spi-builder-workspace/.swiftpm/xcode

SwiftCompile normal armv7k /Users/admin/builder/spi-builder-workspace/.dependencies/checkouts/swift-certificates/Sources/X509/Verifier/RFC5280/BasicConstraintsPolicy.swift (in target 'X509' from project 'swift-certificates')
    cd /Users/admin/builder/spi-builder-workspace/.swiftpm/xcode

SwiftCompile normal armv7k /Users/admin/builder/spi-builder-workspace/.dependencies/checkouts/swift-certificates/Sources/X509/Verifier/RFC5280/DNSNames.swift (in target 'X509' from project 'swift-certificates')
    cd /Users/admin/builder/spi-builder-workspace/.swiftpm/xcode

SwiftCompile normal armv7k /Users/admin/builder/spi-builder-workspace/.dependencies/checkouts/swift-certificates/Sources/X509/Verifier/RFC5280/ExpiryPolicy.swift (in target 'X509' from project 'swift-certificates')
    cd /Users/admin/builder/spi-builder-workspace/.swiftpm/xcode

SwiftCompile normal armv7k /Users/admin/builder/spi-builder-workspace/.dependencies/checkouts/swift-certificates/Sources/X509/Verifier/RFC5280/IPConstraints.swift (in target 'X509' from project 'swift-certificates')
    cd /Users/admin/builder/spi-builder-workspace/.swiftpm/xcode

SwiftDriverJobDiscovery normal arm64 Compiling OCSPTBSRequest.swift, OCSPVersion.swift, PKCS8PrivateKey.swift, PromiseAndFuture.swift, RDNAttribute.swift, RandomNumberGenerator+bytes.swift, RelativeDistinguishedName.swift, SEC1PrivateKey.swift, SecKeyWrapper.swift, Signature.swift, SignatureAlgorithm.swift (in target 'X509' from project 'swift-certificates')
SwiftCompile normal arm64_32 Compiling\ CustomPrivateKey.swift,\ Digests.swift,\ DistinguishedName.swift,\ CommonName.swift,\ CountryName.swift,\ DNBuilder.swift,\ DomainComponent.swift,\ EmailAddress.swift,\ LocalityName.swift,\ OrganizationName.swift,\ OrganizationalUnitName.swift /Users/admin/builder/spi-builder-workspace/.dependencies/checkouts/swift-certificates/Sources/X509/CustomPrivateKey.swift /Users/admin/builder/spi-builder-workspace/.dependencies/checkouts/swift-certificates/Sources/X509/Digests.swift /Users/admin/builder/spi-builder-workspace/.dependencies/checkouts/swift-certificates/Sources/X509/DistinguishedName.swift /Users/admin/builder/spi-builder-workspace/.dependencies/checkouts/swift-certificates/Sources/X509/DistinguishedNameBuilder/CommonName.swift /Users/admin/builder/spi-builder-workspace/.dependencies/checkouts/swift-certificates/Sources/X509/DistinguishedNameBuilder/CountryName.swift /Users/admin/builder/spi-builder-workspace/.dependencies/checkouts/swift-certificates/Sources/X509/DistinguishedNameBuilder/DNBuilder.swift /Users/admin/builder/spi-builder-workspace/.dependencies/checkouts/swift-certificates/Sources/X509/DistinguishedNameBuilder/DomainComponent.swift /Users/admin/builder/spi-builder-workspace/.dependencies/checkouts/swift-certificates/Sources/X509/DistinguishedNameBuilder/EmailAddress.swift /Users/admin/builder/spi-builder-workspace/.dependencies/checkouts/swift-certificates/Sources/X509/DistinguishedNameBuilder/LocalityName.swift /Users/admin/builder/spi-builder-workspace/.dependencies/checkouts/swift-certificates/Sources/X509/DistinguishedNameBuilder/OrganizationName.swift /Users/admin/builder/spi-builder-workspace/.dependencies/checkouts/swift-certificates/Sources/X509/DistinguishedNameBuilder/OrganizationalUnitName.swift (in target 'X509' from project 'swift-certificates')
SwiftCompile normal arm64_32 /Users/admin/builder/spi-builder-workspace/.dependencies/checkouts/swift-certificates/Sources/X509/CustomPrivateKey.swift (in target 'X509' from project 'swift-certificates')
    cd /Users/admin/builder/spi-builder-workspace/.swiftpm/xcode

SwiftCompile normal arm64_32 /Users/admin/builder/spi-builder-workspace/.dependencies/checkouts/swift-certificates/Sources/X509/Digests.swift (in target 'X509' from project 'swift-certificates')
    cd /Users/admin/builder/spi-builder-workspace/.swiftpm/xcode

SwiftCompile normal arm64_32 /Users/admin/builder/spi-builder-workspace/.dependencies/checkouts/swift-certificates/Sources/X509/DistinguishedName.swift (in target 'X509' from project 'swift-certificates')
    cd /Users/admin/builder/spi-builder-workspace/.swiftpm/xcode

SwiftCompile normal arm64_32 /Users/admin/builder/spi-builder-workspace/.dependencies/checkouts/swift-certificates/Sources/X509/DistinguishedNameBuilder/CommonName.swift (in target 'X509' from project 'swift-certificates')
    cd /Users/admin/builder/spi-builder-workspace/.swiftpm/xcode

SwiftCompile normal arm64_32 /Users/admin/builder/spi-builder-workspace/.dependencies/checkouts/swift-certificates/Sources/X509/DistinguishedNameBuilder/CountryName.swift (in target 'X509' from project 'swift-certificates')
    cd /Users/admin/builder/spi-builder-workspace/.swiftpm/xcode

SwiftCompile normal arm64_32 /Users/admin/builder/spi-builder-workspace/.dependencies/checkouts/swift-certificates/Sources/X509/DistinguishedNameBuilder/DNBuilder.swift (in target 'X509' from project 'swift-certificates')
    cd /Users/admin/builder/spi-builder-workspace/.swiftpm/xcode

SwiftCompile normal arm64_32 /Users/admin/builder/spi-builder-workspace/.dependencies/checkouts/swift-certificates/Sources/X509/DistinguishedNameBuilder/DomainComponent.swift (in target 'X509' from project 'swift-certificates')
    cd /Users/admin/builder/spi-builder-workspace/.swiftpm/xcode

SwiftCompile normal arm64_32 /Users/admin/builder/spi-builder-workspace/.dependencies/checkouts/swift-certificates/Sources/X509/DistinguishedNameBuilder/EmailAddress.swift (in target 'X509' from project 'swift-certificates')
    cd /Users/admin/builder/spi-builder-workspace/.swiftpm/xcode

SwiftCompile normal arm64_32 /Users/admin/builder/spi-builder-workspace/.dependencies/checkouts/swift-certificates/Sources/X509/DistinguishedNameBuilder/LocalityName.swift (in target 'X509' from project 'swift-certificates')
    cd /Users/admin/builder/spi-builder-workspace/.swiftpm/xcode

SwiftCompile normal arm64_32 /Users/admin/builder/spi-builder-workspace/.dependencies/checkouts/swift-certificates/Sources/X509/DistinguishedNameBuilder/OrganizationName.swift (in target 'X509' from project 'swift-certificates')
    cd /Users/admin/builder/spi-builder-workspace/.swiftpm/xcode

SwiftCompile normal arm64_32 /Users/admin/builder/spi-builder-workspace/.dependencies/checkouts/swift-certificates/Sources/X509/DistinguishedNameBuilder/OrganizationalUnitName.swift (in target 'X509' from project 'swift-certificates')
    cd /Users/admin/builder/spi-builder-workspace/.swiftpm/xcode

SwiftDriverJobDiscovery normal armv7k Compiling CMSAttribute.swift, CMSContentInfo.swift, CMSEncapsulatedContentInfo.swift, CMSIssuerAndSerialNumber.swift, CMSOperations.swift, CMSSignature.swift, CMSSignedData.swift, CMSSignerIdentifier.swift, CMSSignerInfo.swift, CMSVersion.swift, Curve25519+DER.swift (in target 'X509' from project 'swift-certificates')
SwiftCompile normal arm64_32 Compiling\ OCSPTBSRequest.swift,\ OCSPVersion.swift,\ PKCS8PrivateKey.swift,\ PromiseAndFuture.swift,\ RDNAttribute.swift,\ RandomNumberGenerator+bytes.swift,\ RelativeDistinguishedName.swift,\ SEC1PrivateKey.swift,\ SecKeyWrapper.swift,\ Signature.swift,\ SignatureAlgorithm.swift /Users/admin/builder/spi-builder-workspace/.dependencies/checkouts/swift-certificates/Sources/X509/OCSP/OCSPTBSRequest.swift /Users/admin/builder/spi-builder-workspace/.dependencies/checkouts/swift-certificates/Sources/X509/OCSP/OCSPVersion.swift /Users/admin/builder/spi-builder-workspace/.dependencies/checkouts/swift-certificates/Sources/X509/PKCS8PrivateKey.swift /Users/admin/builder/spi-builder-workspace/.dependencies/checkouts/swift-certificates/Sources/X509/PromiseAndFuture.swift /Users/admin/builder/spi-builder-workspace/.dependencies/checkouts/swift-certificates/Sources/X509/RDNAttribute.swift /Users/admin/builder/spi-builder-workspace/.dependencies/checkouts/swift-certificates/Sources/X509/RandomNumberGenerator+bytes.swift /Users/admin/builder/spi-builder-workspace/.dependencies/checkouts/swift-certificates/Sources/X509/RelativeDistinguishedName.swift /Users/admin/builder/spi-builder-workspace/.dependencies/checkouts/swift-certificates/Sources/X509/SEC1PrivateKey.swift /Users/admin/builder/spi-builder-workspace/.dependencies/checkouts/swift-certificates/Sources/X509/SecKeyWrapper.swift /Users/admin/builder/spi-builder-workspace/.dependencies/checkouts/swift-certificates/Sources/X509/Signature.swift /Users/admin/builder/spi-builder-workspace/.dependencies/checkouts/swift-certificates/Sources/X509/SignatureAlgorithm.swift (in target 'X509' from project 'swift-certificates')
SwiftCompile normal arm64_32 /Users/admin/builder/spi-builder-workspace/.dependencies/checkouts/swift-certificates/Sources/X509/OCSP/OCSPTBSRequest.swift (in target 'X509' from project 'swift-certificates')
    cd /Users/admin/builder/spi-builder-workspace/.swiftpm/xcode

SwiftCompile normal arm64_32 /Users/admin/builder/spi-builder-workspace/.dependencies/checkouts/swift-certificates/Sources/X509/OCSP/OCSPVersion.swift (in target 'X509' from project 'swift-certificates')
    cd /Users/admin/builder/spi-builder-workspace/.swiftpm/xcode

SwiftCompile normal arm64_32 /Users/admin/builder/spi-builder-workspace/.dependencies/checkouts/swift-certificates/Sources/X509/PKCS8PrivateKey.swift (in target 'X509' from project 'swift-certificates')
    cd /Users/admin/builder/spi-builder-workspace/.swiftpm/xcode

SwiftCompile normal arm64_32 /Users/admin/builder/spi-builder-workspace/.dependencies/checkouts/swift-certificates/Sources/X509/PromiseAndFuture.swift (in target 'X509' from project 'swift-certificates')
    cd /Users/admin/builder/spi-builder-workspace/.swiftpm/xcode

SwiftCompile normal arm64_32 /Users/admin/builder/spi-builder-workspace/.dependencies/checkouts/swift-certificates/Sources/X509/RDNAttribute.swift (in target 'X509' from project 'swift-certificates')
    cd /Users/admin/builder/spi-builder-workspace/.swiftpm/xcode

SwiftCompile normal arm64_32 /Users/admin/builder/spi-builder-workspace/.dependencies/checkouts/swift-certificates/Sources/X509/RandomNumberGenerator+bytes.swift (in target 'X509' from project 'swift-certificates')
    cd /Users/admin/builder/spi-builder-workspace/.swiftpm/xcode

SwiftCompile normal arm64_32 /Users/admin/builder/spi-builder-workspace/.dependencies/checkouts/swift-certificates/Sources/X509/RelativeDistinguishedName.swift (in target 'X509' from project 'swift-certificates')
    cd /Users/admin/builder/spi-builder-workspace/.swiftpm/xcode

SwiftCompile normal arm64_32 /Users/admin/builder/spi-builder-workspace/.dependencies/checkouts/swift-certificates/Sources/X509/SEC1PrivateKey.swift (in target 'X509' from project 'swift-certificates')
    cd /Users/admin/builder/spi-builder-workspace/.swiftpm/xcode

SwiftCompile normal arm64_32 /Users/admin/builder/spi-builder-workspace/.dependencies/checkouts/swift-certificates/Sources/X509/SecKeyWrapper.swift (in target 'X509' from project 'swift-certificates')
    cd /Users/admin/builder/spi-builder-workspace/.swiftpm/xcode

SwiftCompile normal arm64_32 /Users/admin/builder/spi-builder-workspace/.dependencies/checkouts/swift-certificates/Sources/X509/Signature.swift (in target 'X509' from project 'swift-certificates')
    cd /Users/admin/builder/spi-builder-workspace/.swiftpm/xcode

SwiftCompile normal arm64_32 /Users/admin/builder/spi-builder-workspace/.dependencies/checkouts/swift-certificates/Sources/X509/SignatureAlgorithm.swift (in target 'X509' from project 'swift-certificates')
    cd /Users/admin/builder/spi-builder-workspace/.swiftpm/xcode

SwiftDriverJobDiscovery normal arm64 Compiling StateOrProvinceName.swift, StreetAddress.swift, Error.swift, AuthorityInformationAccess.swift, AuthorityKeyIdentifier.swift, BasicConstraints.swift, ExtendedKeyUsage.swift, ExtensionIdentifiers.swift, KeyUsage.swift, NameConstraints.swift, SubjectAlternativeName.swift (in target 'X509' from project 'swift-certificates')
SwiftCompile normal arm64_32 Compiling\ StateOrProvinceName.swift,\ StreetAddress.swift,\ Error.swift,\ AuthorityInformationAccess.swift,\ AuthorityKeyIdentifier.swift,\ BasicConstraints.swift,\ ExtendedKeyUsage.swift,\ ExtensionIdentifiers.swift,\ KeyUsage.swift,\ NameConstraints.swift,\ SubjectAlternativeName.swift /Users/admin/builder/spi-builder-workspace/.dependencies/checkouts/swift-certificates/Sources/X509/DistinguishedNameBuilder/StateOrProvinceName.swift /Users/admin/builder/spi-builder-workspace/.dependencies/checkouts/swift-certificates/Sources/X509/DistinguishedNameBuilder/StreetAddress.swift /Users/admin/builder/spi-builder-workspace/.dependencies/checkouts/swift-certificates/Sources/X509/Error.swift /Users/admin/builder/spi-builder-workspace/.dependencies/checkouts/swift-certificates/Sources/X509/Extension\ Types/AuthorityInformationAccess.swift /Users/admin/builder/spi-builder-workspace/.dependencies/checkouts/swift-certificates/Sources/X509/Extension\ Types/AuthorityKeyIdentifier.swift /Users/admin/builder/spi-builder-workspace/.dependencies/checkouts/swift-certificates/Sources/X509/Extension\ Types/BasicConstraints.swift /Users/admin/builder/spi-builder-workspace/.dependencies/checkouts/swift-certificates/Sources/X509/Extension\ Types/ExtendedKeyUsage.swift /Users/admin/builder/spi-builder-workspace/.dependencies/checkouts/swift-certificates/Sources/X509/Extension\ Types/ExtensionIdentifiers.swift /Users/admin/builder/spi-builder-workspace/.dependencies/checkouts/swift-certificates/Sources/X509/Extension\ Types/KeyUsage.swift /Users/admin/builder/spi-builder-workspace/.dependencies/checkouts/swift-certificates/Sources/X509/Extension\ Types/NameConstraints.swift /Users/admin/builder/spi-builder-workspace/.dependencies/checkouts/swift-certificates/Sources/X509/Extension\ Types/SubjectAlternativeName.swift (in target 'X509' from project 'swift-certificates')
SwiftCompile normal arm64_32 /Users/admin/builder/spi-builder-workspace/.dependencies/checkouts/swift-certificates/Sources/X509/DistinguishedNameBuilder/StateOrProvinceName.swift (in target 'X509' from project 'swift-certificates')
    cd /Users/admin/builder/spi-builder-workspace/.swiftpm/xcode

SwiftCompile normal arm64_32 /Users/admin/builder/spi-builder-workspace/.dependencies/checkouts/swift-certificates/Sources/X509/DistinguishedNameBuilder/StreetAddress.swift (in target 'X509' from project 'swift-certificates')
    cd /Users/admin/builder/spi-builder-workspace/.swiftpm/xcode

SwiftCompile normal arm64_32 /Users/admin/builder/spi-builder-workspace/.dependencies/checkouts/swift-certificates/Sources/X509/Error.swift (in target 'X509' from project 'swift-certificates')
    cd /Users/admin/builder/spi-builder-workspace/.swiftpm/xcode

SwiftCompile normal arm64_32 /Users/admin/builder/spi-builder-workspace/.dependencies/checkouts/swift-certificates/Sources/X509/Extension\ Types/AuthorityInformationAccess.swift (in target 'X509' from project 'swift-certificates')
    cd /Users/admin/builder/spi-builder-workspace/.swiftpm/xcode

SwiftCompile normal arm64_32 /Users/admin/builder/spi-builder-workspace/.dependencies/checkouts/swift-certificates/Sources/X509/Extension\ Types/AuthorityKeyIdentifier.swift (in target 'X509' from project 'swift-certificates')
    cd /Users/admin/builder/spi-builder-workspace/.swiftpm/xcode

SwiftCompile normal arm64_32 /Users/admin/builder/spi-builder-workspace/.dependencies/checkouts/swift-certificates/Sources/X509/Extension\ Types/BasicConstraints.swift (in target 'X509' from project 'swift-certificates')
    cd /Users/admin/builder/spi-builder-workspace/.swiftpm/xcode

SwiftCompile normal arm64_32 /Users/admin/builder/spi-builder-workspace/.dependencies/checkouts/swift-certificates/Sources/X509/Extension\ Types/ExtendedKeyUsage.swift (in target 'X509' from project 'swift-certificates')
    cd /Users/admin/builder/spi-builder-workspace/.swiftpm/xcode

SwiftCompile normal arm64_32 /Users/admin/builder/spi-builder-workspace/.dependencies/checkouts/swift-certificates/Sources/X509/Extension\ Types/ExtensionIdentifiers.swift (in target 'X509' from project 'swift-certificates')
    cd /Users/admin/builder/spi-builder-workspace/.swiftpm/xcode

SwiftCompile normal arm64_32 /Users/admin/builder/spi-builder-workspace/.dependencies/checkouts/swift-certificates/Sources/X509/Extension\ Types/KeyUsage.swift (in target 'X509' from project 'swift-certificates')
    cd /Users/admin/builder/spi-builder-workspace/.swiftpm/xcode

SwiftCompile normal arm64_32 /Users/admin/builder/spi-builder-workspace/.dependencies/checkouts/swift-certificates/Sources/X509/Extension\ Types/NameConstraints.swift (in target 'X509' from project 'swift-certificates')
    cd /Users/admin/builder/spi-builder-workspace/.swiftpm/xcode

SwiftCompile normal arm64_32 /Users/admin/builder/spi-builder-workspace/.dependencies/checkouts/swift-certificates/Sources/X509/Extension\ Types/SubjectAlternativeName.swift (in target 'X509' from project 'swift-certificates')
    cd /Users/admin/builder/spi-builder-workspace/.swiftpm/xcode

SwiftDriverJobDiscovery normal arm64 Compiling CSRAttribute.swift, CSRAttributes.swift, CSRVersion.swift, CertificateSigningRequest.swift, CertificationRequestInfo.swift, ExtensionRequest.swift, Certificate.swift, CertificatePrivateKey.swift, CertificatePublicKey.swift, CertificateSerialNumber.swift, CertificateVersion.swift (in target 'X509' from project 'swift-certificates')
SwiftCompile normal armv7k Compiling\ CustomPrivateKey.swift,\ Digests.swift,\ DistinguishedName.swift,\ CommonName.swift,\ CountryName.swift,\ DNBuilder.swift,\ DomainComponent.swift,\ EmailAddress.swift,\ LocalityName.swift,\ OrganizationName.swift,\ OrganizationalUnitName.swift /Users/admin/builder/spi-builder-workspace/.dependencies/checkouts/swift-certificates/Sources/X509/CustomPrivateKey.swift /Users/admin/builder/spi-builder-workspace/.dependencies/checkouts/swift-certificates/Sources/X509/Digests.swift /Users/admin/builder/spi-builder-workspace/.dependencies/checkouts/swift-certificates/Sources/X509/DistinguishedName.swift /Users/admin/builder/spi-builder-workspace/.dependencies/checkouts/swift-certificates/Sources/X509/DistinguishedNameBuilder/CommonName.swift /Users/admin/builder/spi-builder-workspace/.dependencies/checkouts/swift-certificates/Sources/X509/DistinguishedNameBuilder/CountryName.swift /Users/admin/builder/spi-builder-workspace/.dependencies/checkouts/swift-certificates/Sources/X509/DistinguishedNameBuilder/DNBuilder.swift /Users/admin/builder/spi-builder-workspace/.dependencies/checkouts/swift-certificates/Sources/X509/DistinguishedNameBuilder/DomainComponent.swift /Users/admin/builder/spi-builder-workspace/.dependencies/checkouts/swift-certificates/Sources/X509/DistinguishedNameBuilder/EmailAddress.swift /Users/admin/builder/spi-builder-workspace/.dependencies/checkouts/swift-certificates/Sources/X509/DistinguishedNameBuilder/LocalityName.swift /Users/admin/builder/spi-builder-workspace/.dependencies/checkouts/swift-certificates/Sources/X509/DistinguishedNameBuilder/OrganizationName.swift /Users/admin/builder/spi-builder-workspace/.dependencies/checkouts/swift-certificates/Sources/X509/DistinguishedNameBuilder/OrganizationalUnitName.swift (in target 'X509' from project 'swift-certificates')
SwiftCompile normal armv7k /Users/admin/builder/spi-builder-workspace/.dependencies/checkouts/swift-certificates/Sources/X509/CustomPrivateKey.swift (in target 'X509' from project 'swift-certificates')
    cd /Users/admin/builder/spi-builder-workspace/.swiftpm/xcode

SwiftCompile normal armv7k /Users/admin/builder/spi-builder-workspace/.dependencies/checkouts/swift-certificates/Sources/X509/Digests.swift (in target 'X509' from project 'swift-certificates')
    cd /Users/admin/builder/spi-builder-workspace/.swiftpm/xcode

SwiftCompile normal armv7k /Users/admin/builder/spi-builder-workspace/.dependencies/checkouts/swift-certificates/Sources/X509/DistinguishedName.swift (in target 'X509' from project 'swift-certificates')
    cd /Users/admin/builder/spi-builder-workspace/.swiftpm/xcode

SwiftCompile normal armv7k /Users/admin/builder/spi-builder-workspace/.dependencies/checkouts/swift-certificates/Sources/X509/DistinguishedNameBuilder/CommonName.swift (in target 'X509' from project 'swift-certificates')
    cd /Users/admin/builder/spi-builder-workspace/.swiftpm/xcode

SwiftCompile normal armv7k /Users/admin/builder/spi-builder-workspace/.dependencies/checkouts/swift-certificates/Sources/X509/DistinguishedNameBuilder/CountryName.swift (in target 'X509' from project 'swift-certificates')
    cd /Users/admin/builder/spi-builder-workspace/.swiftpm/xcode

SwiftCompile normal armv7k /Users/admin/builder/spi-builder-workspace/.dependencies/checkouts/swift-certificates/Sources/X509/DistinguishedNameBuilder/DNBuilder.swift (in target 'X509' from project 'swift-certificates')
    cd /Users/admin/builder/spi-builder-workspace/.swiftpm/xcode

SwiftCompile normal armv7k /Users/admin/builder/spi-builder-workspace/.dependencies/checkouts/swift-certificates/Sources/X509/DistinguishedNameBuilder/DomainComponent.swift (in target 'X509' from project 'swift-certificates')
    cd /Users/admin/builder/spi-builder-workspace/.swiftpm/xcode

SwiftCompile normal armv7k /Users/admin/builder/spi-builder-workspace/.dependencies/checkouts/swift-certificates/Sources/X509/DistinguishedNameBuilder/EmailAddress.swift (in target 'X509' from project 'swift-certificates')
    cd /Users/admin/builder/spi-builder-workspace/.swiftpm/xcode

SwiftCompile normal armv7k /Users/admin/builder/spi-builder-workspace/.dependencies/checkouts/swift-certificates/Sources/X509/DistinguishedNameBuilder/LocalityName.swift (in target 'X509' from project 'swift-certificates')
    cd /Users/admin/builder/spi-builder-workspace/.swiftpm/xcode

SwiftCompile normal armv7k /Users/admin/builder/spi-builder-workspace/.dependencies/checkouts/swift-certificates/Sources/X509/DistinguishedNameBuilder/OrganizationName.swift (in target 'X509' from project 'swift-certificates')
    cd /Users/admin/builder/spi-builder-workspace/.swiftpm/xcode

SwiftCompile normal armv7k /Users/admin/builder/spi-builder-workspace/.dependencies/checkouts/swift-certificates/Sources/X509/DistinguishedNameBuilder/OrganizationalUnitName.swift (in target 'X509' from project 'swift-certificates')
    cd /Users/admin/builder/spi-builder-workspace/.swiftpm/xcode

SwiftDriverJobDiscovery normal arm64_32 Compiling CustomPrivateKey.swift, Digests.swift, DistinguishedName.swift, CommonName.swift, CountryName.swift, DNBuilder.swift, DomainComponent.swift, EmailAddress.swift, LocalityName.swift, OrganizationName.swift, OrganizationalUnitName.swift (in target 'X509' from project 'swift-certificates')
SwiftCompile normal arm64_32 Compiling\ JWK+Codable.swift /Users/admin/builder/spi-builder-workspace/Sources/JSONWebKey/JWK+Codable.swift (in target 'JSONWebKey' from project 'jose-swift')
SwiftCompile normal arm64_32 /Users/admin/builder/spi-builder-workspace/Sources/JSONWebKey/JWK+Codable.swift (in target 'JSONWebKey' from project 'jose-swift')
    cd /Users/admin/builder/spi-builder-workspace/.swiftpm/xcode

SwiftDriverJobDiscovery normal arm64 Compiling VerifierPolicy.swift, AlgorithmIdentifier.swift, ECDSASignature.swift, RSAPKCS1PublicKey.swift, SubjectPublicKeyInfo.swift, TBSCertificate.swift, Time.swift, TimeCalculations.swift, Validity.swift, X509SendableMetatype.swift (in target 'X509' from project 'swift-certificates')
SwiftDriver JSONWebAlgorithms normal arm64 com.apple.xcode.tools.swift.compiler (in target 'JSONWebAlgorithms' from project 'jose-swift')
    cd /Users/admin/builder/spi-builder-workspace/.swiftpm/xcode
    builtin-SwiftDriver -- /Applications/Xcode-16.3.0.app/Contents/Developer/Toolchains/XcodeDefault.xctoolchain/usr/bin/swiftc -module-name JSONWebAlgorithms -Onone -enforce-exclusivity\=checked @/Users/admin/builder/spi-builder-workspace/.derivedData/Build/Intermediates.noindex/jose-swift.build/Debug-watchos/JSONWebAlgorithms.build/Objects-normal/arm64/JSONWebAlgorithms.SwiftFileList -DSWIFT_PACKAGE -DDEBUG -Xcc -fmodule-map-file\=/Users/admin/builder/spi-builder-workspace/.derivedData/Build/Intermediates.noindex/GeneratedModuleMaps-watchos/libsecp256k1.modulemap -Xcc -fmodule-map-file\=/Users/admin/builder/spi-builder-workspace/.dependencies/checkouts/zlib/Sources/Zlib/module.modulemap -Xcc -fmodule-map-file\=/Users/admin/builder/spi-builder-workspace/.derivedData/Build/Intermediates.noindex/GeneratedModuleMaps-watchos/ZlibShims.modulemap -DXcode -plugin-path /Applications/Xcode-16.3.0.app/Contents/Developer/Toolchains/XcodeDefault.xctoolchain/usr/lib/swift/host/plugins/testing -enable-experimental-feature DebugDescriptionMacro -sdk /Applications/Xcode-16.3.0.app/Contents/Developer/Platforms/WatchOS.platform/Developer/SDKs/WatchOS11.4.sdk -target arm64-apple-watchos7.0 -g -module-cache-path /Users/admin/builder/spi-builder-workspace/.derivedData/ModuleCache.noindex -Xfrontend -serialize-debugging-options -profile-coverage-mapping -profile-generate -enable-testing -index-store-path /Users/admin/builder/spi-builder-workspace/.derivedData/Index.noindex/DataStore -swift-version 6 -I /Users/admin/builder/spi-builder-workspace/.derivedData/Build/Products/Debug-watchos -I /Applications/Xcode-16.3.0.app/Contents/Developer/Platforms/WatchOS.platform/Developer/usr/lib -F /Users/admin/builder/spi-builder-workspace/.derivedData/Build/Products/Debug-watchos/PackageFrameworks -F /Users/admin/builder/spi-builder-workspace/.derivedData/Build/Products/Debug-watchos/PackageFrameworks -F /Users/admin/builder/spi-builder-workspace/.derivedData/Build/Products/Debug-watchos/PackageFrameworks -F /Users/admin/builder/spi-builder-workspace/.derivedData/Build/Products/Debug-watchos/PackageFrameworks -F /Users/admin/builder/spi-builder-workspace/.derivedData/Build/Products/Debug-watchos/PackageFrameworks -F /Users/admin/builder/spi-builder-workspace/.derivedData/Build/Products/Debug-watchos/PackageFrameworks -F /Users/admin/builder/spi-builder-workspace/.derivedData/Build/Products/Debug-watchos/PackageFrameworks -F /Users/admin/builder/spi-builder-workspace/.derivedData/Build/Products/Debug-watchos/PackageFrameworks -F /Users/admin/builder/spi-builder-workspace/.derivedData/Build/Products/Debug-watchos/PackageFrameworks -F /Users/admin/builder/spi-builder-workspace/.derivedData/Build/Products/Debug-watchos/PackageFrameworks -F /Users/admin/builder/spi-builder-workspace/.derivedData/Build/Products/Debug-watchos/PackageFrameworks -F /Users/admin/builder/spi-builder-workspace/.derivedData/Build/Products/Debug-watchos/PackageFrameworks -F /Users/admin/builder/spi-builder-workspace/.derivedData/Build/Products/Debug-watchos/PackageFrameworks -F /Users/admin/builder/spi-builder-workspace/.derivedData/Build/Products/Debug-watchos/PackageFrameworks -F /Users/admin/builder/spi-builder-workspace/.derivedData/Build/Products/Debug-watchos/PackageFrameworks -F /Users/admin/builder/spi-builder-workspace/.derivedData/Build/Products/Debug-watchos -F /Applications/Xcode-16.3.0.app/Contents/Developer/Platforms/WatchOS.platform/Developer/Library/Frameworks -F /Applications/Xcode-16.3.0.app/Contents/Developer/Platforms/WatchOS.platform/Developer/SDKs/WatchOS11.4.sdk/Developer/Library/Frameworks -c -j10 -enable-batch-mode -incremental -Xcc -ivfsstatcache -Xcc /Users/admin/builder/spi-builder-workspace/.derivedData/SDKStatCaches.noindex/watchos11.4-22T246-43efb940ff07ba2497b70ec94253f576.sdkstatcache -output-file-map /Users/admin/builder/spi-builder-workspace/.derivedData/Build/Intermediates.noindex/jose-swift.build/Debug-watchos/JSONWebAlgorithms.build/Objects-normal/arm64/JSONWebAlgorithms-OutputFileMap.json -use-frontend-parseable-output -save-temps -no-color-diagnostics -serialize-diagnostics -emit-dependencies -emit-module -emit-module-path /Users/admin/builder/spi-builder-workspace/.derivedData/Build/Intermediates.noindex/jose-swift.build/Debug-watchos/JSONWebAlgorithms.build/Objects-normal/arm64/JSONWebAlgorithms.swiftmodule -validate-clang-modules-once -clang-build-session-file /Users/admin/builder/spi-builder-workspace/.derivedData/ModuleCache.noindex/Session.modulevalidation -package-name spi_builder_workspace -Xcc -I/Users/admin/builder/spi-builder-workspace/.derivedData/Build/Intermediates.noindex/jose-swift.build/Debug-watchos/JSONWebAlgorithms.build/swift-overrides.hmap -emit-const-values -Xfrontend -const-gather-protocols-file -Xfrontend /Users/admin/builder/spi-builder-workspace/.derivedData/Build/Intermediates.noindex/jose-swift.build/Debug-watchos/JSONWebAlgorithms.build/Objects-normal/arm64/JSONWebAlgorithms_const_extract_protocols.json -Xcc -I/Users/admin/builder/spi-builder-workspace/.dependencies/checkouts/swift-crypto/Sources/CCryptoBoringSSLShims/include -Xcc -I/Users/admin/builder/spi-builder-workspace/.dependencies/checkouts/swift-crypto/Sources/CCryptoBoringSSL/include -Xcc -I/Users/admin/builder/spi-builder-workspace/.dependencies/checkouts/secp256k1.swift/Sources/libsecp256k1/include -Xcc -I/Users/admin/builder/spi-builder-workspace/.dependencies/checkouts/zlib/Sources/ZlibShims/include -Xcc -I/Users/admin/builder/spi-builder-workspace/.derivedData/Build/Products/Debug-watchos/include -Xcc -I/Users/admin/builder/spi-builder-workspace/.derivedData/Build/Intermediates.noindex/jose-swift.build/Debug-watchos/JSONWebAlgorithms.build/DerivedSources-normal/arm64 -Xcc -I/Users/admin/builder/spi-builder-workspace/.derivedData/Build/Intermediates.noindex/jose-swift.build/Debug-watchos/JSONWebAlgorithms.build/DerivedSources/arm64 -Xcc -I/Users/admin/builder/spi-builder-workspace/.derivedData/Build/Intermediates.noindex/jose-swift.build/Debug-watchos/JSONWebAlgorithms.build/DerivedSources -Xcc -DSWIFT_PACKAGE -Xcc -DDEBUG\=1 -emit-objc-header -emit-objc-header-path /Users/admin/builder/spi-builder-workspace/.derivedData/Build/Intermediates.noindex/jose-swift.build/Debug-watchos/JSONWebAlgorithms.build/Objects-normal/arm64/JSONWebAlgorithms-Swift.h -working-directory /Users/admin/builder/spi-builder-workspace/.swiftpm/xcode -experimental-emit-module-separately -disable-cmo
SwiftDriverJobDiscovery normal armv7k Compiling AllOfPolicies.swift, AnyPolicy.swift, CertificateStore.swift, CustomCertificateStore.swift, OneOfPolicies.swift, PolicyBuilder.swift, BasicConstraintsPolicy.swift, DNSNames.swift, ExpiryPolicy.swift, IPConstraints.swift (in target 'X509' from project 'swift-certificates')
SwiftDriver JSONWebAlgorithms normal arm64_32 com.apple.xcode.tools.swift.compiler (in target 'JSONWebAlgorithms' from project 'jose-swift')
    cd /Users/admin/builder/spi-builder-workspace/.swiftpm/xcode
    builtin-SwiftDriver -- /Applications/Xcode-16.3.0.app/Contents/Developer/Toolchains/XcodeDefault.xctoolchain/usr/bin/swiftc -module-name JSONWebAlgorithms -Onone -enforce-exclusivity\=checked @/Users/admin/builder/spi-builder-workspace/.derivedData/Build/Intermediates.noindex/jose-swift.build/Debug-watchos/JSONWebAlgorithms.build/Objects-normal/arm64_32/JSONWebAlgorithms.SwiftFileList -DSWIFT_PACKAGE -DDEBUG -Xcc -fmodule-map-file\=/Users/admin/builder/spi-builder-workspace/.derivedData/Build/Intermediates.noindex/GeneratedModuleMaps-watchos/libsecp256k1.modulemap -Xcc -fmodule-map-file\=/Users/admin/builder/spi-builder-workspace/.dependencies/checkouts/zlib/Sources/Zlib/module.modulemap -Xcc -fmodule-map-file\=/Users/admin/builder/spi-builder-workspace/.derivedData/Build/Intermediates.noindex/GeneratedModuleMaps-watchos/ZlibShims.modulemap -DXcode -plugin-path /Applications/Xcode-16.3.0.app/Contents/Developer/Toolchains/XcodeDefault.xctoolchain/usr/lib/swift/host/plugins/testing -enable-experimental-feature DebugDescriptionMacro -sdk /Applications/Xcode-16.3.0.app/Contents/Developer/Platforms/WatchOS.platform/Developer/SDKs/WatchOS11.4.sdk -target arm64_32-apple-watchos7.0 -g -module-cache-path /Users/admin/builder/spi-builder-workspace/.derivedData/ModuleCache.noindex -Xfrontend -serialize-debugging-options -profile-coverage-mapping -profile-generate -enable-testing -index-store-path /Users/admin/builder/spi-builder-workspace/.derivedData/Index.noindex/DataStore -swift-version 6 -I /Users/admin/builder/spi-builder-workspace/.derivedData/Build/Products/Debug-watchos -I /Applications/Xcode-16.3.0.app/Contents/Developer/Platforms/WatchOS.platform/Developer/usr/lib -F /Users/admin/builder/spi-builder-workspace/.derivedData/Build/Products/Debug-watchos/PackageFrameworks -F /Users/admin/builder/spi-builder-workspace/.derivedData/Build/Products/Debug-watchos/PackageFrameworks -F /Users/admin/builder/spi-builder-workspace/.derivedData/Build/Products/Debug-watchos/PackageFrameworks -F /Users/admin/builder/spi-builder-workspace/.derivedData/Build/Products/Debug-watchos/PackageFrameworks -F /Users/admin/builder/spi-builder-workspace/.derivedData/Build/Products/Debug-watchos/PackageFrameworks -F /Users/admin/builder/spi-builder-workspace/.derivedData/Build/Products/Debug-watchos/PackageFrameworks -F /Users/admin/builder/spi-builder-workspace/.derivedData/Build/Products/Debug-watchos/PackageFrameworks -F /Users/admin/builder/spi-builder-workspace/.derivedData/Build/Products/Debug-watchos/PackageFrameworks -F /Users/admin/builder/spi-builder-workspace/.derivedData/Build/Products/Debug-watchos/PackageFrameworks -F /Users/admin/builder/spi-builder-workspace/.derivedData/Build/Products/Debug-watchos/PackageFrameworks -F /Users/admin/builder/spi-builder-workspace/.derivedData/Build/Products/Debug-watchos/PackageFrameworks -F /Users/admin/builder/spi-builder-workspace/.derivedData/Build/Products/Debug-watchos/PackageFrameworks -F /Users/admin/builder/spi-builder-workspace/.derivedData/Build/Products/Debug-watchos/PackageFrameworks -F /Users/admin/builder/spi-builder-workspace/.derivedData/Build/Products/Debug-watchos/PackageFrameworks -F /Users/admin/builder/spi-builder-workspace/.derivedData/Build/Products/Debug-watchos/PackageFrameworks -F /Users/admin/builder/spi-builder-workspace/.derivedData/Build/Products/Debug-watchos -F /Applications/Xcode-16.3.0.app/Contents/Developer/Platforms/WatchOS.platform/Developer/Library/Frameworks -F /Applications/Xcode-16.3.0.app/Contents/Developer/Platforms/WatchOS.platform/Developer/SDKs/WatchOS11.4.sdk/Developer/Library/Frameworks -c -j10 -enable-batch-mode -incremental -Xcc -ivfsstatcache -Xcc /Users/admin/builder/spi-builder-workspace/.derivedData/SDKStatCaches.noindex/watchos11.4-22T246-43efb940ff07ba2497b70ec94253f576.sdkstatcache -output-file-map /Users/admin/builder/spi-builder-workspace/.derivedData/Build/Intermediates.noindex/jose-swift.build/Debug-watchos/JSONWebAlgorithms.build/Objects-normal/arm64_32/JSONWebAlgorithms-OutputFileMap.json -use-frontend-parseable-output -save-temps -no-color-diagnostics -serialize-diagnostics -emit-dependencies -emit-module -emit-module-path /Users/admin/builder/spi-builder-workspace/.derivedData/Build/Intermediates.noindex/jose-swift.build/Debug-watchos/JSONWebAlgorithms.build/Objects-normal/arm64_32/JSONWebAlgorithms.swiftmodule -validate-clang-modules-once -clang-build-session-file /Users/admin/builder/spi-builder-workspace/.derivedData/ModuleCache.noindex/Session.modulevalidation -package-name spi_builder_workspace -Xcc -I/Users/admin/builder/spi-builder-workspace/.derivedData/Build/Intermediates.noindex/jose-swift.build/Debug-watchos/JSONWebAlgorithms.build/swift-overrides.hmap -emit-const-values -Xfrontend -const-gather-protocols-file -Xfrontend /Users/admin/builder/spi-builder-workspace/.derivedData/Build/Intermediates.noindex/jose-swift.build/Debug-watchos/JSONWebAlgorithms.build/Objects-normal/arm64_32/JSONWebAlgorithms_const_extract_protocols.json -Xcc -I/Users/admin/builder/spi-builder-workspace/.dependencies/checkouts/swift-crypto/Sources/CCryptoBoringSSLShims/include -Xcc -I/Users/admin/builder/spi-builder-workspace/.dependencies/checkouts/swift-crypto/Sources/CCryptoBoringSSL/include -Xcc -I/Users/admin/builder/spi-builder-workspace/.dependencies/checkouts/secp256k1.swift/Sources/libsecp256k1/include -Xcc -I/Users/admin/builder/spi-builder-workspace/.dependencies/checkouts/zlib/Sources/ZlibShims/include -Xcc -I/Users/admin/builder/spi-builder-workspace/.derivedData/Build/Products/Debug-watchos/include -Xcc -I/Users/admin/builder/spi-builder-workspace/.derivedData/Build/Intermediates.noindex/jose-swift.build/Debug-watchos/JSONWebAlgorithms.build/DerivedSources-normal/arm64_32 -Xcc -I/Users/admin/builder/spi-builder-workspace/.derivedData/Build/Intermediates.noindex/jose-swift.build/Debug-watchos/JSONWebAlgorithms.build/DerivedSources/arm64_32 -Xcc -I/Users/admin/builder/spi-builder-workspace/.derivedData/Build/Intermediates.noindex/jose-swift.build/Debug-watchos/JSONWebAlgorithms.build/DerivedSources -Xcc -DSWIFT_PACKAGE -Xcc -DDEBUG\=1 -emit-objc-header -emit-objc-header-path /Users/admin/builder/spi-builder-workspace/.derivedData/Build/Intermediates.noindex/jose-swift.build/Debug-watchos/JSONWebAlgorithms.build/Objects-normal/arm64_32/JSONWebAlgorithms-Swift.h -working-directory /Users/admin/builder/spi-builder-workspace/.swiftpm/xcode -experimental-emit-module-separately -disable-cmo
SwiftDriver JSONWebAlgorithms normal armv7k com.apple.xcode.tools.swift.compiler (in target 'JSONWebAlgorithms' from project 'jose-swift')
    cd /Users/admin/builder/spi-builder-workspace/.swiftpm/xcode
    builtin-SwiftDriver -- /Applications/Xcode-16.3.0.app/Contents/Developer/Toolchains/XcodeDefault.xctoolchain/usr/bin/swiftc -module-name JSONWebAlgorithms -Onone -enforce-exclusivity\=checked @/Users/admin/builder/spi-builder-workspace/.derivedData/Build/Intermediates.noindex/jose-swift.build/Debug-watchos/JSONWebAlgorithms.build/Objects-normal/armv7k/JSONWebAlgorithms.SwiftFileList -DSWIFT_PACKAGE -DDEBUG -Xcc -fmodule-map-file\=/Users/admin/builder/spi-builder-workspace/.derivedData/Build/Intermediates.noindex/GeneratedModuleMaps-watchos/libsecp256k1.modulemap -Xcc -fmodule-map-file\=/Users/admin/builder/spi-builder-workspace/.dependencies/checkouts/zlib/Sources/Zlib/module.modulemap -Xcc -fmodule-map-file\=/Users/admin/builder/spi-builder-workspace/.derivedData/Build/Intermediates.noindex/GeneratedModuleMaps-watchos/ZlibShims.modulemap -DXcode -plugin-path /Applications/Xcode-16.3.0.app/Contents/Developer/Toolchains/XcodeDefault.xctoolchain/usr/lib/swift/host/plugins/testing -enable-experimental-feature DebugDescriptionMacro -sdk /Applications/Xcode-16.3.0.app/Contents/Developer/Platforms/WatchOS.platform/Developer/SDKs/WatchOS11.4.sdk -target armv7k-apple-watchos7.0 -g -module-cache-path /Users/admin/builder/spi-builder-workspace/.derivedData/ModuleCache.noindex -Xfrontend -serialize-debugging-options -profile-coverage-mapping -profile-generate -enable-testing -index-store-path /Users/admin/builder/spi-builder-workspace/.derivedData/Index.noindex/DataStore -swift-version 6 -I /Users/admin/builder/spi-builder-workspace/.derivedData/Build/Products/Debug-watchos -I /Applications/Xcode-16.3.0.app/Contents/Developer/Platforms/WatchOS.platform/Developer/usr/lib -F /Users/admin/builder/spi-builder-workspace/.derivedData/Build/Products/Debug-watchos/PackageFrameworks -F /Users/admin/builder/spi-builder-workspace/.derivedData/Build/Products/Debug-watchos/PackageFrameworks -F /Users/admin/builder/spi-builder-workspace/.derivedData/Build/Products/Debug-watchos/PackageFrameworks -F /Users/admin/builder/spi-builder-workspace/.derivedData/Build/Products/Debug-watchos/PackageFrameworks -F /Users/admin/builder/spi-builder-workspace/.derivedData/Build/Products/Debug-watchos/PackageFrameworks -F /Users/admin/builder/spi-builder-workspace/.derivedData/Build/Products/Debug-watchos/PackageFrameworks -F /Users/admin/builder/spi-builder-workspace/.derivedData/Build/Products/Debug-watchos/PackageFrameworks -F /Users/admin/builder/spi-builder-workspace/.derivedData/Build/Products/Debug-watchos/PackageFrameworks -F /Users/admin/builder/spi-builder-workspace/.derivedData/Build/Products/Debug-watchos/PackageFrameworks -F /Users/admin/builder/spi-builder-workspace/.derivedData/Build/Products/Debug-watchos/PackageFrameworks -F /Users/admin/builder/spi-builder-workspace/.derivedData/Build/Products/Debug-watchos/PackageFrameworks -F /Users/admin/builder/spi-builder-workspace/.derivedData/Build/Products/Debug-watchos/PackageFrameworks -F /Users/admin/builder/spi-builder-workspace/.derivedData/Build/Products/Debug-watchos/PackageFrameworks -F /Users/admin/builder/spi-builder-workspace/.derivedData/Build/Products/Debug-watchos/PackageFrameworks -F /Users/admin/builder/spi-builder-workspace/.derivedData/Build/Products/Debug-watchos/PackageFrameworks -F /Users/admin/builder/spi-builder-workspace/.derivedData/Build/Products/Debug-watchos -F /Applications/Xcode-16.3.0.app/Contents/Developer/Platforms/WatchOS.platform/Developer/Library/Frameworks -F /Applications/Xcode-16.3.0.app/Contents/Developer/Platforms/WatchOS.platform/Developer/SDKs/WatchOS11.4.sdk/Developer/Library/Frameworks -c -j10 -enable-batch-mode -incremental -Xcc -ivfsstatcache -Xcc /Users/admin/builder/spi-builder-workspace/.derivedData/SDKStatCaches.noindex/watchos11.4-22T246-43efb940ff07ba2497b70ec94253f576.sdkstatcache -output-file-map /Users/admin/builder/spi-builder-workspace/.derivedData/Build/Intermediates.noindex/jose-swift.build/Debug-watchos/JSONWebAlgorithms.build/Objects-normal/armv7k/JSONWebAlgorithms-OutputFileMap.json -use-frontend-parseable-output -save-temps -no-color-diagnostics -serialize-diagnostics -emit-dependencies -emit-module -emit-module-path /Users/admin/builder/spi-builder-workspace/.derivedData/Build/Intermediates.noindex/jose-swift.build/Debug-watchos/JSONWebAlgorithms.build/Objects-normal/armv7k/JSONWebAlgorithms.swiftmodule -validate-clang-modules-once -clang-build-session-file /Users/admin/builder/spi-builder-workspace/.derivedData/ModuleCache.noindex/Session.modulevalidation -package-name spi_builder_workspace -Xcc -I/Users/admin/builder/spi-builder-workspace/.derivedData/Build/Intermediates.noindex/jose-swift.build/Debug-watchos/JSONWebAlgorithms.build/swift-overrides.hmap -emit-const-values -Xfrontend -const-gather-protocols-file -Xfrontend /Users/admin/builder/spi-builder-workspace/.derivedData/Build/Intermediates.noindex/jose-swift.build/Debug-watchos/JSONWebAlgorithms.build/Objects-normal/armv7k/JSONWebAlgorithms_const_extract_protocols.json -Xcc -I/Users/admin/builder/spi-builder-workspace/.dependencies/checkouts/swift-crypto/Sources/CCryptoBoringSSLShims/include -Xcc -I/Users/admin/builder/spi-builder-workspace/.dependencies/checkouts/swift-crypto/Sources/CCryptoBoringSSL/include -Xcc -I/Users/admin/builder/spi-builder-workspace/.dependencies/checkouts/secp256k1.swift/Sources/libsecp256k1/include -Xcc -I/Users/admin/builder/spi-builder-workspace/.dependencies/checkouts/zlib/Sources/ZlibShims/include -Xcc -I/Users/admin/builder/spi-builder-workspace/.derivedData/Build/Products/Debug-watchos/include -Xcc -I/Users/admin/builder/spi-builder-workspace/.derivedData/Build/Intermediates.noindex/jose-swift.build/Debug-watchos/JSONWebAlgorithms.build/DerivedSources-normal/armv7k -Xcc -I/Users/admin/builder/spi-builder-workspace/.derivedData/Build/Intermediates.noindex/jose-swift.build/Debug-watchos/JSONWebAlgorithms.build/DerivedSources/armv7k -Xcc -I/Users/admin/builder/spi-builder-workspace/.derivedData/Build/Intermediates.noindex/jose-swift.build/Debug-watchos/JSONWebAlgorithms.build/DerivedSources -Xcc -DSWIFT_PACKAGE -Xcc -DDEBUG\=1 -emit-objc-header -emit-objc-header-path /Users/admin/builder/spi-builder-workspace/.derivedData/Build/Intermediates.noindex/jose-swift.build/Debug-watchos/JSONWebAlgorithms.build/Objects-normal/armv7k/JSONWebAlgorithms-Swift.h -working-directory /Users/admin/builder/spi-builder-workspace/.swiftpm/xcode -experimental-emit-module-separately -disable-cmo
SwiftDriverJobDiscovery normal armv7k Compiling SubjectKeyIdentifier.swift, Extension.swift, Extensions.swift, ExtensionsBuilder.swift, GeneralName.swift, Lock.swift, LockedValueBox.swift, BasicOCSPResponse.swift, DirectoryString.swift, OCSPCertID.swift, OCSPCertStatus.swift (in target 'X509' from project 'swift-certificates')
SwiftCompile normal arm64 Compiling\ JWK+Thumbprint.swift /Users/admin/builder/spi-builder-workspace/Sources/JSONWebKey/JWK+Thumbprint.swift (in target 'JSONWebKey' from project 'jose-swift')
SwiftCompile normal arm64 /Users/admin/builder/spi-builder-workspace/Sources/JSONWebKey/JWK+Thumbprint.swift (in target 'JSONWebKey' from project 'jose-swift')
    cd /Users/admin/builder/spi-builder-workspace/.swiftpm/xcode

SwiftDriverJobDiscovery normal armv7k Compiling StreamEncryptor.swift, String+Extension.swift, UInt128.swift, UInt16+Extension.swift, UInt32+Extension.swift, UInt64+Extension.swift, UInt8+Extension.swift, Updatable.swift, Utils.swift, XChaCha20.swift, ZeroPadding.swift (in target 'CryptoSwift' from project 'CryptoSwift')
SwiftEmitModule normal arm64 Emitting\ module\ for\ JSONWebAlgorithms (in target 'JSONWebAlgorithms' from project 'jose-swift')
EmitSwiftModule normal arm64 (in target 'JSONWebAlgorithms' from project 'jose-swift')
    cd /Users/admin/builder/spi-builder-workspace/.swiftpm/xcode

SwiftDriverJobDiscovery normal arm64 Compiling OCSPExtensionID.swift, OCSPNonce.swift, OCSPPolicy.swift, OCSPRequest.swift, OCSPResponse.swift, OCSPResponseBytes.swift, OCSPResponseData.swift, OCSPResponseStatus.swift, OCSPSignature.swift, OCSPSingleRequest.swift, OCSPSingleResponse.swift (in target 'X509' from project 'swift-certificates')
SwiftCompile normal arm64_32 Compiling\ JWK.swift /Users/admin/builder/spi-builder-workspace/Sources/JSONWebKey/JWK.swift (in target 'JSONWebKey' from project 'jose-swift')
SwiftCompile normal arm64_32 /Users/admin/builder/spi-builder-workspace/Sources/JSONWebKey/JWK.swift (in target 'JSONWebKey' from project 'jose-swift')
    cd /Users/admin/builder/spi-builder-workspace/.swiftpm/xcode

SwiftDriverJobDiscovery normal arm64_32 Compiling OCSPExtensionID.swift, OCSPNonce.swift, OCSPPolicy.swift, OCSPRequest.swift, OCSPResponse.swift, OCSPResponseBytes.swift, OCSPResponseData.swift, OCSPResponseStatus.swift, OCSPSignature.swift, OCSPSingleRequest.swift, OCSPSingleResponse.swift (in target 'X509' from project 'swift-certificates')
SwiftDriverJobDiscovery normal arm64_32 Compiling JWK+Codable.swift (in target 'JSONWebKey' from project 'jose-swift')
SwiftDriver\ Compilation X509 normal arm64 com.apple.xcode.tools.swift.compiler (in target 'X509' from project 'swift-certificates')
    cd /Users/admin/builder/spi-builder-workspace/.swiftpm/xcode
    builtin-Swift-Compilation -- /Applications/Xcode-16.3.0.app/Contents/Developer/Toolchains/XcodeDefault.xctoolchain/usr/bin/swiftc -module-name X509 -Onone -enforce-exclusivity\=checked @/Users/admin/builder/spi-builder-workspace/.derivedData/Build/Intermediates.noindex/swift-certificates.build/Debug-watchos/X509.build/Objects-normal/arm64/X509.SwiftFileList -DSWIFT_PACKAGE -DDEBUG -DXcode -enable-upcoming-feature MemberImportVisibility -plugin-path /Applications/Xcode-16.3.0.app/Contents/Developer/Toolchains/XcodeDefault.xctoolchain/usr/lib/swift/host/plugins/testing -enable-experimental-feature DebugDescriptionMacro -sdk /Applications/Xcode-16.3.0.app/Contents/Developer/Platforms/WatchOS.platform/Developer/SDKs/WatchOS11.4.sdk -target arm64-apple-watchos5.0 -g -module-cache-path /Users/admin/builder/spi-builder-workspace/.derivedData/ModuleCache.noindex -Xfrontend -serialize-debugging-options -profile-coverage-mapping -profile-generate -enable-testing -suppress-warnings -index-store-path /Users/admin/builder/spi-builder-workspace/.derivedData/Index.noindex/DataStore -swift-version 6 -I /Users/admin/builder/spi-builder-workspace/.derivedData/Build/Products/Debug-watchos -I /Applications/Xcode-16.3.0.app/Contents/Developer/Platforms/WatchOS.platform/Developer/usr/lib -F /Users/admin/builder/spi-builder-workspace/.derivedData/Build/Products/Debug-watchos/PackageFrameworks -F /Users/admin/builder/spi-builder-workspace/.derivedData/Build/Products/Debug-watchos/PackageFrameworks -F /Users/admin/builder/spi-builder-workspace/.derivedData/Build/Products/Debug-watchos/PackageFrameworks -F /Users/admin/builder/spi-builder-workspace/.derivedData/Build/Products/Debug-watchos/PackageFrameworks -F /Users/admin/builder/spi-builder-workspace/.derivedData/Build/Products/Debug-watchos/PackageFrameworks -F /Users/admin/builder/spi-builder-workspace/.derivedData/Build/Products/Debug-watchos/PackageFrameworks -F /Users/admin/builder/spi-builder-workspace/.derivedData/Build/Products/Debug-watchos/PackageFrameworks -F /Users/admin/builder/spi-builder-workspace/.derivedData/Build/Products/Debug-watchos/PackageFrameworks -F /Users/admin/builder/spi-builder-workspace/.derivedData/Build/Products/Debug-watchos -F /Applications/Xcode-16.3.0.app/Contents/Developer/Platforms/WatchOS.platform/Developer/Library/Frameworks -F /Applications/Xcode-16.3.0.app/Contents/Developer/Platforms/WatchOS.platform/Developer/SDKs/WatchOS11.4.sdk/Developer/Library/Frameworks -c -j10 -enable-batch-mode -incremental -Xcc -ivfsstatcache -Xcc /Users/admin/builder/spi-builder-workspace/.derivedData/SDKStatCaches.noindex/watchos11.4-22T246-43efb940ff07ba2497b70ec94253f576.sdkstatcache -output-file-map /Users/admin/builder/spi-builder-workspace/.derivedData/Build/Intermediates.noindex/swift-certificates.build/Debug-watchos/X509.build/Objects-normal/arm64/X509-OutputFileMap.json -use-frontend-parseable-output -save-temps -no-color-diagnostics -serialize-diagnostics -emit-dependencies -emit-module -emit-module-path /Users/admin/builder/spi-builder-workspace/.derivedData/Build/Intermediates.noindex/swift-certificates.build/Debug-watchos/X509.build/Objects-normal/arm64/X509.swiftmodule -user-module-version 1.19.4 -validate-clang-modules-once -clang-build-session-file /Users/admin/builder/spi-builder-workspace/.derivedData/ModuleCache.noindex/Session.modulevalidation -package-name swift_certificates -Xcc -I/Users/admin/builder/spi-builder-workspace/.derivedData/Build/Intermediates.noindex/swift-certificates.build/Debug-watchos/X509.build/swift-overrides.hmap -emit-const-values -Xfrontend -const-gather-protocols-file -Xfrontend /Users/admin/builder/spi-builder-workspace/.derivedData/Build/Intermediates.noindex/swift-certificates.build/Debug-watchos/X509.build/Objects-normal/arm64/X509_const_extract_protocols.json -Xcc -I/Users/admin/builder/spi-builder-workspace/.dependencies/checkouts/swift-crypto/Sources/CCryptoBoringSSLShims/include -Xcc -I/Users/admin/builder/spi-builder-workspace/.dependencies/checkouts/swift-crypto/Sources/CCryptoBoringSSL/include -Xcc -I/Users/admin/builder/spi-builder-workspace/.derivedData/Build/Products/Debug-watchos/include -Xcc -I/Users/admin/builder/spi-builder-workspace/.derivedData/Build/Intermediates.noindex/swift-certificates.build/Debug-watchos/X509.build/DerivedSources-normal/arm64 -Xcc -I/Users/admin/builder/spi-builder-workspace/.derivedData/Build/Intermediates.noindex/swift-certificates.build/Debug-watchos/X509.build/DerivedSources/arm64 -Xcc -I/Users/admin/builder/spi-builder-workspace/.derivedData/Build/Intermediates.noindex/swift-certificates.build/Debug-watchos/X509.build/DerivedSources -Xcc -DSWIFT_PACKAGE -Xcc -DDEBUG\=1 -emit-objc-header -emit-objc-header-path /Users/admin/builder/spi-builder-workspace/.derivedData/Build/Intermediates.noindex/swift-certificates.build/Debug-watchos/X509.build/Objects-normal/arm64/X509-Swift.h -working-directory /Users/admin/builder/spi-builder-workspace/.swiftpm/xcode -experimental-emit-module-separately -disable-cmo
SwiftCompile normal armv7k Compiling\ JWK+PEM.swift /Users/admin/builder/spi-builder-workspace/Sources/JSONWebKey/JWK+PEM.swift (in target 'JSONWebKey' from project 'jose-swift')
SwiftCompile normal armv7k /Users/admin/builder/spi-builder-workspace/Sources/JSONWebKey/JWK+PEM.swift (in target 'JSONWebKey' from project 'jose-swift')
    cd /Users/admin/builder/spi-builder-workspace/.swiftpm/xcode

SwiftCompile normal arm64_32 Compiling\ JWK+Error.swift /Users/admin/builder/spi-builder-workspace/Sources/JSONWebKey/JWK+Error.swift (in target 'JSONWebKey' from project 'jose-swift')
SwiftCompile normal arm64_32 /Users/admin/builder/spi-builder-workspace/Sources/JSONWebKey/JWK+Error.swift (in target 'JSONWebKey' from project 'jose-swift')
    cd /Users/admin/builder/spi-builder-workspace/.swiftpm/xcode

SwiftDriverJobDiscovery normal arm64_32 Compiling StreamEncryptor.swift, String+Extension.swift, UInt128.swift, UInt16+Extension.swift, UInt32+Extension.swift, UInt64+Extension.swift, UInt8+Extension.swift, Updatable.swift, Utils.swift, XChaCha20.swift, ZeroPadding.swift (in target 'CryptoSwift' from project 'CryptoSwift')
SwiftCompile normal arm64_32 Compiling\ JWKSet.swift /Users/admin/builder/spi-builder-workspace/Sources/JSONWebKey/JWKSet.swift (in target 'JSONWebKey' from project 'jose-swift')
SwiftCompile normal arm64_32 /Users/admin/builder/spi-builder-workspace/Sources/JSONWebKey/JWKSet.swift (in target 'JSONWebKey' from project 'jose-swift')
    cd /Users/admin/builder/spi-builder-workspace/.swiftpm/xcode

SwiftDriverJobDiscovery normal arm64 Compiling JWK+Thumbprint.swift (in target 'JSONWebKey' from project 'jose-swift')
SwiftCompile normal arm64 Compiling\ JWK+Error.swift /Users/admin/builder/spi-builder-workspace/Sources/JSONWebKey/JWK+Error.swift (in target 'JSONWebKey' from project 'jose-swift')
SwiftCompile normal arm64 /Users/admin/builder/spi-builder-workspace/Sources/JSONWebKey/JWK+Error.swift (in target 'JSONWebKey' from project 'jose-swift')
    cd /Users/admin/builder/spi-builder-workspace/.swiftpm/xcode

SwiftCompile normal armv7k Compiling\ JWKSet.swift /Users/admin/builder/spi-builder-workspace/Sources/JSONWebKey/JWKSet.swift (in target 'JSONWebKey' from project 'jose-swift')
SwiftCompile normal armv7k /Users/admin/builder/spi-builder-workspace/Sources/JSONWebKey/JWKSet.swift (in target 'JSONWebKey' from project 'jose-swift')
    cd /Users/admin/builder/spi-builder-workspace/.swiftpm/xcode

SwiftCompile normal armv7k Compiling\ JWK.swift /Users/admin/builder/spi-builder-workspace/Sources/JSONWebKey/JWK.swift (in target 'JSONWebKey' from project 'jose-swift')
SwiftCompile normal armv7k /Users/admin/builder/spi-builder-workspace/Sources/JSONWebKey/JWK.swift (in target 'JSONWebKey' from project 'jose-swift')
    cd /Users/admin/builder/spi-builder-workspace/.swiftpm/xcode

SwiftDriverJobDiscovery normal armv7k Compiling CustomPrivateKey.swift, Digests.swift, DistinguishedName.swift, CommonName.swift, CountryName.swift, DNBuilder.swift, DomainComponent.swift, EmailAddress.swift, LocalityName.swift, OrganizationName.swift, OrganizationalUnitName.swift (in target 'X509' from project 'swift-certificates')
SwiftEmitModule normal arm64_32 Emitting\ module\ for\ JSONWebAlgorithms (in target 'JSONWebAlgorithms' from project 'jose-swift')
EmitSwiftModule normal arm64_32 (in target 'JSONWebAlgorithms' from project 'jose-swift')
    cd /Users/admin/builder/spi-builder-workspace/.swiftpm/xcode

SwiftDriverJobDiscovery normal arm64_32 Compiling JWK+Error.swift (in target 'JSONWebKey' from project 'jose-swift')
SwiftEmitModule normal armv7k Emitting\ module\ for\ JSONWebAlgorithms (in target 'JSONWebAlgorithms' from project 'jose-swift')
EmitSwiftModule normal armv7k (in target 'JSONWebAlgorithms' from project 'jose-swift')
    cd /Users/admin/builder/spi-builder-workspace/.swiftpm/xcode

SwiftDriverJobDiscovery normal arm64_32 Compiling JWK.swift (in target 'JSONWebKey' from project 'jose-swift')
SwiftDriverJobDiscovery normal arm64 Compiling JWK+Error.swift (in target 'JSONWebKey' from project 'jose-swift')
SwiftDriver\ Compilation X509 normal armv7k com.apple.xcode.tools.swift.compiler (in target 'X509' from project 'swift-certificates')
    cd /Users/admin/builder/spi-builder-workspace/.swiftpm/xcode
    builtin-Swift-Compilation -- /Applications/Xcode-16.3.0.app/Contents/Developer/Toolchains/XcodeDefault.xctoolchain/usr/bin/swiftc -module-name X509 -Onone -enforce-exclusivity\=checked @/Users/admin/builder/spi-builder-workspace/.derivedData/Build/Intermediates.noindex/swift-certificates.build/Debug-watchos/X509.build/Objects-normal/armv7k/X509.SwiftFileList -DSWIFT_PACKAGE -DDEBUG -DXcode -enable-upcoming-feature MemberImportVisibility -plugin-path /Applications/Xcode-16.3.0.app/Contents/Developer/Toolchains/XcodeDefault.xctoolchain/usr/lib/swift/host/plugins/testing -enable-experimental-feature DebugDescriptionMacro -sdk /Applications/Xcode-16.3.0.app/Contents/Developer/Platforms/WatchOS.platform/Developer/SDKs/WatchOS11.4.sdk -target armv7k-apple-watchos5.0 -g -module-cache-path /Users/admin/builder/spi-builder-workspace/.derivedData/ModuleCache.noindex -Xfrontend -serialize-debugging-options -profile-coverage-mapping -profile-generate -enable-testing -suppress-warnings -index-store-path /Users/admin/builder/spi-builder-workspace/.derivedData/Index.noindex/DataStore -swift-version 6 -I /Users/admin/builder/spi-builder-workspace/.derivedData/Build/Products/Debug-watchos -I /Applications/Xcode-16.3.0.app/Contents/Developer/Platforms/WatchOS.platform/Developer/usr/lib -F /Users/admin/builder/spi-builder-workspace/.derivedData/Build/Products/Debug-watchos/PackageFrameworks -F /Users/admin/builder/spi-builder-workspace/.derivedData/Build/Products/Debug-watchos/PackageFrameworks -F /Users/admin/builder/spi-builder-workspace/.derivedData/Build/Products/Debug-watchos/PackageFrameworks -F /Users/admin/builder/spi-builder-workspace/.derivedData/Build/Products/Debug-watchos/PackageFrameworks -F /Users/admin/builder/spi-builder-workspace/.derivedData/Build/Products/Debug-watchos/PackageFrameworks -F /Users/admin/builder/spi-builder-workspace/.derivedData/Build/Products/Debug-watchos/PackageFrameworks -F /Users/admin/builder/spi-builder-workspace/.derivedData/Build/Products/Debug-watchos/PackageFrameworks -F /Users/admin/builder/spi-builder-workspace/.derivedData/Build/Products/Debug-watchos/PackageFrameworks -F /Users/admin/builder/spi-builder-workspace/.derivedData/Build/Products/Debug-watchos -F /Applications/Xcode-16.3.0.app/Contents/Developer/Platforms/WatchOS.platform/Developer/Library/Frameworks -F /Applications/Xcode-16.3.0.app/Contents/Developer/Platforms/WatchOS.platform/Developer/SDKs/WatchOS11.4.sdk/Developer/Library/Frameworks -c -j10 -enable-batch-mode -incremental -Xcc -ivfsstatcache -Xcc /Users/admin/builder/spi-builder-workspace/.derivedData/SDKStatCaches.noindex/watchos11.4-22T246-43efb940ff07ba2497b70ec94253f576.sdkstatcache -output-file-map /Users/admin/builder/spi-builder-workspace/.derivedData/Build/Intermediates.noindex/swift-certificates.build/Debug-watchos/X509.build/Objects-normal/armv7k/X509-OutputFileMap.json -use-frontend-parseable-output -save-temps -no-color-diagnostics -serialize-diagnostics -emit-dependencies -emit-module -emit-module-path /Users/admin/builder/spi-builder-workspace/.derivedData/Build/Intermediates.noindex/swift-certificates.build/Debug-watchos/X509.build/Objects-normal/armv7k/X509.swiftmodule -user-module-version 1.19.4 -validate-clang-modules-once -clang-build-session-file /Users/admin/builder/spi-builder-workspace/.derivedData/ModuleCache.noindex/Session.modulevalidation -package-name swift_certificates -Xcc -I/Users/admin/builder/spi-builder-workspace/.derivedData/Build/Intermediates.noindex/swift-certificates.build/Debug-watchos/X509.build/swift-overrides.hmap -emit-const-values -Xfrontend -const-gather-protocols-file -Xfrontend /Users/admin/builder/spi-builder-workspace/.derivedData/Build/Intermediates.noindex/swift-certificates.build/Debug-watchos/X509.build/Objects-normal/armv7k/X509_const_extract_protocols.json -Xcc -I/Users/admin/builder/spi-builder-workspace/.dependencies/checkouts/swift-crypto/Sources/CCryptoBoringSSLShims/include -Xcc -I/Users/admin/builder/spi-builder-workspace/.dependencies/checkouts/swift-crypto/Sources/CCryptoBoringSSL/include -Xcc -I/Users/admin/builder/spi-builder-workspace/.derivedData/Build/Products/Debug-watchos/include -Xcc -I/Users/admin/builder/spi-builder-workspace/.derivedData/Build/Intermediates.noindex/swift-certificates.build/Debug-watchos/X509.build/DerivedSources-normal/armv7k -Xcc -I/Users/admin/builder/spi-builder-workspace/.derivedData/Build/Intermediates.noindex/swift-certificates.build/Debug-watchos/X509.build/DerivedSources/armv7k -Xcc -I/Users/admin/builder/spi-builder-workspace/.derivedData/Build/Intermediates.noindex/swift-certificates.build/Debug-watchos/X509.build/DerivedSources -Xcc -DSWIFT_PACKAGE -Xcc -DDEBUG\=1 -emit-objc-header -emit-objc-header-path /Users/admin/builder/spi-builder-workspace/.derivedData/Build/Intermediates.noindex/swift-certificates.build/Debug-watchos/X509.build/Objects-normal/armv7k/X509-Swift.h -working-directory /Users/admin/builder/spi-builder-workspace/.swiftpm/xcode -experimental-emit-module-separately -disable-cmo
SwiftCompile normal arm64 Compiling\ JWK+Codable.swift /Users/admin/builder/spi-builder-workspace/Sources/JSONWebKey/JWK+Codable.swift (in target 'JSONWebKey' from project 'jose-swift')
SwiftCompile normal arm64 /Users/admin/builder/spi-builder-workspace/Sources/JSONWebKey/JWK+Codable.swift (in target 'JSONWebKey' from project 'jose-swift')
    cd /Users/admin/builder/spi-builder-workspace/.swiftpm/xcode

SwiftCompile normal armv7k Compiling\ AESGCM+KeyUnwrap.swift,\ AESKeyUnwrap+KeyUnwrap.swift,\ AESKeyWrap+KeyEncryption.swift,\ KeyUnwrap.swift,\ KeyWrapping.swift,\ MockKeyEncryption.swift,\ RSA15KeyUnwrap+KeyUnwrapping.swift,\ RSA15KeyWrapper+KeyEncryption.swift,\ RSAOAEP256KeyUnwrap+KeyUnwrapping.swift,\ RSAOAEP256KeyWrap+KeyEncryption.swift /Users/admin/builder/spi-builder-workspace/Sources/JSONWebAlgorithms/KeyManagement/KeyEncryption/AES/AESGCM+KeyUnwrap.swift /Users/admin/builder/spi-builder-workspace/Sources/JSONWebAlgorithms/KeyManagement/KeyEncryption/AES/AESKeyUnwrap+KeyUnwrap.swift /Users/admin/builder/spi-builder-workspace/Sources/JSONWebAlgorithms/KeyManagement/KeyEncryption/AES/AESKeyWrap+KeyEncryption.swift /Users/admin/builder/spi-builder-workspace/Sources/JSONWebAlgorithms/KeyManagement/KeyEncryption/KeyUnwrap.swift /Users/admin/builder/spi-builder-workspace/Sources/JSONWebAlgorithms/KeyManagement/KeyEncryption/KeyWrapping.swift /Users/admin/builder/spi-builder-workspace/Sources/JSONWebAlgorithms/KeyManagement/KeyEncryption/MockKeyEncryption.swift /Users/admin/builder/spi-builder-workspace/Sources/JSONWebAlgorithms/KeyManagement/KeyEncryption/RSA/RSA15KeyUnwrap+KeyUnwrapping.swift /Users/admin/builder/spi-builder-workspace/Sources/JSONWebAlgorithms/KeyManagement/KeyEncryption/RSA/RSA15KeyWrapper+KeyEncryption.swift /Users/admin/builder/spi-builder-workspace/Sources/JSONWebAlgorithms/KeyManagement/KeyEncryption/RSA/RSAOAEP256KeyUnwrap+KeyUnwrapping.swift /Users/admin/builder/spi-builder-workspace/Sources/JSONWebAlgorithms/KeyManagement/KeyEncryption/RSA/RSAOAEP256KeyWrap+KeyEncryption.swift (in target 'JSONWebAlgorithms' from project 'jose-swift')
Failed frontend command:
/Applications/Xcode-16.3.0.app/Contents/Developer/Toolchains/XcodeDefault.xctoolchain/usr/bin/swift-frontend -frontend -c /Users/admin/builder/spi-builder-workspace/Sources/JSONWebAlgorithms/Compression/ContentCompressionAlgorithm.swift /Users/admin/builder/spi-builder-workspace/Sources/JSONWebAlgorithms/Compression/ContentCompressor.swift /Users/admin/builder/spi-builder-workspace/Sources/JSONWebAlgorithms/Compression/ZIP/Zip+ContentCompressor.swift /Users/admin/builder/spi-builder-workspace/Sources/JSONWebAlgorithms/ContentEncryption/AES/AES128GCM+ContentEncryptor.swift /Users/admin/builder/spi-builder-workspace/Sources/JSONWebAlgorithms/ContentEncryption/AES/AES192GCM+ContentEncryptor.swift /Users/admin/builder/spi-builder-workspace/Sources/JSONWebAlgorithms/ContentEncryption/AES/AES256GCM+ContentEncryptor.swift /Users/admin/builder/spi-builder-workspace/Sources/JSONWebAlgorithms/ContentEncryption/AES/AESCBC_SHA256+ContentEncryptor.swift /Users/admin/builder/spi-builder-workspace/Sources/JSONWebAlgorithms/ContentEncryption/AES/AESCBC_SHA384+ContentEncryptor.swift /Users/admin/builder/spi-builder-workspace/Sources/JSONWebAlgorithms/ContentEncryption/AES/AESCBC_SHA512+ContentEncryptor.swift /Users/admin/builder/spi-builder-workspace/Sources/JSONWebAlgorithms/ContentEncryption/ChaChaPoly/C20P+ContentEncryption.swift /Users/admin/builder/spi-builder-workspace/Sources/JSONWebAlgorithms/ContentEncryption/ChaChaPoly/XC20P+ContentEncryption.swift /Users/admin/builder/spi-builder-workspace/Sources/JSONWebAlgorithms/ContentEncryption/ContentDecryptor.swift /Users/admin/builder/spi-builder-workspace/Sources/JSONWebAlgorithms/ContentEncryption/ContentEncryptionAlgorithm.swift /Users/admin/builder/spi-builder-workspace/Sources/JSONWebAlgorithms/ContentEncryption/ContentEncryptor.swift /Users/admin/builder/spi-builder-workspace/Sources/JSONWebAlgorithms/ContentEncryption/MockContentEncryptor.swift /Users/admin/builder/spi-builder-workspace/Sources/JSONWebAlgorithms/CryptoError.swift /Users/admin/builder/spi-builder-workspace/Sources/JSONWebAlgorithms/CryptoImplementation/AES/AESCBC_SHA.swift /Users/admin/builder/spi-builder-workspace/Sources/JSONWebAlgorithms/CryptoImplementation/AES/AESGCM.swift /Users/admin/builder/spi-builder-workspace/Sources/JSONWebAlgorithms/CryptoImplementation/ConcatKDF/ConcatKDF.swift /Users/admin/builder/spi-builder-workspace/Sources/JSONWebAlgorithms/CryptoImplementation/ECDH/ECDH1PU.swift /Users/admin/builder/spi-builder-workspace/Sources/JSONWebAlgorithms/CryptoImplementation/ECDH/ECDHES.swift /Users/admin/builder/spi-builder-workspace/Sources/JSONWebAlgorithms/CryptoImplementation/JWKCryptoPresentation.swift /Users/admin/builder/spi-builder-workspace/Sources/JSONWebAlgorithms/CryptoImplementation/KeyAgreement/Curve25519/Curve25519+KeyAgreement.swift /Users/admin/builder/spi-builder-workspace/Sources/JSONWebAlgorithms/CryptoImplementation/KeyAgreement/EC/P256+KeyAgreement.swift /Users/admin/builder/spi-builder-workspace/Sources/JSONWebAlgorithms/CryptoImplementation/KeyAgreement/EC/P384+KeyAgreement.swift /Users/admin/builder/spi-builder-workspace/Sources/JSONWebAlgorithms/CryptoImplementation/KeyAgreement/EC/P521+KeyAgreement.swift /Users/admin/builder/spi-builder-workspace/Sources/JSONWebAlgorithms/CryptoImplementation/KeyAgreement/EC/secp256k1+KeyAgreement.swift /Users/admin/builder/spi-builder-workspace/Sources/JSONWebAlgorithms/CryptoImplementation/KeyAgreement/JWK+KeyAgreement.swift /Users/admin/builder/spi-builder-workspace/Sources/JSONWebAlgorithms/CryptoImplementation/KeyAgreement/SharedKeyAgreement.swift /Users/admin/builder/spi-builder-workspace/Sources/JSONWebAlgorithms/CryptoImplementation/KeyGeneration/Curve25519/Curve25519+KeyGeneration.swift /Users/admin/builder/spi-builder-workspace/Sources/JSONWebAlgorithms/CryptoImplementation/KeyGeneration/EC/P256+KeyGeneration.swift /Users/admin/builder/spi-builder-workspace/Sources/JSONWebAlgorithms/CryptoImplementation/KeyGeneration/EC/P384+KeyGeneration.swift /Users/admin/builder/spi-builder-workspace/Sources/JSONWebAlgorithms/CryptoImplementation/KeyGeneration/EC/P521+KeyGeneration.swift /Users/admin/builder/spi-builder-workspace/Sources/JSONWebAlgorithms/CryptoImplementation/KeyGeneration/EC/secp256k1+KeyGeneration.swift /Users/admin/builder/spi-builder-workspace/Sources/JSONWebAlgorithms/CryptoImplementation/KeyGeneration/JWK+KeyGeneration.swift /Users/admin/builder/spi-builder-workspace/Sources/JSONWebAlgorithms/CryptoImplementation/KeyGeneration/KeyGeneration.swift /Users/admin/builder/spi-builder-workspace/Sources/JSONWebAlgorithms/CryptoImplementation/SecureRandom/SecureRandom.swift /Users/admin/builder/spi-builder-workspace/Sources/JSONWebAlgorithms/JWARegisteredFieldsHeader.swift /Users/admin/builder/spi-builder-workspace/Sources/JSONWebAlgorithms/KeyManagement/JWKRepresentable.swift /Users/admin/builder/spi-builder-workspace/Sources/JSONWebAlgorithms/KeyManagement/KeyAgreement/ECDH/ECDH1PU+KeyAgreementZ.swift /Users/admin/builder/spi-builder-workspace/Sources/JSONWebAlgorithms/KeyManagement/KeyAgreement/ECDH/ECDHES+KeyAgreementZ.swift /Users/admin/builder/spi-builder-workspace/Sources/JSONWebAlgorithms/KeyManagement/KeyAgreement/KeyAgreementZ.swift /Users/admin/builder/spi-builder-workspace/Sources/JSONWebAlgorithms/KeyManagement/KeyAgreement/MockKeyAgreementZ.swift /Users/admin/builder/spi-builder-workspace/Sources/JSONWebAlgorithms/KeyManagement/KeyDerivation/ECDH/ECDH1PU+KeyDerivation.swift /Users/admin/builder/spi-builder-workspace/Sources/JSONWebAlgorithms/KeyManagement/KeyDerivation/ECDH/ECDHES+KeyDerivation.swift /Users/admin/builder/spi-builder-workspace/Sources/JSONWebAlgorithms/KeyManagement/KeyDerivation/KeyDerivation.swift /Users/admin/builder/spi-builder-workspace/Sources/JSONWebAlgorithms/KeyManagement/KeyDerivation/MockKeyDerivation.swift /Users/admin/builder/spi-builder-workspace/Sources/JSONWebAlgorithms/KeyManagement/KeyDerivation/PBES2/PBE2_SHA256_A128KW+KeyEncryption.swift /Users/admin/builder/spi-builder-workspace/Sources/JSONWebAlgorithms/KeyManagement/KeyDerivation/PBES2/PBE2_SHA384_A192KW+KeyEncryption.swift /Users/admin/builder/spi-builder-workspace/Sources/JSONWebAlgorithms/KeyManagement/KeyDerivation/PBES2/PBE2_SHA512_A256KW+KeyEncryption.swift /Users/admin/builder/spi-builder-workspace/Sources/JSONWebAlgorithms/KeyManagement/KeyDerivation/PBES2/PBES2SHA.swift /Users/admin/builder/spi-builder-workspace/Sources/JSONWebAlgorithms/KeyManagement/KeyEncryption/AES/AES128GCM+KeyEncryption.swift /Users/admin/builder/spi-builder-workspace/Sources/JSONWebAlgorithms/KeyManagement/KeyEncryption/AES/AES192GCM+KeyEncryption.swift /Users/admin/builder/spi-builder-workspace/Sources/JSONWebAlgorithms/KeyManagement/KeyEncryption/AES/AES256GCM+KeyEncryption.swift -primary-file /Users/admin/builder/spi-builder-workspace/Sources/JSONWebAlgorithms/KeyManagement/KeyEncryption/AES/AESGCM+KeyUnwrap.swift -primary-file /Users/admin/builder/spi-builder-workspace/Sources/JSONWebAlgorithms/KeyManagement/KeyEncryption/AES/AESKeyUnwrap+KeyUnwrap.swift -primary-file /Users/admin/builder/spi-builder-workspace/Sources/JSONWebAlgorithms/KeyManagement/KeyEncryption/AES/AESKeyWrap+KeyEncryption.swift -primary-file /Users/admin/builder/spi-builder-workspace/Sources/JSONWebAlgorithms/KeyManagement/KeyEncryption/KeyUnwrap.swift -primary-file /Users/admin/builder/spi-builder-workspace/Sources/JSONWebAlgorithms/KeyManagement/KeyEncryption/KeyWrapping.swift -primary-file /Users/admin/builder/spi-builder-workspace/Sources/JSONWebAlgorithms/KeyManagement/KeyEncryption/MockKeyEncryption.swift -primary-file /Users/admin/builder/spi-builder-workspace/Sources/JSONWebAlgorithms/KeyManagement/KeyEncryption/RSA/RSA15KeyUnwrap+KeyUnwrapping.swift -primary-file /Users/admin/builder/spi-builder-workspace/Sources/JSONWebAlgorithms/KeyManagement/KeyEncryption/RSA/RSA15KeyWrapper+KeyEncryption.swift -primary-file /Users/admin/builder/spi-builder-workspace/Sources/JSONWebAlgorithms/KeyManagement/KeyEncryption/RSA/RSAOAEP256KeyUnwrap+KeyUnwrapping.swift -primary-file /Users/admin/builder/spi-builder-workspace/Sources/JSONWebAlgorithms/KeyManagement/KeyEncryption/RSA/RSAOAEP256KeyWrap+KeyEncryption.swift /Users/admin/builder/spi-builder-workspace/Sources/JSONWebAlgorithms/KeyManagement/KeyEncryption/RSA/RSAOAEPKeyUnwrap+KeyUnwrapping.swift /Users/admin/builder/spi-builder-workspace/Sources/JSONWebAlgorithms/KeyManagement/KeyEncryption/RSA/RSAOAEPKeyWrap+KeyEncryption.swift /Users/admin/builder/spi-builder-workspace/Sources/JSONWebAlgorithms/KeyManagement/KeyEncryptionAlgorithm.swift /Users/admin/builder/spi-builder-workspace/Sources/JSONWebAlgorithms/KeyManagement/KeyRepresentable/DataKey.swift /Users/admin/builder/spi-builder-workspace/Sources/JSONWebAlgorithms/KeyManagement/KeyRepresentable/KeyRepresentable.swift /Users/admin/builder/spi-builder-workspace/Sources/JSONWebAlgorithms/KeyManagement/KeyRepresentable/SecKeyExtended.swift /Users/admin/builder/spi-builder-workspace/Sources/JSONWebAlgorithms/Signatures/Curve25519/EdDSASigner.swift /Users/admin/builder/spi-builder-workspace/Sources/JSONWebAlgorithms/Signatures/Curve25519/EdDSAVerifier.swift /Users/admin/builder/spi-builder-workspace/Sources/JSONWebAlgorithms/Signatures/EC/Signers/ES256KSigner.swift /Users/admin/builder/spi-builder-workspace/Sources/JSONWebAlgorithms/Signatures/EC/Signers/ES256Signer.swift /Users/admin/builder/spi-builder-workspace/Sources/JSONWebAlgorithms/Signatures/EC/Signers/ES384Signer.swift /Users/admin/builder/spi-builder-workspace/Sources/JSONWebAlgorithms/Signatures/EC/Signers/ES521Signer.swift /Users/admin/builder/spi-builder-workspace/Sources/JSONWebAlgorithms/Signatures/EC/Verifiers/ES256KVerifier.swift /Users/admin/builder/spi-builder-workspace/Sources/JSONWebAlgorithms/Signatures/EC/Verifiers/ES256Verifier.swift /Users/admin/builder/spi-builder-workspace/Sources/JSONWebAlgorithms/Signatures/EC/Verifiers/ES384Verifier.swift /Users/admin/builder/spi-builder-workspace/Sources/JSONWebAlgorithms/Signatures/EC/Verifiers/ES521Verifier.swift /Users/admin/builder/spi-builder-workspace/Sources/JSONWebAlgorithms/Signatures/HMAC/Signers/HS256Signer.swift /Users/admin/builder/spi-builder-workspace/Sources/JSONWebAlgorithms/Signatures/HMAC/Signers/HS384Signer.swift /Users/admin/builder/spi-builder-workspace/Sources/JSONWebAlgorithms/Signatures/HMAC/Signers/HS512Signer.swift /Users/admin/builder/spi-builder-workspace/Sources/JSONWebAlgorithms/Signatures/HMAC/Verifiers/HS256Verifier.swift /Users/admin/builder/spi-builder-workspace/Sources/JSONWebAlgorithms/Signatures/HMAC/Verifiers/HS384Verifier.swift /Users/admin/builder/spi-builder-workspace/Sources/JSONWebAlgorithms/Signatures/HMAC/Verifiers/HS512Verifier.swift /Users/admin/builder/spi-builder-workspace/Sources/JSONWebAlgorithms/Signatures/MockedSigner.swift /Users/admin/builder/spi-builder-workspace/Sources/JSONWebAlgorithms/Signatures/MockedVerifier.swift /Users/admin/builder/spi-builder-workspace/Sources/JSONWebAlgorithms/Signatures/RSA/Helpers/RSA+Security.swift /Users/admin/builder/spi-builder-workspace/Sources/JSONWebAlgorithms/Signatures/RSA/Signers/PS256Signer.swift /Users/admin/builder/spi-builder-workspace/Sources/JSONWebAlgorithms/Signatures/RSA/Signers/PS384Signer.swift /Users/admin/builder/spi-builder-workspace/Sources/JSONWebAlgorithms/Signatures/RSA/Signers/PS512Signer.swift /Users/admin/builder/spi-builder-workspace/Sources/JSONWebAlgorithms/Signatures/RSA/Signers/RS256Signer.swift /Users/admin/builder/spi-builder-workspace/Sources/JSONWebAlgorithms/Signatures/RSA/Signers/RS384Signer.swift /Users/admin/builder/spi-builder-workspace/Sources/JSONWebAlgorithms/Signatures/RSA/Signers/RS512Signer.swift /Users/admin/builder/spi-builder-workspace/Sources/JSONWebAlgorithms/Signatures/RSA/Verifiers/PS256Verifier.swift /Users/admin/builder/spi-builder-workspace/Sources/JSONWebAlgorithms/Signatures/RSA/Verifiers/PS384Verifier.swift /Users/admin/builder/spi-builder-workspace/Sources/JSONWebAlgorithms/Signatures/RSA/Verifiers/PS512Verifier.swift /Users/admin/builder/spi-builder-workspace/Sources/JSONWebAlgorithms/Signatures/RSA/Verifiers/RS256Verifier.swift /Users/admin/builder/spi-builder-workspace/Sources/JSONWebAlgorithms/Signatures/RSA/Verifiers/RS384Verifier.swift /Users/admin/builder/spi-builder-workspace/Sources/JSONWebAlgorithms/Signatures/RSA/Verifiers/RS512Verifier.swift /Users/admin/builder/spi-builder-workspace/Sources/JSONWebAlgorithms/Signatures/Signer.swift /Users/admin/builder/spi-builder-workspace/Sources/JSONWebAlgorithms/Signatures/SigningAlgorithm.swift /Users/admin/builder/spi-builder-workspace/Sources/JSONWebAlgorithms/Signatures/Verifier.swift -supplementary-output-file-map /Users/admin/builder/spi-builder-workspace/.derivedData/Build/Intermediates.noindex/jose-swift.build/Debug-watchos/JSONWebAlgorithms.build/Objects-normal/armv7k/supplementaryOutputs-346 -target armv7k-apple-watchos7.0 -enable-objc-interop -stack-check -sdk /Applications/Xcode-16.3.0.app/Contents/Developer/Platforms/WatchOS.platform/Developer/SDKs/WatchOS11.4.sdk -I /Users/admin/builder/spi-builder-workspace/.derivedData/Build/Products/Debug-watchos -I /Applications/Xcode-16.3.0.app/Contents/Developer/Platforms/WatchOS.platform/Developer/usr/lib -F /Users/admin/builder/spi-builder-workspace/.derivedData/Build/Products/Debug-watchos/PackageFrameworks -F /Users/admin/builder/spi-builder-workspace/.derivedData/Build/Products/Debug-watchos/PackageFrameworks -F /Users/admin/builder/spi-builder-workspace/.derivedData/Build/Products/Debug-watchos/PackageFrameworks -F /Users/admin/builder/spi-builder-workspace/.derivedData/Build/Products/Debug-watchos/PackageFrameworks -F /Users/admin/builder/spi-builder-workspace/.derivedData/Build/Products/Debug-watchos/PackageFrameworks -F /Users/admin/builder/spi-builder-workspace/.derivedData/Build/Products/Debug-watchos/PackageFrameworks -F /Users/admin/builder/spi-builder-workspace/.derivedData/Build/Products/Debug-watchos/PackageFrameworks -F /Users/admin/builder/spi-builder-workspace/.derivedData/Build/Products/Debug-watchos/PackageFrameworks -F /Users/admin/builder/spi-builder-workspace/.derivedData/Build/Products/Debug-watchos/PackageFrameworks -F /Users/admin/builder/spi-builder-workspace/.derivedData/Build/Products/Debug-watchos/PackageFrameworks -F /Users/admin/builder/spi-builder-workspace/.derivedData/Build/Products/Debug-watchos/PackageFrameworks -F /Users/admin/builder/spi-builder-workspace/.derivedData/Build/Products/Debug-watchos/PackageFrameworks -F /Users/admin/builder/spi-builder-workspace/.derivedData/Build/Products/Debug-watchos/PackageFrameworks -F /Users/admin/builder/spi-builder-workspace/.derivedData/Build/Products/Debug-watchos/PackageFrameworks -F /Users/admin/builder/spi-builder-workspace/.derivedData/Build/Products/Debug-watchos/PackageFrameworks -F /Users/admin/builder/spi-builder-workspace/.derivedData/Build/Products/Debug-watchos -F /Applications/Xcode-16.3.0.app/Contents/Developer/Platforms/WatchOS.platform/Developer/Library/Frameworks -F /Applications/Xcode-16.3.0.app/Contents/Developer/Platforms/WatchOS.platform/Developer/SDKs/WatchOS11.4.sdk/Developer/Library/Frameworks -no-color-diagnostics -enable-testing -g -debug-info-format\=dwarf -dwarf-version\=4 -module-cache-path /Users/admin/builder/spi-builder-workspace/.derivedData/ModuleCache.noindex -profile-generate -profile-coverage-mapping -swift-version 6 -enforce-exclusivity\=checked -Onone -D SWIFT_PACKAGE -D DEBUG -D Xcode -serialize-debugging-options -const-gather-protocols-file /Users/admin/builder/spi-builder-workspace/.derivedData/Build/Intermediates.noindex/jose-swift.build/Debug-watchos/JSONWebAlgorithms.build/Objects-normal/armv7k/JSONWebAlgorithms_const_extract_protocols.json -enable-experimental-feature DebugDescriptionMacro -empty-abi-descriptor -plugin-path /Applications/Xcode-16.3.0.app/Contents/Developer/Toolchains/XcodeDefault.xctoolchain/usr/lib/swift/host/plugins/testing -validate-clang-modules-once -clang-build-session-file /Users/admin/builder/spi-builder-workspace/.derivedData/ModuleCache.noindex/Session.modulevalidation -Xcc -working-directory -Xcc /Users/admin/builder/spi-builder-workspace/.swiftpm/xcode -resource-dir /Applications/Xcode-16.3.0.app/Contents/Developer/Toolchains/XcodeDefault.xctoolchain/usr/lib/swift -enable-anonymous-context-mangled-names -file-compilation-dir /Users/admin/builder/spi-builder-workspace/.swiftpm/xcode -Xcc -fmodule-map-file\=/Users/admin/builder/spi-builder-workspace/.derivedData/Build/Intermediates.noindex/GeneratedModuleMaps-watchos/libsecp256k1.modulemap -Xcc -fmodule-map-file\=/Users/admin/builder/spi-builder-workspace/.dependencies/checkouts/zlib/Sources/Zlib/module.modulemap -Xcc -fmodule-map-file\=/Users/admin/builder/spi-builder-workspace/.derivedData/Build/Intermediates.noindex/GeneratedModuleMaps-watchos/ZlibShims.modulemap -Xcc -ivfsstatcache -Xcc /Users/admin/builder/spi-builder-workspace/.derivedData/SDKStatCaches.noindex/watchos11.4-22T246-43efb940ff07ba2497b70ec94253f576.sdkstatcache -Xcc -I/Users/admin/builder/spi-builder-workspace/.derivedData/Build/Intermediates.noindex/jose-swift.build/Debug-watchos/JSONWebAlgorithms.build/swift-overrides.hmap -Xcc -I/Users/admin/builder/spi-builder-workspace/.dependencies/checkouts/swift-crypto/Sources/CCryptoBoringSSLShims/include -Xcc -I/Users/admin/builder/spi-builder-workspace/.dependencies/checkouts/swift-crypto/Sources/CCryptoBoringSSL/include -Xcc -I/Users/admin/builder/spi-builder-workspace/.dependencies/checkouts/secp256k1.swift/Sources/libsecp256k1/include -Xcc -I/Users/admin/builder/spi-builder-workspace/.dependencies/checkouts/zlib/Sources/ZlibShims/include -Xcc -I/Users/admin/builder/spi-builder-workspace/.derivedData/Build/Products/Debug-watchos/include -Xcc -I/Users/admin/builder/spi-builder-workspace/.derivedData/Build/Intermediates.noindex/jose-swift.build/Debug-watchos/JSONWebAlgorithms.build/DerivedSources-normal/armv7k -Xcc -I/Users/admin/builder/spi-builder-workspace/.derivedData/Build/Intermediates.noindex/jose-swift.build/Debug-watchos/JSONWebAlgorithms.build/DerivedSources/armv7k -Xcc -I/Users/admin/builder/spi-builder-workspace/.derivedData/Build/Intermediates.noindex/jose-swift.build/Debug-watchos/JSONWebAlgorithms.build/DerivedSources -Xcc -DSWIFT_PACKAGE -Xcc -DDEBUG\=1 -module-name JSONWebAlgorithms -package-name spi_builder_workspace -frontend-parseable-output -disable-clang-spi -target-sdk-version 11.4 -target-sdk-name watchos11.4 -external-plugin-path /Applications/Xcode-16.3.0.app/Contents/Developer/Platforms/WatchOS.platform/Developer/usr/lib/swift/host/plugins\#/Applications/Xcode-16.3.0.app/Contents/Developer/Platforms/WatchOS.platform/Developer/usr/bin/swift-plugin-server -external-plugin-path /Applications/Xcode-16.3.0.app/Contents/Developer/Platforms/WatchOS.platform/Developer/usr/local/lib/swift/host/plugins\#/Applications/Xcode-16.3.0.app/Contents/Developer/Platforms/WatchOS.platform/Developer/usr/bin/swift-plugin-server -in-process-plugin-server-path /Applications/Xcode-16.3.0.app/Contents/Developer/Toolchains/XcodeDefault.xctoolchain/usr/lib/swift/host/libSwiftInProcPluginServer.dylib -plugin-path /Applications/Xcode-16.3.0.app/Contents/Developer/Toolchains/XcodeDefault.xctoolchain/usr/lib/swift/host/plugins -plugin-path /Applications/Xcode-16.3.0.app/Contents/Developer/Toolchains/XcodeDefault.xctoolchain/usr/local/lib/swift/host/plugins -o /Users/admin/builder/spi-builder-workspace/.derivedData/Build/Intermediates.noindex/jose-swift.build/Debug-watchos/JSONWebAlgorithms.build/Objects-normal/armv7k/AESGCM+KeyUnwrap.o -o /Users/admin/builder/spi-builder-workspace/.derivedData/Build/Intermediates.noindex/jose-swift.build/Debug-watchos/JSONWebAlgorithms.build/Objects-normal/armv7k/AESKeyUnwrap+KeyUnwrap.o -o /Users/admin/builder/spi-builder-workspace/.derivedData/Build/Intermediates.noindex/jose-swift.build/Debug-watchos/JSONWebAlgorithms.build/Objects-normal/armv7k/AESKeyWrap+KeyEncryption.o -o /Users/admin/builder/spi-builder-workspace/.derivedData/Build/Intermediates.noindex/jose-swift.build/Debug-watchos/JSONWebAlgorithms.build/Objects-normal/armv7k/KeyUnwrap.o -o /Users/admin/builder/spi-builder-workspace/.derivedData/Build/Intermediates.noindex/jose-swift.build/Debug-watchos/JSONWebAlgorithms.build/Objects-normal/armv7k/KeyWrapping.o -o /Users/admin/builder/spi-builder-workspace/.derivedData/Build/Intermediates.noindex/jose-swift.build/Debug-watchos/JSONWebAlgorithms.build/Objects-normal/armv7k/MockKeyEncryption.o -o /Users/admin/builder/spi-builder-workspace/.derivedData/Build/Intermediates.noindex/jose-swift.build/Debug-watchos/JSONWebAlgorithms.build/Objects-normal/armv7k/RSA15KeyUnwrap+KeyUnwrapping.o -o /Users/admin/builder/spi-builder-workspace/.derivedData/Build/Intermediates.noindex/jose-swift.build/Debug-watchos/JSONWebAlgorithms.build/Objects-normal/armv7k/RSA15KeyWrapper+KeyEncryption.o -o /Users/admin/builder/spi-builder-workspace/.derivedData/Build/Intermediates.noindex/jose-swift.build/Debug-watchos/JSONWebAlgorithms.build/Objects-normal/armv7k/RSAOAEP256KeyUnwrap+KeyUnwrapping.o -o /Users/admin/builder/spi-builder-workspace/.derivedData/Build/Intermediates.noindex/jose-swift.build/Debug-watchos/JSONWebAlgorithms.build/Objects-normal/armv7k/RSAOAEP256KeyWrap+KeyEncryption.o -index-unit-output-path /jose-swift.build/Debug-watchos/JSONWebAlgorithms.build/Objects-normal/armv7k/AESGCM+KeyUnwrap.o -index-unit-output-path /jose-swift.build/Debug-watchos/JSONWebAlgorithms.build/Objects-normal/armv7k/AESKeyUnwrap+KeyUnwrap.o -index-unit-output-path /jose-swift.build/Debug-watchos/JSONWebAlgorithms.build/Objects-normal/armv7k/AESKeyWrap+KeyEncryption.o -index-unit-output-path /jose-swift.build/Debug-watchos/JSONWebAlgorithms.build/Objects-normal/armv7k/KeyUnwrap.o -index-unit-output-path /jose-swift.build/Debug-watchos/JSONWebAlgorithms.build/Objects-normal/armv7k/KeyWrapping.o -index-unit-output-path /jose-swift.build/Debug-watchos/JSONWebAlgorithms.build/Objects-normal/armv7k/MockKeyEncryption.o -index-unit-output-path /jose-swift.build/Debug-watchos/JSONWebAlgorithms.build/Objects-normal/armv7k/RSA15KeyUnwrap+KeyUnwrapping.o -index-unit-output-path /jose-swift.build/Debug-watchos/JSONWebAlgorithms.build/Objects-normal/armv7k/RSA15KeyWrapper+KeyEncryption.o -index-unit-output-path /jose-swift.build/Debug-watchos/JSONWebAlgorithms.build/Objects-normal/armv7k/RSAOAEP256KeyUnwrap+KeyUnwrapping.o -index-unit-output-path /jose-swift.build/Debug-watchos/JSONWebAlgorithms.build/Objects-normal/armv7k/RSAOAEP256KeyWrap+KeyEncryption.o -index-store-path /Users/admin/builder/spi-builder-workspace/.derivedData/Index.noindex/DataStore -index-system-modules
SwiftCompile normal armv7k /Users/admin/builder/spi-builder-workspace/Sources/JSONWebAlgorithms/KeyManagement/KeyEncryption/AES/AESGCM+KeyUnwrap.swift (in target 'JSONWebAlgorithms' from project 'jose-swift')
    cd /Users/admin/builder/spi-builder-workspace/.swiftpm/xcode

SwiftCompile normal armv7k /Users/admin/builder/spi-builder-workspace/Sources/JSONWebAlgorithms/KeyManagement/KeyEncryption/AES/AESKeyUnwrap+KeyUnwrap.swift (in target 'JSONWebAlgorithms' from project 'jose-swift')
    cd /Users/admin/builder/spi-builder-workspace/.swiftpm/xcode

/Users/admin/builder/spi-builder-workspace/Sources/JSONWebAlgorithms/KeyManagement/KeyEncryption/AES/AESKeyUnwrap+KeyUnwrap.swift:40:24: error: 'KeyWrap' is only available in watchOS 8.0 or newer
        return try AES.KeyWrap.unwrap(
                       ^
/Users/admin/builder/spi-builder-workspace/Sources/JSONWebAlgorithms/KeyManagement/KeyEncryption/AES/AESKeyUnwrap+KeyUnwrap.swift:40:24: note: add 'if #available' version check
        return try AES.KeyWrap.unwrap(
                       ^
/Users/admin/builder/spi-builder-workspace/Sources/JSONWebAlgorithms/KeyManagement/KeyEncryption/AES/AESKeyUnwrap+KeyUnwrap.swift:32:17: note: add @available attribute to enclosing instance method
    public func contentKeyDecrypt(
                ^
/Users/admin/builder/spi-builder-workspace/Sources/JSONWebAlgorithms/KeyManagement/KeyEncryption/AES/AESKeyUnwrap+KeyUnwrap.swift:23:8: note: add @available attribute to enclosing struct
struct AESKeyUnwrap: KeyUnwrapping {
       ^
/Users/admin/builder/spi-builder-workspace/Sources/JSONWebAlgorithms/KeyManagement/KeyEncryption/AES/AESKeyUnwrap+KeyUnwrap.swift:40:32: error: 'unwrap(_:using:)' is only available in watchOS 8.0 or newer
        return try AES.KeyWrap.unwrap(
                               ^
/Users/admin/builder/spi-builder-workspace/Sources/JSONWebAlgorithms/KeyManagement/KeyEncryption/AES/AESKeyUnwrap+KeyUnwrap.swift:40:32: note: add 'if #available' version check
        return try AES.KeyWrap.unwrap(
                               ^
/Users/admin/builder/spi-builder-workspace/Sources/JSONWebAlgorithms/KeyManagement/KeyEncryption/AES/AESKeyUnwrap+KeyUnwrap.swift:32:17: note: add @available attribute to enclosing instance method
    public func contentKeyDecrypt(
                ^
/Users/admin/builder/spi-builder-workspace/Sources/JSONWebAlgorithms/KeyManagement/KeyEncryption/AES/AESKeyUnwrap+KeyUnwrap.swift:23:8: note: add @available attribute to enclosing struct
struct AESKeyUnwrap: KeyUnwrapping {
       ^
SwiftCompile normal armv7k /Users/admin/builder/spi-builder-workspace/Sources/JSONWebAlgorithms/KeyManagement/KeyEncryption/AES/AESKeyWrap+KeyEncryption.swift (in target 'JSONWebAlgorithms' from project 'jose-swift')
    cd /Users/admin/builder/spi-builder-workspace/.swiftpm/xcode

/Users/admin/builder/spi-builder-workspace/Sources/JSONWebAlgorithms/KeyManagement/KeyEncryption/AES/AESKeyWrap+KeyEncryption.swift:48:42: error: 'KeyWrap' is only available in watchOS 8.0 or newer
        let encryptedKey: Data = try AES.KeyWrap.wrap(
                                         ^
/Users/admin/builder/spi-builder-workspace/Sources/JSONWebAlgorithms/KeyManagement/KeyEncryption/AES/AESKeyWrap+KeyEncryption.swift:48:42: note: add 'if #available' version check
        let encryptedKey: Data = try AES.KeyWrap.wrap(
                                         ^
/Users/admin/builder/spi-builder-workspace/Sources/JSONWebAlgorithms/KeyManagement/KeyEncryption/AES/AESKeyWrap+KeyEncryption.swift:39:17: note: add @available attribute to enclosing instance method
    public func contentKeyEncrypt(
                ^
/Users/admin/builder/spi-builder-workspace/Sources/JSONWebAlgorithms/KeyManagement/KeyEncryption/AES/AESKeyWrap+KeyEncryption.swift:23:8: note: add @available attribute to enclosing struct
struct AESKeyWrap: KeyWrapping {
       ^
/Users/admin/builder/spi-builder-workspace/Sources/JSONWebAlgorithms/KeyManagement/KeyEncryption/AES/AESKeyWrap+KeyEncryption.swift:48:50: error: 'wrap(_:using:)' is only available in watchOS 8.0 or newer
        let encryptedKey: Data = try AES.KeyWrap.wrap(
                                                 ^
/Users/admin/builder/spi-builder-workspace/Sources/JSONWebAlgorithms/KeyManagement/KeyEncryption/AES/AESKeyWrap+KeyEncryption.swift:48:50: note: add 'if #available' version check
        let encryptedKey: Data = try AES.KeyWrap.wrap(
                                                 ^
/Users/admin/builder/spi-builder-workspace/Sources/JSONWebAlgorithms/KeyManagement/KeyEncryption/AES/AESKeyWrap+KeyEncryption.swift:39:17: note: add @available attribute to enclosing instance method
    public func contentKeyEncrypt(
                ^
/Users/admin/builder/spi-builder-workspace/Sources/JSONWebAlgorithms/KeyManagement/KeyEncryption/AES/AESKeyWrap+KeyEncryption.swift:23:8: note: add @available attribute to enclosing struct
struct AESKeyWrap: KeyWrapping {
       ^
SwiftCompile normal armv7k /Users/admin/builder/spi-builder-workspace/Sources/JSONWebAlgorithms/KeyManagement/KeyEncryption/KeyUnwrap.swift (in target 'JSONWebAlgorithms' from project 'jose-swift')
    cd /Users/admin/builder/spi-builder-workspace/.swiftpm/xcode

SwiftCompile normal armv7k /Users/admin/builder/spi-builder-workspace/Sources/JSONWebAlgorithms/KeyManagement/KeyEncryption/KeyWrapping.swift (in target 'JSONWebAlgorithms' from project 'jose-swift')
    cd /Users/admin/builder/spi-builder-workspace/.swiftpm/xcode

SwiftCompile normal armv7k /Users/admin/builder/spi-builder-workspace/Sources/JSONWebAlgorithms/KeyManagement/KeyEncryption/MockKeyEncryption.swift (in target 'JSONWebAlgorithms' from project 'jose-swift')
    cd /Users/admin/builder/spi-builder-workspace/.swiftpm/xcode

SwiftCompile normal armv7k /Users/admin/builder/spi-builder-workspace/Sources/JSONWebAlgorithms/KeyManagement/KeyEncryption/RSA/RSA15KeyUnwrap+KeyUnwrapping.swift (in target 'JSONWebAlgorithms' from project 'jose-swift')
    cd /Users/admin/builder/spi-builder-workspace/.swiftpm/xcode

SwiftCompile normal armv7k /Users/admin/builder/spi-builder-workspace/Sources/JSONWebAlgorithms/KeyManagement/KeyEncryption/RSA/RSA15KeyWrapper+KeyEncryption.swift (in target 'JSONWebAlgorithms' from project 'jose-swift')
    cd /Users/admin/builder/spi-builder-workspace/.swiftpm/xcode

SwiftCompile normal armv7k /Users/admin/builder/spi-builder-workspace/Sources/JSONWebAlgorithms/KeyManagement/KeyEncryption/RSA/RSAOAEP256KeyUnwrap+KeyUnwrapping.swift (in target 'JSONWebAlgorithms' from project 'jose-swift')
    cd /Users/admin/builder/spi-builder-workspace/.swiftpm/xcode

SwiftCompile normal armv7k /Users/admin/builder/spi-builder-workspace/Sources/JSONWebAlgorithms/KeyManagement/KeyEncryption/RSA/RSAOAEP256KeyWrap+KeyEncryption.swift (in target 'JSONWebAlgorithms' from project 'jose-swift')
    cd /Users/admin/builder/spi-builder-workspace/.swiftpm/xcode

SwiftDriverJobDiscovery normal arm64_32 Compiling JWKSet.swift (in target 'JSONWebKey' from project 'jose-swift')
SwiftDriver\ Compilation JSONWebKey normal arm64_32 com.apple.xcode.tools.swift.compiler (in target 'JSONWebKey' from project 'jose-swift')
    cd /Users/admin/builder/spi-builder-workspace/.swiftpm/xcode
    builtin-Swift-Compilation -- /Applications/Xcode-16.3.0.app/Contents/Developer/Toolchains/XcodeDefault.xctoolchain/usr/bin/swiftc -module-name JSONWebKey -Onone -enforce-exclusivity\=checked @/Users/admin/builder/spi-builder-workspace/.derivedData/Build/Intermediates.noindex/jose-swift.build/Debug-watchos/JSONWebKey.build/Objects-normal/arm64_32/JSONWebKey.SwiftFileList -DSWIFT_PACKAGE -DDEBUG -DXcode -plugin-path /Applications/Xcode-16.3.0.app/Contents/Developer/Toolchains/XcodeDefault.xctoolchain/usr/lib/swift/host/plugins/testing -enable-experimental-feature DebugDescriptionMacro -sdk /Applications/Xcode-16.3.0.app/Contents/Developer/Platforms/WatchOS.platform/Developer/SDKs/WatchOS11.4.sdk -target arm64_32-apple-watchos7.0 -g -module-cache-path /Users/admin/builder/spi-builder-workspace/.derivedData/ModuleCache.noindex -Xfrontend -serialize-debugging-options -profile-coverage-mapping -profile-generate -enable-testing -index-store-path /Users/admin/builder/spi-builder-workspace/.derivedData/Index.noindex/DataStore -swift-version 6 -I /Users/admin/builder/spi-builder-workspace/.derivedData/Build/Products/Debug-watchos -I /Applications/Xcode-16.3.0.app/Contents/Developer/Platforms/WatchOS.platform/Developer/usr/lib -F /Users/admin/builder/spi-builder-workspace/.derivedData/Build/Products/Debug-watchos/PackageFrameworks -F /Users/admin/builder/spi-builder-workspace/.derivedData/Build/Products/Debug-watchos/PackageFrameworks -F /Users/admin/builder/spi-builder-workspace/.derivedData/Build/Products/Debug-watchos/PackageFrameworks -F /Users/admin/builder/spi-builder-workspace/.derivedData/Build/Products/Debug-watchos/PackageFrameworks -F /Users/admin/builder/spi-builder-workspace/.derivedData/Build/Products/Debug-watchos/PackageFrameworks -F /Users/admin/builder/spi-builder-workspace/.derivedData/Build/Products/Debug-watchos/PackageFrameworks -F /Users/admin/builder/spi-builder-workspace/.derivedData/Build/Products/Debug-watchos/PackageFrameworks -F /Users/admin/builder/spi-builder-workspace/.derivedData/Build/Products/Debug-watchos/PackageFrameworks -F /Users/admin/builder/spi-builder-workspace/.derivedData/Build/Products/Debug-watchos/PackageFrameworks -F /Users/admin/builder/spi-builder-workspace/.derivedData/Build/Products/Debug-watchos/PackageFrameworks -F /Users/admin/builder/spi-builder-workspace/.derivedData/Build/Products/Debug-watchos -F /Applications/Xcode-16.3.0.app/Contents/Developer/Platforms/WatchOS.platform/Developer/Library/Frameworks -F /Applications/Xcode-16.3.0.app/Contents/Developer/Platforms/WatchOS.platform/Developer/SDKs/WatchOS11.4.sdk/Developer/Library/Frameworks -c -j10 -enable-batch-mode -incremental -Xcc -ivfsstatcache -Xcc /Users/admin/builder/spi-builder-workspace/.derivedData/SDKStatCaches.noindex/watchos11.4-22T246-43efb940ff07ba2497b70ec94253f576.sdkstatcache -output-file-map /Users/admin/builder/spi-builder-workspace/.derivedData/Build/Intermediates.noindex/jose-swift.build/Debug-watchos/JSONWebKey.build/Objects-normal/arm64_32/JSONWebKey-OutputFileMap.json -use-frontend-parseable-output -save-temps -no-color-diagnostics -serialize-diagnostics -emit-dependencies -emit-module -emit-module-path /Users/admin/builder/spi-builder-workspace/.derivedData/Build/Intermediates.noindex/jose-swift.build/Debug-watchos/JSONWebKey.build/Objects-normal/arm64_32/JSONWebKey.swiftmodule -validate-clang-modules-once -clang-build-session-file /Users/admin/builder/spi-builder-workspace/.derivedData/ModuleCache.noindex/Session.modulevalidation -package-name spi_builder_workspace -Xcc -I/Users/admin/builder/spi-builder-workspace/.derivedData/Build/Intermediates.noindex/jose-swift.build/Debug-watchos/JSONWebKey.build/swift-overrides.hmap -emit-const-values -Xfrontend -const-gather-protocols-file -Xfrontend /Users/admin/builder/spi-builder-workspace/.derivedData/Build/Intermediates.noindex/jose-swift.build/Debug-watchos/JSONWebKey.build/Objects-normal/arm64_32/JSONWebKey_const_extract_protocols.json -Xcc -I/Users/admin/builder/spi-builder-workspace/.dependencies/checkouts/swift-crypto/Sources/CCryptoBoringSSLShims/include -Xcc -I/Users/admin/builder/spi-builder-workspace/.dependencies/checkouts/swift-crypto/Sources/CCryptoBoringSSL/include -Xcc -I/Users/admin/builder/spi-builder-workspace/.derivedData/Build/Products/Debug-watchos/include -Xcc -I/Users/admin/builder/spi-builder-workspace/.derivedData/Build/Intermediates.noindex/jose-swift.build/Debug-watchos/JSONWebKey.build/DerivedSources-normal/arm64_32 -Xcc -I/Users/admin/builder/spi-builder-workspace/.derivedData/Build/Intermediates.noindex/jose-swift.build/Debug-watchos/JSONWebKey.build/DerivedSources/arm64_32 -Xcc -I/Users/admin/builder/spi-builder-workspace/.derivedData/Build/Intermediates.noindex/jose-swift.build/Debug-watchos/JSONWebKey.build/DerivedSources -Xcc -DSWIFT_PACKAGE -Xcc -DDEBUG\=1 -emit-objc-header -emit-objc-header-path /Users/admin/builder/spi-builder-workspace/.derivedData/Build/Intermediates.noindex/jose-swift.build/Debug-watchos/JSONWebKey.build/Objects-normal/arm64_32/JSONWebKey-Swift.h -working-directory /Users/admin/builder/spi-builder-workspace/.swiftpm/xcode -experimental-emit-module-separately -disable-cmo
SwiftDriverJobDiscovery normal arm64 Emitting module for JSONWebAlgorithms (in target 'JSONWebAlgorithms' from project 'jose-swift')
SwiftCompile normal armv7k Compiling\ ContentDecryptor.swift,\ ContentEncryptionAlgorithm.swift,\ ContentEncryptor.swift,\ MockContentEncryptor.swift,\ CryptoError.swift,\ AESCBC_SHA.swift,\ AESGCM.swift,\ ConcatKDF.swift,\ ECDH1PU.swift,\ ECDHES.swift,\ JWKCryptoPresentation.swift /Users/admin/builder/spi-builder-workspace/Sources/JSONWebAlgorithms/ContentEncryption/ContentDecryptor.swift /Users/admin/builder/spi-builder-workspace/Sources/JSONWebAlgorithms/ContentEncryption/ContentEncryptionAlgorithm.swift /Users/admin/builder/spi-builder-workspace/Sources/JSONWebAlgorithms/ContentEncryption/ContentEncryptor.swift /Users/admin/builder/spi-builder-workspace/Sources/JSONWebAlgorithms/ContentEncryption/MockContentEncryptor.swift /Users/admin/builder/spi-builder-workspace/Sources/JSONWebAlgorithms/CryptoError.swift /Users/admin/builder/spi-builder-workspace/Sources/JSONWebAlgorithms/CryptoImplementation/AES/AESCBC_SHA.swift /Users/admin/builder/spi-builder-workspace/Sources/JSONWebAlgorithms/CryptoImplementation/AES/AESGCM.swift /Users/admin/builder/spi-builder-workspace/Sources/JSONWebAlgorithms/CryptoImplementation/ConcatKDF/ConcatKDF.swift /Users/admin/builder/spi-builder-workspace/Sources/JSONWebAlgorithms/CryptoImplementation/ECDH/ECDH1PU.swift /Users/admin/builder/spi-builder-workspace/Sources/JSONWebAlgorithms/CryptoImplementation/ECDH/ECDHES.swift /Users/admin/builder/spi-builder-workspace/Sources/JSONWebAlgorithms/CryptoImplementation/JWKCryptoPresentation.swift (in target 'JSONWebAlgorithms' from project 'jose-swift')
SwiftCompile normal armv7k /Users/admin/builder/spi-builder-workspace/Sources/JSONWebAlgorithms/ContentEncryption/ContentDecryptor.swift (in target 'JSONWebAlgorithms' from project 'jose-swift')
    cd /Users/admin/builder/spi-builder-workspace/.swiftpm/xcode

SwiftCompile normal armv7k /Users/admin/builder/spi-builder-workspace/Sources/JSONWebAlgorithms/ContentEncryption/ContentEncryptionAlgorithm.swift (in target 'JSONWebAlgorithms' from project 'jose-swift')
    cd /Users/admin/builder/spi-builder-workspace/.swiftpm/xcode

SwiftCompile normal armv7k /Users/admin/builder/spi-builder-workspace/Sources/JSONWebAlgorithms/ContentEncryption/ContentEncryptor.swift (in target 'JSONWebAlgorithms' from project 'jose-swift')
    cd /Users/admin/builder/spi-builder-workspace/.swiftpm/xcode

SwiftCompile normal armv7k /Users/admin/builder/spi-builder-workspace/Sources/JSONWebAlgorithms/ContentEncryption/MockContentEncryptor.swift (in target 'JSONWebAlgorithms' from project 'jose-swift')
    cd /Users/admin/builder/spi-builder-workspace/.swiftpm/xcode

SwiftCompile normal armv7k /Users/admin/builder/spi-builder-workspace/Sources/JSONWebAlgorithms/CryptoError.swift (in target 'JSONWebAlgorithms' from project 'jose-swift')
    cd /Users/admin/builder/spi-builder-workspace/.swiftpm/xcode

SwiftCompile normal armv7k /Users/admin/builder/spi-builder-workspace/Sources/JSONWebAlgorithms/CryptoImplementation/AES/AESCBC_SHA.swift (in target 'JSONWebAlgorithms' from project 'jose-swift')
    cd /Users/admin/builder/spi-builder-workspace/.swiftpm/xcode

SwiftCompile normal armv7k /Users/admin/builder/spi-builder-workspace/Sources/JSONWebAlgorithms/CryptoImplementation/AES/AESGCM.swift (in target 'JSONWebAlgorithms' from project 'jose-swift')
    cd /Users/admin/builder/spi-builder-workspace/.swiftpm/xcode

SwiftCompile normal armv7k /Users/admin/builder/spi-builder-workspace/Sources/JSONWebAlgorithms/CryptoImplementation/ConcatKDF/ConcatKDF.swift (in target 'JSONWebAlgorithms' from project 'jose-swift')
    cd /Users/admin/builder/spi-builder-workspace/.swiftpm/xcode

SwiftCompile normal armv7k /Users/admin/builder/spi-builder-workspace/Sources/JSONWebAlgorithms/CryptoImplementation/ECDH/ECDH1PU.swift (in target 'JSONWebAlgorithms' from project 'jose-swift')
    cd /Users/admin/builder/spi-builder-workspace/.swiftpm/xcode

SwiftCompile normal armv7k /Users/admin/builder/spi-builder-workspace/Sources/JSONWebAlgorithms/CryptoImplementation/ECDH/ECDHES.swift (in target 'JSONWebAlgorithms' from project 'jose-swift')
    cd /Users/admin/builder/spi-builder-workspace/.swiftpm/xcode

SwiftCompile normal armv7k /Users/admin/builder/spi-builder-workspace/Sources/JSONWebAlgorithms/CryptoImplementation/JWKCryptoPresentation.swift (in target 'JSONWebAlgorithms' from project 'jose-swift')
    cd /Users/admin/builder/spi-builder-workspace/.swiftpm/xcode

SwiftDriver\ Compilation\ Requirements JSONWebAlgorithms normal arm64 com.apple.xcode.tools.swift.compiler (in target 'JSONWebAlgorithms' from project 'jose-swift')
    cd /Users/admin/builder/spi-builder-workspace/.swiftpm/xcode
    builtin-Swift-Compilation-Requirements -- /Applications/Xcode-16.3.0.app/Contents/Developer/Toolchains/XcodeDefault.xctoolchain/usr/bin/swiftc -module-name JSONWebAlgorithms -Onone -enforce-exclusivity\=checked @/Users/admin/builder/spi-builder-workspace/.derivedData/Build/Intermediates.noindex/jose-swift.build/Debug-watchos/JSONWebAlgorithms.build/Objects-normal/arm64/JSONWebAlgorithms.SwiftFileList -DSWIFT_PACKAGE -DDEBUG -Xcc -fmodule-map-file\=/Users/admin/builder/spi-builder-workspace/.derivedData/Build/Intermediates.noindex/GeneratedModuleMaps-watchos/libsecp256k1.modulemap -Xcc -fmodule-map-file\=/Users/admin/builder/spi-builder-workspace/.dependencies/checkouts/zlib/Sources/Zlib/module.modulemap -Xcc -fmodule-map-file\=/Users/admin/builder/spi-builder-workspace/.derivedData/Build/Intermediates.noindex/GeneratedModuleMaps-watchos/ZlibShims.modulemap -DXcode -plugin-path /Applications/Xcode-16.3.0.app/Contents/Developer/Toolchains/XcodeDefault.xctoolchain/usr/lib/swift/host/plugins/testing -enable-experimental-feature DebugDescriptionMacro -sdk /Applications/Xcode-16.3.0.app/Contents/Developer/Platforms/WatchOS.platform/Developer/SDKs/WatchOS11.4.sdk -target arm64-apple-watchos7.0 -g -module-cache-path /Users/admin/builder/spi-builder-workspace/.derivedData/ModuleCache.noindex -Xfrontend -serialize-debugging-options -profile-coverage-mapping -profile-generate -enable-testing -index-store-path /Users/admin/builder/spi-builder-workspace/.derivedData/Index.noindex/DataStore -swift-version 6 -I /Users/admin/builder/spi-builder-workspace/.derivedData/Build/Products/Debug-watchos -I /Applications/Xcode-16.3.0.app/Contents/Developer/Platforms/WatchOS.platform/Developer/usr/lib -F /Users/admin/builder/spi-builder-workspace/.derivedData/Build/Products/Debug-watchos/PackageFrameworks -F /Users/admin/builder/spi-builder-workspace/.derivedData/Build/Products/Debug-watchos/PackageFrameworks -F /Users/admin/builder/spi-builder-workspace/.derivedData/Build/Products/Debug-watchos/PackageFrameworks -F /Users/admin/builder/spi-builder-workspace/.derivedData/Build/Products/Debug-watchos/PackageFrameworks -F /Users/admin/builder/spi-builder-workspace/.derivedData/Build/Products/Debug-watchos/PackageFrameworks -F /Users/admin/builder/spi-builder-workspace/.derivedData/Build/Products/Debug-watchos/PackageFrameworks -F /Users/admin/builder/spi-builder-workspace/.derivedData/Build/Products/Debug-watchos/PackageFrameworks -F /Users/admin/builder/spi-builder-workspace/.derivedData/Build/Products/Debug-watchos/PackageFrameworks -F /Users/admin/builder/spi-builder-workspace/.derivedData/Build/Products/Debug-watchos/PackageFrameworks -F /Users/admin/builder/spi-builder-workspace/.derivedData/Build/Products/Debug-watchos/PackageFrameworks -F /Users/admin/builder/spi-builder-workspace/.derivedData/Build/Products/Debug-watchos/PackageFrameworks -F /Users/admin/builder/spi-builder-workspace/.derivedData/Build/Products/Debug-watchos/PackageFrameworks -F /Users/admin/builder/spi-builder-workspace/.derivedData/Build/Products/Debug-watchos/PackageFrameworks -F /Users/admin/builder/spi-builder-workspace/.derivedData/Build/Products/Debug-watchos/PackageFrameworks -F /Users/admin/builder/spi-builder-workspace/.derivedData/Build/Products/Debug-watchos/PackageFrameworks -F /Users/admin/builder/spi-builder-workspace/.derivedData/Build/Products/Debug-watchos -F /Applications/Xcode-16.3.0.app/Contents/Developer/Platforms/WatchOS.platform/Developer/Library/Frameworks -F /Applications/Xcode-16.3.0.app/Contents/Developer/Platforms/WatchOS.platform/Developer/SDKs/WatchOS11.4.sdk/Developer/Library/Frameworks -c -j10 -enable-batch-mode -incremental -Xcc -ivfsstatcache -Xcc /Users/admin/builder/spi-builder-workspace/.derivedData/SDKStatCaches.noindex/watchos11.4-22T246-43efb940ff07ba2497b70ec94253f576.sdkstatcache -output-file-map /Users/admin/builder/spi-builder-workspace/.derivedData/Build/Intermediates.noindex/jose-swift.build/Debug-watchos/JSONWebAlgorithms.build/Objects-normal/arm64/JSONWebAlgorithms-OutputFileMap.json -use-frontend-parseable-output -save-temps -no-color-diagnostics -serialize-diagnostics -emit-dependencies -emit-module -emit-module-path /Users/admin/builder/spi-builder-workspace/.derivedData/Build/Intermediates.noindex/jose-swift.build/Debug-watchos/JSONWebAlgorithms.build/Objects-normal/arm64/JSONWebAlgorithms.swiftmodule -validate-clang-modules-once -clang-build-session-file /Users/admin/builder/spi-builder-workspace/.derivedData/ModuleCache.noindex/Session.modulevalidation -package-name spi_builder_workspace -Xcc -I/Users/admin/builder/spi-builder-workspace/.derivedData/Build/Intermediates.noindex/jose-swift.build/Debug-watchos/JSONWebAlgorithms.build/swift-overrides.hmap -emit-const-values -Xfrontend -const-gather-protocols-file -Xfrontend /Users/admin/builder/spi-builder-workspace/.derivedData/Build/Intermediates.noindex/jose-swift.build/Debug-watchos/JSONWebAlgorithms.build/Objects-normal/arm64/JSONWebAlgorithms_const_extract_protocols.json -Xcc -I/Users/admin/builder/spi-builder-workspace/.dependencies/checkouts/swift-crypto/Sources/CCryptoBoringSSLShims/include -Xcc -I/Users/admin/builder/spi-builder-workspace/.dependencies/checkouts/swift-crypto/Sources/CCryptoBoringSSL/include -Xcc -I/Users/admin/builder/spi-builder-workspace/.dependencies/checkouts/secp256k1.swift/Sources/libsecp256k1/include -Xcc -I/Users/admin/builder/spi-builder-workspace/.dependencies/checkouts/zlib/Sources/ZlibShims/include -Xcc -I/Users/admin/builder/spi-builder-workspace/.derivedData/Build/Products/Debug-watchos/include -Xcc -I/Users/admin/builder/spi-builder-workspace/.derivedData/Build/Intermediates.noindex/jose-swift.build/Debug-watchos/JSONWebAlgorithms.build/DerivedSources-normal/arm64 -Xcc -I/Users/admin/builder/spi-builder-workspace/.derivedData/Build/Intermediates.noindex/jose-swift.build/Debug-watchos/JSONWebAlgorithms.build/DerivedSources/arm64 -Xcc -I/Users/admin/builder/spi-builder-workspace/.derivedData/Build/Intermediates.noindex/jose-swift.build/Debug-watchos/JSONWebAlgorithms.build/DerivedSources -Xcc -DSWIFT_PACKAGE -Xcc -DDEBUG\=1 -emit-objc-header -emit-objc-header-path /Users/admin/builder/spi-builder-workspace/.derivedData/Build/Intermediates.noindex/jose-swift.build/Debug-watchos/JSONWebAlgorithms.build/Objects-normal/arm64/JSONWebAlgorithms-Swift.h -working-directory /Users/admin/builder/spi-builder-workspace/.swiftpm/xcode -experimental-emit-module-separately -disable-cmo
SwiftDriverJobDiscovery normal armv7k Compiling JWKSet.swift (in target 'JSONWebKey' from project 'jose-swift')
SwiftCompile normal armv7k Compiling\ RSAOAEPKeyUnwrap+KeyUnwrapping.swift,\ RSAOAEPKeyWrap+KeyEncryption.swift,\ KeyEncryptionAlgorithm.swift,\ DataKey.swift,\ KeyRepresentable.swift,\ SecKeyExtended.swift,\ EdDSASigner.swift,\ EdDSAVerifier.swift,\ ES256KSigner.swift,\ ES256Signer.swift /Users/admin/builder/spi-builder-workspace/Sources/JSONWebAlgorithms/KeyManagement/KeyEncryption/RSA/RSAOAEPKeyUnwrap+KeyUnwrapping.swift /Users/admin/builder/spi-builder-workspace/Sources/JSONWebAlgorithms/KeyManagement/KeyEncryption/RSA/RSAOAEPKeyWrap+KeyEncryption.swift /Users/admin/builder/spi-builder-workspace/Sources/JSONWebAlgorithms/KeyManagement/KeyEncryptionAlgorithm.swift /Users/admin/builder/spi-builder-workspace/Sources/JSONWebAlgorithms/KeyManagement/KeyRepresentable/DataKey.swift /Users/admin/builder/spi-builder-workspace/Sources/JSONWebAlgorithms/KeyManagement/KeyRepresentable/KeyRepresentable.swift /Users/admin/builder/spi-builder-workspace/Sources/JSONWebAlgorithms/KeyManagement/KeyRepresentable/SecKeyExtended.swift /Users/admin/builder/spi-builder-workspace/Sources/JSONWebAlgorithms/Signatures/Curve25519/EdDSASigner.swift /Users/admin/builder/spi-builder-workspace/Sources/JSONWebAlgorithms/Signatures/Curve25519/EdDSAVerifier.swift /Users/admin/builder/spi-builder-workspace/Sources/JSONWebAlgorithms/Signatures/EC/Signers/ES256KSigner.swift /Users/admin/builder/spi-builder-workspace/Sources/JSONWebAlgorithms/Signatures/EC/Signers/ES256Signer.swift (in target 'JSONWebAlgorithms' from project 'jose-swift')
SwiftCompile normal armv7k /Users/admin/builder/spi-builder-workspace/Sources/JSONWebAlgorithms/KeyManagement/KeyEncryption/RSA/RSAOAEPKeyUnwrap+KeyUnwrapping.swift (in target 'JSONWebAlgorithms' from project 'jose-swift')
    cd /Users/admin/builder/spi-builder-workspace/.swiftpm/xcode

SwiftCompile normal armv7k /Users/admin/builder/spi-builder-workspace/Sources/JSONWebAlgorithms/KeyManagement/KeyEncryption/RSA/RSAOAEPKeyWrap+KeyEncryption.swift (in target 'JSONWebAlgorithms' from project 'jose-swift')
    cd /Users/admin/builder/spi-builder-workspace/.swiftpm/xcode

SwiftCompile normal armv7k /Users/admin/builder/spi-builder-workspace/Sources/JSONWebAlgorithms/KeyManagement/KeyEncryptionAlgorithm.swift (in target 'JSONWebAlgorithms' from project 'jose-swift')
    cd /Users/admin/builder/spi-builder-workspace/.swiftpm/xcode

SwiftCompile normal armv7k /Users/admin/builder/spi-builder-workspace/Sources/JSONWebAlgorithms/KeyManagement/KeyRepresentable/DataKey.swift (in target 'JSONWebAlgorithms' from project 'jose-swift')
    cd /Users/admin/builder/spi-builder-workspace/.swiftpm/xcode

SwiftCompile normal armv7k /Users/admin/builder/spi-builder-workspace/Sources/JSONWebAlgorithms/KeyManagement/KeyRepresentable/KeyRepresentable.swift (in target 'JSONWebAlgorithms' from project 'jose-swift')
    cd /Users/admin/builder/spi-builder-workspace/.swiftpm/xcode

SwiftCompile normal armv7k /Users/admin/builder/spi-builder-workspace/Sources/JSONWebAlgorithms/KeyManagement/KeyRepresentable/SecKeyExtended.swift (in target 'JSONWebAlgorithms' from project 'jose-swift')
    cd /Users/admin/builder/spi-builder-workspace/.swiftpm/xcode

SwiftCompile normal armv7k /Users/admin/builder/spi-builder-workspace/Sources/JSONWebAlgorithms/Signatures/Curve25519/EdDSASigner.swift (in target 'JSONWebAlgorithms' from project 'jose-swift')
    cd /Users/admin/builder/spi-builder-workspace/.swiftpm/xcode

SwiftCompile normal armv7k /Users/admin/builder/spi-builder-workspace/Sources/JSONWebAlgorithms/Signatures/Curve25519/EdDSAVerifier.swift (in target 'JSONWebAlgorithms' from project 'jose-swift')
    cd /Users/admin/builder/spi-builder-workspace/.swiftpm/xcode

SwiftCompile normal armv7k /Users/admin/builder/spi-builder-workspace/Sources/JSONWebAlgorithms/Signatures/EC/Signers/ES256KSigner.swift (in target 'JSONWebAlgorithms' from project 'jose-swift')
    cd /Users/admin/builder/spi-builder-workspace/.swiftpm/xcode

SwiftCompile normal armv7k /Users/admin/builder/spi-builder-workspace/Sources/JSONWebAlgorithms/Signatures/EC/Signers/ES256Signer.swift (in target 'JSONWebAlgorithms' from project 'jose-swift')
    cd /Users/admin/builder/spi-builder-workspace/.swiftpm/xcode

Copy /Users/admin/builder/spi-builder-workspace/.derivedData/Build/Products/Debug-watchos/JSONWebAlgorithms.swiftmodule/arm64-apple-watchos.swiftmodule /Users/admin/builder/spi-builder-workspace/.derivedData/Build/Intermediates.noindex/jose-swift.build/Debug-watchos/JSONWebAlgorithms.build/Objects-normal/arm64/JSONWebAlgorithms.swiftmodule (in target 'JSONWebAlgorithms' from project 'jose-swift')
    cd /Users/admin/builder/spi-builder-workspace
    builtin-copy -exclude .DS_Store -exclude CVS -exclude .svn -exclude .git -exclude .hg -resolve-src-symlinks -rename /Users/admin/builder/spi-builder-workspace/.derivedData/Build/Intermediates.noindex/jose-swift.build/Debug-watchos/JSONWebAlgorithms.build/Objects-normal/arm64/JSONWebAlgorithms.swiftmodule /Users/admin/builder/spi-builder-workspace/.derivedData/Build/Products/Debug-watchos/JSONWebAlgorithms.swiftmodule/arm64-apple-watchos.swiftmodule
SwiftDriverJobDiscovery normal arm64_32 Compiling OCSPTBSRequest.swift, OCSPVersion.swift, PKCS8PrivateKey.swift, PromiseAndFuture.swift, RDNAttribute.swift, RandomNumberGenerator+bytes.swift, RelativeDistinguishedName.swift, SEC1PrivateKey.swift, SecKeyWrapper.swift, Signature.swift, SignatureAlgorithm.swift (in target 'X509' from project 'swift-certificates')
Copy /Users/admin/builder/spi-builder-workspace/.derivedData/Build/Products/Debug-watchos/JSONWebAlgorithms.swiftmodule/arm64-apple-watchos.swiftdoc /Users/admin/builder/spi-builder-workspace/.derivedData/Build/Intermediates.noindex/jose-swift.build/Debug-watchos/JSONWebAlgorithms.build/Objects-normal/arm64/JSONWebAlgorithms.swiftdoc (in target 'JSONWebAlgorithms' from project 'jose-swift')
    cd /Users/admin/builder/spi-builder-workspace
    builtin-copy -exclude .DS_Store -exclude CVS -exclude .svn -exclude .git -exclude .hg -resolve-src-symlinks -rename /Users/admin/builder/spi-builder-workspace/.derivedData/Build/Intermediates.noindex/jose-swift.build/Debug-watchos/JSONWebAlgorithms.build/Objects-normal/arm64/JSONWebAlgorithms.swiftdoc /Users/admin/builder/spi-builder-workspace/.derivedData/Build/Products/Debug-watchos/JSONWebAlgorithms.swiftmodule/arm64-apple-watchos.swiftdoc
Copy /Users/admin/builder/spi-builder-workspace/.derivedData/Build/Products/Debug-watchos/JSONWebAlgorithms.swiftmodule/arm64-apple-watchos.abi.json /Users/admin/builder/spi-builder-workspace/.derivedData/Build/Intermediates.noindex/jose-swift.build/Debug-watchos/JSONWebAlgorithms.build/Objects-normal/arm64/JSONWebAlgorithms.abi.json (in target 'JSONWebAlgorithms' from project 'jose-swift')
    cd /Users/admin/builder/spi-builder-workspace
    builtin-copy -exclude .DS_Store -exclude CVS -exclude .svn -exclude .git -exclude .hg -resolve-src-symlinks -rename /Users/admin/builder/spi-builder-workspace/.derivedData/Build/Intermediates.noindex/jose-swift.build/Debug-watchos/JSONWebAlgorithms.build/Objects-normal/arm64/JSONWebAlgorithms.abi.json /Users/admin/builder/spi-builder-workspace/.derivedData/Build/Products/Debug-watchos/JSONWebAlgorithms.swiftmodule/arm64-apple-watchos.abi.json
Copy /Users/admin/builder/spi-builder-workspace/.derivedData/Build/Products/Debug-watchos/JSONWebAlgorithms.swiftmodule/Project/arm64-apple-watchos.swiftsourceinfo /Users/admin/builder/spi-builder-workspace/.derivedData/Build/Intermediates.noindex/jose-swift.build/Debug-watchos/JSONWebAlgorithms.build/Objects-normal/arm64/JSONWebAlgorithms.swiftsourceinfo (in target 'JSONWebAlgorithms' from project 'jose-swift')
    cd /Users/admin/builder/spi-builder-workspace
    builtin-copy -exclude .DS_Store -exclude CVS -exclude .svn -exclude .git -exclude .hg -resolve-src-symlinks -rename /Users/admin/builder/spi-builder-workspace/.derivedData/Build/Intermediates.noindex/jose-swift.build/Debug-watchos/JSONWebAlgorithms.build/Objects-normal/arm64/JSONWebAlgorithms.swiftsourceinfo /Users/admin/builder/spi-builder-workspace/.derivedData/Build/Products/Debug-watchos/JSONWebAlgorithms.swiftmodule/Project/arm64-apple-watchos.swiftsourceinfo
SwiftCompile normal arm64 Compiling\ RS512Signer.swift,\ PS256Verifier.swift,\ PS384Verifier.swift,\ PS512Verifier.swift,\ RS256Verifier.swift,\ RS384Verifier.swift,\ RS512Verifier.swift,\ Signer.swift,\ SigningAlgorithm.swift,\ Verifier.swift /Users/admin/builder/spi-builder-workspace/Sources/JSONWebAlgorithms/Signatures/RSA/Signers/RS512Signer.swift /Users/admin/builder/spi-builder-workspace/Sources/JSONWebAlgorithms/Signatures/RSA/Verifiers/PS256Verifier.swift /Users/admin/builder/spi-builder-workspace/Sources/JSONWebAlgorithms/Signatures/RSA/Verifiers/PS384Verifier.swift /Users/admin/builder/spi-builder-workspace/Sources/JSONWebAlgorithms/Signatures/RSA/Verifiers/PS512Verifier.swift /Users/admin/builder/spi-builder-workspace/Sources/JSONWebAlgorithms/Signatures/RSA/Verifiers/RS256Verifier.swift /Users/admin/builder/spi-builder-workspace/Sources/JSONWebAlgorithms/Signatures/RSA/Verifiers/RS384Verifier.swift /Users/admin/builder/spi-builder-workspace/Sources/JSONWebAlgorithms/Signatures/RSA/Verifiers/RS512Verifier.swift /Users/admin/builder/spi-builder-workspace/Sources/JSONWebAlgorithms/Signatures/Signer.swift /Users/admin/builder/spi-builder-workspace/Sources/JSONWebAlgorithms/Signatures/SigningAlgorithm.swift /Users/admin/builder/spi-builder-workspace/Sources/JSONWebAlgorithms/Signatures/Verifier.swift (in target 'JSONWebAlgorithms' from project 'jose-swift')
SwiftCompile normal arm64 /Users/admin/builder/spi-builder-workspace/Sources/JSONWebAlgorithms/Signatures/RSA/Signers/RS512Signer.swift (in target 'JSONWebAlgorithms' from project 'jose-swift')
    cd /Users/admin/builder/spi-builder-workspace/.swiftpm/xcode

SwiftCompile normal arm64 /Users/admin/builder/spi-builder-workspace/Sources/JSONWebAlgorithms/Signatures/RSA/Verifiers/PS256Verifier.swift (in target 'JSONWebAlgorithms' from project 'jose-swift')
    cd /Users/admin/builder/spi-builder-workspace/.swiftpm/xcode

SwiftCompile normal arm64 /Users/admin/builder/spi-builder-workspace/Sources/JSONWebAlgorithms/Signatures/RSA/Verifiers/PS384Verifier.swift (in target 'JSONWebAlgorithms' from project 'jose-swift')
    cd /Users/admin/builder/spi-builder-workspace/.swiftpm/xcode

SwiftCompile normal arm64 /Users/admin/builder/spi-builder-workspace/Sources/JSONWebAlgorithms/Signatures/RSA/Verifiers/PS512Verifier.swift (in target 'JSONWebAlgorithms' from project 'jose-swift')
    cd /Users/admin/builder/spi-builder-workspace/.swiftpm/xcode

SwiftCompile normal arm64 /Users/admin/builder/spi-builder-workspace/Sources/JSONWebAlgorithms/Signatures/RSA/Verifiers/RS256Verifier.swift (in target 'JSONWebAlgorithms' from project 'jose-swift')
    cd /Users/admin/builder/spi-builder-workspace/.swiftpm/xcode

SwiftCompile normal arm64 /Users/admin/builder/spi-builder-workspace/Sources/JSONWebAlgorithms/Signatures/RSA/Verifiers/RS384Verifier.swift (in target 'JSONWebAlgorithms' from project 'jose-swift')
    cd /Users/admin/builder/spi-builder-workspace/.swiftpm/xcode

SwiftCompile normal arm64 /Users/admin/builder/spi-builder-workspace/Sources/JSONWebAlgorithms/Signatures/RSA/Verifiers/RS512Verifier.swift (in target 'JSONWebAlgorithms' from project 'jose-swift')
    cd /Users/admin/builder/spi-builder-workspace/.swiftpm/xcode

SwiftCompile normal arm64 /Users/admin/builder/spi-builder-workspace/Sources/JSONWebAlgorithms/Signatures/Signer.swift (in target 'JSONWebAlgorithms' from project 'jose-swift')
    cd /Users/admin/builder/spi-builder-workspace/.swiftpm/xcode

SwiftCompile normal arm64 /Users/admin/builder/spi-builder-workspace/Sources/JSONWebAlgorithms/Signatures/SigningAlgorithm.swift (in target 'JSONWebAlgorithms' from project 'jose-swift')
    cd /Users/admin/builder/spi-builder-workspace/.swiftpm/xcode

SwiftCompile normal arm64 /Users/admin/builder/spi-builder-workspace/Sources/JSONWebAlgorithms/Signatures/Verifier.swift (in target 'JSONWebAlgorithms' from project 'jose-swift')
    cd /Users/admin/builder/spi-builder-workspace/.swiftpm/xcode

SwiftCompile normal arm64 Compiling\ ContentCompressionAlgorithm.swift,\ ContentCompressor.swift,\ Zip+ContentCompressor.swift,\ AES128GCM+ContentEncryptor.swift,\ AES192GCM+ContentEncryptor.swift,\ AES256GCM+ContentEncryptor.swift,\ AESCBC_SHA256+ContentEncryptor.swift,\ AESCBC_SHA384+ContentEncryptor.swift,\ AESCBC_SHA512+ContentEncryptor.swift,\ C20P+ContentEncryption.swift,\ XC20P+ContentEncryption.swift /Users/admin/builder/spi-builder-workspace/Sources/JSONWebAlgorithms/Compression/ContentCompressionAlgorithm.swift /Users/admin/builder/spi-builder-workspace/Sources/JSONWebAlgorithms/Compression/ContentCompressor.swift /Users/admin/builder/spi-builder-workspace/Sources/JSONWebAlgorithms/Compression/ZIP/Zip+ContentCompressor.swift /Users/admin/builder/spi-builder-workspace/Sources/JSONWebAlgorithms/ContentEncryption/AES/AES128GCM+ContentEncryptor.swift /Users/admin/builder/spi-builder-workspace/Sources/JSONWebAlgorithms/ContentEncryption/AES/AES192GCM+ContentEncryptor.swift /Users/admin/builder/spi-builder-workspace/Sources/JSONWebAlgorithms/ContentEncryption/AES/AES256GCM+ContentEncryptor.swift /Users/admin/builder/spi-builder-workspace/Sources/JSONWebAlgorithms/ContentEncryption/AES/AESCBC_SHA256+ContentEncryptor.swift /Users/admin/builder/spi-builder-workspace/Sources/JSONWebAlgorithms/ContentEncryption/AES/AESCBC_SHA384+ContentEncryptor.swift /Users/admin/builder/spi-builder-workspace/Sources/JSONWebAlgorithms/ContentEncryption/AES/AESCBC_SHA512+ContentEncryptor.swift /Users/admin/builder/spi-builder-workspace/Sources/JSONWebAlgorithms/ContentEncryption/ChaChaPoly/C20P+ContentEncryption.swift /Users/admin/builder/spi-builder-workspace/Sources/JSONWebAlgorithms/ContentEncryption/ChaChaPoly/XC20P+ContentEncryption.swift (in target 'JSONWebAlgorithms' from project 'jose-swift')
SwiftCompile normal arm64 /Users/admin/builder/spi-builder-workspace/Sources/JSONWebAlgorithms/Compression/ContentCompressionAlgorithm.swift (in target 'JSONWebAlgorithms' from project 'jose-swift')
    cd /Users/admin/builder/spi-builder-workspace/.swiftpm/xcode

SwiftCompile normal arm64 /Users/admin/builder/spi-builder-workspace/Sources/JSONWebAlgorithms/Compression/ContentCompressor.swift (in target 'JSONWebAlgorithms' from project 'jose-swift')
    cd /Users/admin/builder/spi-builder-workspace/.swiftpm/xcode

SwiftCompile normal arm64 /Users/admin/builder/spi-builder-workspace/Sources/JSONWebAlgorithms/Compression/ZIP/Zip+ContentCompressor.swift (in target 'JSONWebAlgorithms' from project 'jose-swift')
    cd /Users/admin/builder/spi-builder-workspace/.swiftpm/xcode

SwiftCompile normal arm64 /Users/admin/builder/spi-builder-workspace/Sources/JSONWebAlgorithms/ContentEncryption/AES/AES128GCM+ContentEncryptor.swift (in target 'JSONWebAlgorithms' from project 'jose-swift')
    cd /Users/admin/builder/spi-builder-workspace/.swiftpm/xcode

SwiftCompile normal arm64 /Users/admin/builder/spi-builder-workspace/Sources/JSONWebAlgorithms/ContentEncryption/AES/AES192GCM+ContentEncryptor.swift (in target 'JSONWebAlgorithms' from project 'jose-swift')
    cd /Users/admin/builder/spi-builder-workspace/.swiftpm/xcode

SwiftCompile normal arm64 /Users/admin/builder/spi-builder-workspace/Sources/JSONWebAlgorithms/ContentEncryption/AES/AES256GCM+ContentEncryptor.swift (in target 'JSONWebAlgorithms' from project 'jose-swift')
    cd /Users/admin/builder/spi-builder-workspace/.swiftpm/xcode

SwiftCompile normal arm64 /Users/admin/builder/spi-builder-workspace/Sources/JSONWebAlgorithms/ContentEncryption/AES/AESCBC_SHA256+ContentEncryptor.swift (in target 'JSONWebAlgorithms' from project 'jose-swift')
    cd /Users/admin/builder/spi-builder-workspace/.swiftpm/xcode

SwiftCompile normal arm64 /Users/admin/builder/spi-builder-workspace/Sources/JSONWebAlgorithms/ContentEncryption/AES/AESCBC_SHA384+ContentEncryptor.swift (in target 'JSONWebAlgorithms' from project 'jose-swift')
    cd /Users/admin/builder/spi-builder-workspace/.swiftpm/xcode

SwiftCompile normal arm64 /Users/admin/builder/spi-builder-workspace/Sources/JSONWebAlgorithms/ContentEncryption/AES/AESCBC_SHA512+ContentEncryptor.swift (in target 'JSONWebAlgorithms' from project 'jose-swift')
    cd /Users/admin/builder/spi-builder-workspace/.swiftpm/xcode

SwiftCompile normal arm64 /Users/admin/builder/spi-builder-workspace/Sources/JSONWebAlgorithms/ContentEncryption/ChaChaPoly/C20P+ContentEncryption.swift (in target 'JSONWebAlgorithms' from project 'jose-swift')
    cd /Users/admin/builder/spi-builder-workspace/.swiftpm/xcode

SwiftCompile normal arm64 /Users/admin/builder/spi-builder-workspace/Sources/JSONWebAlgorithms/ContentEncryption/ChaChaPoly/XC20P+ContentEncryption.swift (in target 'JSONWebAlgorithms' from project 'jose-swift')
    cd /Users/admin/builder/spi-builder-workspace/.swiftpm/xcode

SwiftDriverJobDiscovery normal armv7k Compiling JWK.swift (in target 'JSONWebKey' from project 'jose-swift')
SwiftCompile normal armv7k Compiling\ RS512Signer.swift,\ PS256Verifier.swift,\ PS384Verifier.swift,\ PS512Verifier.swift,\ RS256Verifier.swift,\ RS384Verifier.swift,\ RS512Verifier.swift,\ Signer.swift,\ SigningAlgorithm.swift,\ Verifier.swift /Users/admin/builder/spi-builder-workspace/Sources/JSONWebAlgorithms/Signatures/RSA/Signers/RS512Signer.swift /Users/admin/builder/spi-builder-workspace/Sources/JSONWebAlgorithms/Signatures/RSA/Verifiers/PS256Verifier.swift /Users/admin/builder/spi-builder-workspace/Sources/JSONWebAlgorithms/Signatures/RSA/Verifiers/PS384Verifier.swift /Users/admin/builder/spi-builder-workspace/Sources/JSONWebAlgorithms/Signatures/RSA/Verifiers/PS512Verifier.swift /Users/admin/builder/spi-builder-workspace/Sources/JSONWebAlgorithms/Signatures/RSA/Verifiers/RS256Verifier.swift /Users/admin/builder/spi-builder-workspace/Sources/JSONWebAlgorithms/Signatures/RSA/Verifiers/RS384Verifier.swift /Users/admin/builder/spi-builder-workspace/Sources/JSONWebAlgorithms/Signatures/RSA/Verifiers/RS512Verifier.swift /Users/admin/builder/spi-builder-workspace/Sources/JSONWebAlgorithms/Signatures/Signer.swift /Users/admin/builder/spi-builder-workspace/Sources/JSONWebAlgorithms/Signatures/SigningAlgorithm.swift /Users/admin/builder/spi-builder-workspace/Sources/JSONWebAlgorithms/Signatures/Verifier.swift (in target 'JSONWebAlgorithms' from project 'jose-swift')
SwiftCompile normal armv7k /Users/admin/builder/spi-builder-workspace/Sources/JSONWebAlgorithms/Signatures/RSA/Signers/RS512Signer.swift (in target 'JSONWebAlgorithms' from project 'jose-swift')
    cd /Users/admin/builder/spi-builder-workspace/.swiftpm/xcode

SwiftCompile normal armv7k /Users/admin/builder/spi-builder-workspace/Sources/JSONWebAlgorithms/Signatures/RSA/Verifiers/PS256Verifier.swift (in target 'JSONWebAlgorithms' from project 'jose-swift')
    cd /Users/admin/builder/spi-builder-workspace/.swiftpm/xcode

SwiftCompile normal armv7k /Users/admin/builder/spi-builder-workspace/Sources/JSONWebAlgorithms/Signatures/RSA/Verifiers/PS384Verifier.swift (in target 'JSONWebAlgorithms' from project 'jose-swift')
    cd /Users/admin/builder/spi-builder-workspace/.swiftpm/xcode

SwiftCompile normal armv7k /Users/admin/builder/spi-builder-workspace/Sources/JSONWebAlgorithms/Signatures/RSA/Verifiers/PS512Verifier.swift (in target 'JSONWebAlgorithms' from project 'jose-swift')
    cd /Users/admin/builder/spi-builder-workspace/.swiftpm/xcode

SwiftCompile normal armv7k /Users/admin/builder/spi-builder-workspace/Sources/JSONWebAlgorithms/Signatures/RSA/Verifiers/RS256Verifier.swift (in target 'JSONWebAlgorithms' from project 'jose-swift')
    cd /Users/admin/builder/spi-builder-workspace/.swiftpm/xcode

SwiftCompile normal armv7k /Users/admin/builder/spi-builder-workspace/Sources/JSONWebAlgorithms/Signatures/RSA/Verifiers/RS384Verifier.swift (in target 'JSONWebAlgorithms' from project 'jose-swift')
    cd /Users/admin/builder/spi-builder-workspace/.swiftpm/xcode

SwiftCompile normal armv7k /Users/admin/builder/spi-builder-workspace/Sources/JSONWebAlgorithms/Signatures/RSA/Verifiers/RS512Verifier.swift (in target 'JSONWebAlgorithms' from project 'jose-swift')
    cd /Users/admin/builder/spi-builder-workspace/.swiftpm/xcode

SwiftCompile normal armv7k /Users/admin/builder/spi-builder-workspace/Sources/JSONWebAlgorithms/Signatures/Signer.swift (in target 'JSONWebAlgorithms' from project 'jose-swift')
    cd /Users/admin/builder/spi-builder-workspace/.swiftpm/xcode

SwiftCompile normal armv7k /Users/admin/builder/spi-builder-workspace/Sources/JSONWebAlgorithms/Signatures/SigningAlgorithm.swift (in target 'JSONWebAlgorithms' from project 'jose-swift')
    cd /Users/admin/builder/spi-builder-workspace/.swiftpm/xcode

SwiftCompile normal armv7k /Users/admin/builder/spi-builder-workspace/Sources/JSONWebAlgorithms/Signatures/Verifier.swift (in target 'JSONWebAlgorithms' from project 'jose-swift')
    cd /Users/admin/builder/spi-builder-workspace/.swiftpm/xcode

SwiftDriverJobDiscovery normal armv7k Compiling JWK+PEM.swift (in target 'JSONWebKey' from project 'jose-swift')
SwiftDriver\ Compilation JSONWebKey normal armv7k com.apple.xcode.tools.swift.compiler (in target 'JSONWebKey' from project 'jose-swift')
    cd /Users/admin/builder/spi-builder-workspace/.swiftpm/xcode
    builtin-Swift-Compilation -- /Applications/Xcode-16.3.0.app/Contents/Developer/Toolchains/XcodeDefault.xctoolchain/usr/bin/swiftc -module-name JSONWebKey -Onone -enforce-exclusivity\=checked @/Users/admin/builder/spi-builder-workspace/.derivedData/Build/Intermediates.noindex/jose-swift.build/Debug-watchos/JSONWebKey.build/Objects-normal/armv7k/JSONWebKey.SwiftFileList -DSWIFT_PACKAGE -DDEBUG -DXcode -plugin-path /Applications/Xcode-16.3.0.app/Contents/Developer/Toolchains/XcodeDefault.xctoolchain/usr/lib/swift/host/plugins/testing -enable-experimental-feature DebugDescriptionMacro -sdk /Applications/Xcode-16.3.0.app/Contents/Developer/Platforms/WatchOS.platform/Developer/SDKs/WatchOS11.4.sdk -target armv7k-apple-watchos7.0 -g -module-cache-path /Users/admin/builder/spi-builder-workspace/.derivedData/ModuleCache.noindex -Xfrontend -serialize-debugging-options -profile-coverage-mapping -profile-generate -enable-testing -index-store-path /Users/admin/builder/spi-builder-workspace/.derivedData/Index.noindex/DataStore -swift-version 6 -I /Users/admin/builder/spi-builder-workspace/.derivedData/Build/Products/Debug-watchos -I /Applications/Xcode-16.3.0.app/Contents/Developer/Platforms/WatchOS.platform/Developer/usr/lib -F /Users/admin/builder/spi-builder-workspace/.derivedData/Build/Products/Debug-watchos/PackageFrameworks -F /Users/admin/builder/spi-builder-workspace/.derivedData/Build/Products/Debug-watchos/PackageFrameworks -F /Users/admin/builder/spi-builder-workspace/.derivedData/Build/Products/Debug-watchos/PackageFrameworks -F /Users/admin/builder/spi-builder-workspace/.derivedData/Build/Products/Debug-watchos/PackageFrameworks -F /Users/admin/builder/spi-builder-workspace/.derivedData/Build/Products/Debug-watchos/PackageFrameworks -F /Users/admin/builder/spi-builder-workspace/.derivedData/Build/Products/Debug-watchos/PackageFrameworks -F /Users/admin/builder/spi-builder-workspace/.derivedData/Build/Products/Debug-watchos/PackageFrameworks -F /Users/admin/builder/spi-builder-workspace/.derivedData/Build/Products/Debug-watchos/PackageFrameworks -F /Users/admin/builder/spi-builder-workspace/.derivedData/Build/Products/Debug-watchos/PackageFrameworks -F /Users/admin/builder/spi-builder-workspace/.derivedData/Build/Products/Debug-watchos/PackageFrameworks -F /Users/admin/builder/spi-builder-workspace/.derivedData/Build/Products/Debug-watchos -F /Applications/Xcode-16.3.0.app/Contents/Developer/Platforms/WatchOS.platform/Developer/Library/Frameworks -F /Applications/Xcode-16.3.0.app/Contents/Developer/Platforms/WatchOS.platform/Developer/SDKs/WatchOS11.4.sdk/Developer/Library/Frameworks -c -j10 -enable-batch-mode -incremental -Xcc -ivfsstatcache -Xcc /Users/admin/builder/spi-builder-workspace/.derivedData/SDKStatCaches.noindex/watchos11.4-22T246-43efb940ff07ba2497b70ec94253f576.sdkstatcache -output-file-map /Users/admin/builder/spi-builder-workspace/.derivedData/Build/Intermediates.noindex/jose-swift.build/Debug-watchos/JSONWebKey.build/Objects-normal/armv7k/JSONWebKey-OutputFileMap.json -use-frontend-parseable-output -save-temps -no-color-diagnostics -serialize-diagnostics -emit-dependencies -emit-module -emit-module-path /Users/admin/builder/spi-builder-workspace/.derivedData/Build/Intermediates.noindex/jose-swift.build/Debug-watchos/JSONWebKey.build/Objects-normal/armv7k/JSONWebKey.swiftmodule -validate-clang-modules-once -clang-build-session-file /Users/admin/builder/spi-builder-workspace/.derivedData/ModuleCache.noindex/Session.modulevalidation -package-name spi_builder_workspace -Xcc -I/Users/admin/builder/spi-builder-workspace/.derivedData/Build/Intermediates.noindex/jose-swift.build/Debug-watchos/JSONWebKey.build/swift-overrides.hmap -emit-const-values -Xfrontend -const-gather-protocols-file -Xfrontend /Users/admin/builder/spi-builder-workspace/.derivedData/Build/Intermediates.noindex/jose-swift.build/Debug-watchos/JSONWebKey.build/Objects-normal/armv7k/JSONWebKey_const_extract_protocols.json -Xcc -I/Users/admin/builder/spi-builder-workspace/.dependencies/checkouts/swift-crypto/Sources/CCryptoBoringSSLShims/include -Xcc -I/Users/admin/builder/spi-builder-workspace/.dependencies/checkouts/swift-crypto/Sources/CCryptoBoringSSL/include -Xcc -I/Users/admin/builder/spi-builder-workspace/.derivedData/Build/Products/Debug-watchos/include -Xcc -I/Users/admin/builder/spi-builder-workspace/.derivedData/Build/Intermediates.noindex/jose-swift.build/Debug-watchos/JSONWebKey.build/DerivedSources-normal/armv7k -Xcc -I/Users/admin/builder/spi-builder-workspace/.derivedData/Build/Intermediates.noindex/jose-swift.build/Debug-watchos/JSONWebKey.build/DerivedSources/armv7k -Xcc -I/Users/admin/builder/spi-builder-workspace/.derivedData/Build/Intermediates.noindex/jose-swift.build/Debug-watchos/JSONWebKey.build/DerivedSources -Xcc -DSWIFT_PACKAGE -Xcc -DDEBUG\=1 -emit-objc-header -emit-objc-header-path /Users/admin/builder/spi-builder-workspace/.derivedData/Build/Intermediates.noindex/jose-swift.build/Debug-watchos/JSONWebKey.build/Objects-normal/armv7k/JSONWebKey-Swift.h -working-directory /Users/admin/builder/spi-builder-workspace/.swiftpm/xcode -experimental-emit-module-separately -disable-cmo
SwiftDriverJobDiscovery normal arm64 Compiling JWK+Codable.swift (in target 'JSONWebKey' from project 'jose-swift')
SwiftCompile normal arm64_32 Compiling\ ContentCompressionAlgorithm.swift,\ ContentCompressor.swift,\ Zip+ContentCompressor.swift,\ AES128GCM+ContentEncryptor.swift,\ AES192GCM+ContentEncryptor.swift,\ AES256GCM+ContentEncryptor.swift,\ AESCBC_SHA256+ContentEncryptor.swift,\ AESCBC_SHA384+ContentEncryptor.swift,\ AESCBC_SHA512+ContentEncryptor.swift,\ C20P+ContentEncryption.swift,\ XC20P+ContentEncryption.swift /Users/admin/builder/spi-builder-workspace/Sources/JSONWebAlgorithms/Compression/ContentCompressionAlgorithm.swift /Users/admin/builder/spi-builder-workspace/Sources/JSONWebAlgorithms/Compression/ContentCompressor.swift /Users/admin/builder/spi-builder-workspace/Sources/JSONWebAlgorithms/Compression/ZIP/Zip+ContentCompressor.swift /Users/admin/builder/spi-builder-workspace/Sources/JSONWebAlgorithms/ContentEncryption/AES/AES128GCM+ContentEncryptor.swift /Users/admin/builder/spi-builder-workspace/Sources/JSONWebAlgorithms/ContentEncryption/AES/AES192GCM+ContentEncryptor.swift /Users/admin/builder/spi-builder-workspace/Sources/JSONWebAlgorithms/ContentEncryption/AES/AES256GCM+ContentEncryptor.swift /Users/admin/builder/spi-builder-workspace/Sources/JSONWebAlgorithms/ContentEncryption/AES/AESCBC_SHA256+ContentEncryptor.swift /Users/admin/builder/spi-builder-workspace/Sources/JSONWebAlgorithms/ContentEncryption/AES/AESCBC_SHA384+ContentEncryptor.swift /Users/admin/builder/spi-builder-workspace/Sources/JSONWebAlgorithms/ContentEncryption/AES/AESCBC_SHA512+ContentEncryptor.swift /Users/admin/builder/spi-builder-workspace/Sources/JSONWebAlgorithms/ContentEncryption/ChaChaPoly/C20P+ContentEncryption.swift /Users/admin/builder/spi-builder-workspace/Sources/JSONWebAlgorithms/ContentEncryption/ChaChaPoly/XC20P+ContentEncryption.swift (in target 'JSONWebAlgorithms' from project 'jose-swift')
SwiftCompile normal arm64_32 /Users/admin/builder/spi-builder-workspace/Sources/JSONWebAlgorithms/Compression/ContentCompressionAlgorithm.swift (in target 'JSONWebAlgorithms' from project 'jose-swift')
    cd /Users/admin/builder/spi-builder-workspace/.swiftpm/xcode

SwiftCompile normal arm64_32 /Users/admin/builder/spi-builder-workspace/Sources/JSONWebAlgorithms/Compression/ContentCompressor.swift (in target 'JSONWebAlgorithms' from project 'jose-swift')
    cd /Users/admin/builder/spi-builder-workspace/.swiftpm/xcode

SwiftCompile normal arm64_32 /Users/admin/builder/spi-builder-workspace/Sources/JSONWebAlgorithms/Compression/ZIP/Zip+ContentCompressor.swift (in target 'JSONWebAlgorithms' from project 'jose-swift')
    cd /Users/admin/builder/spi-builder-workspace/.swiftpm/xcode

SwiftCompile normal arm64_32 /Users/admin/builder/spi-builder-workspace/Sources/JSONWebAlgorithms/ContentEncryption/AES/AES128GCM+ContentEncryptor.swift (in target 'JSONWebAlgorithms' from project 'jose-swift')
    cd /Users/admin/builder/spi-builder-workspace/.swiftpm/xcode

SwiftCompile normal arm64_32 /Users/admin/builder/spi-builder-workspace/Sources/JSONWebAlgorithms/ContentEncryption/AES/AES192GCM+ContentEncryptor.swift (in target 'JSONWebAlgorithms' from project 'jose-swift')
    cd /Users/admin/builder/spi-builder-workspace/.swiftpm/xcode

SwiftCompile normal arm64_32 /Users/admin/builder/spi-builder-workspace/Sources/JSONWebAlgorithms/ContentEncryption/AES/AES256GCM+ContentEncryptor.swift (in target 'JSONWebAlgorithms' from project 'jose-swift')
    cd /Users/admin/builder/spi-builder-workspace/.swiftpm/xcode

SwiftCompile normal arm64_32 /Users/admin/builder/spi-builder-workspace/Sources/JSONWebAlgorithms/ContentEncryption/AES/AESCBC_SHA256+ContentEncryptor.swift (in target 'JSONWebAlgorithms' from project 'jose-swift')
    cd /Users/admin/builder/spi-builder-workspace/.swiftpm/xcode

SwiftCompile normal arm64_32 /Users/admin/builder/spi-builder-workspace/Sources/JSONWebAlgorithms/ContentEncryption/AES/AESCBC_SHA384+ContentEncryptor.swift (in target 'JSONWebAlgorithms' from project 'jose-swift')
    cd /Users/admin/builder/spi-builder-workspace/.swiftpm/xcode

SwiftDriver\ Compilation JSONWebKey normal arm64 com.apple.xcode.tools.swift.compiler (in target 'JSONWebKey' from project 'jose-swift')
    cd /Users/admin/builder/spi-builder-workspace/.swiftpm/xcode
    builtin-Swift-Compilation -- /Applications/Xcode-16.3.0.app/Contents/Developer/Toolchains/XcodeDefault.xctoolchain/usr/bin/swiftc -module-name JSONWebKey -Onone -enforce-exclusivity\=checked @/Users/admin/builder/spi-builder-workspace/.derivedData/Build/Intermediates.noindex/jose-swift.build/Debug-watchos/JSONWebKey.build/Objects-normal/arm64/JSONWebKey.SwiftFileList -DSWIFT_PACKAGE -DDEBUG -DXcode -plugin-path /Applications/Xcode-16.3.0.app/Contents/Developer/Toolchains/XcodeDefault.xctoolchain/usr/lib/swift/host/plugins/testing -enable-experimental-feature DebugDescriptionMacro -sdk /Applications/Xcode-16.3.0.app/Contents/Developer/Platforms/WatchOS.platform/Developer/SDKs/WatchOS11.4.sdk -target arm64-apple-watchos7.0 -g -module-cache-path /Users/admin/builder/spi-builder-workspace/.derivedData/ModuleCache.noindex -Xfrontend -serialize-debugging-options -profile-coverage-mapping -profile-generate -enable-testing -index-store-path /Users/admin/builder/spi-builder-workspace/.derivedData/Index.noindex/DataStore -swift-version 6 -I /Users/admin/builder/spi-builder-workspace/.derivedData/Build/Products/Debug-watchos -I /Applications/Xcode-16.3.0.app/Contents/Developer/Platforms/WatchOS.platform/Developer/usr/lib -F /Users/admin/builder/spi-builder-workspace/.derivedData/Build/Products/Debug-watchos/PackageFrameworks -F /Users/admin/builder/spi-builder-workspace/.derivedData/Build/Products/Debug-watchos/PackageFrameworks -F /Users/admin/builder/spi-builder-workspace/.derivedData/Build/Products/Debug-watchos/PackageFrameworks -F /Users/admin/builder/spi-builder-workspace/.derivedData/Build/Products/Debug-watchos/PackageFrameworks -F /Users/admin/builder/spi-builder-workspace/.derivedData/Build/Products/Debug-watchos/PackageFrameworks -F /Users/admin/builder/spi-builder-workspace/.derivedData/Build/Products/Debug-watchos/PackageFrameworks -F /Users/admin/builder/spi-builder-workspace/.derivedData/Build/Products/Debug-watchos/PackageFrameworks -F /Users/admin/builder/spi-builder-workspace/.derivedData/Build/Products/Debug-watchos/PackageFrameworks -F /Users/admin/builder/spi-builder-workspace/.derivedData/Build/Products/Debug-watchos/PackageFrameworks -F /Users/admin/builder/spi-builder-workspace/.derivedData/Build/Products/Debug-watchos/PackageFrameworks -F /Users/admin/builder/spi-builder-workspace/.derivedData/Build/Products/Debug-watchos -F /Applications/Xcode-16.3.0.app/Contents/Developer/Platforms/WatchOS.platform/Developer/Library/Frameworks -F /Applications/Xcode-16.3.0.app/Contents/Developer/Platforms/WatchOS.platform/Developer/SDKs/WatchOS11.4.sdk/Developer/Library/Frameworks -c -j10 -enable-batch-mode -incremental -Xcc -ivfsstatcache -Xcc /Users/admin/builder/spi-builder-workspace/.derivedData/SDKStatCaches.noindex/watchos11.4-22T246-43efb940ff07ba2497b70ec94253f576.sdkstatcache -output-file-map /Users/admin/builder/spi-builder-workspace/.derivedData/Build/Intermediates.noindex/jose-swift.build/Debug-watchos/JSONWebKey.build/Objects-normal/arm64/JSONWebKey-OutputFileMap.json -use-frontend-parseable-output -save-temps -no-color-diagnostics -serialize-diagnostics -emit-dependencies -emit-module -emit-module-path /Users/admin/builder/spi-builder-workspace/.derivedData/Build/Intermediates.noindex/jose-swift.build/Debug-watchos/JSONWebKey.build/Objects-normal/arm64/JSONWebKey.swiftmodule -validate-clang-modules-once -clang-build-session-file /Users/admin/builder/spi-builder-workspace/.derivedData/ModuleCache.noindex/Session.modulevalidation -package-name spi_builder_workspace -Xcc -I/Users/admin/builder/spi-builder-workspace/.derivedData/Build/Intermediates.noindex/jose-swift.build/Debug-watchos/JSONWebKey.build/swift-overrides.hmap -emit-const-values -Xfrontend -const-gather-protocols-file -Xfrontend /Users/admin/builder/spi-builder-workspace/.derivedData/Build/Intermediates.noindex/jose-swift.build/Debug-watchos/JSONWebKey.build/Objects-normal/arm64/JSONWebKey_const_extract_protocols.json -Xcc -I/Users/admin/builder/spi-builder-workspace/.dependencies/checkouts/swift-crypto/Sources/CCryptoBoringSSLShims/include -Xcc -I/Users/admin/builder/spi-builder-workspace/.dependencies/checkouts/swift-crypto/Sources/CCryptoBoringSSL/include -Xcc -I/Users/admin/builder/spi-builder-workspace/.derivedData/Build/Products/Debug-watchos/include -Xcc -I/Users/admin/builder/spi-builder-workspace/.derivedData/Build/Intermediates.noindex/jose-swift.build/Debug-watchos/JSONWebKey.build/DerivedSources-normal/arm64 -Xcc -I/Users/admin/builder/spi-builder-workspace/.derivedData/Build/Intermediates.noindex/jose-swift.build/Debug-watchos/JSONWebKey.build/DerivedSources/arm64 -Xcc -I/Users/admin/builder/spi-builder-workspace/.derivedData/Build/Intermediates.noindex/jose-swift.build/Debug-watchos/JSONWebKey.build/DerivedSources -Xcc -DSWIFT_PACKAGE -Xcc -DDEBUG\=1 -emit-objc-header -emit-objc-header-path /Users/admin/builder/spi-builder-workspace/.derivedData/Build/Intermediates.noindex/jose-swift.build/Debug-watchos/JSONWebKey.build/Objects-normal/arm64/JSONWebKey-Swift.h -working-directory /Users/admin/builder/spi-builder-workspace/.swiftpm/xcode -experimental-emit-module-separately -disable-cmo
** BUILD FAILED **
The following build commands failed:
	SwiftCompile normal armv7k Compiling\ AESGCM+KeyUnwrap.swift,\ AESKeyUnwrap+KeyUnwrap.swift,\ AESKeyWrap+KeyEncryption.swift,\ KeyUnwrap.swift,\ KeyWrapping.swift,\ MockKeyEncryption.swift,\ RSA15KeyUnwrap+KeyUnwrapping.swift,\ RSA15KeyWrapper+KeyEncryption.swift,\ RSAOAEP256KeyUnwrap+KeyUnwrapping.swift,\ RSAOAEP256KeyWrap+KeyEncryption.swift /Users/admin/builder/spi-builder-workspace/Sources/JSONWebAlgorithms/KeyManagement/KeyEncryption/AES/AESGCM+KeyUnwrap.swift /Users/admin/builder/spi-builder-workspace/Sources/JSONWebAlgorithms/KeyManagement/KeyEncryption/AES/AESKeyUnwrap+KeyUnwrap.swift /Users/admin/builder/spi-builder-workspace/Sources/JSONWebAlgorithms/KeyManagement/KeyEncryption/AES/AESKeyWrap+KeyEncryption.swift /Users/admin/builder/spi-builder-workspace/Sources/JSONWebAlgorithms/KeyManagement/KeyEncryption/KeyUnwrap.swift /Users/admin/builder/spi-builder-workspace/Sources/JSONWebAlgorithms/KeyManagement/KeyEncryption/KeyWrapping.swift /Users/admin/builder/spi-builder-workspace/Sources/JSONWebAlgorithms/KeyManagement/KeyEncryption/MockKeyEncryption.swift /Users/admin/builder/spi-builder-workspace/Sources/JSONWebAlgorithms/KeyManagement/KeyEncryption/RSA/RSA15KeyUnwrap+KeyUnwrapping.swift /Users/admin/builder/spi-builder-workspace/Sources/JSONWebAlgorithms/KeyManagement/KeyEncryption/RSA/RSA15KeyWrapper+KeyEncryption.swift /Users/admin/builder/spi-builder-workspace/Sources/JSONWebAlgorithms/KeyManagement/KeyEncryption/RSA/RSAOAEP256KeyUnwrap+KeyUnwrapping.swift /Users/admin/builder/spi-builder-workspace/Sources/JSONWebAlgorithms/KeyManagement/KeyEncryption/RSA/RSAOAEP256KeyWrap+KeyEncryption.swift (in target 'JSONWebAlgorithms' from project 'jose-swift')
	SwiftCompile normal armv7k /Users/admin/builder/spi-builder-workspace/Sources/JSONWebAlgorithms/KeyManagement/KeyEncryption/AES/AESKeyUnwrap+KeyUnwrap.swift (in target 'JSONWebAlgorithms' from project 'jose-swift')
	SwiftCompile normal armv7k /Users/admin/builder/spi-builder-workspace/Sources/JSONWebAlgorithms/KeyManagement/KeyEncryption/AES/AESKeyWrap+KeyEncryption.swift (in target 'JSONWebAlgorithms' from project 'jose-swift')
	Building workspace spi-builder-workspace with scheme jose-swift-Package
(4 failures)
BUILD FAILURE 6.1 watchOS