Build Information
Failed to build GoogleAuthentication, reference main (9869b9), with Swift 6.4 for watchOS using Xcode 27.0 on 23 Sep 2026 15:34:48 UTC.
Build Command
env DEVELOPER_DIR=/Applications/Xcode-27.0.0-Release.Candidate.app xcrun xcodebuild -IDEClonedSourcePackagesDirPathOverride=$PWD/.dependencies -skipMacroValidation -skipPackagePluginValidation -derivedDataPath $PWD/.derivedData build -scheme GoogleAuthentication -destination generic/platform=watchOSBuild Log
SwiftExplicitDependencyGeneratePcm arm64 /Users/admin/builder/spi-builder-workspace/.derivedData/SDKExplicitPrecompiledModules/QuartzCore-94KFMWNOU7ZLUZNB4T5DLZC9D.pcm
SwiftExplicitDependencyGeneratePcm arm64 /Users/admin/builder/spi-builder-workspace/.derivedData/SDKExplicitPrecompiledModules/UniformTypeIdentifiers-8L08Q8DQJV8C4AW84YVGFGTRN.pcm
SwiftExplicitDependencyGeneratePcm arm64 /Users/admin/builder/spi-builder-workspace/.derivedData/SDKExplicitPrecompiledModules/Symbols-3EFABTJ9L5PQDJ7RQCYQWEJMM.pcm
SwiftExplicitDependencyGeneratePcm arm64 /Users/admin/builder/spi-builder-workspace/.derivedData/SDKExplicitPrecompiledModules/DataDetection-7BNVI1SZW5ISQL5SX4WL2X7I5.pcm
SwiftExplicitDependencyGeneratePcm arm64 /Users/admin/builder/spi-builder-workspace/.derivedData/SDKExplicitPrecompiledModules/Accessibility-27QMG6ZQ1NKYTNBYFPM1XKNFC.pcm
SwiftEmitModule normal arm64_32 Emitting\ module\ for\ KeychainAccess (in target 'KeychainAccess' from project 'KeychainAccess')
SwiftCompile normal arm64_32 (in target 'KeychainAccess' from project 'KeychainAccess')
cd /Users/admin/builder/spi-builder-workspace/.swiftpm/xcode
SwiftExplicitDependencyGeneratePcm arm64_32 /Users/admin/builder/spi-builder-workspace/.derivedData/SDKExplicitPrecompiledModules/Symbols-1H97WMG76HU94F5VGJR19PXFY.pcm
SwiftExplicitDependencyGeneratePcm arm64_32 /Users/admin/builder/spi-builder-workspace/.derivedData/SDKExplicitPrecompiledModules/UniformTypeIdentifiers-CJZ3NTHPSBH4XWX5EVOG56UZS.pcm
SwiftExplicitDependencyGeneratePcm arm64_32 /Users/admin/builder/spi-builder-workspace/.derivedData/SDKExplicitPrecompiledModules/UIUtilities-9YFVNIMRC5HRVOIARNWHP1E3H.pcm
SwiftExplicitDependencyGeneratePcm arm64_32 /Users/admin/builder/spi-builder-workspace/.derivedData/SDKExplicitPrecompiledModules/CoreTransferable-5D4IR6X37682FPHJ5CBPTKQV6.pcm
SwiftExplicitDependencyGeneratePcm arm64 /Users/admin/builder/spi-builder-workspace/.derivedData/SDKExplicitPrecompiledModules/CoreLocation-ACKJ9K7ABI14F97Y46Y6SRR17.pcm
SwiftExplicitDependencyGeneratePcm arm64_32 /Users/admin/builder/spi-builder-workspace/.derivedData/SDKExplicitPrecompiledModules/SceneKit-DKNLHKM5FJBQ79LSNMSSMBUBR.pcm
SwiftExplicitDependencyGeneratePcm arm64_32 /Users/admin/builder/spi-builder-workspace/.derivedData/SDKExplicitPrecompiledModules/UserNotifications-6TBN8TEAKO014N1T2QD926XED.pcm
SwiftExplicitDependencyGeneratePcm arm64 /Users/admin/builder/spi-builder-workspace/.derivedData/SDKExplicitPrecompiledModules/SwiftUICore-C1DST1IX2Z0PTH5SJJZ1IULRB.pcm
SwiftExplicitDependencyGeneratePcm arm64_32 /Users/admin/builder/spi-builder-workspace/.derivedData/SDKExplicitPrecompiledModules/Accessibility-F385OMZ5GYBUY5O4QAJB4NRII.pcm
SwiftExplicitDependencyGeneratePcm arm64 /Users/admin/builder/spi-builder-workspace/.derivedData/SDKExplicitPrecompiledModules/OSLog-B7VGO357Y3GJG35TST7DKDSI3.pcm
SwiftExplicitDependencyGeneratePcm arm64_32 /Users/admin/builder/spi-builder-workspace/.derivedData/SDKExplicitPrecompiledModules/QuartzCore-6375NPYACK5NYVHPMC1QQ8MC2.pcm
SwiftExplicitDependencyGeneratePcm arm64_32 /Users/admin/builder/spi-builder-workspace/.derivedData/SDKExplicitPrecompiledModules/OSLog-D9AVFY0KWO7RVBIQ73CBIJVCN.pcm
SwiftExplicitDependencyGeneratePcm arm64_32 /Users/admin/builder/spi-builder-workspace/.derivedData/SDKExplicitPrecompiledModules/DataDetection-U9BF7WHFVA6BZGFXXXP272PS.pcm
SwiftExplicitDependencyGeneratePcm arm64 /Users/admin/builder/spi-builder-workspace/.derivedData/SDKExplicitPrecompiledModules/CoreMotion-6RD5K48QT1F4L9CATNFD2O7YB.pcm
SwiftExplicitDependencyGeneratePcm arm64 /Users/admin/builder/spi-builder-workspace/.derivedData/SDKExplicitPrecompiledModules/CoreTransferable-9PPG3SLJ55T4LITIFYX2M0NOZ.pcm
SwiftExplicitDependencyGeneratePcm arm64_32 /Users/admin/builder/spi-builder-workspace/.derivedData/SDKExplicitPrecompiledModules/_LocationEssentials-AQ1OL9QKC3LQLY5CNSRM1HB53.pcm
SwiftCompile normal arm64_32 Compiling\ Keychain.swift /Users/admin/builder/spi-builder-workspace/.dependencies/checkouts/KeychainAccess/Lib/KeychainAccess/Keychain.swift (in target 'KeychainAccess' from project 'KeychainAccess')
SwiftCompile normal arm64_32 /Users/admin/builder/spi-builder-workspace/.dependencies/checkouts/KeychainAccess/Lib/KeychainAccess/Keychain.swift (in target 'KeychainAccess' from project 'KeychainAccess')
cd /Users/admin/builder/spi-builder-workspace/.swiftpm/xcode
builtin-SwiftPerFileCompile Keychain.swift
SwiftCompile normal arm64 Compiling\ Keychain.swift /Users/admin/builder/spi-builder-workspace/.dependencies/checkouts/KeychainAccess/Lib/KeychainAccess/Keychain.swift (in target 'KeychainAccess' from project 'KeychainAccess')
SwiftCompile normal arm64 /Users/admin/builder/spi-builder-workspace/.dependencies/checkouts/KeychainAccess/Lib/KeychainAccess/Keychain.swift (in target 'KeychainAccess' from project 'KeychainAccess')
cd /Users/admin/builder/spi-builder-workspace/.swiftpm/xcode
builtin-SwiftPerFileCompile Keychain.swift
SwiftExplicitDependencyGeneratePcm arm64_32 /Users/admin/builder/spi-builder-workspace/.derivedData/SDKExplicitPrecompiledModules/SwiftUICore-3Q7WLRD8MR9R3NGIPUBQCP6F6.pcm
SwiftExplicitDependencyGeneratePcm arm64 /Users/admin/builder/spi-builder-workspace/.derivedData/SDKExplicitPrecompiledModules/UIKit-27R3P1YMV4C6JLDT661G3MRIA.pcm
SwiftExplicitDependencyGeneratePcm arm64_32 /Users/admin/builder/spi-builder-workspace/.derivedData/SDKExplicitPrecompiledModules/CoreLocation-8XU5YMYM4P11RQMYCQAG65ITK.pcm
SwiftExplicitDependencyGeneratePcm arm64_32 /Users/admin/builder/spi-builder-workspace/.derivedData/SDKExplicitPrecompiledModules/CoreMotion-1XGTVTE5PP32UHME8AC63TL6.pcm
SwiftDriverJobDiscovery normal arm64 Emitting module for KeychainAccess (in target 'KeychainAccess' from project 'KeychainAccess')
SwiftDriver\ Compilation\ Requirements KeychainAccess normal arm64 com.apple.xcode.tools.swift.compiler (in target 'KeychainAccess' from project 'KeychainAccess')
cd /Users/admin/builder/spi-builder-workspace/.swiftpm/xcode
builtin-Swift-Compilation-Requirements -- /Applications/Xcode-27.0.0-Release.Candidate.app/Contents/Developer/Toolchains/XcodeDefault.xctoolchain/usr/bin/swiftc -parse-as-library -module-name KeychainAccess -Onone @/Users/admin/builder/spi-builder-workspace/.derivedData/Build/Intermediates.noindex/KeychainAccess.build/Debug-watchos/KeychainAccess-t.build/Objects-normal/arm64/KeychainAccess.SwiftFileList -DSWIFT_PACKAGE -DDEBUG -DSWIFT_MODULE_RESOURCE_BUNDLE_UNAVAILABLE -DXcode -plugin-path /Applications/Xcode-27.0.0-Release.Candidate.app/Contents/Developer/Toolchains/XcodeDefault.xctoolchain/usr/lib/swift/host/plugins/testing -enable-experimental-feature DebugDescriptionMacro -sdk /Applications/Xcode-27.0.0-Release.Candidate.app/Contents/Developer/Platforms/WatchOS.platform/Developer/SDKs/WatchOS27.0.sdk -target arm64-apple-watchos9.0 -g -module-cache-path /Users/admin/builder/spi-builder-workspace/.derivedData/ModuleCache.noindex -Xfrontend -serialize-debugging-options -profile-coverage-mapping -profile-generate -enable-testing -suppress-warnings -index-store-path /Users/admin/builder/spi-builder-workspace/.derivedData/Index.noindex/DataStore -Xcc -D_LIBCPP_HARDENING_MODE\=_LIBCPP_HARDENING_MODE_DEBUG -swift-version 5 -I /Users/admin/builder/spi-builder-workspace/.derivedData/Build/Products/Debug-watchos -Isystem /Applications/Xcode-27.0.0-Release.Candidate.app/Contents/Developer/Platforms/WatchOS.platform/Developer/usr/lib -F /Users/admin/builder/spi-builder-workspace/.derivedData/Build/Products/Debug-watchos -F /Applications/Xcode-27.0.0-Release.Candidate.app/Contents/Developer/Platforms/WatchOS.platform/Developer/Library/Frameworks -F /Applications/Xcode-27.0.0-Release.Candidate.app/Contents/Developer/Platforms/WatchOS.platform/Developer/SDKs/WatchOS27.0.sdk/Developer/Library/Frameworks -c -j10 -enable-batch-mode -incremental -Xcc -ivfsstatcache -Xcc /Users/admin/builder/spi-builder-workspace/.derivedData/SDKStatCaches.noindex/watchos27.0-24R360-e829b21a6f8c9b70876ba0858053c04477534ef55a1706bf4c1112bbb242f0a2.sdkstatcache -output-file-map /Users/admin/builder/spi-builder-workspace/.derivedData/Build/Intermediates.noindex/KeychainAccess.build/Debug-watchos/KeychainAccess-t.build/Objects-normal/arm64/KeychainAccess-OutputFileMap.json -save-temps -no-color-diagnostics -explicit-module-build -module-cache-path /Users/admin/builder/spi-builder-workspace/.derivedData/Build/Intermediates.noindex/SwiftExplicitPrecompiledModules -clang-scanner-module-cache-path /Users/admin/builder/spi-builder-workspace/.derivedData/ModuleCache.noindex -sdk-module-cache-path /Users/admin/builder/spi-builder-workspace/.derivedData/SDKExplicitPrecompiledModules -emit-dependencies -emit-module -emit-module-path /Users/admin/builder/spi-builder-workspace/.derivedData/Build/Intermediates.noindex/KeychainAccess.build/Debug-watchos/KeychainAccess-t.build/Objects-normal/arm64/KeychainAccess.swiftmodule -serialize-diagnostics -dependency-scan-serialize-diagnostics-path /Users/admin/builder/spi-builder-workspace/.derivedData/Build/Intermediates.noindex/KeychainAccess.build/Debug-watchos/KeychainAccess-t.build/Objects-normal/arm64/KeychainAccess-dependency-scan.dia -validate-clang-modules-once -clang-build-session-file /Users/admin/builder/spi-builder-workspace/.derivedData/ModuleCache.noindex/Session.modulevalidation -Xcc -fmodules-prune-interval\=86400 -Xcc -fmodules-prune-after\=345600 -emit-const-values -const-gather-protocols-list /Users/admin/builder/spi-builder-workspace/.derivedData/Build/Intermediates.noindex/KeychainAccess.build/Debug-watchos/KeychainAccess-t.build/Objects-normal/arm64/KeychainAccess_const_extract_protocols.json -Xcc -I/Users/admin/builder/spi-builder-workspace/.derivedData/Build/Products/Debug-watchos/include -Xcc -I/Users/admin/builder/spi-builder-workspace/.derivedData/Build/Intermediates.noindex/KeychainAccess.build/Debug-watchos/KeychainAccess-t.build/DerivedSources-normal/arm64 -Xcc -I/Users/admin/builder/spi-builder-workspace/.derivedData/Build/Intermediates.noindex/KeychainAccess.build/Debug-watchos/KeychainAccess-t.build/DerivedSources/arm64 -Xcc -I/Users/admin/builder/spi-builder-workspace/.derivedData/Build/Intermediates.noindex/KeychainAccess.build/Debug-watchos/KeychainAccess-t.build/DerivedSources -Xcc -DSWIFT_PACKAGE -Xcc -DDEBUG\=1 -emit-objc-header -emit-objc-header-path /Users/admin/builder/spi-builder-workspace/.derivedData/Build/Intermediates.noindex/KeychainAccess.build/Debug-watchos/KeychainAccess-t.build/Objects-normal/arm64/KeychainAccess-Swift.h -working-directory /Users/admin/builder/spi-builder-workspace/.swiftpm/xcode -experimental-emit-module-separately -disable-cmo
Copy /Users/admin/builder/spi-builder-workspace/.derivedData/Build/Products/Debug-watchos/KeychainAccess.swiftmodule/arm64-apple-watchos.swiftmodule /Users/admin/builder/spi-builder-workspace/.derivedData/Build/Intermediates.noindex/KeychainAccess.build/Debug-watchos/KeychainAccess-t.build/Objects-normal/arm64/KeychainAccess.swiftmodule (in target 'KeychainAccess' from project 'KeychainAccess')
cd /Users/admin/builder/spi-builder-workspace/.dependencies/checkouts/KeychainAccess
builtin-copy -exclude .DS_Store -exclude CVS -exclude .svn -exclude .git -exclude .hg -resolve-src-symlinks -rename /Users/admin/builder/spi-builder-workspace/.derivedData/Build/Intermediates.noindex/KeychainAccess.build/Debug-watchos/KeychainAccess-t.build/Objects-normal/arm64/KeychainAccess.swiftmodule /Users/admin/builder/spi-builder-workspace/.derivedData/Build/Products/Debug-watchos/KeychainAccess.swiftmodule/arm64-apple-watchos.swiftmodule
Copy /Users/admin/builder/spi-builder-workspace/.derivedData/Build/Products/Debug-watchos/KeychainAccess.swiftmodule/arm64-apple-watchos.swiftdoc /Users/admin/builder/spi-builder-workspace/.derivedData/Build/Intermediates.noindex/KeychainAccess.build/Debug-watchos/KeychainAccess-t.build/Objects-normal/arm64/KeychainAccess.swiftdoc (in target 'KeychainAccess' from project 'KeychainAccess')
cd /Users/admin/builder/spi-builder-workspace/.dependencies/checkouts/KeychainAccess
builtin-copy -exclude .DS_Store -exclude CVS -exclude .svn -exclude .git -exclude .hg -resolve-src-symlinks -rename /Users/admin/builder/spi-builder-workspace/.derivedData/Build/Intermediates.noindex/KeychainAccess.build/Debug-watchos/KeychainAccess-t.build/Objects-normal/arm64/KeychainAccess.swiftdoc /Users/admin/builder/spi-builder-workspace/.derivedData/Build/Products/Debug-watchos/KeychainAccess.swiftmodule/arm64-apple-watchos.swiftdoc
Copy /Users/admin/builder/spi-builder-workspace/.derivedData/Build/Products/Debug-watchos/KeychainAccess.swiftmodule/arm64-apple-watchos.abi.json /Users/admin/builder/spi-builder-workspace/.derivedData/Build/Intermediates.noindex/KeychainAccess.build/Debug-watchos/KeychainAccess-t.build/Objects-normal/arm64/KeychainAccess.abi.json (in target 'KeychainAccess' from project 'KeychainAccess')
cd /Users/admin/builder/spi-builder-workspace/.dependencies/checkouts/KeychainAccess
builtin-copy -exclude .DS_Store -exclude CVS -exclude .svn -exclude .git -exclude .hg -resolve-src-symlinks -rename /Users/admin/builder/spi-builder-workspace/.derivedData/Build/Intermediates.noindex/KeychainAccess.build/Debug-watchos/KeychainAccess-t.build/Objects-normal/arm64/KeychainAccess.abi.json /Users/admin/builder/spi-builder-workspace/.derivedData/Build/Products/Debug-watchos/KeychainAccess.swiftmodule/arm64-apple-watchos.abi.json
Copy /Users/admin/builder/spi-builder-workspace/.derivedData/Build/Products/Debug-watchos/KeychainAccess.swiftmodule/Project/arm64-apple-watchos.swiftsourceinfo /Users/admin/builder/spi-builder-workspace/.derivedData/Build/Intermediates.noindex/KeychainAccess.build/Debug-watchos/KeychainAccess-t.build/Objects-normal/arm64/KeychainAccess.swiftsourceinfo (in target 'KeychainAccess' from project 'KeychainAccess')
cd /Users/admin/builder/spi-builder-workspace/.dependencies/checkouts/KeychainAccess
builtin-copy -exclude .DS_Store -exclude CVS -exclude .svn -exclude .git -exclude .hg -resolve-src-symlinks -rename /Users/admin/builder/spi-builder-workspace/.derivedData/Build/Intermediates.noindex/KeychainAccess.build/Debug-watchos/KeychainAccess-t.build/Objects-normal/arm64/KeychainAccess.swiftsourceinfo /Users/admin/builder/spi-builder-workspace/.derivedData/Build/Products/Debug-watchos/KeychainAccess.swiftmodule/Project/arm64-apple-watchos.swiftsourceinfo
SwiftExplicitDependencyGeneratePcm arm64_32 /Users/admin/builder/spi-builder-workspace/.derivedData/SDKExplicitPrecompiledModules/UIKit-6PPV7YPZ89CZPHYAP072QH8B6.pcm
SwiftDriverJobDiscovery normal arm64_32 Emitting module for KeychainAccess (in target 'KeychainAccess' from project 'KeychainAccess')
SwiftDriver\ Compilation\ Requirements KeychainAccess normal arm64_32 com.apple.xcode.tools.swift.compiler (in target 'KeychainAccess' from project 'KeychainAccess')
cd /Users/admin/builder/spi-builder-workspace/.swiftpm/xcode
builtin-Swift-Compilation-Requirements -- /Applications/Xcode-27.0.0-Release.Candidate.app/Contents/Developer/Toolchains/XcodeDefault.xctoolchain/usr/bin/swiftc -parse-as-library -module-name KeychainAccess -Onone @/Users/admin/builder/spi-builder-workspace/.derivedData/Build/Intermediates.noindex/KeychainAccess.build/Debug-watchos/KeychainAccess-t.build/Objects-normal/arm64_32/KeychainAccess.SwiftFileList -DSWIFT_PACKAGE -DDEBUG -DSWIFT_MODULE_RESOURCE_BUNDLE_UNAVAILABLE -DXcode -plugin-path /Applications/Xcode-27.0.0-Release.Candidate.app/Contents/Developer/Toolchains/XcodeDefault.xctoolchain/usr/lib/swift/host/plugins/testing -enable-experimental-feature DebugDescriptionMacro -sdk /Applications/Xcode-27.0.0-Release.Candidate.app/Contents/Developer/Platforms/WatchOS.platform/Developer/SDKs/WatchOS27.0.sdk -target arm64_32-apple-watchos9.0 -g -module-cache-path /Users/admin/builder/spi-builder-workspace/.derivedData/ModuleCache.noindex -Xfrontend -serialize-debugging-options -profile-coverage-mapping -profile-generate -enable-testing -suppress-warnings -index-store-path /Users/admin/builder/spi-builder-workspace/.derivedData/Index.noindex/DataStore -Xcc -D_LIBCPP_HARDENING_MODE\=_LIBCPP_HARDENING_MODE_DEBUG -swift-version 5 -I /Users/admin/builder/spi-builder-workspace/.derivedData/Build/Products/Debug-watchos -Isystem /Applications/Xcode-27.0.0-Release.Candidate.app/Contents/Developer/Platforms/WatchOS.platform/Developer/usr/lib -F /Users/admin/builder/spi-builder-workspace/.derivedData/Build/Products/Debug-watchos -F /Applications/Xcode-27.0.0-Release.Candidate.app/Contents/Developer/Platforms/WatchOS.platform/Developer/Library/Frameworks -F /Applications/Xcode-27.0.0-Release.Candidate.app/Contents/Developer/Platforms/WatchOS.platform/Developer/SDKs/WatchOS27.0.sdk/Developer/Library/Frameworks -c -j10 -enable-batch-mode -incremental -Xcc -ivfsstatcache -Xcc /Users/admin/builder/spi-builder-workspace/.derivedData/SDKStatCaches.noindex/watchos27.0-24R360-e829b21a6f8c9b70876ba0858053c04477534ef55a1706bf4c1112bbb242f0a2.sdkstatcache -output-file-map /Users/admin/builder/spi-builder-workspace/.derivedData/Build/Intermediates.noindex/KeychainAccess.build/Debug-watchos/KeychainAccess-t.build/Objects-normal/arm64_32/KeychainAccess-OutputFileMap.json -save-temps -no-color-diagnostics -explicit-module-build -module-cache-path /Users/admin/builder/spi-builder-workspace/.derivedData/Build/Intermediates.noindex/SwiftExplicitPrecompiledModules -clang-scanner-module-cache-path /Users/admin/builder/spi-builder-workspace/.derivedData/ModuleCache.noindex -sdk-module-cache-path /Users/admin/builder/spi-builder-workspace/.derivedData/SDKExplicitPrecompiledModules -emit-dependencies -emit-module -emit-module-path /Users/admin/builder/spi-builder-workspace/.derivedData/Build/Intermediates.noindex/KeychainAccess.build/Debug-watchos/KeychainAccess-t.build/Objects-normal/arm64_32/KeychainAccess.swiftmodule -serialize-diagnostics -dependency-scan-serialize-diagnostics-path /Users/admin/builder/spi-builder-workspace/.derivedData/Build/Intermediates.noindex/KeychainAccess.build/Debug-watchos/KeychainAccess-t.build/Objects-normal/arm64_32/KeychainAccess-dependency-scan.dia -validate-clang-modules-once -clang-build-session-file /Users/admin/builder/spi-builder-workspace/.derivedData/ModuleCache.noindex/Session.modulevalidation -Xcc -fmodules-prune-interval\=86400 -Xcc -fmodules-prune-after\=345600 -emit-const-values -const-gather-protocols-list /Users/admin/builder/spi-builder-workspace/.derivedData/Build/Intermediates.noindex/KeychainAccess.build/Debug-watchos/KeychainAccess-t.build/Objects-normal/arm64_32/KeychainAccess_const_extract_protocols.json -Xcc -I/Users/admin/builder/spi-builder-workspace/.derivedData/Build/Products/Debug-watchos/include -Xcc -I/Users/admin/builder/spi-builder-workspace/.derivedData/Build/Intermediates.noindex/KeychainAccess.build/Debug-watchos/KeychainAccess-t.build/DerivedSources-normal/arm64_32 -Xcc -I/Users/admin/builder/spi-builder-workspace/.derivedData/Build/Intermediates.noindex/KeychainAccess.build/Debug-watchos/KeychainAccess-t.build/DerivedSources/arm64_32 -Xcc -I/Users/admin/builder/spi-builder-workspace/.derivedData/Build/Intermediates.noindex/KeychainAccess.build/Debug-watchos/KeychainAccess-t.build/DerivedSources -Xcc -DSWIFT_PACKAGE -Xcc -DDEBUG\=1 -emit-objc-header -emit-objc-header-path /Users/admin/builder/spi-builder-workspace/.derivedData/Build/Intermediates.noindex/KeychainAccess.build/Debug-watchos/KeychainAccess-t.build/Objects-normal/arm64_32/KeychainAccess-Swift.h -working-directory /Users/admin/builder/spi-builder-workspace/.swiftpm/xcode -experimental-emit-module-separately -disable-cmo
SwiftMergeGeneratedHeaders /Users/admin/builder/spi-builder-workspace/.derivedData/Build/Intermediates.noindex/GeneratedModuleMaps-watchos/KeychainAccess-Swift.h /Users/admin/builder/spi-builder-workspace/.derivedData/Build/Intermediates.noindex/KeychainAccess.build/Debug-watchos/KeychainAccess-t.build/Objects-normal/arm64/KeychainAccess-Swift.h /Users/admin/builder/spi-builder-workspace/.derivedData/Build/Intermediates.noindex/KeychainAccess.build/Debug-watchos/KeychainAccess-t.build/Objects-normal/arm64_32/KeychainAccess-Swift.h (in target 'KeychainAccess' from project 'KeychainAccess')
cd /Users/admin/builder/spi-builder-workspace/.dependencies/checkouts/KeychainAccess
builtin-swiftHeaderTool -arch arm64 /Users/admin/builder/spi-builder-workspace/.derivedData/Build/Intermediates.noindex/KeychainAccess.build/Debug-watchos/KeychainAccess-t.build/Objects-normal/arm64/KeychainAccess-Swift.h -arch arm64_32 /Users/admin/builder/spi-builder-workspace/.derivedData/Build/Intermediates.noindex/KeychainAccess.build/Debug-watchos/KeychainAccess-t.build/Objects-normal/arm64_32/KeychainAccess-Swift.h -o /Users/admin/builder/spi-builder-workspace/.derivedData/Build/Intermediates.noindex/GeneratedModuleMaps-watchos/KeychainAccess-Swift.h
Copy /Users/admin/builder/spi-builder-workspace/.derivedData/Build/Products/Debug-watchos/KeychainAccess.swiftmodule/arm64_32-apple-watchos.swiftdoc /Users/admin/builder/spi-builder-workspace/.derivedData/Build/Intermediates.noindex/KeychainAccess.build/Debug-watchos/KeychainAccess-t.build/Objects-normal/arm64_32/KeychainAccess.swiftdoc (in target 'KeychainAccess' from project 'KeychainAccess')
cd /Users/admin/builder/spi-builder-workspace/.dependencies/checkouts/KeychainAccess
builtin-copy -exclude .DS_Store -exclude CVS -exclude .svn -exclude .git -exclude .hg -resolve-src-symlinks -rename /Users/admin/builder/spi-builder-workspace/.derivedData/Build/Intermediates.noindex/KeychainAccess.build/Debug-watchos/KeychainAccess-t.build/Objects-normal/arm64_32/KeychainAccess.swiftdoc /Users/admin/builder/spi-builder-workspace/.derivedData/Build/Products/Debug-watchos/KeychainAccess.swiftmodule/arm64_32-apple-watchos.swiftdoc
Copy /Users/admin/builder/spi-builder-workspace/.derivedData/Build/Products/Debug-watchos/KeychainAccess.swiftmodule/arm64_32-apple-watchos.abi.json /Users/admin/builder/spi-builder-workspace/.derivedData/Build/Intermediates.noindex/KeychainAccess.build/Debug-watchos/KeychainAccess-t.build/Objects-normal/arm64_32/KeychainAccess.abi.json (in target 'KeychainAccess' from project 'KeychainAccess')
cd /Users/admin/builder/spi-builder-workspace/.dependencies/checkouts/KeychainAccess
builtin-copy -exclude .DS_Store -exclude CVS -exclude .svn -exclude .git -exclude .hg -resolve-src-symlinks -rename /Users/admin/builder/spi-builder-workspace/.derivedData/Build/Intermediates.noindex/KeychainAccess.build/Debug-watchos/KeychainAccess-t.build/Objects-normal/arm64_32/KeychainAccess.abi.json /Users/admin/builder/spi-builder-workspace/.derivedData/Build/Products/Debug-watchos/KeychainAccess.swiftmodule/arm64_32-apple-watchos.abi.json
Copy /Users/admin/builder/spi-builder-workspace/.derivedData/Build/Products/Debug-watchos/KeychainAccess.swiftmodule/arm64_32-apple-watchos.swiftmodule /Users/admin/builder/spi-builder-workspace/.derivedData/Build/Intermediates.noindex/KeychainAccess.build/Debug-watchos/KeychainAccess-t.build/Objects-normal/arm64_32/KeychainAccess.swiftmodule (in target 'KeychainAccess' from project 'KeychainAccess')
cd /Users/admin/builder/spi-builder-workspace/.dependencies/checkouts/KeychainAccess
builtin-copy -exclude .DS_Store -exclude CVS -exclude .svn -exclude .git -exclude .hg -resolve-src-symlinks -rename /Users/admin/builder/spi-builder-workspace/.derivedData/Build/Intermediates.noindex/KeychainAccess.build/Debug-watchos/KeychainAccess-t.build/Objects-normal/arm64_32/KeychainAccess.swiftmodule /Users/admin/builder/spi-builder-workspace/.derivedData/Build/Products/Debug-watchos/KeychainAccess.swiftmodule/arm64_32-apple-watchos.swiftmodule
Copy /Users/admin/builder/spi-builder-workspace/.derivedData/Build/Products/Debug-watchos/KeychainAccess.swiftmodule/Project/arm64_32-apple-watchos.swiftsourceinfo /Users/admin/builder/spi-builder-workspace/.derivedData/Build/Intermediates.noindex/KeychainAccess.build/Debug-watchos/KeychainAccess-t.build/Objects-normal/arm64_32/KeychainAccess.swiftsourceinfo (in target 'KeychainAccess' from project 'KeychainAccess')
cd /Users/admin/builder/spi-builder-workspace/.dependencies/checkouts/KeychainAccess
builtin-copy -exclude .DS_Store -exclude CVS -exclude .svn -exclude .git -exclude .hg -resolve-src-symlinks -rename /Users/admin/builder/spi-builder-workspace/.derivedData/Build/Intermediates.noindex/KeychainAccess.build/Debug-watchos/KeychainAccess-t.build/Objects-normal/arm64_32/KeychainAccess.swiftsourceinfo /Users/admin/builder/spi-builder-workspace/.derivedData/Build/Products/Debug-watchos/KeychainAccess.swiftmodule/Project/arm64_32-apple-watchos.swiftsourceinfo
SwiftExplicitDependencyGeneratePcm arm64 /Users/admin/builder/spi-builder-workspace/.derivedData/SDKExplicitPrecompiledModules/MapKit-EJJWC7IL56MPLQMI93GJRE5OG.pcm
SwiftExplicitDependencyGeneratePcm arm64 /Users/admin/builder/spi-builder-workspace/.derivedData/SDKExplicitPrecompiledModules/HomeKit-DTS1N4AWILAL1URZ5IOXV5221.pcm
SwiftExplicitDependencyGeneratePcm arm64 /Users/admin/builder/spi-builder-workspace/.derivedData/SDKExplicitPrecompiledModules/WatchKit-3VT3K8YON6FJ6OWSUFJMFMP8J.pcm
SwiftExplicitDependencyGeneratePcm arm64_32 /Users/admin/builder/spi-builder-workspace/.derivedData/SDKExplicitPrecompiledModules/MapKit-CWGB4YMP1VX1NYQN5FULFD5DR.pcm
SwiftExplicitDependencyGeneratePcm arm64_32 /Users/admin/builder/spi-builder-workspace/.derivedData/SDKExplicitPrecompiledModules/HomeKit-DUDZOMSN3UK8GNTNBNMPIWJRN.pcm
SwiftEmitModule normal arm64 Emitting\ module\ for\ OAuthSwift (in target 'OAuthSwift' from project 'OAuthSwift')
SwiftCompile normal arm64 (in target 'OAuthSwift' from project 'OAuthSwift')
cd /Users/admin/builder/spi-builder-workspace/.swiftpm/xcode
SwiftCompile normal arm64 Compiling\ Collection+OAuthSwift.swift,\ Data+OAuthSwift.swift,\ Dictionary+OAuthSwift.swift,\ HMAC.swift /Users/admin/builder/spi-builder-workspace/.dependencies/checkouts/OAuthSwift/Sources/Collection+OAuthSwift.swift /Users/admin/builder/spi-builder-workspace/.dependencies/checkouts/OAuthSwift/Sources/Data+OAuthSwift.swift /Users/admin/builder/spi-builder-workspace/.dependencies/checkouts/OAuthSwift/Sources/Dictionary+OAuthSwift.swift /Users/admin/builder/spi-builder-workspace/.dependencies/checkouts/OAuthSwift/Sources/HMAC.swift (in target 'OAuthSwift' from project 'OAuthSwift')
SwiftCompile normal arm64 /Users/admin/builder/spi-builder-workspace/.dependencies/checkouts/OAuthSwift/Sources/Collection+OAuthSwift.swift (in target 'OAuthSwift' from project 'OAuthSwift')
cd /Users/admin/builder/spi-builder-workspace/.swiftpm/xcode
builtin-SwiftPerFileCompile Collection+OAuthSwift.swift
SwiftCompile normal arm64 /Users/admin/builder/spi-builder-workspace/.dependencies/checkouts/OAuthSwift/Sources/Data+OAuthSwift.swift (in target 'OAuthSwift' from project 'OAuthSwift')
cd /Users/admin/builder/spi-builder-workspace/.swiftpm/xcode
builtin-SwiftPerFileCompile Data+OAuthSwift.swift
SwiftCompile normal arm64 /Users/admin/builder/spi-builder-workspace/.dependencies/checkouts/OAuthSwift/Sources/Dictionary+OAuthSwift.swift (in target 'OAuthSwift' from project 'OAuthSwift')
cd /Users/admin/builder/spi-builder-workspace/.swiftpm/xcode
builtin-SwiftPerFileCompile Dictionary+OAuthSwift.swift
SwiftCompile normal arm64 /Users/admin/builder/spi-builder-workspace/.dependencies/checkouts/OAuthSwift/Sources/HMAC.swift (in target 'OAuthSwift' from project 'OAuthSwift')
cd /Users/admin/builder/spi-builder-workspace/.swiftpm/xcode
builtin-SwiftPerFileCompile HMAC.swift
SwiftCompile normal arm64 Compiling\ OAuthSwiftURLHandlerProxy.swift,\ OAuthWebViewController.swift,\ SFAuthenticationURLHandler.swift /Users/admin/builder/spi-builder-workspace/.dependencies/checkouts/OAuthSwift/Sources/Handler/OAuthSwiftURLHandlerProxy.swift /Users/admin/builder/spi-builder-workspace/.dependencies/checkouts/OAuthSwift/Sources/Handler/OAuthWebViewController.swift /Users/admin/builder/spi-builder-workspace/.dependencies/checkouts/OAuthSwift/Sources/Handler/SFAuthenticationURLHandler.swift (in target 'OAuthSwift' from project 'OAuthSwift')
SwiftCompile normal arm64 /Users/admin/builder/spi-builder-workspace/.dependencies/checkouts/OAuthSwift/Sources/Handler/OAuthSwiftURLHandlerProxy.swift (in target 'OAuthSwift' from project 'OAuthSwift')
cd /Users/admin/builder/spi-builder-workspace/.swiftpm/xcode
builtin-SwiftPerFileCompile OAuthSwiftURLHandlerProxy.swift
SwiftCompile normal arm64 /Users/admin/builder/spi-builder-workspace/.dependencies/checkouts/OAuthSwift/Sources/Handler/OAuthWebViewController.swift (in target 'OAuthSwift' from project 'OAuthSwift')
cd /Users/admin/builder/spi-builder-workspace/.swiftpm/xcode
builtin-SwiftPerFileCompile OAuthWebViewController.swift
SwiftCompile normal arm64 /Users/admin/builder/spi-builder-workspace/.dependencies/checkouts/OAuthSwift/Sources/Handler/SFAuthenticationURLHandler.swift (in target 'OAuthSwift' from project 'OAuthSwift')
cd /Users/admin/builder/spi-builder-workspace/.swiftpm/xcode
builtin-SwiftPerFileCompile SFAuthenticationURLHandler.swift
SwiftCompile normal arm64 Compiling\ ASWebAuthenticationURLHandler.swift,\ ExtensionContextURLHandler.swift,\ OAuthSwiftOpenURLExternally.swift /Users/admin/builder/spi-builder-workspace/.dependencies/checkouts/OAuthSwift/Sources/Handler/ASWebAuthenticationURLHandler.swift /Users/admin/builder/spi-builder-workspace/.dependencies/checkouts/OAuthSwift/Sources/Handler/ExtensionContextURLHandler.swift /Users/admin/builder/spi-builder-workspace/.dependencies/checkouts/OAuthSwift/Sources/Handler/OAuthSwiftOpenURLExternally.swift (in target 'OAuthSwift' from project 'OAuthSwift')
SwiftCompile normal arm64 /Users/admin/builder/spi-builder-workspace/.dependencies/checkouts/OAuthSwift/Sources/Handler/ASWebAuthenticationURLHandler.swift (in target 'OAuthSwift' from project 'OAuthSwift')
cd /Users/admin/builder/spi-builder-workspace/.swiftpm/xcode
builtin-SwiftPerFileCompile ASWebAuthenticationURLHandler.swift
SwiftCompile normal arm64 /Users/admin/builder/spi-builder-workspace/.dependencies/checkouts/OAuthSwift/Sources/Handler/ExtensionContextURLHandler.swift (in target 'OAuthSwift' from project 'OAuthSwift')
cd /Users/admin/builder/spi-builder-workspace/.swiftpm/xcode
builtin-SwiftPerFileCompile ExtensionContextURLHandler.swift
SwiftCompile normal arm64 /Users/admin/builder/spi-builder-workspace/.dependencies/checkouts/OAuthSwift/Sources/Handler/OAuthSwiftOpenURLExternally.swift (in target 'OAuthSwift' from project 'OAuthSwift')
cd /Users/admin/builder/spi-builder-workspace/.swiftpm/xcode
builtin-SwiftPerFileCompile OAuthSwiftOpenURLExternally.swift
SwiftCompile normal arm64 Compiling\ OAuthLogProtocol.swift,\ OAuthSwift.swift,\ OAuthSwiftClient.swift /Users/admin/builder/spi-builder-workspace/.dependencies/checkouts/OAuthSwift/Sources/OAuthLogProtocol.swift /Users/admin/builder/spi-builder-workspace/.dependencies/checkouts/OAuthSwift/Sources/OAuthSwift.swift /Users/admin/builder/spi-builder-workspace/.dependencies/checkouts/OAuthSwift/Sources/OAuthSwiftClient.swift (in target 'OAuthSwift' from project 'OAuthSwift')
SwiftCompile normal arm64 /Users/admin/builder/spi-builder-workspace/.dependencies/checkouts/OAuthSwift/Sources/OAuthLogProtocol.swift (in target 'OAuthSwift' from project 'OAuthSwift')
cd /Users/admin/builder/spi-builder-workspace/.swiftpm/xcode
builtin-SwiftPerFileCompile OAuthLogProtocol.swift
SwiftCompile normal arm64 /Users/admin/builder/spi-builder-workspace/.dependencies/checkouts/OAuthSwift/Sources/OAuthSwift.swift (in target 'OAuthSwift' from project 'OAuthSwift')
cd /Users/admin/builder/spi-builder-workspace/.swiftpm/xcode
builtin-SwiftPerFileCompile OAuthSwift.swift
SwiftCompile normal arm64 /Users/admin/builder/spi-builder-workspace/.dependencies/checkouts/OAuthSwift/Sources/OAuthSwiftClient.swift (in target 'OAuthSwift' from project 'OAuthSwift')
cd /Users/admin/builder/spi-builder-workspace/.swiftpm/xcode
builtin-SwiftPerFileCompile OAuthSwiftClient.swift
SwiftCompile normal arm64 Compiling\ OAuthSwiftMultipartData.swift,\ OAuthSwiftResponse.swift,\ OAuthSwiftURLHandlerType.swift /Users/admin/builder/spi-builder-workspace/.dependencies/checkouts/OAuthSwift/Sources/OAuthSwiftMultipartData.swift /Users/admin/builder/spi-builder-workspace/.dependencies/checkouts/OAuthSwift/Sources/OAuthSwiftResponse.swift /Users/admin/builder/spi-builder-workspace/.dependencies/checkouts/OAuthSwift/Sources/OAuthSwiftURLHandlerType.swift (in target 'OAuthSwift' from project 'OAuthSwift')
SwiftCompile normal arm64 /Users/admin/builder/spi-builder-workspace/.dependencies/checkouts/OAuthSwift/Sources/OAuthSwiftMultipartData.swift (in target 'OAuthSwift' from project 'OAuthSwift')
cd /Users/admin/builder/spi-builder-workspace/.swiftpm/xcode
builtin-SwiftPerFileCompile OAuthSwiftMultipartData.swift
SwiftCompile normal arm64 /Users/admin/builder/spi-builder-workspace/.dependencies/checkouts/OAuthSwift/Sources/OAuthSwiftResponse.swift (in target 'OAuthSwift' from project 'OAuthSwift')
cd /Users/admin/builder/spi-builder-workspace/.swiftpm/xcode
builtin-SwiftPerFileCompile OAuthSwiftResponse.swift
SwiftCompile normal arm64 /Users/admin/builder/spi-builder-workspace/.dependencies/checkouts/OAuthSwift/Sources/OAuthSwiftURLHandlerType.swift (in target 'OAuthSwift' from project 'OAuthSwift')
cd /Users/admin/builder/spi-builder-workspace/.swiftpm/xcode
builtin-SwiftPerFileCompile OAuthSwiftURLHandlerType.swift
SwiftCompile normal arm64 Compiling\ URL+OAuthSwift.swift,\ URLConvertible.swift,\ Utils.swift /Users/admin/builder/spi-builder-workspace/.dependencies/checkouts/OAuthSwift/Sources/URL+OAuthSwift.swift /Users/admin/builder/spi-builder-workspace/.dependencies/checkouts/OAuthSwift/Sources/URLConvertible.swift /Users/admin/builder/spi-builder-workspace/.dependencies/checkouts/OAuthSwift/Sources/Utils.swift (in target 'OAuthSwift' from project 'OAuthSwift')
SwiftCompile normal arm64 /Users/admin/builder/spi-builder-workspace/.dependencies/checkouts/OAuthSwift/Sources/URL+OAuthSwift.swift (in target 'OAuthSwift' from project 'OAuthSwift')
cd /Users/admin/builder/spi-builder-workspace/.swiftpm/xcode
builtin-SwiftPerFileCompile URL+OAuthSwift.swift
SwiftCompile normal arm64 /Users/admin/builder/spi-builder-workspace/.dependencies/checkouts/OAuthSwift/Sources/URLConvertible.swift (in target 'OAuthSwift' from project 'OAuthSwift')
cd /Users/admin/builder/spi-builder-workspace/.swiftpm/xcode
builtin-SwiftPerFileCompile URLConvertible.swift
SwiftCompile normal arm64 /Users/admin/builder/spi-builder-workspace/.dependencies/checkouts/OAuthSwift/Sources/Utils.swift (in target 'OAuthSwift' from project 'OAuthSwift')
cd /Users/admin/builder/spi-builder-workspace/.swiftpm/xcode
builtin-SwiftPerFileCompile Utils.swift
SwiftCompile normal arm64 Compiling\ SafariURLHandler.swift,\ Int+OAuthSwift.swift,\ NSError+OAuthSwift.swift /Users/admin/builder/spi-builder-workspace/.dependencies/checkouts/OAuthSwift/Sources/Handler/SafariURLHandler.swift /Users/admin/builder/spi-builder-workspace/.dependencies/checkouts/OAuthSwift/Sources/Int+OAuthSwift.swift /Users/admin/builder/spi-builder-workspace/.dependencies/checkouts/OAuthSwift/Sources/NSError+OAuthSwift.swift (in target 'OAuthSwift' from project 'OAuthSwift')
SwiftCompile normal arm64 /Users/admin/builder/spi-builder-workspace/.dependencies/checkouts/OAuthSwift/Sources/Handler/SafariURLHandler.swift (in target 'OAuthSwift' from project 'OAuthSwift')
cd /Users/admin/builder/spi-builder-workspace/.swiftpm/xcode
builtin-SwiftPerFileCompile SafariURLHandler.swift
SwiftCompile normal arm64 /Users/admin/builder/spi-builder-workspace/.dependencies/checkouts/OAuthSwift/Sources/Int+OAuthSwift.swift (in target 'OAuthSwift' from project 'OAuthSwift')
cd /Users/admin/builder/spi-builder-workspace/.swiftpm/xcode
builtin-SwiftPerFileCompile Int+OAuthSwift.swift
SwiftCompile normal arm64 /Users/admin/builder/spi-builder-workspace/.dependencies/checkouts/OAuthSwift/Sources/NSError+OAuthSwift.swift (in target 'OAuthSwift' from project 'OAuthSwift')
cd /Users/admin/builder/spi-builder-workspace/.swiftpm/xcode
builtin-SwiftPerFileCompile NSError+OAuthSwift.swift
SwiftExplicitDependencyGeneratePcm arm64_32 /Users/admin/builder/spi-builder-workspace/.derivedData/SDKExplicitPrecompiledModules/WatchKit-FHF6WTKLC2APGK3LA2XJ6516.pcm
SwiftDriverJobDiscovery normal arm64 Emitting module for OAuthSwift (in target 'OAuthSwift' from project 'OAuthSwift')
SwiftDriver\ Compilation\ Requirements OAuthSwift normal arm64 com.apple.xcode.tools.swift.compiler (in target 'OAuthSwift' from project 'OAuthSwift')
cd /Users/admin/builder/spi-builder-workspace/.swiftpm/xcode
builtin-Swift-Compilation-Requirements -- /Applications/Xcode-27.0.0-Release.Candidate.app/Contents/Developer/Toolchains/XcodeDefault.xctoolchain/usr/bin/swiftc -parse-as-library -module-name OAuthSwift -Onone @/Users/admin/builder/spi-builder-workspace/.derivedData/Build/Intermediates.noindex/OAuthSwift.build/Debug-watchos/OAuthSwift-t.build/Objects-normal/arm64/OAuthSwift.SwiftFileList -DSWIFT_PACKAGE -DDEBUG -DSWIFT_MODULE_RESOURCE_BUNDLE_UNAVAILABLE -DXcode -plugin-path /Applications/Xcode-27.0.0-Release.Candidate.app/Contents/Developer/Toolchains/XcodeDefault.xctoolchain/usr/lib/swift/host/plugins/testing -enable-experimental-feature DebugDescriptionMacro -sdk /Applications/Xcode-27.0.0-Release.Candidate.app/Contents/Developer/Platforms/WatchOS.platform/Developer/SDKs/WatchOS27.0.sdk -target arm64-apple-watchos9.0 -g -module-cache-path /Users/admin/builder/spi-builder-workspace/.derivedData/ModuleCache.noindex -Xfrontend -serialize-debugging-options -profile-coverage-mapping -profile-generate -enable-testing -suppress-warnings -index-store-path /Users/admin/builder/spi-builder-workspace/.derivedData/Index.noindex/DataStore -Xcc -D_LIBCPP_HARDENING_MODE\=_LIBCPP_HARDENING_MODE_DEBUG -swift-version 5 -I /Users/admin/builder/spi-builder-workspace/.derivedData/Build/Products/Debug-watchos -Isystem /Applications/Xcode-27.0.0-Release.Candidate.app/Contents/Developer/Platforms/WatchOS.platform/Developer/usr/lib -F /Users/admin/builder/spi-builder-workspace/.derivedData/Build/Products/Debug-watchos -F /Applications/Xcode-27.0.0-Release.Candidate.app/Contents/Developer/Platforms/WatchOS.platform/Developer/Library/Frameworks -F /Applications/Xcode-27.0.0-Release.Candidate.app/Contents/Developer/Platforms/WatchOS.platform/Developer/SDKs/WatchOS27.0.sdk/Developer/Library/Frameworks -c -j10 -enable-batch-mode -incremental -Xcc -ivfsstatcache -Xcc /Users/admin/builder/spi-builder-workspace/.derivedData/SDKStatCaches.noindex/watchos27.0-24R360-e829b21a6f8c9b70876ba0858053c04477534ef55a1706bf4c1112bbb242f0a2.sdkstatcache -output-file-map /Users/admin/builder/spi-builder-workspace/.derivedData/Build/Intermediates.noindex/OAuthSwift.build/Debug-watchos/OAuthSwift-t.build/Objects-normal/arm64/OAuthSwift-OutputFileMap.json -save-temps -no-color-diagnostics -explicit-module-build -module-cache-path /Users/admin/builder/spi-builder-workspace/.derivedData/Build/Intermediates.noindex/SwiftExplicitPrecompiledModules -clang-scanner-module-cache-path /Users/admin/builder/spi-builder-workspace/.derivedData/ModuleCache.noindex -sdk-module-cache-path /Users/admin/builder/spi-builder-workspace/.derivedData/SDKExplicitPrecompiledModules -emit-dependencies -emit-module -emit-module-path /Users/admin/builder/spi-builder-workspace/.derivedData/Build/Intermediates.noindex/OAuthSwift.build/Debug-watchos/OAuthSwift-t.build/Objects-normal/arm64/OAuthSwift.swiftmodule -serialize-diagnostics -dependency-scan-serialize-diagnostics-path /Users/admin/builder/spi-builder-workspace/.derivedData/Build/Intermediates.noindex/OAuthSwift.build/Debug-watchos/OAuthSwift-t.build/Objects-normal/arm64/OAuthSwift-dependency-scan.dia -validate-clang-modules-once -clang-build-session-file /Users/admin/builder/spi-builder-workspace/.derivedData/ModuleCache.noindex/Session.modulevalidation -Xcc -fmodules-prune-interval\=86400 -Xcc -fmodules-prune-after\=345600 -emit-const-values -const-gather-protocols-list /Users/admin/builder/spi-builder-workspace/.derivedData/Build/Intermediates.noindex/OAuthSwift.build/Debug-watchos/OAuthSwift-t.build/Objects-normal/arm64/OAuthSwift_const_extract_protocols.json -Xcc -I/Users/admin/builder/spi-builder-workspace/.derivedData/Build/Products/Debug-watchos/include -Xcc -I/Users/admin/builder/spi-builder-workspace/.derivedData/Build/Intermediates.noindex/OAuthSwift.build/Debug-watchos/OAuthSwift-t.build/DerivedSources-normal/arm64 -Xcc -I/Users/admin/builder/spi-builder-workspace/.derivedData/Build/Intermediates.noindex/OAuthSwift.build/Debug-watchos/OAuthSwift-t.build/DerivedSources/arm64 -Xcc -I/Users/admin/builder/spi-builder-workspace/.derivedData/Build/Intermediates.noindex/OAuthSwift.build/Debug-watchos/OAuthSwift-t.build/DerivedSources -Xcc -DSWIFT_PACKAGE -Xcc -DDEBUG\=1 -emit-objc-header -emit-objc-header-path /Users/admin/builder/spi-builder-workspace/.derivedData/Build/Intermediates.noindex/OAuthSwift.build/Debug-watchos/OAuthSwift-t.build/Objects-normal/arm64/OAuthSwift-Swift.h -working-directory /Users/admin/builder/spi-builder-workspace/.swiftpm/xcode -experimental-emit-module-separately -disable-cmo
SwiftEmitModule normal arm64_32 Emitting\ module\ for\ OAuthSwift (in target 'OAuthSwift' from project 'OAuthSwift')
SwiftCompile normal arm64_32 (in target 'OAuthSwift' from project 'OAuthSwift')
cd /Users/admin/builder/spi-builder-workspace/.swiftpm/xcode
Copy /Users/admin/builder/spi-builder-workspace/.derivedData/Build/Products/Debug-watchos/OAuthSwift.swiftmodule/arm64-apple-watchos.swiftmodule /Users/admin/builder/spi-builder-workspace/.derivedData/Build/Intermediates.noindex/OAuthSwift.build/Debug-watchos/OAuthSwift-t.build/Objects-normal/arm64/OAuthSwift.swiftmodule (in target 'OAuthSwift' from project 'OAuthSwift')
cd /Users/admin/builder/spi-builder-workspace/.dependencies/checkouts/OAuthSwift
builtin-copy -exclude .DS_Store -exclude CVS -exclude .svn -exclude .git -exclude .hg -resolve-src-symlinks -rename /Users/admin/builder/spi-builder-workspace/.derivedData/Build/Intermediates.noindex/OAuthSwift.build/Debug-watchos/OAuthSwift-t.build/Objects-normal/arm64/OAuthSwift.swiftmodule /Users/admin/builder/spi-builder-workspace/.derivedData/Build/Products/Debug-watchos/OAuthSwift.swiftmodule/arm64-apple-watchos.swiftmodule
SwiftDriverJobDiscovery normal arm64 Compiling SafariURLHandler.swift, Int+OAuthSwift.swift, NSError+OAuthSwift.swift (in target 'OAuthSwift' from project 'OAuthSwift')
Copy /Users/admin/builder/spi-builder-workspace/.derivedData/Build/Products/Debug-watchos/OAuthSwift.swiftmodule/arm64-apple-watchos.swiftdoc /Users/admin/builder/spi-builder-workspace/.derivedData/Build/Intermediates.noindex/OAuthSwift.build/Debug-watchos/OAuthSwift-t.build/Objects-normal/arm64/OAuthSwift.swiftdoc (in target 'OAuthSwift' from project 'OAuthSwift')
cd /Users/admin/builder/spi-builder-workspace/.dependencies/checkouts/OAuthSwift
builtin-copy -exclude .DS_Store -exclude CVS -exclude .svn -exclude .git -exclude .hg -resolve-src-symlinks -rename /Users/admin/builder/spi-builder-workspace/.derivedData/Build/Intermediates.noindex/OAuthSwift.build/Debug-watchos/OAuthSwift-t.build/Objects-normal/arm64/OAuthSwift.swiftdoc /Users/admin/builder/spi-builder-workspace/.derivedData/Build/Products/Debug-watchos/OAuthSwift.swiftmodule/arm64-apple-watchos.swiftdoc
Copy /Users/admin/builder/spi-builder-workspace/.derivedData/Build/Products/Debug-watchos/OAuthSwift.swiftmodule/arm64-apple-watchos.abi.json /Users/admin/builder/spi-builder-workspace/.derivedData/Build/Intermediates.noindex/OAuthSwift.build/Debug-watchos/OAuthSwift-t.build/Objects-normal/arm64/OAuthSwift.abi.json (in target 'OAuthSwift' from project 'OAuthSwift')
cd /Users/admin/builder/spi-builder-workspace/.dependencies/checkouts/OAuthSwift
builtin-copy -exclude .DS_Store -exclude CVS -exclude .svn -exclude .git -exclude .hg -resolve-src-symlinks -rename /Users/admin/builder/spi-builder-workspace/.derivedData/Build/Intermediates.noindex/OAuthSwift.build/Debug-watchos/OAuthSwift-t.build/Objects-normal/arm64/OAuthSwift.abi.json /Users/admin/builder/spi-builder-workspace/.derivedData/Build/Products/Debug-watchos/OAuthSwift.swiftmodule/arm64-apple-watchos.abi.json
Copy /Users/admin/builder/spi-builder-workspace/.derivedData/Build/Products/Debug-watchos/OAuthSwift.swiftmodule/Project/arm64-apple-watchos.swiftsourceinfo /Users/admin/builder/spi-builder-workspace/.derivedData/Build/Intermediates.noindex/OAuthSwift.build/Debug-watchos/OAuthSwift-t.build/Objects-normal/arm64/OAuthSwift.swiftsourceinfo (in target 'OAuthSwift' from project 'OAuthSwift')
cd /Users/admin/builder/spi-builder-workspace/.dependencies/checkouts/OAuthSwift
builtin-copy -exclude .DS_Store -exclude CVS -exclude .svn -exclude .git -exclude .hg -resolve-src-symlinks -rename /Users/admin/builder/spi-builder-workspace/.derivedData/Build/Intermediates.noindex/OAuthSwift.build/Debug-watchos/OAuthSwift-t.build/Objects-normal/arm64/OAuthSwift.swiftsourceinfo /Users/admin/builder/spi-builder-workspace/.derivedData/Build/Products/Debug-watchos/OAuthSwift.swiftmodule/Project/arm64-apple-watchos.swiftsourceinfo
SwiftCompile normal arm64_32 Compiling\ URL+OAuthSwift.swift,\ URLConvertible.swift,\ Utils.swift /Users/admin/builder/spi-builder-workspace/.dependencies/checkouts/OAuthSwift/Sources/URL+OAuthSwift.swift /Users/admin/builder/spi-builder-workspace/.dependencies/checkouts/OAuthSwift/Sources/URLConvertible.swift /Users/admin/builder/spi-builder-workspace/.dependencies/checkouts/OAuthSwift/Sources/Utils.swift (in target 'OAuthSwift' from project 'OAuthSwift')
SwiftCompile normal arm64_32 /Users/admin/builder/spi-builder-workspace/.dependencies/checkouts/OAuthSwift/Sources/URL+OAuthSwift.swift (in target 'OAuthSwift' from project 'OAuthSwift')
cd /Users/admin/builder/spi-builder-workspace/.swiftpm/xcode
builtin-SwiftPerFileCompile URL+OAuthSwift.swift
SwiftCompile normal arm64_32 /Users/admin/builder/spi-builder-workspace/.dependencies/checkouts/OAuthSwift/Sources/URLConvertible.swift (in target 'OAuthSwift' from project 'OAuthSwift')
cd /Users/admin/builder/spi-builder-workspace/.swiftpm/xcode
builtin-SwiftPerFileCompile URLConvertible.swift
SwiftCompile normal arm64_32 /Users/admin/builder/spi-builder-workspace/.dependencies/checkouts/OAuthSwift/Sources/Utils.swift (in target 'OAuthSwift' from project 'OAuthSwift')
cd /Users/admin/builder/spi-builder-workspace/.swiftpm/xcode
builtin-SwiftPerFileCompile Utils.swift
SwiftDriverJobDiscovery normal arm64 Compiling URL+OAuthSwift.swift, URLConvertible.swift, Utils.swift (in target 'OAuthSwift' from project 'OAuthSwift')
SwiftCompile normal arm64_32 Compiling\ Collection+OAuthSwift.swift,\ Data+OAuthSwift.swift,\ Dictionary+OAuthSwift.swift,\ HMAC.swift /Users/admin/builder/spi-builder-workspace/.dependencies/checkouts/OAuthSwift/Sources/Collection+OAuthSwift.swift /Users/admin/builder/spi-builder-workspace/.dependencies/checkouts/OAuthSwift/Sources/Data+OAuthSwift.swift /Users/admin/builder/spi-builder-workspace/.dependencies/checkouts/OAuthSwift/Sources/Dictionary+OAuthSwift.swift /Users/admin/builder/spi-builder-workspace/.dependencies/checkouts/OAuthSwift/Sources/HMAC.swift (in target 'OAuthSwift' from project 'OAuthSwift')
SwiftCompile normal arm64_32 /Users/admin/builder/spi-builder-workspace/.dependencies/checkouts/OAuthSwift/Sources/Collection+OAuthSwift.swift (in target 'OAuthSwift' from project 'OAuthSwift')
cd /Users/admin/builder/spi-builder-workspace/.swiftpm/xcode
builtin-SwiftPerFileCompile Collection+OAuthSwift.swift
SwiftCompile normal arm64_32 /Users/admin/builder/spi-builder-workspace/.dependencies/checkouts/OAuthSwift/Sources/Data+OAuthSwift.swift (in target 'OAuthSwift' from project 'OAuthSwift')
cd /Users/admin/builder/spi-builder-workspace/.swiftpm/xcode
builtin-SwiftPerFileCompile Data+OAuthSwift.swift
SwiftCompile normal arm64_32 /Users/admin/builder/spi-builder-workspace/.dependencies/checkouts/OAuthSwift/Sources/Dictionary+OAuthSwift.swift (in target 'OAuthSwift' from project 'OAuthSwift')
cd /Users/admin/builder/spi-builder-workspace/.swiftpm/xcode
builtin-SwiftPerFileCompile Dictionary+OAuthSwift.swift
SwiftCompile normal arm64_32 /Users/admin/builder/spi-builder-workspace/.dependencies/checkouts/OAuthSwift/Sources/HMAC.swift (in target 'OAuthSwift' from project 'OAuthSwift')
cd /Users/admin/builder/spi-builder-workspace/.swiftpm/xcode
builtin-SwiftPerFileCompile HMAC.swift
SwiftCompile normal arm64_32 Compiling\ SafariURLHandler.swift,\ Int+OAuthSwift.swift,\ NSError+OAuthSwift.swift /Users/admin/builder/spi-builder-workspace/.dependencies/checkouts/OAuthSwift/Sources/Handler/SafariURLHandler.swift /Users/admin/builder/spi-builder-workspace/.dependencies/checkouts/OAuthSwift/Sources/Int+OAuthSwift.swift /Users/admin/builder/spi-builder-workspace/.dependencies/checkouts/OAuthSwift/Sources/NSError+OAuthSwift.swift (in target 'OAuthSwift' from project 'OAuthSwift')
SwiftCompile normal arm64_32 /Users/admin/builder/spi-builder-workspace/.dependencies/checkouts/OAuthSwift/Sources/Handler/SafariURLHandler.swift (in target 'OAuthSwift' from project 'OAuthSwift')
cd /Users/admin/builder/spi-builder-workspace/.swiftpm/xcode
builtin-SwiftPerFileCompile SafariURLHandler.swift
SwiftCompile normal arm64_32 /Users/admin/builder/spi-builder-workspace/.dependencies/checkouts/OAuthSwift/Sources/Int+OAuthSwift.swift (in target 'OAuthSwift' from project 'OAuthSwift')
cd /Users/admin/builder/spi-builder-workspace/.swiftpm/xcode
builtin-SwiftPerFileCompile Int+OAuthSwift.swift
SwiftCompile normal arm64_32 /Users/admin/builder/spi-builder-workspace/.dependencies/checkouts/OAuthSwift/Sources/NSError+OAuthSwift.swift (in target 'OAuthSwift' from project 'OAuthSwift')
cd /Users/admin/builder/spi-builder-workspace/.swiftpm/xcode
builtin-SwiftPerFileCompile NSError+OAuthSwift.swift
SwiftDriverJobDiscovery normal arm64_32 Emitting module for OAuthSwift (in target 'OAuthSwift' from project 'OAuthSwift')
SwiftDriver\ Compilation\ Requirements OAuthSwift normal arm64_32 com.apple.xcode.tools.swift.compiler (in target 'OAuthSwift' from project 'OAuthSwift')
cd /Users/admin/builder/spi-builder-workspace/.swiftpm/xcode
builtin-Swift-Compilation-Requirements -- /Applications/Xcode-27.0.0-Release.Candidate.app/Contents/Developer/Toolchains/XcodeDefault.xctoolchain/usr/bin/swiftc -parse-as-library -module-name OAuthSwift -Onone @/Users/admin/builder/spi-builder-workspace/.derivedData/Build/Intermediates.noindex/OAuthSwift.build/Debug-watchos/OAuthSwift-t.build/Objects-normal/arm64_32/OAuthSwift.SwiftFileList -DSWIFT_PACKAGE -DDEBUG -DSWIFT_MODULE_RESOURCE_BUNDLE_UNAVAILABLE -DXcode -plugin-path /Applications/Xcode-27.0.0-Release.Candidate.app/Contents/Developer/Toolchains/XcodeDefault.xctoolchain/usr/lib/swift/host/plugins/testing -enable-experimental-feature DebugDescriptionMacro -sdk /Applications/Xcode-27.0.0-Release.Candidate.app/Contents/Developer/Platforms/WatchOS.platform/Developer/SDKs/WatchOS27.0.sdk -target arm64_32-apple-watchos9.0 -g -module-cache-path /Users/admin/builder/spi-builder-workspace/.derivedData/ModuleCache.noindex -Xfrontend -serialize-debugging-options -profile-coverage-mapping -profile-generate -enable-testing -suppress-warnings -index-store-path /Users/admin/builder/spi-builder-workspace/.derivedData/Index.noindex/DataStore -Xcc -D_LIBCPP_HARDENING_MODE\=_LIBCPP_HARDENING_MODE_DEBUG -swift-version 5 -I /Users/admin/builder/spi-builder-workspace/.derivedData/Build/Products/Debug-watchos -Isystem /Applications/Xcode-27.0.0-Release.Candidate.app/Contents/Developer/Platforms/WatchOS.platform/Developer/usr/lib -F /Users/admin/builder/spi-builder-workspace/.derivedData/Build/Products/Debug-watchos -F /Applications/Xcode-27.0.0-Release.Candidate.app/Contents/Developer/Platforms/WatchOS.platform/Developer/Library/Frameworks -F /Applications/Xcode-27.0.0-Release.Candidate.app/Contents/Developer/Platforms/WatchOS.platform/Developer/SDKs/WatchOS27.0.sdk/Developer/Library/Frameworks -c -j10 -enable-batch-mode -incremental -Xcc -ivfsstatcache -Xcc /Users/admin/builder/spi-builder-workspace/.derivedData/SDKStatCaches.noindex/watchos27.0-24R360-e829b21a6f8c9b70876ba0858053c04477534ef55a1706bf4c1112bbb242f0a2.sdkstatcache -output-file-map /Users/admin/builder/spi-builder-workspace/.derivedData/Build/Intermediates.noindex/OAuthSwift.build/Debug-watchos/OAuthSwift-t.build/Objects-normal/arm64_32/OAuthSwift-OutputFileMap.json -save-temps -no-color-diagnostics -explicit-module-build -module-cache-path /Users/admin/builder/spi-builder-workspace/.derivedData/Build/Intermediates.noindex/SwiftExplicitPrecompiledModules -clang-scanner-module-cache-path /Users/admin/builder/spi-builder-workspace/.derivedData/ModuleCache.noindex -sdk-module-cache-path /Users/admin/builder/spi-builder-workspace/.derivedData/SDKExplicitPrecompiledModules -emit-dependencies -emit-module -emit-module-path /Users/admin/builder/spi-builder-workspace/.derivedData/Build/Intermediates.noindex/OAuthSwift.build/Debug-watchos/OAuthSwift-t.build/Objects-normal/arm64_32/OAuthSwift.swiftmodule -serialize-diagnostics -dependency-scan-serialize-diagnostics-path /Users/admin/builder/spi-builder-workspace/.derivedData/Build/Intermediates.noindex/OAuthSwift.build/Debug-watchos/OAuthSwift-t.build/Objects-normal/arm64_32/OAuthSwift-dependency-scan.dia -validate-clang-modules-once -clang-build-session-file /Users/admin/builder/spi-builder-workspace/.derivedData/ModuleCache.noindex/Session.modulevalidation -Xcc -fmodules-prune-interval\=86400 -Xcc -fmodules-prune-after\=345600 -emit-const-values -const-gather-protocols-list /Users/admin/builder/spi-builder-workspace/.derivedData/Build/Intermediates.noindex/OAuthSwift.build/Debug-watchos/OAuthSwift-t.build/Objects-normal/arm64_32/OAuthSwift_const_extract_protocols.json -Xcc -I/Users/admin/builder/spi-builder-workspace/.derivedData/Build/Products/Debug-watchos/include -Xcc -I/Users/admin/builder/spi-builder-workspace/.derivedData/Build/Intermediates.noindex/OAuthSwift.build/Debug-watchos/OAuthSwift-t.build/DerivedSources-normal/arm64_32 -Xcc -I/Users/admin/builder/spi-builder-workspace/.derivedData/Build/Intermediates.noindex/OAuthSwift.build/Debug-watchos/OAuthSwift-t.build/DerivedSources/arm64_32 -Xcc -I/Users/admin/builder/spi-builder-workspace/.derivedData/Build/Intermediates.noindex/OAuthSwift.build/Debug-watchos/OAuthSwift-t.build/DerivedSources -Xcc -DSWIFT_PACKAGE -Xcc -DDEBUG\=1 -emit-objc-header -emit-objc-header-path /Users/admin/builder/spi-builder-workspace/.derivedData/Build/Intermediates.noindex/OAuthSwift.build/Debug-watchos/OAuthSwift-t.build/Objects-normal/arm64_32/OAuthSwift-Swift.h -working-directory /Users/admin/builder/spi-builder-workspace/.swiftpm/xcode -experimental-emit-module-separately -disable-cmo
SwiftDriverJobDiscovery normal arm64 Compiling Collection+OAuthSwift.swift, Data+OAuthSwift.swift, Dictionary+OAuthSwift.swift, HMAC.swift (in target 'OAuthSwift' from project 'OAuthSwift')
SwiftCompile normal arm64_32 Compiling\ OAuthSwiftMultipartData.swift,\ OAuthSwiftResponse.swift,\ OAuthSwiftURLHandlerType.swift /Users/admin/builder/spi-builder-workspace/.dependencies/checkouts/OAuthSwift/Sources/OAuthSwiftMultipartData.swift /Users/admin/builder/spi-builder-workspace/.dependencies/checkouts/OAuthSwift/Sources/OAuthSwiftResponse.swift /Users/admin/builder/spi-builder-workspace/.dependencies/checkouts/OAuthSwift/Sources/OAuthSwiftURLHandlerType.swift (in target 'OAuthSwift' from project 'OAuthSwift')
SwiftCompile normal arm64_32 /Users/admin/builder/spi-builder-workspace/.dependencies/checkouts/OAuthSwift/Sources/OAuthSwiftMultipartData.swift (in target 'OAuthSwift' from project 'OAuthSwift')
cd /Users/admin/builder/spi-builder-workspace/.swiftpm/xcode
builtin-SwiftPerFileCompile OAuthSwiftMultipartData.swift
SwiftCompile normal arm64_32 /Users/admin/builder/spi-builder-workspace/.dependencies/checkouts/OAuthSwift/Sources/OAuthSwiftResponse.swift (in target 'OAuthSwift' from project 'OAuthSwift')
cd /Users/admin/builder/spi-builder-workspace/.swiftpm/xcode
builtin-SwiftPerFileCompile OAuthSwiftResponse.swift
SwiftCompile normal arm64_32 /Users/admin/builder/spi-builder-workspace/.dependencies/checkouts/OAuthSwift/Sources/OAuthSwiftURLHandlerType.swift (in target 'OAuthSwift' from project 'OAuthSwift')
cd /Users/admin/builder/spi-builder-workspace/.swiftpm/xcode
builtin-SwiftPerFileCompile OAuthSwiftURLHandlerType.swift
SwiftMergeGeneratedHeaders /Users/admin/builder/spi-builder-workspace/.derivedData/Build/Intermediates.noindex/GeneratedModuleMaps-watchos/OAuthSwift-Swift.h /Users/admin/builder/spi-builder-workspace/.derivedData/Build/Intermediates.noindex/OAuthSwift.build/Debug-watchos/OAuthSwift-t.build/Objects-normal/arm64/OAuthSwift-Swift.h /Users/admin/builder/spi-builder-workspace/.derivedData/Build/Intermediates.noindex/OAuthSwift.build/Debug-watchos/OAuthSwift-t.build/Objects-normal/arm64_32/OAuthSwift-Swift.h (in target 'OAuthSwift' from project 'OAuthSwift')
cd /Users/admin/builder/spi-builder-workspace/.dependencies/checkouts/OAuthSwift
builtin-swiftHeaderTool -arch arm64 /Users/admin/builder/spi-builder-workspace/.derivedData/Build/Intermediates.noindex/OAuthSwift.build/Debug-watchos/OAuthSwift-t.build/Objects-normal/arm64/OAuthSwift-Swift.h -arch arm64_32 /Users/admin/builder/spi-builder-workspace/.derivedData/Build/Intermediates.noindex/OAuthSwift.build/Debug-watchos/OAuthSwift-t.build/Objects-normal/arm64_32/OAuthSwift-Swift.h -o /Users/admin/builder/spi-builder-workspace/.derivedData/Build/Intermediates.noindex/GeneratedModuleMaps-watchos/OAuthSwift-Swift.h
SwiftDriverJobDiscovery normal arm64 Compiling OAuthLogProtocol.swift, OAuthSwift.swift, OAuthSwiftClient.swift (in target 'OAuthSwift' from project 'OAuthSwift')
Copy /Users/admin/builder/spi-builder-workspace/.derivedData/Build/Products/Debug-watchos/OAuthSwift.swiftmodule/arm64_32-apple-watchos.swiftmodule /Users/admin/builder/spi-builder-workspace/.derivedData/Build/Intermediates.noindex/OAuthSwift.build/Debug-watchos/OAuthSwift-t.build/Objects-normal/arm64_32/OAuthSwift.swiftmodule (in target 'OAuthSwift' from project 'OAuthSwift')
cd /Users/admin/builder/spi-builder-workspace/.dependencies/checkouts/OAuthSwift
builtin-copy -exclude .DS_Store -exclude CVS -exclude .svn -exclude .git -exclude .hg -resolve-src-symlinks -rename /Users/admin/builder/spi-builder-workspace/.derivedData/Build/Intermediates.noindex/OAuthSwift.build/Debug-watchos/OAuthSwift-t.build/Objects-normal/arm64_32/OAuthSwift.swiftmodule /Users/admin/builder/spi-builder-workspace/.derivedData/Build/Products/Debug-watchos/OAuthSwift.swiftmodule/arm64_32-apple-watchos.swiftmodule
Copy /Users/admin/builder/spi-builder-workspace/.derivedData/Build/Products/Debug-watchos/OAuthSwift.swiftmodule/arm64_32-apple-watchos.swiftdoc /Users/admin/builder/spi-builder-workspace/.derivedData/Build/Intermediates.noindex/OAuthSwift.build/Debug-watchos/OAuthSwift-t.build/Objects-normal/arm64_32/OAuthSwift.swiftdoc (in target 'OAuthSwift' from project 'OAuthSwift')
cd /Users/admin/builder/spi-builder-workspace/.dependencies/checkouts/OAuthSwift
builtin-copy -exclude .DS_Store -exclude CVS -exclude .svn -exclude .git -exclude .hg -resolve-src-symlinks -rename /Users/admin/builder/spi-builder-workspace/.derivedData/Build/Intermediates.noindex/OAuthSwift.build/Debug-watchos/OAuthSwift-t.build/Objects-normal/arm64_32/OAuthSwift.swiftdoc /Users/admin/builder/spi-builder-workspace/.derivedData/Build/Products/Debug-watchos/OAuthSwift.swiftmodule/arm64_32-apple-watchos.swiftdoc
Copy /Users/admin/builder/spi-builder-workspace/.derivedData/Build/Products/Debug-watchos/OAuthSwift.swiftmodule/arm64_32-apple-watchos.abi.json /Users/admin/builder/spi-builder-workspace/.derivedData/Build/Intermediates.noindex/OAuthSwift.build/Debug-watchos/OAuthSwift-t.build/Objects-normal/arm64_32/OAuthSwift.abi.json (in target 'OAuthSwift' from project 'OAuthSwift')
cd /Users/admin/builder/spi-builder-workspace/.dependencies/checkouts/OAuthSwift
builtin-copy -exclude .DS_Store -exclude CVS -exclude .svn -exclude .git -exclude .hg -resolve-src-symlinks -rename /Users/admin/builder/spi-builder-workspace/.derivedData/Build/Intermediates.noindex/OAuthSwift.build/Debug-watchos/OAuthSwift-t.build/Objects-normal/arm64_32/OAuthSwift.abi.json /Users/admin/builder/spi-builder-workspace/.derivedData/Build/Products/Debug-watchos/OAuthSwift.swiftmodule/arm64_32-apple-watchos.abi.json
Copy /Users/admin/builder/spi-builder-workspace/.derivedData/Build/Products/Debug-watchos/OAuthSwift.swiftmodule/Project/arm64_32-apple-watchos.swiftsourceinfo /Users/admin/builder/spi-builder-workspace/.derivedData/Build/Intermediates.noindex/OAuthSwift.build/Debug-watchos/OAuthSwift-t.build/Objects-normal/arm64_32/OAuthSwift.swiftsourceinfo (in target 'OAuthSwift' from project 'OAuthSwift')
cd /Users/admin/builder/spi-builder-workspace/.dependencies/checkouts/OAuthSwift
builtin-copy -exclude .DS_Store -exclude CVS -exclude .svn -exclude .git -exclude .hg -resolve-src-symlinks -rename /Users/admin/builder/spi-builder-workspace/.derivedData/Build/Intermediates.noindex/OAuthSwift.build/Debug-watchos/OAuthSwift-t.build/Objects-normal/arm64_32/OAuthSwift.swiftsourceinfo /Users/admin/builder/spi-builder-workspace/.derivedData/Build/Products/Debug-watchos/OAuthSwift.swiftmodule/Project/arm64_32-apple-watchos.swiftsourceinfo
SwiftCompile normal arm64_32 Compiling\ OAuthSwiftURLHandlerProxy.swift,\ OAuthWebViewController.swift,\ SFAuthenticationURLHandler.swift /Users/admin/builder/spi-builder-workspace/.dependencies/checkouts/OAuthSwift/Sources/Handler/OAuthSwiftURLHandlerProxy.swift /Users/admin/builder/spi-builder-workspace/.dependencies/checkouts/OAuthSwift/Sources/Handler/OAuthWebViewController.swift /Users/admin/builder/spi-builder-workspace/.dependencies/checkouts/OAuthSwift/Sources/Handler/SFAuthenticationURLHandler.swift (in target 'OAuthSwift' from project 'OAuthSwift')
SwiftCompile normal arm64_32 /Users/admin/builder/spi-builder-workspace/.dependencies/checkouts/OAuthSwift/Sources/Handler/OAuthSwiftURLHandlerProxy.swift (in target 'OAuthSwift' from project 'OAuthSwift')
cd /Users/admin/builder/spi-builder-workspace/.swiftpm/xcode
builtin-SwiftPerFileCompile OAuthSwiftURLHandlerProxy.swift
SwiftCompile normal arm64_32 /Users/admin/builder/spi-builder-workspace/.dependencies/checkouts/OAuthSwift/Sources/Handler/OAuthWebViewController.swift (in target 'OAuthSwift' from project 'OAuthSwift')
cd /Users/admin/builder/spi-builder-workspace/.swiftpm/xcode
builtin-SwiftPerFileCompile OAuthWebViewController.swift
SwiftCompile normal arm64_32 /Users/admin/builder/spi-builder-workspace/.dependencies/checkouts/OAuthSwift/Sources/Handler/SFAuthenticationURLHandler.swift (in target 'OAuthSwift' from project 'OAuthSwift')
cd /Users/admin/builder/spi-builder-workspace/.swiftpm/xcode
builtin-SwiftPerFileCompile SFAuthenticationURLHandler.swift
SwiftDriverJobDiscovery normal arm64 Compiling Keychain.swift (in target 'KeychainAccess' from project 'KeychainAccess')
SwiftCompile normal arm64_32 Compiling\ NotificationCenter+OAuthSwift.swift,\ OAuth1Swift.swift,\ OAuth2Swift.swift /Users/admin/builder/spi-builder-workspace/.dependencies/checkouts/OAuthSwift/Sources/NotificationCenter+OAuthSwift.swift /Users/admin/builder/spi-builder-workspace/.dependencies/checkouts/OAuthSwift/Sources/OAuth1Swift.swift /Users/admin/builder/spi-builder-workspace/.dependencies/checkouts/OAuthSwift/Sources/OAuth2Swift.swift (in target 'OAuthSwift' from project 'OAuthSwift')
SwiftCompile normal arm64_32 /Users/admin/builder/spi-builder-workspace/.dependencies/checkouts/OAuthSwift/Sources/NotificationCenter+OAuthSwift.swift (in target 'OAuthSwift' from project 'OAuthSwift')
cd /Users/admin/builder/spi-builder-workspace/.swiftpm/xcode
builtin-SwiftPerFileCompile NotificationCenter+OAuthSwift.swift
SwiftCompile normal arm64_32 /Users/admin/builder/spi-builder-workspace/.dependencies/checkouts/OAuthSwift/Sources/OAuth1Swift.swift (in target 'OAuthSwift' from project 'OAuthSwift')
cd /Users/admin/builder/spi-builder-workspace/.swiftpm/xcode
builtin-SwiftPerFileCompile OAuth1Swift.swift
SwiftCompile normal arm64_32 /Users/admin/builder/spi-builder-workspace/.dependencies/checkouts/OAuthSwift/Sources/OAuth2Swift.swift (in target 'OAuthSwift' from project 'OAuthSwift')
cd /Users/admin/builder/spi-builder-workspace/.swiftpm/xcode
builtin-SwiftPerFileCompile OAuth2Swift.swift
SwiftDriverJobDiscovery normal arm64_32 Compiling Keychain.swift (in target 'KeychainAccess' from project 'KeychainAccess')
SwiftCompile normal arm64_32 Compiling\ ASWebAuthenticationURLHandler.swift,\ ExtensionContextURLHandler.swift,\ OAuthSwiftOpenURLExternally.swift /Users/admin/builder/spi-builder-workspace/.dependencies/checkouts/OAuthSwift/Sources/Handler/ASWebAuthenticationURLHandler.swift /Users/admin/builder/spi-builder-workspace/.dependencies/checkouts/OAuthSwift/Sources/Handler/ExtensionContextURLHandler.swift /Users/admin/builder/spi-builder-workspace/.dependencies/checkouts/OAuthSwift/Sources/Handler/OAuthSwiftOpenURLExternally.swift (in target 'OAuthSwift' from project 'OAuthSwift')
SwiftCompile normal arm64_32 /Users/admin/builder/spi-builder-workspace/.dependencies/checkouts/OAuthSwift/Sources/Handler/ASWebAuthenticationURLHandler.swift (in target 'OAuthSwift' from project 'OAuthSwift')
cd /Users/admin/builder/spi-builder-workspace/.swiftpm/xcode
builtin-SwiftPerFileCompile ASWebAuthenticationURLHandler.swift
SwiftCompile normal arm64_32 /Users/admin/builder/spi-builder-workspace/.dependencies/checkouts/OAuthSwift/Sources/Handler/ExtensionContextURLHandler.swift (in target 'OAuthSwift' from project 'OAuthSwift')
cd /Users/admin/builder/spi-builder-workspace/.swiftpm/xcode
builtin-SwiftPerFileCompile ExtensionContextURLHandler.swift
SwiftCompile normal arm64_32 /Users/admin/builder/spi-builder-workspace/.dependencies/checkouts/OAuthSwift/Sources/Handler/OAuthSwiftOpenURLExternally.swift (in target 'OAuthSwift' from project 'OAuthSwift')
cd /Users/admin/builder/spi-builder-workspace/.swiftpm/xcode
builtin-SwiftPerFileCompile OAuthSwiftOpenURLExternally.swift
SwiftDriverJobDiscovery normal arm64_32 Compiling SafariURLHandler.swift, Int+OAuthSwift.swift, NSError+OAuthSwift.swift (in target 'OAuthSwift' from project 'OAuthSwift')
SwiftCompile normal arm64_32 Compiling\ SHA1.swift,\ String+OAuthSwift.swift,\ UIApplication+OAuthSwift.swift /Users/admin/builder/spi-builder-workspace/.dependencies/checkouts/OAuthSwift/Sources/SHA1.swift /Users/admin/builder/spi-builder-workspace/.dependencies/checkouts/OAuthSwift/Sources/String+OAuthSwift.swift /Users/admin/builder/spi-builder-workspace/.dependencies/checkouts/OAuthSwift/Sources/UIApplication+OAuthSwift.swift (in target 'OAuthSwift' from project 'OAuthSwift')
SwiftCompile normal arm64_32 /Users/admin/builder/spi-builder-workspace/.dependencies/checkouts/OAuthSwift/Sources/SHA1.swift (in target 'OAuthSwift' from project 'OAuthSwift')
cd /Users/admin/builder/spi-builder-workspace/.swiftpm/xcode
builtin-SwiftPerFileCompile SHA1.swift
SwiftCompile normal arm64_32 /Users/admin/builder/spi-builder-workspace/.dependencies/checkouts/OAuthSwift/Sources/String+OAuthSwift.swift (in target 'OAuthSwift' from project 'OAuthSwift')
cd /Users/admin/builder/spi-builder-workspace/.swiftpm/xcode
builtin-SwiftPerFileCompile String+OAuthSwift.swift
SwiftCompile normal arm64_32 /Users/admin/builder/spi-builder-workspace/.dependencies/checkouts/OAuthSwift/Sources/UIApplication+OAuthSwift.swift (in target 'OAuthSwift' from project 'OAuthSwift')
cd /Users/admin/builder/spi-builder-workspace/.swiftpm/xcode
builtin-SwiftPerFileCompile UIApplication+OAuthSwift.swift
SwiftCompile normal arm64_32 Compiling\ OAuthLogProtocol.swift,\ OAuthSwift.swift,\ OAuthSwiftClient.swift /Users/admin/builder/spi-builder-workspace/.dependencies/checkouts/OAuthSwift/Sources/OAuthLogProtocol.swift /Users/admin/builder/spi-builder-workspace/.dependencies/checkouts/OAuthSwift/Sources/OAuthSwift.swift /Users/admin/builder/spi-builder-workspace/.dependencies/checkouts/OAuthSwift/Sources/OAuthSwiftClient.swift (in target 'OAuthSwift' from project 'OAuthSwift')
SwiftCompile normal arm64_32 /Users/admin/builder/spi-builder-workspace/.dependencies/checkouts/OAuthSwift/Sources/OAuthLogProtocol.swift (in target 'OAuthSwift' from project 'OAuthSwift')
cd /Users/admin/builder/spi-builder-workspace/.swiftpm/xcode
builtin-SwiftPerFileCompile OAuthLogProtocol.swift
SwiftCompile normal arm64_32 /Users/admin/builder/spi-builder-workspace/.dependencies/checkouts/OAuthSwift/Sources/OAuthSwift.swift (in target 'OAuthSwift' from project 'OAuthSwift')
cd /Users/admin/builder/spi-builder-workspace/.swiftpm/xcode
builtin-SwiftPerFileCompile OAuthSwift.swift
SwiftCompile normal arm64_32 /Users/admin/builder/spi-builder-workspace/.dependencies/checkouts/OAuthSwift/Sources/OAuthSwiftClient.swift (in target 'OAuthSwift' from project 'OAuthSwift')
cd /Users/admin/builder/spi-builder-workspace/.swiftpm/xcode
builtin-SwiftPerFileCompile OAuthSwiftClient.swift
SwiftDriverJobDiscovery normal arm64_32 Compiling URL+OAuthSwift.swift, URLConvertible.swift, Utils.swift (in target 'OAuthSwift' from project 'OAuthSwift')
SwiftCompile normal arm64_32 Compiling\ OAuthSwiftCredential.swift,\ OAuthSwiftError.swift,\ OAuthSwiftHTTPRequest.swift /Users/admin/builder/spi-builder-workspace/.dependencies/checkouts/OAuthSwift/Sources/OAuthSwiftCredential.swift /Users/admin/builder/spi-builder-workspace/.dependencies/checkouts/OAuthSwift/Sources/OAuthSwiftError.swift /Users/admin/builder/spi-builder-workspace/.dependencies/checkouts/OAuthSwift/Sources/OAuthSwiftHTTPRequest.swift (in target 'OAuthSwift' from project 'OAuthSwift')
SwiftCompile normal arm64_32 /Users/admin/builder/spi-builder-workspace/.dependencies/checkouts/OAuthSwift/Sources/OAuthSwiftCredential.swift (in target 'OAuthSwift' from project 'OAuthSwift')
cd /Users/admin/builder/spi-builder-workspace/.swiftpm/xcode
builtin-SwiftPerFileCompile OAuthSwiftCredential.swift
SwiftCompile normal arm64_32 /Users/admin/builder/spi-builder-workspace/.dependencies/checkouts/OAuthSwift/Sources/OAuthSwiftError.swift (in target 'OAuthSwift' from project 'OAuthSwift')
cd /Users/admin/builder/spi-builder-workspace/.swiftpm/xcode
builtin-SwiftPerFileCompile OAuthSwiftError.swift
SwiftCompile normal arm64_32 /Users/admin/builder/spi-builder-workspace/.dependencies/checkouts/OAuthSwift/Sources/OAuthSwiftHTTPRequest.swift (in target 'OAuthSwift' from project 'OAuthSwift')
cd /Users/admin/builder/spi-builder-workspace/.swiftpm/xcode
builtin-SwiftPerFileCompile OAuthSwiftHTTPRequest.swift
SwiftDriverJobDiscovery normal arm64_32 Compiling Collection+OAuthSwift.swift, Data+OAuthSwift.swift, Dictionary+OAuthSwift.swift, HMAC.swift (in target 'OAuthSwift' from project 'OAuthSwift')
SwiftCompile normal arm64 Compiling\ SHA1.swift,\ String+OAuthSwift.swift,\ UIApplication+OAuthSwift.swift /Users/admin/builder/spi-builder-workspace/.dependencies/checkouts/OAuthSwift/Sources/SHA1.swift /Users/admin/builder/spi-builder-workspace/.dependencies/checkouts/OAuthSwift/Sources/String+OAuthSwift.swift /Users/admin/builder/spi-builder-workspace/.dependencies/checkouts/OAuthSwift/Sources/UIApplication+OAuthSwift.swift (in target 'OAuthSwift' from project 'OAuthSwift')
SwiftCompile normal arm64 /Users/admin/builder/spi-builder-workspace/.dependencies/checkouts/OAuthSwift/Sources/SHA1.swift (in target 'OAuthSwift' from project 'OAuthSwift')
cd /Users/admin/builder/spi-builder-workspace/.swiftpm/xcode
builtin-SwiftPerFileCompile SHA1.swift
SwiftCompile normal arm64 /Users/admin/builder/spi-builder-workspace/.dependencies/checkouts/OAuthSwift/Sources/String+OAuthSwift.swift (in target 'OAuthSwift' from project 'OAuthSwift')
cd /Users/admin/builder/spi-builder-workspace/.swiftpm/xcode
builtin-SwiftPerFileCompile String+OAuthSwift.swift
SwiftCompile normal arm64 /Users/admin/builder/spi-builder-workspace/.dependencies/checkouts/OAuthSwift/Sources/UIApplication+OAuthSwift.swift (in target 'OAuthSwift' from project 'OAuthSwift')
cd /Users/admin/builder/spi-builder-workspace/.swiftpm/xcode
builtin-SwiftPerFileCompile UIApplication+OAuthSwift.swift
SwiftDriverJobDiscovery normal arm64 Compiling OAuthSwiftMultipartData.swift, OAuthSwiftResponse.swift, OAuthSwiftURLHandlerType.swift (in target 'OAuthSwift' from project 'OAuthSwift')
SwiftCompile normal arm64 Compiling\ OAuthSwiftCredential.swift,\ OAuthSwiftError.swift,\ OAuthSwiftHTTPRequest.swift /Users/admin/builder/spi-builder-workspace/.dependencies/checkouts/OAuthSwift/Sources/OAuthSwiftCredential.swift /Users/admin/builder/spi-builder-workspace/.dependencies/checkouts/OAuthSwift/Sources/OAuthSwiftError.swift /Users/admin/builder/spi-builder-workspace/.dependencies/checkouts/OAuthSwift/Sources/OAuthSwiftHTTPRequest.swift (in target 'OAuthSwift' from project 'OAuthSwift')
SwiftCompile normal arm64 /Users/admin/builder/spi-builder-workspace/.dependencies/checkouts/OAuthSwift/Sources/OAuthSwiftCredential.swift (in target 'OAuthSwift' from project 'OAuthSwift')
cd /Users/admin/builder/spi-builder-workspace/.swiftpm/xcode
builtin-SwiftPerFileCompile OAuthSwiftCredential.swift
SwiftCompile normal arm64 /Users/admin/builder/spi-builder-workspace/.dependencies/checkouts/OAuthSwift/Sources/OAuthSwiftError.swift (in target 'OAuthSwift' from project 'OAuthSwift')
cd /Users/admin/builder/spi-builder-workspace/.swiftpm/xcode
builtin-SwiftPerFileCompile OAuthSwiftError.swift
SwiftCompile normal arm64 /Users/admin/builder/spi-builder-workspace/.dependencies/checkouts/OAuthSwift/Sources/OAuthSwiftHTTPRequest.swift (in target 'OAuthSwift' from project 'OAuthSwift')
cd /Users/admin/builder/spi-builder-workspace/.swiftpm/xcode
builtin-SwiftPerFileCompile OAuthSwiftHTTPRequest.swift
SwiftDriverJobDiscovery normal arm64 Compiling OAuthSwiftURLHandlerProxy.swift, OAuthWebViewController.swift, SFAuthenticationURLHandler.swift (in target 'OAuthSwift' from project 'OAuthSwift')
SwiftCompile normal arm64 Compiling\ NotificationCenter+OAuthSwift.swift,\ OAuth1Swift.swift,\ OAuth2Swift.swift /Users/admin/builder/spi-builder-workspace/.dependencies/checkouts/OAuthSwift/Sources/NotificationCenter+OAuthSwift.swift /Users/admin/builder/spi-builder-workspace/.dependencies/checkouts/OAuthSwift/Sources/OAuth1Swift.swift /Users/admin/builder/spi-builder-workspace/.dependencies/checkouts/OAuthSwift/Sources/OAuth2Swift.swift (in target 'OAuthSwift' from project 'OAuthSwift')
SwiftCompile normal arm64 /Users/admin/builder/spi-builder-workspace/.dependencies/checkouts/OAuthSwift/Sources/NotificationCenter+OAuthSwift.swift (in target 'OAuthSwift' from project 'OAuthSwift')
cd /Users/admin/builder/spi-builder-workspace/.swiftpm/xcode
builtin-SwiftPerFileCompile NotificationCenter+OAuthSwift.swift
SwiftCompile normal arm64 /Users/admin/builder/spi-builder-workspace/.dependencies/checkouts/OAuthSwift/Sources/OAuth1Swift.swift (in target 'OAuthSwift' from project 'OAuthSwift')
cd /Users/admin/builder/spi-builder-workspace/.swiftpm/xcode
builtin-SwiftPerFileCompile OAuth1Swift.swift
SwiftCompile normal arm64 /Users/admin/builder/spi-builder-workspace/.dependencies/checkouts/OAuthSwift/Sources/OAuth2Swift.swift (in target 'OAuthSwift' from project 'OAuthSwift')
cd /Users/admin/builder/spi-builder-workspace/.swiftpm/xcode
builtin-SwiftPerFileCompile OAuth2Swift.swift
SwiftDriverJobDiscovery normal arm64 Compiling ASWebAuthenticationURLHandler.swift, ExtensionContextURLHandler.swift, OAuthSwiftOpenURLExternally.swift (in target 'OAuthSwift' from project 'OAuthSwift')
SwiftDriver\ Compilation KeychainAccess normal arm64_32 com.apple.xcode.tools.swift.compiler (in target 'KeychainAccess' from project 'KeychainAccess')
cd /Users/admin/builder/spi-builder-workspace/.swiftpm/xcode
builtin-Swift-Compilation -- /Applications/Xcode-27.0.0-Release.Candidate.app/Contents/Developer/Toolchains/XcodeDefault.xctoolchain/usr/bin/swiftc -parse-as-library -module-name KeychainAccess -Onone @/Users/admin/builder/spi-builder-workspace/.derivedData/Build/Intermediates.noindex/KeychainAccess.build/Debug-watchos/KeychainAccess-t.build/Objects-normal/arm64_32/KeychainAccess.SwiftFileList -DSWIFT_PACKAGE -DDEBUG -DSWIFT_MODULE_RESOURCE_BUNDLE_UNAVAILABLE -DXcode -plugin-path /Applications/Xcode-27.0.0-Release.Candidate.app/Contents/Developer/Toolchains/XcodeDefault.xctoolchain/usr/lib/swift/host/plugins/testing -enable-experimental-feature DebugDescriptionMacro -sdk /Applications/Xcode-27.0.0-Release.Candidate.app/Contents/Developer/Platforms/WatchOS.platform/Developer/SDKs/WatchOS27.0.sdk -target arm64_32-apple-watchos9.0 -g -module-cache-path /Users/admin/builder/spi-builder-workspace/.derivedData/ModuleCache.noindex -Xfrontend -serialize-debugging-options -profile-coverage-mapping -profile-generate -enable-testing -suppress-warnings -index-store-path /Users/admin/builder/spi-builder-workspace/.derivedData/Index.noindex/DataStore -Xcc -D_LIBCPP_HARDENING_MODE\=_LIBCPP_HARDENING_MODE_DEBUG -swift-version 5 -I /Users/admin/builder/spi-builder-workspace/.derivedData/Build/Products/Debug-watchos -Isystem /Applications/Xcode-27.0.0-Release.Candidate.app/Contents/Developer/Platforms/WatchOS.platform/Developer/usr/lib -F /Users/admin/builder/spi-builder-workspace/.derivedData/Build/Products/Debug-watchos -F /Applications/Xcode-27.0.0-Release.Candidate.app/Contents/Developer/Platforms/WatchOS.platform/Developer/Library/Frameworks -F /Applications/Xcode-27.0.0-Release.Candidate.app/Contents/Developer/Platforms/WatchOS.platform/Developer/SDKs/WatchOS27.0.sdk/Developer/Library/Frameworks -c -j10 -enable-batch-mode -incremental -Xcc -ivfsstatcache -Xcc /Users/admin/builder/spi-builder-workspace/.derivedData/SDKStatCaches.noindex/watchos27.0-24R360-e829b21a6f8c9b70876ba0858053c04477534ef55a1706bf4c1112bbb242f0a2.sdkstatcache -output-file-map /Users/admin/builder/spi-builder-workspace/.derivedData/Build/Intermediates.noindex/KeychainAccess.build/Debug-watchos/KeychainAccess-t.build/Objects-normal/arm64_32/KeychainAccess-OutputFileMap.json -save-temps -no-color-diagnostics -explicit-module-build -module-cache-path /Users/admin/builder/spi-builder-workspace/.derivedData/Build/Intermediates.noindex/SwiftExplicitPrecompiledModules -clang-scanner-module-cache-path /Users/admin/builder/spi-builder-workspace/.derivedData/ModuleCache.noindex -sdk-module-cache-path /Users/admin/builder/spi-builder-workspace/.derivedData/SDKExplicitPrecompiledModules -emit-dependencies -emit-module -emit-module-path /Users/admin/builder/spi-builder-workspace/.derivedData/Build/Intermediates.noindex/KeychainAccess.build/Debug-watchos/KeychainAccess-t.build/Objects-normal/arm64_32/KeychainAccess.swiftmodule -serialize-diagnostics -dependency-scan-serialize-diagnostics-path /Users/admin/builder/spi-builder-workspace/.derivedData/Build/Intermediates.noindex/KeychainAccess.build/Debug-watchos/KeychainAccess-t.build/Objects-normal/arm64_32/KeychainAccess-dependency-scan.dia -validate-clang-modules-once -clang-build-session-file /Users/admin/builder/spi-builder-workspace/.derivedData/ModuleCache.noindex/Session.modulevalidation -Xcc -fmodules-prune-interval\=86400 -Xcc -fmodules-prune-after\=345600 -emit-const-values -const-gather-protocols-list /Users/admin/builder/spi-builder-workspace/.derivedData/Build/Intermediates.noindex/KeychainAccess.build/Debug-watchos/KeychainAccess-t.build/Objects-normal/arm64_32/KeychainAccess_const_extract_protocols.json -Xcc -I/Users/admin/builder/spi-builder-workspace/.derivedData/Build/Products/Debug-watchos/include -Xcc -I/Users/admin/builder/spi-builder-workspace/.derivedData/Build/Intermediates.noindex/KeychainAccess.build/Debug-watchos/KeychainAccess-t.build/DerivedSources-normal/arm64_32 -Xcc -I/Users/admin/builder/spi-builder-workspace/.derivedData/Build/Intermediates.noindex/KeychainAccess.build/Debug-watchos/KeychainAccess-t.build/DerivedSources/arm64_32 -Xcc -I/Users/admin/builder/spi-builder-workspace/.derivedData/Build/Intermediates.noindex/KeychainAccess.build/Debug-watchos/KeychainAccess-t.build/DerivedSources -Xcc -DSWIFT_PACKAGE -Xcc -DDEBUG\=1 -emit-objc-header -emit-objc-header-path /Users/admin/builder/spi-builder-workspace/.derivedData/Build/Intermediates.noindex/KeychainAccess.build/Debug-watchos/KeychainAccess-t.build/Objects-normal/arm64_32/KeychainAccess-Swift.h -working-directory /Users/admin/builder/spi-builder-workspace/.swiftpm/xcode -experimental-emit-module-separately -disable-cmo
SwiftDriverJobDiscovery normal arm64_32 Compiling ASWebAuthenticationURLHandler.swift, ExtensionContextURLHandler.swift, OAuthSwiftOpenURLExternally.swift (in target 'OAuthSwift' from project 'OAuthSwift')
SwiftDriver\ Compilation KeychainAccess normal arm64 com.apple.xcode.tools.swift.compiler (in target 'KeychainAccess' from project 'KeychainAccess')
cd /Users/admin/builder/spi-builder-workspace/.swiftpm/xcode
builtin-Swift-Compilation -- /Applications/Xcode-27.0.0-Release.Candidate.app/Contents/Developer/Toolchains/XcodeDefault.xctoolchain/usr/bin/swiftc -parse-as-library -module-name KeychainAccess -Onone @/Users/admin/builder/spi-builder-workspace/.derivedData/Build/Intermediates.noindex/KeychainAccess.build/Debug-watchos/KeychainAccess-t.build/Objects-normal/arm64/KeychainAccess.SwiftFileList -DSWIFT_PACKAGE -DDEBUG -DSWIFT_MODULE_RESOURCE_BUNDLE_UNAVAILABLE -DXcode -plugin-path /Applications/Xcode-27.0.0-Release.Candidate.app/Contents/Developer/Toolchains/XcodeDefault.xctoolchain/usr/lib/swift/host/plugins/testing -enable-experimental-feature DebugDescriptionMacro -sdk /Applications/Xcode-27.0.0-Release.Candidate.app/Contents/Developer/Platforms/WatchOS.platform/Developer/SDKs/WatchOS27.0.sdk -target arm64-apple-watchos9.0 -g -module-cache-path /Users/admin/builder/spi-builder-workspace/.derivedData/ModuleCache.noindex -Xfrontend -serialize-debugging-options -profile-coverage-mapping -profile-generate -enable-testing -suppress-warnings -index-store-path /Users/admin/builder/spi-builder-workspace/.derivedData/Index.noindex/DataStore -Xcc -D_LIBCPP_HARDENING_MODE\=_LIBCPP_HARDENING_MODE_DEBUG -swift-version 5 -I /Users/admin/builder/spi-builder-workspace/.derivedData/Build/Products/Debug-watchos -Isystem /Applications/Xcode-27.0.0-Release.Candidate.app/Contents/Developer/Platforms/WatchOS.platform/Developer/usr/lib -F /Users/admin/builder/spi-builder-workspace/.derivedData/Build/Products/Debug-watchos -F /Applications/Xcode-27.0.0-Release.Candidate.app/Contents/Developer/Platforms/WatchOS.platform/Developer/Library/Frameworks -F /Applications/Xcode-27.0.0-Release.Candidate.app/Contents/Developer/Platforms/WatchOS.platform/Developer/SDKs/WatchOS27.0.sdk/Developer/Library/Frameworks -c -j10 -enable-batch-mode -incremental -Xcc -ivfsstatcache -Xcc /Users/admin/builder/spi-builder-workspace/.derivedData/SDKStatCaches.noindex/watchos27.0-24R360-e829b21a6f8c9b70876ba0858053c04477534ef55a1706bf4c1112bbb242f0a2.sdkstatcache -output-file-map /Users/admin/builder/spi-builder-workspace/.derivedData/Build/Intermediates.noindex/KeychainAccess.build/Debug-watchos/KeychainAccess-t.build/Objects-normal/arm64/KeychainAccess-OutputFileMap.json -save-temps -no-color-diagnostics -explicit-module-build -module-cache-path /Users/admin/builder/spi-builder-workspace/.derivedData/Build/Intermediates.noindex/SwiftExplicitPrecompiledModules -clang-scanner-module-cache-path /Users/admin/builder/spi-builder-workspace/.derivedData/ModuleCache.noindex -sdk-module-cache-path /Users/admin/builder/spi-builder-workspace/.derivedData/SDKExplicitPrecompiledModules -emit-dependencies -emit-module -emit-module-path /Users/admin/builder/spi-builder-workspace/.derivedData/Build/Intermediates.noindex/KeychainAccess.build/Debug-watchos/KeychainAccess-t.build/Objects-normal/arm64/KeychainAccess.swiftmodule -serialize-diagnostics -dependency-scan-serialize-diagnostics-path /Users/admin/builder/spi-builder-workspace/.derivedData/Build/Intermediates.noindex/KeychainAccess.build/Debug-watchos/KeychainAccess-t.build/Objects-normal/arm64/KeychainAccess-dependency-scan.dia -validate-clang-modules-once -clang-build-session-file /Users/admin/builder/spi-builder-workspace/.derivedData/ModuleCache.noindex/Session.modulevalidation -Xcc -fmodules-prune-interval\=86400 -Xcc -fmodules-prune-after\=345600 -emit-const-values -const-gather-protocols-list /Users/admin/builder/spi-builder-workspace/.derivedData/Build/Intermediates.noindex/KeychainAccess.build/Debug-watchos/KeychainAccess-t.build/Objects-normal/arm64/KeychainAccess_const_extract_protocols.json -Xcc -I/Users/admin/builder/spi-builder-workspace/.derivedData/Build/Products/Debug-watchos/include -Xcc -I/Users/admin/builder/spi-builder-workspace/.derivedData/Build/Intermediates.noindex/KeychainAccess.build/Debug-watchos/KeychainAccess-t.build/DerivedSources-normal/arm64 -Xcc -I/Users/admin/builder/spi-builder-workspace/.derivedData/Build/Intermediates.noindex/KeychainAccess.build/Debug-watchos/KeychainAccess-t.build/DerivedSources/arm64 -Xcc -I/Users/admin/builder/spi-builder-workspace/.derivedData/Build/Intermediates.noindex/KeychainAccess.build/Debug-watchos/KeychainAccess-t.build/DerivedSources -Xcc -DSWIFT_PACKAGE -Xcc -DDEBUG\=1 -emit-objc-header -emit-objc-header-path /Users/admin/builder/spi-builder-workspace/.derivedData/Build/Intermediates.noindex/KeychainAccess.build/Debug-watchos/KeychainAccess-t.build/Objects-normal/arm64/KeychainAccess-Swift.h -working-directory /Users/admin/builder/spi-builder-workspace/.swiftpm/xcode -experimental-emit-module-separately -disable-cmo
Ld /Users/admin/builder/spi-builder-workspace/.derivedData/Build/Intermediates.noindex/KeychainAccess.build/Debug-watchos/KeychainAccess-t.build/Objects-normal/arm64_32/Binary/KeychainAccess.o normal arm64_32 (in target 'KeychainAccess' from project 'KeychainAccess')
cd /Users/admin/builder/spi-builder-workspace/.dependencies/checkouts/KeychainAccess
/Applications/Xcode-27.0.0-Release.Candidate.app/Contents/Developer/Toolchains/XcodeDefault.xctoolchain/usr/bin/clang -Xlinker -reproducible -target arm64_32-apple-watchos9.0 -r -isysroot /Applications/Xcode-27.0.0-Release.Candidate.app/Contents/Developer/Platforms/WatchOS.platform/Developer/SDKs/WatchOS27.0.sdk -O0 -w -Xlinker -no_warn_duplicate_libraries -F/Users/admin/builder/spi-builder-workspace/.derivedData/Build/Intermediates.noindex/EagerLinkingTBDs/Debug-watchos -F/Users/admin/builder/spi-builder-workspace/.derivedData/Build/Products/Debug-watchos -iframework /Applications/Xcode-27.0.0-Release.Candidate.app/Contents/Developer/Platforms/WatchOS.platform/Developer/Library/Frameworks -iframework /Applications/Xcode-27.0.0-Release.Candidate.app/Contents/Developer/Platforms/WatchOS.platform/Developer/SDKs/WatchOS27.0.sdk/Developer/Library/Frameworks -filelist /Users/admin/builder/spi-builder-workspace/.derivedData/Build/Intermediates.noindex/KeychainAccess.build/Debug-watchos/KeychainAccess-t.build/Objects-normal/arm64_32/KeychainAccess.LinkFileList -nostdlib -Xlinker -object_path_lto -Xlinker /Users/admin/builder/spi-builder-workspace/.derivedData/Build/Intermediates.noindex/KeychainAccess.build/Debug-watchos/KeychainAccess-t.build/Objects-normal/arm64_32/KeychainAccess_lto.o -Xlinker -no_deduplicate -Xlinker -debug_variant -Xlinker -dependency_info -Xlinker /Users/admin/builder/spi-builder-workspace/.derivedData/Build/Intermediates.noindex/KeychainAccess.build/Debug-watchos/KeychainAccess-t.build/Objects-normal/arm64_32/KeychainAccess_dependency_info.dat -fobjc-link-runtime -L/Applications/Xcode-27.0.0-Release.Candidate.app/Contents/Developer/Toolchains/XcodeDefault.xctoolchain/usr/lib/swift/watchos -L/usr/lib/swift -Xlinker -add_ast_path -Xlinker /Users/admin/builder/spi-builder-workspace/.derivedData/Build/Intermediates.noindex/KeychainAccess.build/Debug-watchos/KeychainAccess-t.build/Objects-normal/arm64_32/KeychainAccess.swiftmodule -o /Users/admin/builder/spi-builder-workspace/.derivedData/Build/Intermediates.noindex/KeychainAccess.build/Debug-watchos/KeychainAccess-t.build/Objects-normal/arm64_32/Binary/KeychainAccess.o
SwiftDriverJobDiscovery normal arm64_32 Compiling OAuthSwiftMultipartData.swift, OAuthSwiftResponse.swift, OAuthSwiftURLHandlerType.swift (in target 'OAuthSwift' from project 'OAuthSwift')
SwiftDriverJobDiscovery normal arm64_32 Compiling NotificationCenter+OAuthSwift.swift, OAuth1Swift.swift, OAuth2Swift.swift (in target 'OAuthSwift' from project 'OAuthSwift')
SwiftDriverJobDiscovery normal arm64_32 Compiling OAuthSwiftURLHandlerProxy.swift, OAuthWebViewController.swift, SFAuthenticationURLHandler.swift (in target 'OAuthSwift' from project 'OAuthSwift')
Ld /Users/admin/builder/spi-builder-workspace/.derivedData/Build/Intermediates.noindex/KeychainAccess.build/Debug-watchos/KeychainAccess-t.build/Objects-normal/arm64/Binary/KeychainAccess.o normal arm64 (in target 'KeychainAccess' from project 'KeychainAccess')
cd /Users/admin/builder/spi-builder-workspace/.dependencies/checkouts/KeychainAccess
/Applications/Xcode-27.0.0-Release.Candidate.app/Contents/Developer/Toolchains/XcodeDefault.xctoolchain/usr/bin/clang -Xlinker -reproducible -target arm64-apple-watchos9.0 -r -isysroot /Applications/Xcode-27.0.0-Release.Candidate.app/Contents/Developer/Platforms/WatchOS.platform/Developer/SDKs/WatchOS27.0.sdk -O0 -w -Xlinker -no_warn_duplicate_libraries -F/Users/admin/builder/spi-builder-workspace/.derivedData/Build/Intermediates.noindex/EagerLinkingTBDs/Debug-watchos -F/Users/admin/builder/spi-builder-workspace/.derivedData/Build/Products/Debug-watchos -iframework /Applications/Xcode-27.0.0-Release.Candidate.app/Contents/Developer/Platforms/WatchOS.platform/Developer/Library/Frameworks -iframework /Applications/Xcode-27.0.0-Release.Candidate.app/Contents/Developer/Platforms/WatchOS.platform/Developer/SDKs/WatchOS27.0.sdk/Developer/Library/Frameworks -filelist /Users/admin/builder/spi-builder-workspace/.derivedData/Build/Intermediates.noindex/KeychainAccess.build/Debug-watchos/KeychainAccess-t.build/Objects-normal/arm64/KeychainAccess.LinkFileList -nostdlib -Xlinker -object_path_lto -Xlinker /Users/admin/builder/spi-builder-workspace/.derivedData/Build/Intermediates.noindex/KeychainAccess.build/Debug-watchos/KeychainAccess-t.build/Objects-normal/arm64/KeychainAccess_lto.o -Xlinker -no_deduplicate -Xlinker -debug_variant -Xlinker -dependency_info -Xlinker /Users/admin/builder/spi-builder-workspace/.derivedData/Build/Intermediates.noindex/KeychainAccess.build/Debug-watchos/KeychainAccess-t.build/Objects-normal/arm64/KeychainAccess_dependency_info.dat -fobjc-link-runtime -L/Applications/Xcode-27.0.0-Release.Candidate.app/Contents/Developer/Toolchains/XcodeDefault.xctoolchain/usr/lib/swift/watchos -L/usr/lib/swift -Xlinker -add_ast_path -Xlinker /Users/admin/builder/spi-builder-workspace/.derivedData/Build/Intermediates.noindex/KeychainAccess.build/Debug-watchos/KeychainAccess-t.build/Objects-normal/arm64/KeychainAccess.swiftmodule -o /Users/admin/builder/spi-builder-workspace/.derivedData/Build/Intermediates.noindex/KeychainAccess.build/Debug-watchos/KeychainAccess-t.build/Objects-normal/arm64/Binary/KeychainAccess.o
SwiftDriver GoogleAuthentication normal arm64_32 com.apple.xcode.tools.swift.compiler (in target 'GoogleAuthentication' from project 'GoogleAuthentication')
cd /Users/admin/builder/spi-builder-workspace/.swiftpm/xcode
builtin-SwiftDriver -- /Applications/Xcode-27.0.0-Release.Candidate.app/Contents/Developer/Toolchains/XcodeDefault.xctoolchain/usr/bin/swiftc -parse-as-library -module-name GoogleAuthentication -Onone @/Users/admin/builder/spi-builder-workspace/.derivedData/Build/Intermediates.noindex/GoogleAuthentication.build/Debug-watchos/GoogleAuthentication-t.build/Objects-normal/arm64_32/GoogleAuthentication.SwiftFileList -DSWIFT_PACKAGE -DDEBUG -DSWIFT_MODULE_RESOURCE_BUNDLE_UNAVAILABLE -DXcode -plugin-path /Applications/Xcode-27.0.0-Release.Candidate.app/Contents/Developer/Toolchains/XcodeDefault.xctoolchain/usr/lib/swift/host/plugins/testing -enable-experimental-feature DebugDescriptionMacro -sdk /Applications/Xcode-27.0.0-Release.Candidate.app/Contents/Developer/Platforms/WatchOS.platform/Developer/SDKs/WatchOS27.0.sdk -target arm64_32-apple-watchos9.0 -g -module-cache-path /Users/admin/builder/spi-builder-workspace/.derivedData/ModuleCache.noindex -Xfrontend -serialize-debugging-options -profile-coverage-mapping -profile-generate -enable-testing -index-store-path /Users/admin/builder/spi-builder-workspace/.derivedData/Index.noindex/DataStore -Xcc -D_LIBCPP_HARDENING_MODE\=_LIBCPP_HARDENING_MODE_DEBUG -swift-version 5 -I /Users/admin/builder/spi-builder-workspace/.derivedData/Build/Products/Debug-watchos -Isystem /Applications/Xcode-27.0.0-Release.Candidate.app/Contents/Developer/Platforms/WatchOS.platform/Developer/usr/lib -F /Users/admin/builder/spi-builder-workspace/.derivedData/Build/Products/Debug-watchos/PackageFrameworks -F /Users/admin/builder/spi-builder-workspace/.derivedData/Build/Products/Debug-watchos -F /Applications/Xcode-27.0.0-Release.Candidate.app/Contents/Developer/Platforms/WatchOS.platform/Developer/Library/Frameworks -F /Applications/Xcode-27.0.0-Release.Candidate.app/Contents/Developer/Platforms/WatchOS.platform/Developer/SDKs/WatchOS27.0.sdk/Developer/Library/Frameworks -c -j10 -enable-batch-mode -incremental -Xcc -ivfsstatcache -Xcc /Users/admin/builder/spi-builder-workspace/.derivedData/SDKStatCaches.noindex/watchos27.0-24R360-e829b21a6f8c9b70876ba0858053c04477534ef55a1706bf4c1112bbb242f0a2.sdkstatcache -output-file-map /Users/admin/builder/spi-builder-workspace/.derivedData/Build/Intermediates.noindex/GoogleAuthentication.build/Debug-watchos/GoogleAuthentication-t.build/Objects-normal/arm64_32/GoogleAuthentication-OutputFileMap.json -save-temps -no-color-diagnostics -explicit-module-build -module-cache-path /Users/admin/builder/spi-builder-workspace/.derivedData/Build/Intermediates.noindex/SwiftExplicitPrecompiledModules -clang-scanner-module-cache-path /Users/admin/builder/spi-builder-workspace/.derivedData/ModuleCache.noindex -sdk-module-cache-path /Users/admin/builder/spi-builder-workspace/.derivedData/SDKExplicitPrecompiledModules -emit-dependencies -emit-module -emit-module-path /Users/admin/builder/spi-builder-workspace/.derivedData/Build/Intermediates.noindex/GoogleAuthentication.build/Debug-watchos/GoogleAuthentication-t.build/Objects-normal/arm64_32/GoogleAuthentication.swiftmodule -serialize-diagnostics -dependency-scan-serialize-diagnostics-path /Users/admin/builder/spi-builder-workspace/.derivedData/Build/Intermediates.noindex/GoogleAuthentication.build/Debug-watchos/GoogleAuthentication-t.build/Objects-normal/arm64_32/GoogleAuthentication-dependency-scan.dia -validate-clang-modules-once -clang-build-session-file /Users/admin/builder/spi-builder-workspace/.derivedData/ModuleCache.noindex/Session.modulevalidation -Xcc -fmodules-prune-interval\=86400 -Xcc -fmodules-prune-after\=345600 -emit-const-values -const-gather-protocols-list /Users/admin/builder/spi-builder-workspace/.derivedData/Build/Intermediates.noindex/GoogleAuthentication.build/Debug-watchos/GoogleAuthentication-t.build/Objects-normal/arm64_32/GoogleAuthentication_const_extract_protocols.json -Xcc -I/Users/admin/builder/spi-builder-workspace/.derivedData/Build/Products/Debug-watchos/include -Xcc -I/Users/admin/builder/spi-builder-workspace/.derivedData/Build/Intermediates.noindex/GoogleAuthentication.build/Debug-watchos/GoogleAuthentication-t.build/DerivedSources-normal/arm64_32 -Xcc -I/Users/admin/builder/spi-builder-workspace/.derivedData/Build/Intermediates.noindex/GoogleAuthentication.build/Debug-watchos/GoogleAuthentication-t.build/DerivedSources/arm64_32 -Xcc -I/Users/admin/builder/spi-builder-workspace/.derivedData/Build/Intermediates.noindex/GoogleAuthentication.build/Debug-watchos/GoogleAuthentication-t.build/DerivedSources -Xcc -DSWIFT_PACKAGE -Xcc -DDEBUG\=1 -emit-objc-header -emit-objc-header-path /Users/admin/builder/spi-builder-workspace/.derivedData/Build/Intermediates.noindex/GoogleAuthentication.build/Debug-watchos/GoogleAuthentication-t.build/Objects-normal/arm64_32/GoogleAuthentication-Swift.h -working-directory /Users/admin/builder/spi-builder-workspace/.swiftpm/xcode -experimental-emit-module-separately -disable-cmo
SwiftDriver GoogleAuthentication normal arm64 com.apple.xcode.tools.swift.compiler (in target 'GoogleAuthentication' from project 'GoogleAuthentication')
cd /Users/admin/builder/spi-builder-workspace/.swiftpm/xcode
builtin-SwiftDriver -- /Applications/Xcode-27.0.0-Release.Candidate.app/Contents/Developer/Toolchains/XcodeDefault.xctoolchain/usr/bin/swiftc -parse-as-library -module-name GoogleAuthentication -Onone @/Users/admin/builder/spi-builder-workspace/.derivedData/Build/Intermediates.noindex/GoogleAuthentication.build/Debug-watchos/GoogleAuthentication-t.build/Objects-normal/arm64/GoogleAuthentication.SwiftFileList -DSWIFT_PACKAGE -DDEBUG -DSWIFT_MODULE_RESOURCE_BUNDLE_UNAVAILABLE -DXcode -plugin-path /Applications/Xcode-27.0.0-Release.Candidate.app/Contents/Developer/Toolchains/XcodeDefault.xctoolchain/usr/lib/swift/host/plugins/testing -enable-experimental-feature DebugDescriptionMacro -sdk /Applications/Xcode-27.0.0-Release.Candidate.app/Contents/Developer/Platforms/WatchOS.platform/Developer/SDKs/WatchOS27.0.sdk -target arm64-apple-watchos9.0 -g -module-cache-path /Users/admin/builder/spi-builder-workspace/.derivedData/ModuleCache.noindex -Xfrontend -serialize-debugging-options -profile-coverage-mapping -profile-generate -enable-testing -index-store-path /Users/admin/builder/spi-builder-workspace/.derivedData/Index.noindex/DataStore -Xcc -D_LIBCPP_HARDENING_MODE\=_LIBCPP_HARDENING_MODE_DEBUG -swift-version 5 -I /Users/admin/builder/spi-builder-workspace/.derivedData/Build/Products/Debug-watchos -Isystem /Applications/Xcode-27.0.0-Release.Candidate.app/Contents/Developer/Platforms/WatchOS.platform/Developer/usr/lib -F /Users/admin/builder/spi-builder-workspace/.derivedData/Build/Products/Debug-watchos/PackageFrameworks -F /Users/admin/builder/spi-builder-workspace/.derivedData/Build/Products/Debug-watchos -F /Applications/Xcode-27.0.0-Release.Candidate.app/Contents/Developer/Platforms/WatchOS.platform/Developer/Library/Frameworks -F /Applications/Xcode-27.0.0-Release.Candidate.app/Contents/Developer/Platforms/WatchOS.platform/Developer/SDKs/WatchOS27.0.sdk/Developer/Library/Frameworks -c -j10 -enable-batch-mode -incremental -Xcc -ivfsstatcache -Xcc /Users/admin/builder/spi-builder-workspace/.derivedData/SDKStatCaches.noindex/watchos27.0-24R360-e829b21a6f8c9b70876ba0858053c04477534ef55a1706bf4c1112bbb242f0a2.sdkstatcache -output-file-map /Users/admin/builder/spi-builder-workspace/.derivedData/Build/Intermediates.noindex/GoogleAuthentication.build/Debug-watchos/GoogleAuthentication-t.build/Objects-normal/arm64/GoogleAuthentication-OutputFileMap.json -save-temps -no-color-diagnostics -explicit-module-build -module-cache-path /Users/admin/builder/spi-builder-workspace/.derivedData/Build/Intermediates.noindex/SwiftExplicitPrecompiledModules -clang-scanner-module-cache-path /Users/admin/builder/spi-builder-workspace/.derivedData/ModuleCache.noindex -sdk-module-cache-path /Users/admin/builder/spi-builder-workspace/.derivedData/SDKExplicitPrecompiledModules -emit-dependencies -emit-module -emit-module-path /Users/admin/builder/spi-builder-workspace/.derivedData/Build/Intermediates.noindex/GoogleAuthentication.build/Debug-watchos/GoogleAuthentication-t.build/Objects-normal/arm64/GoogleAuthentication.swiftmodule -serialize-diagnostics -dependency-scan-serialize-diagnostics-path /Users/admin/builder/spi-builder-workspace/.derivedData/Build/Intermediates.noindex/GoogleAuthentication.build/Debug-watchos/GoogleAuthentication-t.build/Objects-normal/arm64/GoogleAuthentication-dependency-scan.dia -validate-clang-modules-once -clang-build-session-file /Users/admin/builder/spi-builder-workspace/.derivedData/ModuleCache.noindex/Session.modulevalidation -Xcc -fmodules-prune-interval\=86400 -Xcc -fmodules-prune-after\=345600 -emit-const-values -const-gather-protocols-list /Users/admin/builder/spi-builder-workspace/.derivedData/Build/Intermediates.noindex/GoogleAuthentication.build/Debug-watchos/GoogleAuthentication-t.build/Objects-normal/arm64/GoogleAuthentication_const_extract_protocols.json -Xcc -I/Users/admin/builder/spi-builder-workspace/.derivedData/Build/Products/Debug-watchos/include -Xcc -I/Users/admin/builder/spi-builder-workspace/.derivedData/Build/Intermediates.noindex/GoogleAuthentication.build/Debug-watchos/GoogleAuthentication-t.build/DerivedSources-normal/arm64 -Xcc -I/Users/admin/builder/spi-builder-workspace/.derivedData/Build/Intermediates.noindex/GoogleAuthentication.build/Debug-watchos/GoogleAuthentication-t.build/DerivedSources/arm64 -Xcc -I/Users/admin/builder/spi-builder-workspace/.derivedData/Build/Intermediates.noindex/GoogleAuthentication.build/Debug-watchos/GoogleAuthentication-t.build/DerivedSources -Xcc -DSWIFT_PACKAGE -Xcc -DDEBUG\=1 -emit-objc-header -emit-objc-header-path /Users/admin/builder/spi-builder-workspace/.derivedData/Build/Intermediates.noindex/GoogleAuthentication.build/Debug-watchos/GoogleAuthentication-t.build/Objects-normal/arm64/GoogleAuthentication-Swift.h -working-directory /Users/admin/builder/spi-builder-workspace/.swiftpm/xcode -experimental-emit-module-separately -disable-cmo
SwiftDriverJobDiscovery normal arm64_32 Compiling SHA1.swift, String+OAuthSwift.swift, UIApplication+OAuthSwift.swift (in target 'OAuthSwift' from project 'OAuthSwift')
CreateUniversalBinary /Users/admin/builder/spi-builder-workspace/.derivedData/Build/Products/Debug-watchos/KeychainAccess.o normal arm64\ arm64_32 (in target 'KeychainAccess' from project 'KeychainAccess')
cd /Users/admin/builder/spi-builder-workspace/.dependencies/checkouts/KeychainAccess
/Applications/Xcode-27.0.0-Release.Candidate.app/Contents/Developer/Toolchains/XcodeDefault.xctoolchain/usr/bin/lipo -create /Users/admin/builder/spi-builder-workspace/.derivedData/Build/Intermediates.noindex/KeychainAccess.build/Debug-watchos/KeychainAccess-t.build/Objects-normal/arm64/Binary/KeychainAccess.o /Users/admin/builder/spi-builder-workspace/.derivedData/Build/Intermediates.noindex/KeychainAccess.build/Debug-watchos/KeychainAccess-t.build/Objects-normal/arm64_32/Binary/KeychainAccess.o -output /Users/admin/builder/spi-builder-workspace/.derivedData/Build/Products/Debug-watchos/KeychainAccess.o
ExtractAppIntentsMetadata (in target 'KeychainAccess' from project 'KeychainAccess')
cd /Users/admin/builder/spi-builder-workspace/.dependencies/checkouts/KeychainAccess
/Applications/Xcode-27.0.0-Release.Candidate.app/Contents/Developer/Toolchains/XcodeDefault.xctoolchain/usr/bin/appintentsmetadataprocessor --toolchain-dir /var/run/com.apple.security.cryptexd/mnt/com.apple.MobileAsset.MetalToolchain-v27.1.266.1.vhUdKh/Metal.xctoolchain --module-name KeychainAccess --sdk-root /Applications/Xcode-27.0.0-Release.Candidate.app/Contents/Developer/Platforms/WatchOS.platform/Developer/SDKs/WatchOS27.0.sdk --xcode-version 27A266a --platform-family watchOS --deployment-target 9.0 --bundle-identifier keychainaccess.KeychainAccess --output /Users/admin/builder/spi-builder-workspace/.derivedData/Build/Products/Debug-watchos/KeychainAccess.appintents --target-triple arm64-apple-watchos9.0 --target-triple arm64_32-apple-watchos9.0 --binary-file /Users/admin/builder/spi-builder-workspace/.derivedData/Build/Products/Debug-watchos/KeychainAccess.o --dependency-file /Users/admin/builder/spi-builder-workspace/.derivedData/Build/Intermediates.noindex/KeychainAccess.build/Debug-watchos/KeychainAccess-t.build/Objects-normal/arm64/KeychainAccess_dependency_info.dat --dependency-file /Users/admin/builder/spi-builder-workspace/.derivedData/Build/Intermediates.noindex/KeychainAccess.build/Debug-watchos/KeychainAccess-t.build/Objects-normal/arm64_32/KeychainAccess_dependency_info.dat --stringsdata-file /Users/admin/builder/spi-builder-workspace/.derivedData/Build/Intermediates.noindex/KeychainAccess.build/Debug-watchos/KeychainAccess-t.build/Objects-normal/arm64/ExtractedAppShortcutsMetadata.stringsdata --stringsdata-file /Users/admin/builder/spi-builder-workspace/.derivedData/Build/Intermediates.noindex/KeychainAccess.build/Debug-watchos/KeychainAccess-t.build/Objects-normal/arm64_32/ExtractedAppShortcutsMetadata.stringsdata --source-file-list /Users/admin/builder/spi-builder-workspace/.derivedData/Build/Intermediates.noindex/KeychainAccess.build/Debug-watchos/KeychainAccess-t.build/Objects-normal/arm64/KeychainAccess.SwiftFileList --source-file-list /Users/admin/builder/spi-builder-workspace/.derivedData/Build/Intermediates.noindex/KeychainAccess.build/Debug-watchos/KeychainAccess-t.build/Objects-normal/arm64_32/KeychainAccess.SwiftFileList --metadata-file-list /Users/admin/builder/spi-builder-workspace/.derivedData/Build/Intermediates.noindex/KeychainAccess.build/Debug-watchos/KeychainAccess-t.build/KeychainAccess.DependencyMetadataFileList --static-metadata-file-list /Users/admin/builder/spi-builder-workspace/.derivedData/Build/Intermediates.noindex/KeychainAccess.build/Debug-watchos/KeychainAccess-t.build/KeychainAccess.DependencyStaticMetadataFileList --swift-const-vals-list /Users/admin/builder/spi-builder-workspace/.derivedData/Build/Intermediates.noindex/KeychainAccess.build/Debug-watchos/KeychainAccess-t.build/Objects-normal/arm64/KeychainAccess.SwiftConstValuesFileList --swift-const-vals-list /Users/admin/builder/spi-builder-workspace/.derivedData/Build/Intermediates.noindex/KeychainAccess.build/Debug-watchos/KeychainAccess-t.build/Objects-normal/arm64_32/KeychainAccess.SwiftConstValuesFileList --force --compile-time-extraction --deployment-aware-processing --no-app-shortcuts-localization
2026-09-23 11:34:42.589 appintentsmetadataprocessor[1140:6257] Starting appintentsmetadataprocessor export
2026-09-23 11:34:42.698 appintentsmetadataprocessor[1140:6257] Extracted no relevant App Intents symbols, skipping writing output
SwiftDriverJobDiscovery normal arm64_32 Compiling OAuthLogProtocol.swift, OAuthSwift.swift, OAuthSwiftClient.swift (in target 'OAuthSwift' from project 'OAuthSwift')
SwiftDriverJobDiscovery normal arm64 Compiling SHA1.swift, String+OAuthSwift.swift, UIApplication+OAuthSwift.swift (in target 'OAuthSwift' from project 'OAuthSwift')
SwiftDriverJobDiscovery normal arm64 Compiling NotificationCenter+OAuthSwift.swift, OAuth1Swift.swift, OAuth2Swift.swift (in target 'OAuthSwift' from project 'OAuthSwift')
SwiftExplicitDependencyGeneratePcm arm64_32 /Users/admin/builder/spi-builder-workspace/.derivedData/SDKExplicitPrecompiledModules/LocalAuthentication-ATD947DC6Q0HA129OWBMG6HNP.pcm
SwiftExplicitDependencyGeneratePcm arm64_32 /Users/admin/builder/spi-builder-workspace/.derivedData/SDKExplicitPrecompiledModules/AuthenticationServices-U4ZM8YNANM5QPRY57SHT95HW.pcm
SwiftExplicitDependencyGeneratePcm arm64 /Users/admin/builder/spi-builder-workspace/.derivedData/SDKExplicitPrecompiledModules/AuthenticationServices-CRT9U3VZ0PIZDSKOUKI4X74QT.pcm
SwiftExplicitDependencyGeneratePcm arm64 /Users/admin/builder/spi-builder-workspace/.derivedData/SDKExplicitPrecompiledModules/LocalAuthentication-E2VERNNN1K2IWY24TR43TU59K.pcm
SwiftEmitModule normal arm64_32 Emitting\ module\ for\ GoogleAuthentication (in target 'GoogleAuthentication' from project 'GoogleAuthentication')
/Users/admin/builder/spi-builder-workspace/Sources/GoogleAuthentication/ASWebAuthenticationURLHandler.swift:17:57: error: 'ASWebAuthenticationPresentationContextProviding' is unavailable in watchOS
15 | let callbackURLScheme: String
16 |
17 | weak var authenticationPresentationContextProvider: ASWebAuthenticationPresentationContextProviding?
| `- error: 'ASWebAuthenticationPresentationContextProviding' is unavailable in watchOS
18 |
19 | public init(callbackURLScheme: String, authenticationPresentationContextProvider: ASWebAuthenticationPresentationContextProviding?) {
/Applications/Xcode-27.0.0-Release.Candidate.app/Contents/Developer/Platforms/WatchOS.platform/Developer/SDKs/WatchOS27.0.sdk/System/Library/Frameworks/AuthenticationServices.framework/Headers/ASWebAuthenticationSession.h:115:11: note: 'ASWebAuthenticationPresentationContextProviding' has been explicitly marked unavailable here
113 | API_AVAILABLE(ios(13.0), macos(10.15)) API_UNAVAILABLE(tvos, watchos)
114 | NS_SWIFT_UI_ACTOR
115 | @protocol ASWebAuthenticationPresentationContextProviding <NSObject>
| `- note: 'ASWebAuthenticationPresentationContextProviding' has been explicitly marked unavailable here
116 |
117 | #if !TARGET_OS_WATCH
/Users/admin/builder/spi-builder-workspace/Sources/GoogleAuthentication/ASWebAuthenticationURLHandler.swift:19:87: error: 'ASWebAuthenticationPresentationContextProviding' is unavailable in watchOS
17 | weak var authenticationPresentationContextProvider: ASWebAuthenticationPresentationContextProviding?
18 |
19 | public init(callbackURLScheme: String, authenticationPresentationContextProvider: ASWebAuthenticationPresentationContextProviding?) {
| `- error: 'ASWebAuthenticationPresentationContextProviding' is unavailable in watchOS
20 | self.callbackURLScheme = callbackURLScheme
21 | self.authenticationPresentationContextProvider = authenticationPresentationContextProvider
/Applications/Xcode-27.0.0-Release.Candidate.app/Contents/Developer/Platforms/WatchOS.platform/Developer/SDKs/WatchOS27.0.sdk/System/Library/Frameworks/AuthenticationServices.framework/Headers/ASWebAuthenticationSession.h:115:11: note: 'ASWebAuthenticationPresentationContextProviding' has been explicitly marked unavailable here
113 | API_AVAILABLE(ios(13.0), macos(10.15)) API_UNAVAILABLE(tvos, watchos)
114 | NS_SWIFT_UI_ACTOR
115 | @protocol ASWebAuthenticationPresentationContextProviding <NSObject>
| `- note: 'ASWebAuthenticationPresentationContextProviding' has been explicitly marked unavailable here
116 |
117 | #if !TARGET_OS_WATCH
/Users/admin/builder/spi-builder-workspace/Sources/GoogleAuthentication/Authentication.swift:60:52: error: 'ASWebAuthenticationPresentationContextProviding' is unavailable in watchOS
58 | /// - completion: OAuthSwift.TokenCompletionHandler
59 | public func authenticate(
60 | authenticationPresentationContextProvider: ASWebAuthenticationPresentationContextProviding,
| `- error: 'ASWebAuthenticationPresentationContextProviding' is unavailable in watchOS
61 | completion: @escaping OAuthSwift.TokenCompletionHandler
62 | ) {
/Applications/Xcode-27.0.0-Release.Candidate.app/Contents/Developer/Platforms/WatchOS.platform/Developer/SDKs/WatchOS27.0.sdk/System/Library/Frameworks/AuthenticationServices.framework/Headers/ASWebAuthenticationSession.h:115:11: note: 'ASWebAuthenticationPresentationContextProviding' has been explicitly marked unavailable here
113 | API_AVAILABLE(ios(13.0), macos(10.15)) API_UNAVAILABLE(tvos, watchos)
114 | NS_SWIFT_UI_ACTOR
115 | @protocol ASWebAuthenticationPresentationContextProviding <NSObject>
| `- note: 'ASWebAuthenticationPresentationContextProviding' has been explicitly marked unavailable here
116 |
117 | #if !TARGET_OS_WATCH
Failed frontend command:
/Applications/Xcode-27.0.0-Release.Candidate.app/Contents/Developer/Toolchains/XcodeDefault.xctoolchain/usr/bin/swift-frontend -frontend -emit-module -experimental-skip-non-inlinable-function-bodies-without-types /Users/admin/builder/spi-builder-workspace/Sources/GoogleAuthentication/ASWebAuthenticationURLHandler.swift /Users/admin/builder/spi-builder-workspace/Sources/GoogleAuthentication/Authentication.swift -target arm64_32-apple-watchos9.0 -disable-cross-import-overlay-search -swift-module-cross-import AuthenticationServices /Applications/Xcode-27.0.0-Release.Candidate.app/Contents/Developer/Platforms/WatchOS.platform/Developer/SDKs/WatchOS.sdk/System/Library/Frameworks/AuthenticationServices.framework/Modules/AuthenticationServices.swiftcrossimport/SwiftUI.swiftoverlay -swift-module-cross-import AuthenticationServices /Applications/Xcode-27.0.0-Release.Candidate.app/Contents/Developer/Platforms/WatchOS.platform/Developer/SDKs/WatchOS27.0.sdk/System/Library/Frameworks/AuthenticationServices.framework/Modules/AuthenticationServices.swiftcrossimport/SwiftUI.swiftoverlay -load-resolved-plugin /Applications/Xcode-27.0.0-Release.Candidate.app/Contents/Developer/Platforms/WatchOS.platform/Developer/usr/lib/swift/host/plugins/libFoundationMacros.dylib\#/Applications/Xcode-27.0.0-Release.Candidate.app/Contents/Developer/Platforms/WatchOS.platform/Developer/usr/bin/swift-plugin-server\#FoundationMacros -load-resolved-plugin /Applications/Xcode-27.0.0-Release.Candidate.app/Contents/Developer/Platforms/WatchOS.platform/Developer/usr/lib/swift/host/plugins/libObservationMacros.dylib\#/Applications/Xcode-27.0.0-Release.Candidate.app/Contents/Developer/Platforms/WatchOS.platform/Developer/usr/bin/swift-plugin-server\#ObservationMacros -load-resolved-plugin /Applications/Xcode-27.0.0-Release.Candidate.app/Contents/Developer/Platforms/WatchOS.platform/Developer/usr/lib/swift/host/plugins/libSwiftMacros.dylib\#/Applications/Xcode-27.0.0-Release.Candidate.app/Contents/Developer/Platforms/WatchOS.platform/Developer/usr/bin/swift-plugin-server\#SwiftMacros -load-resolved-plugin /Applications/Xcode-27.0.0-Release.Candidate.app/Contents/Developer/Platforms/WatchOS.platform/Developer/usr/lib/swift/host/plugins/libSwiftUIMacros.dylib\#/Applications/Xcode-27.0.0-Release.Candidate.app/Contents/Developer/Platforms/WatchOS.platform/Developer/usr/bin/swift-plugin-server\#SwiftUIMacros -disable-implicit-swift-modules -Xcc -fno-implicit-modules -Xcc -fno-implicit-module-maps -explicit-swift-module-map-file /Users/admin/builder/spi-builder-workspace/.derivedData/Build/Intermediates.noindex/GoogleAuthentication.build/Debug-watchos/GoogleAuthentication-t.build/Objects-normal/arm64_32/GoogleAuthentication-dependencies-2.json -enable-objc-interop -sdk /Applications/Xcode-27.0.0-Release.Candidate.app/Contents/Developer/Platforms/WatchOS.platform/Developer/SDKs/WatchOS27.0.sdk -I /Users/admin/builder/spi-builder-workspace/.derivedData/Build/Products/Debug-watchos -Isystem /Applications/Xcode-27.0.0-Release.Candidate.app/Contents/Developer/Platforms/WatchOS.platform/Developer/usr/lib -F /Users/admin/builder/spi-builder-workspace/.derivedData/Build/Products/Debug-watchos/PackageFrameworks -F /Users/admin/builder/spi-builder-workspace/.derivedData/Build/Products/Debug-watchos -F /Applications/Xcode-27.0.0-Release.Candidate.app/Contents/Developer/Platforms/WatchOS.platform/Developer/Library/Frameworks -F /Applications/Xcode-27.0.0-Release.Candidate.app/Contents/Developer/Platforms/WatchOS.platform/Developer/SDKs/WatchOS27.0.sdk/Developer/Library/Frameworks -module-cache-path /Users/admin/builder/spi-builder-workspace/.derivedData/Build/Intermediates.noindex/SwiftExplicitPrecompiledModules -no-color-diagnostics -Xcc -fno-color-diagnostics -enable-testing -g -debug-info-format\=dwarf -dwarf-version\=4 -profile-generate -profile-coverage-mapping -swift-version 5 -Onone -D SWIFT_PACKAGE -D DEBUG -D SWIFT_MODULE_RESOURCE_BUNDLE_UNAVAILABLE -D Xcode -serialize-debugging-options -enable-experimental-feature DebugDescriptionMacro -empty-abi-descriptor -validate-clang-modules-once -clang-build-session-file /Users/admin/builder/spi-builder-workspace/.derivedData/ModuleCache.noindex/Session.modulevalidation -Xcc -working-directory -Xcc /Users/admin/builder/spi-builder-workspace/.swiftpm/xcode -enable-anonymous-context-mangled-names -file-compilation-dir /Users/admin/builder/spi-builder-workspace/.swiftpm/xcode -Xcc -D_LIBCPP_HARDENING_MODE\=_LIBCPP_HARDENING_MODE_DEBUG -Xcc -ivfsstatcache -Xcc /Users/admin/builder/spi-builder-workspace/.derivedData/SDKStatCaches.noindex/watchos27.0-24R360-e829b21a6f8c9b70876ba0858053c04477534ef55a1706bf4c1112bbb242f0a2.sdkstatcache -Xcc -fmodules-prune-interval\=86400 -Xcc -fmodules-prune-after\=345600 -Xcc -I/Users/admin/builder/spi-builder-workspace/.derivedData/Build/Products/Debug-watchos/include -Xcc -I/Users/admin/builder/spi-builder-workspace/.derivedData/Build/Intermediates.noindex/GoogleAuthentication.build/Debug-watchos/GoogleAuthentication-t.build/DerivedSources-normal/arm64_32 -Xcc -I/Users/admin/builder/spi-builder-workspace/.derivedData/Build/Intermediates.noindex/GoogleAuthentication.build/Debug-watchos/GoogleAuthentication-t.build/DerivedSources/arm64_32 -Xcc -I/Users/admin/builder/spi-builder-workspace/.derivedData/Build/Intermediates.noindex/GoogleAuthentication.build/Debug-watchos/GoogleAuthentication-t.build/DerivedSources -Xcc -DSWIFT_PACKAGE -Xcc -DDEBUG\=1 -no-auto-bridging-header-chaining -module-name GoogleAuthentication -const-gather-protocols-file /Users/admin/builder/spi-builder-workspace/.derivedData/Build/Intermediates.noindex/GoogleAuthentication.build/Debug-watchos/GoogleAuthentication-t.build/Objects-normal/arm64_32/GoogleAuthentication_const_extract_protocols.json -disable-clang-spi -clang-target arm64_32-apple-watchos27.0 -target-sdk-version 27.0 -target-sdk-name watchos27.0 -in-process-plugin-server-path /Applications/Xcode-27.0.0-Release.Candidate.app/Contents/Developer/Toolchains/XcodeDefault.xctoolchain/usr/lib/swift/host/libSwiftInProcPluginServer.dylib -emit-module-doc-path /Users/admin/builder/spi-builder-workspace/.derivedData/Build/Intermediates.noindex/GoogleAuthentication.build/Debug-watchos/GoogleAuthentication-t.build/Objects-normal/arm64_32/GoogleAuthentication.swiftdoc -emit-module-source-info-path /Users/admin/builder/spi-builder-workspace/.derivedData/Build/Intermediates.noindex/GoogleAuthentication.build/Debug-watchos/GoogleAuthentication-t.build/Objects-normal/arm64_32/GoogleAuthentication.swiftsourceinfo -emit-objc-header-path /Users/admin/builder/spi-builder-workspace/.derivedData/Build/Intermediates.noindex/GoogleAuthentication.build/Debug-watchos/GoogleAuthentication-t.build/Objects-normal/arm64_32/GoogleAuthentication-Swift.h -serialize-diagnostics-path /Users/admin/builder/spi-builder-workspace/.derivedData/Build/Intermediates.noindex/GoogleAuthentication.build/Debug-watchos/GoogleAuthentication-t.build/Objects-normal/arm64_32/GoogleAuthentication-primary-emit-module.dia -emit-dependencies-path /Users/admin/builder/spi-builder-workspace/.derivedData/Build/Intermediates.noindex/GoogleAuthentication.build/Debug-watchos/GoogleAuthentication-t.build/Objects-normal/arm64_32/GoogleAuthentication-primary-emit-module.d -parse-as-library -o /Users/admin/builder/spi-builder-workspace/.derivedData/Build/Intermediates.noindex/GoogleAuthentication.build/Debug-watchos/GoogleAuthentication-t.build/Objects-normal/arm64_32/GoogleAuthentication.swiftmodule -emit-abi-descriptor-path /Users/admin/builder/spi-builder-workspace/.derivedData/Build/Intermediates.noindex/GoogleAuthentication.build/Debug-watchos/GoogleAuthentication-t.build/Objects-normal/arm64_32/GoogleAuthentication.abi.json
SwiftCompile normal arm64_32 (in target 'GoogleAuthentication' from project 'GoogleAuthentication')
cd /Users/admin/builder/spi-builder-workspace/.swiftpm/xcode
SwiftCompile normal arm64_32 Compiling\ Authentication.swift /Users/admin/builder/spi-builder-workspace/Sources/GoogleAuthentication/Authentication.swift (in target 'GoogleAuthentication' from project 'GoogleAuthentication')
SwiftCompile normal arm64_32 /Users/admin/builder/spi-builder-workspace/Sources/GoogleAuthentication/Authentication.swift (in target 'GoogleAuthentication' from project 'GoogleAuthentication')
cd /Users/admin/builder/spi-builder-workspace/.swiftpm/xcode
builtin-SwiftPerFileCompile Authentication.swift
SwiftCompile normal arm64_32 Compiling\ ASWebAuthenticationURLHandler.swift /Users/admin/builder/spi-builder-workspace/Sources/GoogleAuthentication/ASWebAuthenticationURLHandler.swift (in target 'GoogleAuthentication' from project 'GoogleAuthentication')
/Users/admin/builder/spi-builder-workspace/Sources/GoogleAuthentication/ASWebAuthenticationURLHandler.swift:17:57: error: 'ASWebAuthenticationPresentationContextProviding' is unavailable in watchOS
15 | let callbackURLScheme: String
16 |
17 | weak var authenticationPresentationContextProvider: ASWebAuthenticationPresentationContextProviding?
| `- error: 'ASWebAuthenticationPresentationContextProviding' is unavailable in watchOS
18 |
19 | public init(callbackURLScheme: String, authenticationPresentationContextProvider: ASWebAuthenticationPresentationContextProviding?) {
/Applications/Xcode-27.0.0-Release.Candidate.app/Contents/Developer/Platforms/WatchOS.platform/Developer/SDKs/WatchOS27.0.sdk/System/Library/Frameworks/AuthenticationServices.framework/Headers/ASWebAuthenticationSession.h:115:11: note: 'ASWebAuthenticationPresentationContextProviding' has been explicitly marked unavailable here
113 | API_AVAILABLE(ios(13.0), macos(10.15)) API_UNAVAILABLE(tvos, watchos)
114 | NS_SWIFT_UI_ACTOR
115 | @protocol ASWebAuthenticationPresentationContextProviding <NSObject>
| `- note: 'ASWebAuthenticationPresentationContextProviding' has been explicitly marked unavailable here
116 |
117 | #if !TARGET_OS_WATCH
SwiftCompile normal arm64_32 /Users/admin/builder/spi-builder-workspace/Sources/GoogleAuthentication/ASWebAuthenticationURLHandler.swift (in target 'GoogleAuthentication' from project 'GoogleAuthentication')
cd /Users/admin/builder/spi-builder-workspace/.swiftpm/xcode
builtin-SwiftPerFileCompile ASWebAuthenticationURLHandler.swift
SwiftEmitModule normal arm64 Emitting\ module\ for\ GoogleAuthentication (in target 'GoogleAuthentication' from project 'GoogleAuthentication')
/Users/admin/builder/spi-builder-workspace/Sources/GoogleAuthentication/ASWebAuthenticationURLHandler.swift:17:57: error: 'ASWebAuthenticationPresentationContextProviding' is unavailable in watchOS
15 | let callbackURLScheme: String
16 |
17 | weak var authenticationPresentationContextProvider: ASWebAuthenticationPresentationContextProviding?
| `- error: 'ASWebAuthenticationPresentationContextProviding' is unavailable in watchOS
18 |
19 | public init(callbackURLScheme: String, authenticationPresentationContextProvider: ASWebAuthenticationPresentationContextProviding?) {
/Applications/Xcode-27.0.0-Release.Candidate.app/Contents/Developer/Platforms/WatchOS.platform/Developer/SDKs/WatchOS27.0.sdk/System/Library/Frameworks/AuthenticationServices.framework/Headers/ASWebAuthenticationSession.h:115:11: note: 'ASWebAuthenticationPresentationContextProviding' has been explicitly marked unavailable here
113 | API_AVAILABLE(ios(13.0), macos(10.15)) API_UNAVAILABLE(tvos, watchos)
114 | NS_SWIFT_UI_ACTOR
115 | @protocol ASWebAuthenticationPresentationContextProviding <NSObject>
| `- note: 'ASWebAuthenticationPresentationContextProviding' has been explicitly marked unavailable here
116 |
117 | #if !TARGET_OS_WATCH
/Users/admin/builder/spi-builder-workspace/Sources/GoogleAuthentication/ASWebAuthenticationURLHandler.swift:19:87: error: 'ASWebAuthenticationPresentationContextProviding' is unavailable in watchOS
17 | weak var authenticationPresentationContextProvider: ASWebAuthenticationPresentationContextProviding?
18 |
19 | public init(callbackURLScheme: String, authenticationPresentationContextProvider: ASWebAuthenticationPresentationContextProviding?) {
| `- error: 'ASWebAuthenticationPresentationContextProviding' is unavailable in watchOS
20 | self.callbackURLScheme = callbackURLScheme
21 | self.authenticationPresentationContextProvider = authenticationPresentationContextProvider
/Applications/Xcode-27.0.0-Release.Candidate.app/Contents/Developer/Platforms/WatchOS.platform/Developer/SDKs/WatchOS27.0.sdk/System/Library/Frameworks/AuthenticationServices.framework/Headers/ASWebAuthenticationSession.h:115:11: note: 'ASWebAuthenticationPresentationContextProviding' has been explicitly marked unavailable here
113 | API_AVAILABLE(ios(13.0), macos(10.15)) API_UNAVAILABLE(tvos, watchos)
114 | NS_SWIFT_UI_ACTOR
115 | @protocol ASWebAuthenticationPresentationContextProviding <NSObject>
| `- note: 'ASWebAuthenticationPresentationContextProviding' has been explicitly marked unavailable here
116 |
117 | #if !TARGET_OS_WATCH
/Users/admin/builder/spi-builder-workspace/Sources/GoogleAuthentication/Authentication.swift:60:52: error: 'ASWebAuthenticationPresentationContextProviding' is unavailable in watchOS
58 | /// - completion: OAuthSwift.TokenCompletionHandler
59 | public func authenticate(
60 | authenticationPresentationContextProvider: ASWebAuthenticationPresentationContextProviding,
| `- error: 'ASWebAuthenticationPresentationContextProviding' is unavailable in watchOS
61 | completion: @escaping OAuthSwift.TokenCompletionHandler
62 | ) {
/Applications/Xcode-27.0.0-Release.Candidate.app/Contents/Developer/Platforms/WatchOS.platform/Developer/SDKs/WatchOS27.0.sdk/System/Library/Frameworks/AuthenticationServices.framework/Headers/ASWebAuthenticationSession.h:115:11: note: 'ASWebAuthenticationPresentationContextProviding' has been explicitly marked unavailable here
113 | API_AVAILABLE(ios(13.0), macos(10.15)) API_UNAVAILABLE(tvos, watchos)
114 | NS_SWIFT_UI_ACTOR
115 | @protocol ASWebAuthenticationPresentationContextProviding <NSObject>
| `- note: 'ASWebAuthenticationPresentationContextProviding' has been explicitly marked unavailable here
116 |
117 | #if !TARGET_OS_WATCH
Failed frontend command:
/Applications/Xcode-27.0.0-Release.Candidate.app/Contents/Developer/Toolchains/XcodeDefault.xctoolchain/usr/bin/swift-frontend -frontend -emit-module -experimental-skip-non-inlinable-function-bodies-without-types /Users/admin/builder/spi-builder-workspace/Sources/GoogleAuthentication/ASWebAuthenticationURLHandler.swift /Users/admin/builder/spi-builder-workspace/Sources/GoogleAuthentication/Authentication.swift -target arm64-apple-watchos9.0 -disable-cross-import-overlay-search -swift-module-cross-import AuthenticationServices /Applications/Xcode-27.0.0-Release.Candidate.app/Contents/Developer/Platforms/WatchOS.platform/Developer/SDKs/WatchOS.sdk/System/Library/Frameworks/AuthenticationServices.framework/Modules/AuthenticationServices.swiftcrossimport/SwiftUI.swiftoverlay -swift-module-cross-import AuthenticationServices /Applications/Xcode-27.0.0-Release.Candidate.app/Contents/Developer/Platforms/WatchOS.platform/Developer/SDKs/WatchOS27.0.sdk/System/Library/Frameworks/AuthenticationServices.framework/Modules/AuthenticationServices.swiftcrossimport/SwiftUI.swiftoverlay -load-resolved-plugin /Applications/Xcode-27.0.0-Release.Candidate.app/Contents/Developer/Platforms/WatchOS.platform/Developer/usr/lib/swift/host/plugins/libFoundationMacros.dylib\#/Applications/Xcode-27.0.0-Release.Candidate.app/Contents/Developer/Platforms/WatchOS.platform/Developer/usr/bin/swift-plugin-server\#FoundationMacros -load-resolved-plugin /Applications/Xcode-27.0.0-Release.Candidate.app/Contents/Developer/Platforms/WatchOS.platform/Developer/usr/lib/swift/host/plugins/libObservationMacros.dylib\#/Applications/Xcode-27.0.0-Release.Candidate.app/Contents/Developer/Platforms/WatchOS.platform/Developer/usr/bin/swift-plugin-server\#ObservationMacros -load-resolved-plugin /Applications/Xcode-27.0.0-Release.Candidate.app/Contents/Developer/Platforms/WatchOS.platform/Developer/usr/lib/swift/host/plugins/libSwiftMacros.dylib\#/Applications/Xcode-27.0.0-Release.Candidate.app/Contents/Developer/Platforms/WatchOS.platform/Developer/usr/bin/swift-plugin-server\#SwiftMacros -load-resolved-plugin /Applications/Xcode-27.0.0-Release.Candidate.app/Contents/Developer/Platforms/WatchOS.platform/Developer/usr/lib/swift/host/plugins/libSwiftUIMacros.dylib\#/Applications/Xcode-27.0.0-Release.Candidate.app/Contents/Developer/Platforms/WatchOS.platform/Developer/usr/bin/swift-plugin-server\#SwiftUIMacros -disable-implicit-swift-modules -Xcc -fno-implicit-modules -Xcc -fno-implicit-module-maps -explicit-swift-module-map-file /Users/admin/builder/spi-builder-workspace/.derivedData/Build/Intermediates.noindex/GoogleAuthentication.build/Debug-watchos/GoogleAuthentication-t.build/Objects-normal/arm64/GoogleAuthentication-dependencies-1.json -Xllvm -aarch64-use-tbi -enable-objc-interop -stack-check -sdk /Applications/Xcode-27.0.0-Release.Candidate.app/Contents/Developer/Platforms/WatchOS.platform/Developer/SDKs/WatchOS27.0.sdk -I /Users/admin/builder/spi-builder-workspace/.derivedData/Build/Products/Debug-watchos -Isystem /Applications/Xcode-27.0.0-Release.Candidate.app/Contents/Developer/Platforms/WatchOS.platform/Developer/usr/lib -F /Users/admin/builder/spi-builder-workspace/.derivedData/Build/Products/Debug-watchos/PackageFrameworks -F /Users/admin/builder/spi-builder-workspace/.derivedData/Build/Products/Debug-watchos -F /Applications/Xcode-27.0.0-Release.Candidate.app/Contents/Developer/Platforms/WatchOS.platform/Developer/Library/Frameworks -F /Applications/Xcode-27.0.0-Release.Candidate.app/Contents/Developer/Platforms/WatchOS.platform/Developer/SDKs/WatchOS27.0.sdk/Developer/Library/Frameworks -module-cache-path /Users/admin/builder/spi-builder-workspace/.derivedData/Build/Intermediates.noindex/SwiftExplicitPrecompiledModules -no-color-diagnostics -Xcc -fno-color-diagnostics -enable-testing -g -debug-info-format\=dwarf -dwarf-version\=4 -profile-generate -profile-coverage-mapping -swift-version 5 -Onone -D SWIFT_PACKAGE -D DEBUG -D SWIFT_MODULE_RESOURCE_BUNDLE_UNAVAILABLE -D Xcode -serialize-debugging-options -enable-experimental-feature DebugDescriptionMacro -empty-abi-descriptor -validate-clang-modules-once -clang-build-session-file /Users/admin/builder/spi-builder-workspace/.derivedData/ModuleCache.noindex/Session.modulevalidation -Xcc -working-directory -Xcc /Users/admin/builder/spi-builder-workspace/.swiftpm/xcode -enable-anonymous-context-mangled-names -file-compilation-dir /Users/admin/builder/spi-builder-workspace/.swiftpm/xcode -Xcc -D_LIBCPP_HARDENING_MODE\=_LIBCPP_HARDENING_MODE_DEBUG -Xcc -ivfsstatcache -Xcc /Users/admin/builder/spi-builder-workspace/.derivedData/SDKStatCaches.noindex/watchos27.0-24R360-e829b21a6f8c9b70876ba0858053c04477534ef55a1706bf4c1112bbb242f0a2.sdkstatcache -Xcc -fmodules-prune-interval\=86400 -Xcc -fmodules-prune-after\=345600 -Xcc -I/Users/admin/builder/spi-builder-workspace/.derivedData/Build/Products/Debug-watchos/include -Xcc -I/Users/admin/builder/spi-builder-workspace/.derivedData/Build/Intermediates.noindex/GoogleAuthentication.build/Debug-watchos/GoogleAuthentication-t.build/DerivedSources-normal/arm64 -Xcc -I/Users/admin/builder/spi-builder-workspace/.derivedData/Build/Intermediates.noindex/GoogleAuthentication.build/Debug-watchos/GoogleAuthentication-t.build/DerivedSources/arm64 -Xcc -I/Users/admin/builder/spi-builder-workspace/.derivedData/Build/Intermediates.noindex/GoogleAuthentication.build/Debug-watchos/GoogleAuthentication-t.build/DerivedSources -Xcc -DSWIFT_PACKAGE -Xcc -DDEBUG\=1 -no-auto-bridging-header-chaining -module-name GoogleAuthentication -const-gather-protocols-file /Users/admin/builder/spi-builder-workspace/.derivedData/Build/Intermediates.noindex/GoogleAuthentication.build/Debug-watchos/GoogleAuthentication-t.build/Objects-normal/arm64/GoogleAuthentication_const_extract_protocols.json -disable-clang-spi -clang-target arm64-apple-watchos27.0 -target-sdk-version 27.0 -target-sdk-name watchos27.0 -in-process-plugin-server-path /Applications/Xcode-27.0.0-Release.Candidate.app/Contents/Developer/Toolchains/XcodeDefault.xctoolchain/usr/lib/swift/host/libSwiftInProcPluginServer.dylib -emit-module-doc-path /Users/admin/builder/spi-builder-workspace/.derivedData/Build/Intermediates.noindex/GoogleAuthentication.build/Debug-watchos/GoogleAuthentication-t.build/Objects-normal/arm64/GoogleAuthentication.swiftdoc -emit-module-source-info-path /Users/admin/builder/spi-builder-workspace/.derivedData/Build/Intermediates.noindex/GoogleAuthentication.build/Debug-watchos/GoogleAuthentication-t.build/Objects-normal/arm64/GoogleAuthentication.swiftsourceinfo -emit-objc-header-path /Users/admin/builder/spi-builder-workspace/.derivedData/Build/Intermediates.noindex/GoogleAuthentication.build/Debug-watchos/GoogleAuthentication-t.build/Objects-normal/arm64/GoogleAuthentication-Swift.h -serialize-diagnostics-path /Users/admin/builder/spi-builder-workspace/.derivedData/Build/Intermediates.noindex/GoogleAuthentication.build/Debug-watchos/GoogleAuthentication-t.build/Objects-normal/arm64/GoogleAuthentication-primary-emit-module.dia -emit-dependencies-path /Users/admin/builder/spi-builder-workspace/.derivedData/Build/Intermediates.noindex/GoogleAuthentication.build/Debug-watchos/GoogleAuthentication-t.build/Objects-normal/arm64/GoogleAuthentication-primary-emit-module.d -parse-as-library -o /Users/admin/builder/spi-builder-workspace/.derivedData/Build/Intermediates.noindex/GoogleAuthentication.build/Debug-watchos/GoogleAuthentication-t.build/Objects-normal/arm64/GoogleAuthentication.swiftmodule -emit-abi-descriptor-path /Users/admin/builder/spi-builder-workspace/.derivedData/Build/Intermediates.noindex/GoogleAuthentication.build/Debug-watchos/GoogleAuthentication-t.build/Objects-normal/arm64/GoogleAuthentication.abi.json
SwiftCompile normal arm64 (in target 'GoogleAuthentication' from project 'GoogleAuthentication')
cd /Users/admin/builder/spi-builder-workspace/.swiftpm/xcode
SwiftCompile normal arm64 Compiling\ Authentication.swift /Users/admin/builder/spi-builder-workspace/Sources/GoogleAuthentication/Authentication.swift (in target 'GoogleAuthentication' from project 'GoogleAuthentication')
SwiftCompile normal arm64 /Users/admin/builder/spi-builder-workspace/Sources/GoogleAuthentication/Authentication.swift (in target 'GoogleAuthentication' from project 'GoogleAuthentication')
cd /Users/admin/builder/spi-builder-workspace/.swiftpm/xcode
builtin-SwiftPerFileCompile Authentication.swift
SwiftCompile normal arm64 Compiling\ ASWebAuthenticationURLHandler.swift /Users/admin/builder/spi-builder-workspace/Sources/GoogleAuthentication/ASWebAuthenticationURLHandler.swift (in target 'GoogleAuthentication' from project 'GoogleAuthentication')
/Users/admin/builder/spi-builder-workspace/Sources/GoogleAuthentication/ASWebAuthenticationURLHandler.swift:17:57: error: 'ASWebAuthenticationPresentationContextProviding' is unavailable in watchOS
15 | let callbackURLScheme: String
16 |
17 | weak var authenticationPresentationContextProvider: ASWebAuthenticationPresentationContextProviding?
| `- error: 'ASWebAuthenticationPresentationContextProviding' is unavailable in watchOS
18 |
19 | public init(callbackURLScheme: String, authenticationPresentationContextProvider: ASWebAuthenticationPresentationContextProviding?) {
/Applications/Xcode-27.0.0-Release.Candidate.app/Contents/Developer/Platforms/WatchOS.platform/Developer/SDKs/WatchOS27.0.sdk/System/Library/Frameworks/AuthenticationServices.framework/Headers/ASWebAuthenticationSession.h:115:11: note: 'ASWebAuthenticationPresentationContextProviding' has been explicitly marked unavailable here
113 | API_AVAILABLE(ios(13.0), macos(10.15)) API_UNAVAILABLE(tvos, watchos)
114 | NS_SWIFT_UI_ACTOR
115 | @protocol ASWebAuthenticationPresentationContextProviding <NSObject>
| `- note: 'ASWebAuthenticationPresentationContextProviding' has been explicitly marked unavailable here
116 |
117 | #if !TARGET_OS_WATCH
SwiftCompile normal arm64 /Users/admin/builder/spi-builder-workspace/Sources/GoogleAuthentication/ASWebAuthenticationURLHandler.swift (in target 'GoogleAuthentication' from project 'GoogleAuthentication')
cd /Users/admin/builder/spi-builder-workspace/.swiftpm/xcode
builtin-SwiftPerFileCompile ASWebAuthenticationURLHandler.swift
SwiftDriverJobDiscovery normal arm64_32 Compiling OAuthSwiftCredential.swift, OAuthSwiftError.swift, OAuthSwiftHTTPRequest.swift (in target 'OAuthSwift' from project 'OAuthSwift')
SwiftDriver\ Compilation OAuthSwift normal arm64_32 com.apple.xcode.tools.swift.compiler (in target 'OAuthSwift' from project 'OAuthSwift')
cd /Users/admin/builder/spi-builder-workspace/.swiftpm/xcode
builtin-Swift-Compilation -- /Applications/Xcode-27.0.0-Release.Candidate.app/Contents/Developer/Toolchains/XcodeDefault.xctoolchain/usr/bin/swiftc -parse-as-library -module-name OAuthSwift -Onone @/Users/admin/builder/spi-builder-workspace/.derivedData/Build/Intermediates.noindex/OAuthSwift.build/Debug-watchos/OAuthSwift-t.build/Objects-normal/arm64_32/OAuthSwift.SwiftFileList -DSWIFT_PACKAGE -DDEBUG -DSWIFT_MODULE_RESOURCE_BUNDLE_UNAVAILABLE -DXcode -plugin-path /Applications/Xcode-27.0.0-Release.Candidate.app/Contents/Developer/Toolchains/XcodeDefault.xctoolchain/usr/lib/swift/host/plugins/testing -enable-experimental-feature DebugDescriptionMacro -sdk /Applications/Xcode-27.0.0-Release.Candidate.app/Contents/Developer/Platforms/WatchOS.platform/Developer/SDKs/WatchOS27.0.sdk -target arm64_32-apple-watchos9.0 -g -module-cache-path /Users/admin/builder/spi-builder-workspace/.derivedData/ModuleCache.noindex -Xfrontend -serialize-debugging-options -profile-coverage-mapping -profile-generate -enable-testing -suppress-warnings -index-store-path /Users/admin/builder/spi-builder-workspace/.derivedData/Index.noindex/DataStore -Xcc -D_LIBCPP_HARDENING_MODE\=_LIBCPP_HARDENING_MODE_DEBUG -swift-version 5 -I /Users/admin/builder/spi-builder-workspace/.derivedData/Build/Products/Debug-watchos -Isystem /Applications/Xcode-27.0.0-Release.Candidate.app/Contents/Developer/Platforms/WatchOS.platform/Developer/usr/lib -F /Users/admin/builder/spi-builder-workspace/.derivedData/Build/Products/Debug-watchos -F /Applications/Xcode-27.0.0-Release.Candidate.app/Contents/Developer/Platforms/WatchOS.platform/Developer/Library/Frameworks -F /Applications/Xcode-27.0.0-Release.Candidate.app/Contents/Developer/Platforms/WatchOS.platform/Developer/SDKs/WatchOS27.0.sdk/Developer/Library/Frameworks -c -j10 -enable-batch-mode -incremental -Xcc -ivfsstatcache -Xcc /Users/admin/builder/spi-builder-workspace/.derivedData/SDKStatCaches.noindex/watchos27.0-24R360-e829b21a6f8c9b70876ba0858053c04477534ef55a1706bf4c1112bbb242f0a2.sdkstatcache -output-file-map /Users/admin/builder/spi-builder-workspace/.derivedData/Build/Intermediates.noindex/OAuthSwift.build/Debug-watchos/OAuthSwift-t.build/Objects-normal/arm64_32/OAuthSwift-OutputFileMap.json -save-temps -no-color-diagnostics -explicit-module-build -module-cache-path /Users/admin/builder/spi-builder-workspace/.derivedData/Build/Intermediates.noindex/SwiftExplicitPrecompiledModules -clang-scanner-module-cache-path /Users/admin/builder/spi-builder-workspace/.derivedData/ModuleCache.noindex -sdk-module-cache-path /Users/admin/builder/spi-builder-workspace/.derivedData/SDKExplicitPrecompiledModules -emit-dependencies -emit-module -emit-module-path /Users/admin/builder/spi-builder-workspace/.derivedData/Build/Intermediates.noindex/OAuthSwift.build/Debug-watchos/OAuthSwift-t.build/Objects-normal/arm64_32/OAuthSwift.swiftmodule -serialize-diagnostics -dependency-scan-serialize-diagnostics-path /Users/admin/builder/spi-builder-workspace/.derivedData/Build/Intermediates.noindex/OAuthSwift.build/Debug-watchos/OAuthSwift-t.build/Objects-normal/arm64_32/OAuthSwift-dependency-scan.dia -validate-clang-modules-once -clang-build-session-file /Users/admin/builder/spi-builder-workspace/.derivedData/ModuleCache.noindex/Session.modulevalidation -Xcc -fmodules-prune-interval\=86400 -Xcc -fmodules-prune-after\=345600 -emit-const-values -const-gather-protocols-list /Users/admin/builder/spi-builder-workspace/.derivedData/Build/Intermediates.noindex/OAuthSwift.build/Debug-watchos/OAuthSwift-t.build/Objects-normal/arm64_32/OAuthSwift_const_extract_protocols.json -Xcc -I/Users/admin/builder/spi-builder-workspace/.derivedData/Build/Products/Debug-watchos/include -Xcc -I/Users/admin/builder/spi-builder-workspace/.derivedData/Build/Intermediates.noindex/OAuthSwift.build/Debug-watchos/OAuthSwift-t.build/DerivedSources-normal/arm64_32 -Xcc -I/Users/admin/builder/spi-builder-workspace/.derivedData/Build/Intermediates.noindex/OAuthSwift.build/Debug-watchos/OAuthSwift-t.build/DerivedSources/arm64_32 -Xcc -I/Users/admin/builder/spi-builder-workspace/.derivedData/Build/Intermediates.noindex/OAuthSwift.build/Debug-watchos/OAuthSwift-t.build/DerivedSources -Xcc -DSWIFT_PACKAGE -Xcc -DDEBUG\=1 -emit-objc-header -emit-objc-header-path /Users/admin/builder/spi-builder-workspace/.derivedData/Build/Intermediates.noindex/OAuthSwift.build/Debug-watchos/OAuthSwift-t.build/Objects-normal/arm64_32/OAuthSwift-Swift.h -working-directory /Users/admin/builder/spi-builder-workspace/.swiftpm/xcode -experimental-emit-module-separately -disable-cmo
Ld /Users/admin/builder/spi-builder-workspace/.derivedData/Build/Intermediates.noindex/OAuthSwift.build/Debug-watchos/OAuthSwift-t.build/Objects-normal/arm64_32/Binary/OAuthSwift.o normal arm64_32 (in target 'OAuthSwift' from project 'OAuthSwift')
cd /Users/admin/builder/spi-builder-workspace/.dependencies/checkouts/OAuthSwift
/Applications/Xcode-27.0.0-Release.Candidate.app/Contents/Developer/Toolchains/XcodeDefault.xctoolchain/usr/bin/clang -Xlinker -reproducible -target arm64_32-apple-watchos9.0 -r -isysroot /Applications/Xcode-27.0.0-Release.Candidate.app/Contents/Developer/Platforms/WatchOS.platform/Developer/SDKs/WatchOS27.0.sdk -O0 -w -Xlinker -no_warn_duplicate_libraries -F/Users/admin/builder/spi-builder-workspace/.derivedData/Build/Intermediates.noindex/EagerLinkingTBDs/Debug-watchos -F/Users/admin/builder/spi-builder-workspace/.derivedData/Build/Products/Debug-watchos -iframework /Applications/Xcode-27.0.0-Release.Candidate.app/Contents/Developer/Platforms/WatchOS.platform/Developer/Library/Frameworks -iframework /Applications/Xcode-27.0.0-Release.Candidate.app/Contents/Developer/Platforms/WatchOS.platform/Developer/SDKs/WatchOS27.0.sdk/Developer/Library/Frameworks -filelist /Users/admin/builder/spi-builder-workspace/.derivedData/Build/Intermediates.noindex/OAuthSwift.build/Debug-watchos/OAuthSwift-t.build/Objects-normal/arm64_32/OAuthSwift.LinkFileList -nostdlib -Xlinker -object_path_lto -Xlinker /Users/admin/builder/spi-builder-workspace/.derivedData/Build/Intermediates.noindex/OAuthSwift.build/Debug-watchos/OAuthSwift-t.build/Objects-normal/arm64_32/OAuthSwift_lto.o -Xlinker -no_deduplicate -Xlinker -debug_variant -Xlinker -dependency_info -Xlinker /Users/admin/builder/spi-builder-workspace/.derivedData/Build/Intermediates.noindex/OAuthSwift.build/Debug-watchos/OAuthSwift-t.build/Objects-normal/arm64_32/OAuthSwift_dependency_info.dat -fobjc-link-runtime -L/Applications/Xcode-27.0.0-Release.Candidate.app/Contents/Developer/Toolchains/XcodeDefault.xctoolchain/usr/lib/swift/watchos -L/usr/lib/swift -Xlinker -add_ast_path -Xlinker /Users/admin/builder/spi-builder-workspace/.derivedData/Build/Intermediates.noindex/OAuthSwift.build/Debug-watchos/OAuthSwift-t.build/Objects-normal/arm64_32/OAuthSwift.swiftmodule -o /Users/admin/builder/spi-builder-workspace/.derivedData/Build/Intermediates.noindex/OAuthSwift.build/Debug-watchos/OAuthSwift-t.build/Objects-normal/arm64_32/Binary/OAuthSwift.o
PruneExplicitPrecompiledModules /Users/admin/builder/spi-builder-workspace/.derivedData/Build/Intermediates.noindex/SwiftExplicitPrecompiledModules
PruneExplicitPrecompiledModules /Users/admin/builder/spi-builder-workspace/.derivedData/SDKExplicitPrecompiledModules
PruneExplicitPrecompiledModules /Users/admin/builder/spi-builder-workspace/.derivedData/Build/Intermediates.noindex/ExplicitPrecompiledModules
2026-09-23 11:34:35.611 xcodebuild[926:5272] [MT] IDERunDestination: Supported platforms for the buildables in the current scheme is empty.
** BUILD FAILED **
The following build commands failed:
SwiftEmitModule normal arm64_32 Emitting\ module\ for\ GoogleAuthentication (in target 'GoogleAuthentication' from project 'GoogleAuthentication')
SwiftCompile normal arm64_32 (in target 'GoogleAuthentication' from project 'GoogleAuthentication')
SwiftEmitModule normal arm64 Emitting\ module\ for\ GoogleAuthentication (in target 'GoogleAuthentication' from project 'GoogleAuthentication')
SwiftCompile normal arm64 (in target 'GoogleAuthentication' from project 'GoogleAuthentication')
Building workspace GoogleAuthentication with scheme GoogleAuthentication
(5 failures)
Command line invocation:
/Applications/Xcode-27.0.0-Release.Candidate.app/Contents/Developer/usr/bin/xcodebuild -IDEClonedSourcePackagesDirPathOverride=/Users/admin/builder/spi-builder-workspace/.dependencies -resolvePackageDependencies
Resolve Package Graph
Resolved source packages:
Erik: https://github.com/phimage/Erik.git @ 5.1.0
BrightFutures: https://github.com/Thomvis/BrightFutures.git @ 8.2.0
OAuthSwift: https://github.com/OAuthSwift/OAuthSwift.git @ 2.2.0
Swifter: https://github.com/httpswift/swifter.git @ 1.5.0
Kanna: https://github.com/tid-kijyun/Kanna.git @ 5.3.0
GoogleAuthentication: /Users/admin/builder/spi-builder-workspace
KeychainAccess: https://github.com/kishikawakatsumi/KeychainAccess.git @ 4.2.2
FileKit: https://github.com/nvzqz/FileKit.git @ 6.1.0
resolved source packages: Erik, BrightFutures, OAuthSwift, Swifter, Kanna, GoogleAuthentication, KeychainAccess, FileKit
2026-09-23 11:34:44.377 xcodebuild[1153:6453] [MT] IDERunDestination: Supported platforms for the buildables in the current scheme is empty.
{
"dependencies" : [
{
"identity" : "oauthswift",
"requirement" : {
"range" : [
{
"lower_bound" : "2.2.0",
"upper_bound" : "3.0.0"
}
]
},
"type" : "sourceControl",
"url" : "https://github.com/OAuthSwift/OAuthSwift.git"
},
{
"identity" : "keychainaccess",
"requirement" : {
"range" : [
{
"lower_bound" : "4.2.1",
"upper_bound" : "5.0.0"
}
]
},
"type" : "sourceControl",
"url" : "https://github.com/kishikawakatsumi/KeychainAccess.git"
}
],
"manifest_display_name" : "GoogleAuthentication",
"name" : "GoogleAuthentication",
"path" : "/Users/admin/builder/spi-builder-workspace",
"platforms" : [
{
"name" : "macos",
"version" : "10.15"
},
{
"name" : "ios",
"version" : "13.0"
}
],
"products" : [
{
"name" : "GoogleAuthentication",
"targets" : [
"GoogleAuthentication"
],
"type" : {
"library" : [
"automatic"
]
}
}
],
"targets" : [
{
"c99name" : "GoogleAuthenticationTests",
"module_type" : "SwiftTarget",
"name" : "GoogleAuthenticationTests",
"path" : "Tests/GoogleAuthenticationTests",
"sources" : [
"GoogleAuthenticationTests.swift"
],
"target_dependencies" : [
"GoogleAuthentication"
],
"type" : "test"
},
{
"c99name" : "GoogleAuthentication",
"module_type" : "SwiftTarget",
"name" : "GoogleAuthentication",
"path" : "Sources/GoogleAuthentication",
"product_dependencies" : [
"OAuthSwift",
"KeychainAccess"
],
"product_memberships" : [
"GoogleAuthentication"
],
"sources" : [
"ASWebAuthenticationURLHandler.swift",
"Authentication.swift"
],
"type" : "library"
}
],
"tools_version" : "5.3"
}
{
"workspace" : {
"name" : "GoogleAuthentication",
"schemes" : [
"GoogleAuthentication"
]
}
}
2026-09-23 11:34:45.696 xcodebuild[1161:6515] [MT] IDERunDestination: Supported platforms for the buildables in the current scheme is empty.
Running build ...
env DEVELOPER_DIR=/Applications/Xcode-27.0.0-Release.Candidate.app xcrun xcodebuild -IDEClonedSourcePackagesDirPathOverride=$PWD/.dependencies -skipMacroValidation -skipPackagePluginValidation -derivedDataPath $PWD/.derivedData build -scheme GoogleAuthentication -destination generic/platform=watchOS
Command line invocation:
/Applications/Xcode-27.0.0-Release.Candidate.app/Contents/Developer/usr/bin/xcodebuild -IDEClonedSourcePackagesDirPathOverride=/Users/admin/builder/spi-builder-workspace/.dependencies -skipMacroValidation -skipPackagePluginValidation -derivedDataPath /Users/admin/builder/spi-builder-workspace/.derivedData build -scheme GoogleAuthentication -destination generic/platform=watchOS
Resolve Package Graph
Resolved source packages:
Swifter: https://github.com/httpswift/swifter.git @ 1.5.0
FileKit: https://github.com/nvzqz/FileKit.git @ 6.1.0
KeychainAccess: https://github.com/kishikawakatsumi/KeychainAccess.git @ 4.2.2
Erik: https://github.com/phimage/Erik.git @ 5.1.0
BrightFutures: https://github.com/Thomvis/BrightFutures.git @ 8.2.0
OAuthSwift: https://github.com/OAuthSwift/OAuthSwift.git @ 2.2.0
GoogleAuthentication: /Users/admin/builder/spi-builder-workspace
Kanna: https://github.com/tid-kijyun/Kanna.git @ 5.3.0
ComputePackagePrebuildTargetDependencyGraph
Prepare packages
CreateBuildRequest
SendProjectDescription
CreateBuildOperation
ComputeTargetDependencyGraph
note: Building targets in dependency order
note: Target dependency graph (6 targets)
Target 'GoogleAuthentication-product' in project 'GoogleAuthentication'
➜ Explicit dependency on target 'GoogleAuthentication' in project 'GoogleAuthentication'
➜ Explicit dependency on target 'OAuthSwift-product' in project 'OAuthSwift'
➜ Explicit dependency on target 'KeychainAccess-product' in project 'KeychainAccess'
Target 'GoogleAuthentication' in project 'GoogleAuthentication'
➜ Explicit dependency on target 'OAuthSwift-product' in project 'OAuthSwift'
➜ Explicit dependency on target 'KeychainAccess-product' in project 'KeychainAccess'
Target 'KeychainAccess-product' in project 'KeychainAccess'
➜ Explicit dependency on target 'KeychainAccess' in project 'KeychainAccess'
Target 'KeychainAccess' in project 'KeychainAccess' (no dependencies)
Target 'OAuthSwift-product' in project 'OAuthSwift'
➜ Explicit dependency on target 'OAuthSwift' in project 'OAuthSwift'
Target 'OAuthSwift' in project 'OAuthSwift' (no dependencies)
GatherProvisioningInputs
CreateBuildDescription
ClangStatCache /Applications/Xcode-27.0.0-Release.Candidate.app/Contents/Developer/Toolchains/XcodeDefault.xctoolchain/usr/bin/clang-stat-cache /Applications/Xcode-27.0.0-Release.Candidate.app/Contents/Developer/Platforms/WatchOS.platform/Developer/SDKs/WatchOS27.0.sdk /Users/admin/builder/spi-builder-workspace/.derivedData/SDKStatCaches.noindex/watchos27.0-24R360-e829b21a6f8c9b70876ba0858053c04477534ef55a1706bf4c1112bbb242f0a2.sdkstatcache
cd /Users/admin/builder/spi-builder-workspace/.swiftpm/xcode
/Applications/Xcode-27.0.0-Release.Candidate.app/Contents/Developer/Toolchains/XcodeDefault.xctoolchain/usr/bin/clang-stat-cache /Applications/Xcode-27.0.0-Release.Candidate.app/Contents/Developer/Platforms/WatchOS.platform/Developer/SDKs/WatchOS27.0.sdk -o /Users/admin/builder/spi-builder-workspace/.derivedData/SDKStatCaches.noindex/watchos27.0-24R360-e829b21a6f8c9b70876ba0858053c04477534ef55a1706bf4c1112bbb242f0a2.sdkstatcache
SwiftDriver GoogleAuthentication normal arm64_32 com.apple.xcode.tools.swift.compiler (in target 'GoogleAuthentication' from project 'GoogleAuthentication')
cd /Users/admin/builder/spi-builder-workspace/.swiftpm/xcode
builtin-SwiftDriver -- /Applications/Xcode-27.0.0-Release.Candidate.app/Contents/Developer/Toolchains/XcodeDefault.xctoolchain/usr/bin/swiftc -parse-as-library -module-name GoogleAuthentication -Onone @/Users/admin/builder/spi-builder-workspace/.derivedData/Build/Intermediates.noindex/GoogleAuthentication.build/Debug-watchos/GoogleAuthentication-t.build/Objects-normal/arm64_32/GoogleAuthentication.SwiftFileList -DSWIFT_PACKAGE -DDEBUG -DSWIFT_MODULE_RESOURCE_BUNDLE_UNAVAILABLE -DXcode -plugin-path /Applications/Xcode-27.0.0-Release.Candidate.app/Contents/Developer/Toolchains/XcodeDefault.xctoolchain/usr/lib/swift/host/plugins/testing -enable-experimental-feature DebugDescriptionMacro -sdk /Applications/Xcode-27.0.0-Release.Candidate.app/Contents/Developer/Platforms/WatchOS.platform/Developer/SDKs/WatchOS27.0.sdk -target arm64_32-apple-watchos9.0 -g -module-cache-path /Users/admin/builder/spi-builder-workspace/.derivedData/ModuleCache.noindex -Xfrontend -serialize-debugging-options -profile-coverage-mapping -profile-generate -enable-testing -index-store-path /Users/admin/builder/spi-builder-workspace/.derivedData/Index.noindex/DataStore -Xcc -D_LIBCPP_HARDENING_MODE\=_LIBCPP_HARDENING_MODE_DEBUG -swift-version 5 -I /Users/admin/builder/spi-builder-workspace/.derivedData/Build/Products/Debug-watchos -Isystem /Applications/Xcode-27.0.0-Release.Candidate.app/Contents/Developer/Platforms/WatchOS.platform/Developer/usr/lib -F /Users/admin/builder/spi-builder-workspace/.derivedData/Build/Products/Debug-watchos/PackageFrameworks -F /Users/admin/builder/spi-builder-workspace/.derivedData/Build/Products/Debug-watchos -F /Applications/Xcode-27.0.0-Release.Candidate.app/Contents/Developer/Platforms/WatchOS.platform/Developer/Library/Frameworks -F /Applications/Xcode-27.0.0-Release.Candidate.app/Contents/Developer/Platforms/WatchOS.platform/Developer/SDKs/WatchOS27.0.sdk/Developer/Library/Frameworks -c -j10 -enable-batch-mode -incremental -Xcc -ivfsstatcache -Xcc /Users/admin/builder/spi-builder-workspace/.derivedData/SDKStatCaches.noindex/watchos27.0-24R360-e829b21a6f8c9b70876ba0858053c04477534ef55a1706bf4c1112bbb242f0a2.sdkstatcache -output-file-map /Users/admin/builder/spi-builder-workspace/.derivedData/Build/Intermediates.noindex/GoogleAuthentication.build/Debug-watchos/GoogleAuthentication-t.build/Objects-normal/arm64_32/GoogleAuthentication-OutputFileMap.json -save-temps -no-color-diagnostics -explicit-module-build -module-cache-path /Users/admin/builder/spi-builder-workspace/.derivedData/Build/Intermediates.noindex/SwiftExplicitPrecompiledModules -clang-scanner-module-cache-path /Users/admin/builder/spi-builder-workspace/.derivedData/ModuleCache.noindex -sdk-module-cache-path /Users/admin/builder/spi-builder-workspace/.derivedData/SDKExplicitPrecompiledModules -emit-dependencies -emit-module -emit-module-path /Users/admin/builder/spi-builder-workspace/.derivedData/Build/Intermediates.noindex/GoogleAuthentication.build/Debug-watchos/GoogleAuthentication-t.build/Objects-normal/arm64_32/GoogleAuthentication.swiftmodule -serialize-diagnostics -dependency-scan-serialize-diagnostics-path /Users/admin/builder/spi-builder-workspace/.derivedData/Build/Intermediates.noindex/GoogleAuthentication.build/Debug-watchos/GoogleAuthentication-t.build/Objects-normal/arm64_32/GoogleAuthentication-dependency-scan.dia -validate-clang-modules-once -clang-build-session-file /Users/admin/builder/spi-builder-workspace/.derivedData/ModuleCache.noindex/Session.modulevalidation -Xcc -fmodules-prune-interval\=86400 -Xcc -fmodules-prune-after\=345600 -emit-const-values -const-gather-protocols-list /Users/admin/builder/spi-builder-workspace/.derivedData/Build/Intermediates.noindex/GoogleAuthentication.build/Debug-watchos/GoogleAuthentication-t.build/Objects-normal/arm64_32/GoogleAuthentication_const_extract_protocols.json -Xcc -I/Users/admin/builder/spi-builder-workspace/.derivedData/Build/Products/Debug-watchos/include -Xcc -I/Users/admin/builder/spi-builder-workspace/.derivedData/Build/Intermediates.noindex/GoogleAuthentication.build/Debug-watchos/GoogleAuthentication-t.build/DerivedSources-normal/arm64_32 -Xcc -I/Users/admin/builder/spi-builder-workspace/.derivedData/Build/Intermediates.noindex/GoogleAuthentication.build/Debug-watchos/GoogleAuthentication-t.build/DerivedSources/arm64_32 -Xcc -I/Users/admin/builder/spi-builder-workspace/.derivedData/Build/Intermediates.noindex/GoogleAuthentication.build/Debug-watchos/GoogleAuthentication-t.build/DerivedSources -Xcc -DSWIFT_PACKAGE -Xcc -DDEBUG\=1 -emit-objc-header -emit-objc-header-path /Users/admin/builder/spi-builder-workspace/.derivedData/Build/Intermediates.noindex/GoogleAuthentication.build/Debug-watchos/GoogleAuthentication-t.build/Objects-normal/arm64_32/GoogleAuthentication-Swift.h -working-directory /Users/admin/builder/spi-builder-workspace/.swiftpm/xcode -experimental-emit-module-separately -disable-cmo
SwiftDriver GoogleAuthentication normal arm64 com.apple.xcode.tools.swift.compiler (in target 'GoogleAuthentication' from project 'GoogleAuthentication')
cd /Users/admin/builder/spi-builder-workspace/.swiftpm/xcode
builtin-SwiftDriver -- /Applications/Xcode-27.0.0-Release.Candidate.app/Contents/Developer/Toolchains/XcodeDefault.xctoolchain/usr/bin/swiftc -parse-as-library -module-name GoogleAuthentication -Onone @/Users/admin/builder/spi-builder-workspace/.derivedData/Build/Intermediates.noindex/GoogleAuthentication.build/Debug-watchos/GoogleAuthentication-t.build/Objects-normal/arm64/GoogleAuthentication.SwiftFileList -DSWIFT_PACKAGE -DDEBUG -DSWIFT_MODULE_RESOURCE_BUNDLE_UNAVAILABLE -DXcode -plugin-path /Applications/Xcode-27.0.0-Release.Candidate.app/Contents/Developer/Toolchains/XcodeDefault.xctoolchain/usr/lib/swift/host/plugins/testing -enable-experimental-feature DebugDescriptionMacro -sdk /Applications/Xcode-27.0.0-Release.Candidate.app/Contents/Developer/Platforms/WatchOS.platform/Developer/SDKs/WatchOS27.0.sdk -target arm64-apple-watchos9.0 -g -module-cache-path /Users/admin/builder/spi-builder-workspace/.derivedData/ModuleCache.noindex -Xfrontend -serialize-debugging-options -profile-coverage-mapping -profile-generate -enable-testing -index-store-path /Users/admin/builder/spi-builder-workspace/.derivedData/Index.noindex/DataStore -Xcc -D_LIBCPP_HARDENING_MODE\=_LIBCPP_HARDENING_MODE_DEBUG -swift-version 5 -I /Users/admin/builder/spi-builder-workspace/.derivedData/Build/Products/Debug-watchos -Isystem /Applications/Xcode-27.0.0-Release.Candidate.app/Contents/Developer/Platforms/WatchOS.platform/Developer/usr/lib -F /Users/admin/builder/spi-builder-workspace/.derivedData/Build/Products/Debug-watchos/PackageFrameworks -F /Users/admin/builder/spi-builder-workspace/.derivedData/Build/Products/Debug-watchos -F /Applications/Xcode-27.0.0-Release.Candidate.app/Contents/Developer/Platforms/WatchOS.platform/Developer/Library/Frameworks -F /Applications/Xcode-27.0.0-Release.Candidate.app/Contents/Developer/Platforms/WatchOS.platform/Developer/SDKs/WatchOS27.0.sdk/Developer/Library/Frameworks -c -j10 -enable-batch-mode -incremental -Xcc -ivfsstatcache -Xcc /Users/admin/builder/spi-builder-workspace/.derivedData/SDKStatCaches.noindex/watchos27.0-24R360-e829b21a6f8c9b70876ba0858053c04477534ef55a1706bf4c1112bbb242f0a2.sdkstatcache -output-file-map /Users/admin/builder/spi-builder-workspace/.derivedData/Build/Intermediates.noindex/GoogleAuthentication.build/Debug-watchos/GoogleAuthentication-t.build/Objects-normal/arm64/GoogleAuthentication-OutputFileMap.json -save-temps -no-color-diagnostics -explicit-module-build -module-cache-path /Users/admin/builder/spi-builder-workspace/.derivedData/Build/Intermediates.noindex/SwiftExplicitPrecompiledModules -clang-scanner-module-cache-path /Users/admin/builder/spi-builder-workspace/.derivedData/ModuleCache.noindex -sdk-module-cache-path /Users/admin/builder/spi-builder-workspace/.derivedData/SDKExplicitPrecompiledModules -emit-dependencies -emit-module -emit-module-path /Users/admin/builder/spi-builder-workspace/.derivedData/Build/Intermediates.noindex/GoogleAuthentication.build/Debug-watchos/GoogleAuthentication-t.build/Objects-normal/arm64/GoogleAuthentication.swiftmodule -serialize-diagnostics -dependency-scan-serialize-diagnostics-path /Users/admin/builder/spi-builder-workspace/.derivedData/Build/Intermediates.noindex/GoogleAuthentication.build/Debug-watchos/GoogleAuthentication-t.build/Objects-normal/arm64/GoogleAuthentication-dependency-scan.dia -validate-clang-modules-once -clang-build-session-file /Users/admin/builder/spi-builder-workspace/.derivedData/ModuleCache.noindex/Session.modulevalidation -Xcc -fmodules-prune-interval\=86400 -Xcc -fmodules-prune-after\=345600 -emit-const-values -const-gather-protocols-list /Users/admin/builder/spi-builder-workspace/.derivedData/Build/Intermediates.noindex/GoogleAuthentication.build/Debug-watchos/GoogleAuthentication-t.build/Objects-normal/arm64/GoogleAuthentication_const_extract_protocols.json -Xcc -I/Users/admin/builder/spi-builder-workspace/.derivedData/Build/Products/Debug-watchos/include -Xcc -I/Users/admin/builder/spi-builder-workspace/.derivedData/Build/Intermediates.noindex/GoogleAuthentication.build/Debug-watchos/GoogleAuthentication-t.build/DerivedSources-normal/arm64 -Xcc -I/Users/admin/builder/spi-builder-workspace/.derivedData/Build/Intermediates.noindex/GoogleAuthentication.build/Debug-watchos/GoogleAuthentication-t.build/DerivedSources/arm64 -Xcc -I/Users/admin/builder/spi-builder-workspace/.derivedData/Build/Intermediates.noindex/GoogleAuthentication.build/Debug-watchos/GoogleAuthentication-t.build/DerivedSources -Xcc -DSWIFT_PACKAGE -Xcc -DDEBUG\=1 -emit-objc-header -emit-objc-header-path /Users/admin/builder/spi-builder-workspace/.derivedData/Build/Intermediates.noindex/GoogleAuthentication.build/Debug-watchos/GoogleAuthentication-t.build/Objects-normal/arm64/GoogleAuthentication-Swift.h -working-directory /Users/admin/builder/spi-builder-workspace/.swiftpm/xcode -experimental-emit-module-separately -disable-cmo
SwiftDriver OAuthSwift normal arm64 com.apple.xcode.tools.swift.compiler (in target 'OAuthSwift' from project 'OAuthSwift')
cd /Users/admin/builder/spi-builder-workspace/.swiftpm/xcode
builtin-SwiftDriver -- /Applications/Xcode-27.0.0-Release.Candidate.app/Contents/Developer/Toolchains/XcodeDefault.xctoolchain/usr/bin/swiftc -parse-as-library -module-name OAuthSwift -Onone @/Users/admin/builder/spi-builder-workspace/.derivedData/Build/Intermediates.noindex/OAuthSwift.build/Debug-watchos/OAuthSwift-t.build/Objects-normal/arm64/OAuthSwift.SwiftFileList -DSWIFT_PACKAGE -DDEBUG -DSWIFT_MODULE_RESOURCE_BUNDLE_UNAVAILABLE -DXcode -plugin-path /Applications/Xcode-27.0.0-Release.Candidate.app/Contents/Developer/Toolchains/XcodeDefault.xctoolchain/usr/lib/swift/host/plugins/testing -enable-experimental-feature DebugDescriptionMacro -sdk /Applications/Xcode-27.0.0-Release.Candidate.app/Contents/Developer/Platforms/WatchOS.platform/Developer/SDKs/WatchOS27.0.sdk -target arm64-apple-watchos9.0 -g -module-cache-path /Users/admin/builder/spi-builder-workspace/.derivedData/ModuleCache.noindex -Xfrontend -serialize-debugging-options -profile-coverage-mapping -profile-generate -enable-testing -suppress-warnings -index-store-path /Users/admin/builder/spi-builder-workspace/.derivedData/Index.noindex/DataStore -Xcc -D_LIBCPP_HARDENING_MODE\=_LIBCPP_HARDENING_MODE_DEBUG -swift-version 5 -I /Users/admin/builder/spi-builder-workspace/.derivedData/Build/Products/Debug-watchos -Isystem /Applications/Xcode-27.0.0-Release.Candidate.app/Contents/Developer/Platforms/WatchOS.platform/Developer/usr/lib -F /Users/admin/builder/spi-builder-workspace/.derivedData/Build/Products/Debug-watchos -F /Applications/Xcode-27.0.0-Release.Candidate.app/Contents/Developer/Platforms/WatchOS.platform/Developer/Library/Frameworks -F /Applications/Xcode-27.0.0-Release.Candidate.app/Contents/Developer/Platforms/WatchOS.platform/Developer/SDKs/WatchOS27.0.sdk/Developer/Library/Frameworks -c -j10 -enable-batch-mode -incremental -Xcc -ivfsstatcache -Xcc /Users/admin/builder/spi-builder-workspace/.derivedData/SDKStatCaches.noindex/watchos27.0-24R360-e829b21a6f8c9b70876ba0858053c04477534ef55a1706bf4c1112bbb242f0a2.sdkstatcache -output-file-map /Users/admin/builder/spi-builder-workspace/.derivedData/Build/Intermediates.noindex/OAuthSwift.build/Debug-watchos/OAuthSwift-t.build/Objects-normal/arm64/OAuthSwift-OutputFileMap.json -save-temps -no-color-diagnostics -explicit-module-build -module-cache-path /Users/admin/builder/spi-builder-workspace/.derivedData/Build/Intermediates.noindex/SwiftExplicitPrecompiledModules -clang-scanner-module-cache-path /Users/admin/builder/spi-builder-workspace/.derivedData/ModuleCache.noindex -sdk-module-cache-path /Users/admin/builder/spi-builder-workspace/.derivedData/SDKExplicitPrecompiledModules -emit-dependencies -emit-module -emit-module-path /Users/admin/builder/spi-builder-workspace/.derivedData/Build/Intermediates.noindex/OAuthSwift.build/Debug-watchos/OAuthSwift-t.build/Objects-normal/arm64/OAuthSwift.swiftmodule -serialize-diagnostics -dependency-scan-serialize-diagnostics-path /Users/admin/builder/spi-builder-workspace/.derivedData/Build/Intermediates.noindex/OAuthSwift.build/Debug-watchos/OAuthSwift-t.build/Objects-normal/arm64/OAuthSwift-dependency-scan.dia -validate-clang-modules-once -clang-build-session-file /Users/admin/builder/spi-builder-workspace/.derivedData/ModuleCache.noindex/Session.modulevalidation -Xcc -fmodules-prune-interval\=86400 -Xcc -fmodules-prune-after\=345600 -emit-const-values -const-gather-protocols-list /Users/admin/builder/spi-builder-workspace/.derivedData/Build/Intermediates.noindex/OAuthSwift.build/Debug-watchos/OAuthSwift-t.build/Objects-normal/arm64/OAuthSwift_const_extract_protocols.json -Xcc -I/Users/admin/builder/spi-builder-workspace/.derivedData/Build/Products/Debug-watchos/include -Xcc -I/Users/admin/builder/spi-builder-workspace/.derivedData/Build/Intermediates.noindex/OAuthSwift.build/Debug-watchos/OAuthSwift-t.build/DerivedSources-normal/arm64 -Xcc -I/Users/admin/builder/spi-builder-workspace/.derivedData/Build/Intermediates.noindex/OAuthSwift.build/Debug-watchos/OAuthSwift-t.build/DerivedSources/arm64 -Xcc -I/Users/admin/builder/spi-builder-workspace/.derivedData/Build/Intermediates.noindex/OAuthSwift.build/Debug-watchos/OAuthSwift-t.build/DerivedSources -Xcc -DSWIFT_PACKAGE -Xcc -DDEBUG\=1 -emit-objc-header -emit-objc-header-path /Users/admin/builder/spi-builder-workspace/.derivedData/Build/Intermediates.noindex/OAuthSwift.build/Debug-watchos/OAuthSwift-t.build/Objects-normal/arm64/OAuthSwift-Swift.h -working-directory /Users/admin/builder/spi-builder-workspace/.swiftpm/xcode -experimental-emit-module-separately -disable-cmo
SwiftEmitModule normal arm64_32 Emitting\ module\ for\ GoogleAuthentication (in target 'GoogleAuthentication' from project 'GoogleAuthentication')
/Users/admin/builder/spi-builder-workspace/Sources/GoogleAuthentication/ASWebAuthenticationURLHandler.swift:17:57: error: 'ASWebAuthenticationPresentationContextProviding' is unavailable in watchOS
15 | let callbackURLScheme: String
16 |
17 | weak var authenticationPresentationContextProvider: ASWebAuthenticationPresentationContextProviding?
| `- error: 'ASWebAuthenticationPresentationContextProviding' is unavailable in watchOS
18 |
19 | public init(callbackURLScheme: String, authenticationPresentationContextProvider: ASWebAuthenticationPresentationContextProviding?) {
/Applications/Xcode-27.0.0-Release.Candidate.app/Contents/Developer/Platforms/WatchOS.platform/Developer/SDKs/WatchOS27.0.sdk/System/Library/Frameworks/AuthenticationServices.framework/Headers/ASWebAuthenticationSession.h:115:11: note: 'ASWebAuthenticationPresentationContextProviding' has been explicitly marked unavailable here
113 | API_AVAILABLE(ios(13.0), macos(10.15)) API_UNAVAILABLE(tvos, watchos)
114 | NS_SWIFT_UI_ACTOR
115 | @protocol ASWebAuthenticationPresentationContextProviding <NSObject>
| `- note: 'ASWebAuthenticationPresentationContextProviding' has been explicitly marked unavailable here
116 |
117 | #if !TARGET_OS_WATCH
/Users/admin/builder/spi-builder-workspace/Sources/GoogleAuthentication/ASWebAuthenticationURLHandler.swift:19:87: error: 'ASWebAuthenticationPresentationContextProviding' is unavailable in watchOS
17 | weak var authenticationPresentationContextProvider: ASWebAuthenticationPresentationContextProviding?
18 |
19 | public init(callbackURLScheme: String, authenticationPresentationContextProvider: ASWebAuthenticationPresentationContextProviding?) {
| `- error: 'ASWebAuthenticationPresentationContextProviding' is unavailable in watchOS
20 | self.callbackURLScheme = callbackURLScheme
21 | self.authenticationPresentationContextProvider = authenticationPresentationContextProvider
/Applications/Xcode-27.0.0-Release.Candidate.app/Contents/Developer/Platforms/WatchOS.platform/Developer/SDKs/WatchOS27.0.sdk/System/Library/Frameworks/AuthenticationServices.framework/Headers/ASWebAuthenticationSession.h:115:11: note: 'ASWebAuthenticationPresentationContextProviding' has been explicitly marked unavailable here
113 | API_AVAILABLE(ios(13.0), macos(10.15)) API_UNAVAILABLE(tvos, watchos)
114 | NS_SWIFT_UI_ACTOR
115 | @protocol ASWebAuthenticationPresentationContextProviding <NSObject>
| `- note: 'ASWebAuthenticationPresentationContextProviding' has been explicitly marked unavailable here
116 |
117 | #if !TARGET_OS_WATCH
/Users/admin/builder/spi-builder-workspace/Sources/GoogleAuthentication/Authentication.swift:60:52: error: 'ASWebAuthenticationPresentationContextProviding' is unavailable in watchOS
58 | /// - completion: OAuthSwift.TokenCompletionHandler
59 | public func authenticate(
60 | authenticationPresentationContextProvider: ASWebAuthenticationPresentationContextProviding,
| `- error: 'ASWebAuthenticationPresentationContextProviding' is unavailable in watchOS
61 | completion: @escaping OAuthSwift.TokenCompletionHandler
62 | ) {
/Applications/Xcode-27.0.0-Release.Candidate.app/Contents/Developer/Platforms/WatchOS.platform/Developer/SDKs/WatchOS27.0.sdk/System/Library/Frameworks/AuthenticationServices.framework/Headers/ASWebAuthenticationSession.h:115:11: note: 'ASWebAuthenticationPresentationContextProviding' has been explicitly marked unavailable here
113 | API_AVAILABLE(ios(13.0), macos(10.15)) API_UNAVAILABLE(tvos, watchos)
114 | NS_SWIFT_UI_ACTOR
115 | @protocol ASWebAuthenticationPresentationContextProviding <NSObject>
| `- note: 'ASWebAuthenticationPresentationContextProviding' has been explicitly marked unavailable here
116 |
117 | #if !TARGET_OS_WATCH
Failed frontend command:
SwiftCompile normal arm64_32 (in target 'GoogleAuthentication' from project 'GoogleAuthentication')
cd /Users/admin/builder/spi-builder-workspace/.swiftpm/xcode
/Applications/Xcode-27.0.0-Release.Candidate.app/Contents/Developer/Toolchains/XcodeDefault.xctoolchain/usr/bin/swift-frontend -frontend -emit-module -experimental-skip-non-inlinable-function-bodies-without-types /Users/admin/builder/spi-builder-workspace/Sources/GoogleAuthentication/ASWebAuthenticationURLHandler.swift /Users/admin/builder/spi-builder-workspace/Sources/GoogleAuthentication/Authentication.swift -target arm64_32-apple-watchos9.0 -disable-cross-import-overlay-search -swift-module-cross-import AuthenticationServices /Applications/Xcode-27.0.0-Release.Candidate.app/Contents/Developer/Platforms/WatchOS.platform/Developer/SDKs/WatchOS.sdk/System/Library/Frameworks/AuthenticationServices.framework/Modules/AuthenticationServices.swiftcrossimport/SwiftUI.swiftoverlay -swift-module-cross-import AuthenticationServices /Applications/Xcode-27.0.0-Release.Candidate.app/Contents/Developer/Platforms/WatchOS.platform/Developer/SDKs/WatchOS27.0.sdk/System/Library/Frameworks/AuthenticationServices.framework/Modules/AuthenticationServices.swiftcrossimport/SwiftUI.swiftoverlay -load-resolved-plugin /Applications/Xcode-27.0.0-Release.Candidate.app/Contents/Developer/Platforms/WatchOS.platform/Developer/usr/lib/swift/host/plugins/libFoundationMacros.dylib\#/Applications/Xcode-27.0.0-Release.Candidate.app/Contents/Developer/Platforms/WatchOS.platform/Developer/usr/bin/swift-plugin-server\#FoundationMacros -load-resolved-plugin /Applications/Xcode-27.0.0-Release.Candidate.app/Contents/Developer/Platforms/WatchOS.platform/Developer/usr/lib/swift/host/plugins/libObservationMacros.dylib\#/Applications/Xcode-27.0.0-Release.Candidate.app/Contents/Developer/Platforms/WatchOS.platform/Developer/usr/bin/swift-plugin-server\#ObservationMacros -load-resolved-plugin /Applications/Xcode-27.0.0-Release.Candidate.app/Contents/Developer/Platforms/WatchOS.platform/Developer/usr/lib/swift/host/plugins/libSwiftMacros.dylib\#/Applications/Xcode-27.0.0-Release.Candidate.app/Contents/Developer/Platforms/WatchOS.platform/Developer/usr/bin/swift-plugin-server\#SwiftMacros -load-resolved-plugin /Applications/Xcode-27.0.0-Release.Candidate.app/Contents/Developer/Platforms/WatchOS.platform/Developer/usr/lib/swift/host/plugins/libSwiftUIMacros.dylib\#/Applications/Xcode-27.0.0-Release.Candidate.app/Contents/Developer/Platforms/WatchOS.platform/Developer/usr/bin/swift-plugin-server\#SwiftUIMacros -disable-implicit-swift-modules -Xcc -fno-implicit-modules -Xcc -fno-implicit-module-maps -explicit-swift-module-map-file /Users/admin/builder/spi-builder-workspace/.derivedData/Build/Intermediates.noindex/GoogleAuthentication.build/Debug-watchos/GoogleAuthentication-t.build/Objects-normal/arm64_32/GoogleAuthentication-dependencies-2.json -enable-objc-interop -sdk /Applications/Xcode-27.0.0-Release.Candidate.app/Contents/Developer/Platforms/WatchOS.platform/Developer/SDKs/WatchOS27.0.sdk -I /Users/admin/builder/spi-builder-workspace/.derivedData/Build/Products/Debug-watchos -Isystem /Applications/Xcode-27.0.0-Release.Candidate.app/Contents/Developer/Platforms/WatchOS.platform/Developer/usr/lib -F /Users/admin/builder/spi-builder-workspace/.derivedData/Build/Products/Debug-watchos/PackageFrameworks -F /Users/admin/builder/spi-builder-workspace/.derivedData/Build/Products/Debug-watchos -F /Applications/Xcode-27.0.0-Release.Candidate.app/Contents/Developer/Platforms/WatchOS.platform/Developer/Library/Frameworks -F /Applications/Xcode-27.0.0-Release.Candidate.app/Contents/Developer/Platforms/WatchOS.platform/Developer/SDKs/WatchOS27.0.sdk/Developer/Library/Frameworks -module-cache-path /Users/admin/builder/spi-builder-workspace/.derivedData/Build/Intermediates.noindex/SwiftExplicitPrecompiledModules -no-color-diagnostics -Xcc -fno-color-diagnostics -enable-testing -g -debug-info-format\=dwarf -dwarf-version\=4 -profile-generate -profile-coverage-mapping -swift-version 5 -Onone -D SWIFT_PACKAGE -D DEBUG -D SWIFT_MODULE_RESOURCE_BUNDLE_UNAVAILABLE -D Xcode -serialize-debugging-options -enable-experimental-feature DebugDescriptionMacro -empty-abi-descriptor -validate-clang-modules-once -clang-build-session-file /Users/admin/builder/spi-builder-workspace/.derivedData/ModuleCache.noindex/Session.modulevalidation -Xcc -working-directory -Xcc /Users/admin/builder/spi-builder-workspace/.swiftpm/xcode -enable-anonymous-context-mangled-names -file-compilation-dir /Users/admin/builder/spi-builder-workspace/.swiftpm/xcode -Xcc -D_LIBCPP_HARDENING_MODE\=_LIBCPP_HARDENING_MODE_DEBUG -Xcc -ivfsstatcache -Xcc /Users/admin/builder/spi-builder-workspace/.derivedData/SDKStatCaches.noindex/watchos27.0-24R360-e829b21a6f8c9b70876ba0858053c04477534ef55a1706bf4c1112bbb242f0a2.sdkstatcache -Xcc -fmodules-prune-interval\=86400 -Xcc -fmodules-prune-after\=345600 -Xcc -I/Users/admin/builder/spi-builder-workspace/.derivedData/Build/Products/Debug-watchos/include -Xcc -I/Users/admin/builder/spi-builder-workspace/.derivedData/Build/Intermediates.noindex/GoogleAuthentication.build/Debug-watchos/GoogleAuthentication-t.build/DerivedSources-normal/arm64_32 -Xcc -I/Users/admin/builder/spi-builder-workspace/.derivedData/Build/Intermediates.noindex/GoogleAuthentication.build/Debug-watchos/GoogleAuthentication-t.build/DerivedSources/arm64_32 -Xcc -I/Users/admin/builder/spi-builder-workspace/.derivedData/Build/Intermediates.noindex/GoogleAuthentication.build/Debug-watchos/GoogleAuthentication-t.build/DerivedSources -Xcc -DSWIFT_PACKAGE -Xcc -DDEBUG\=1 -no-auto-bridging-header-chaining -module-name GoogleAuthentication -const-gather-protocols-file /Users/admin/builder/spi-builder-workspace/.derivedData/Build/Intermediates.noindex/GoogleAuthentication.build/Debug-watchos/GoogleAuthentication-t.build/Objects-normal/arm64_32/GoogleAuthentication_const_extract_protocols.json -disable-clang-spi -clang-target arm64_32-apple-watchos27.0 -target-sdk-version 27.0 -target-sdk-name watchos27.0 -in-process-plugin-server-path /Applications/Xcode-27.0.0-Release.Candidate.app/Contents/Developer/Toolchains/XcodeDefault.xctoolchain/usr/lib/swift/host/libSwiftInProcPluginServer.dylib -emit-module-doc-path /Users/admin/builder/spi-builder-workspace/.derivedData/Build/Intermediates.noindex/GoogleAuthentication.build/Debug-watchos/GoogleAuthentication-t.build/Objects-normal/arm64_32/GoogleAuthentication.swiftdoc -emit-module-source-info-path /Users/admin/builder/spi-builder-workspace/.derivedData/Build/Intermediates.noindex/GoogleAuthentication.build/Debug-watchos/GoogleAuthentication-t.build/Objects-normal/arm64_32/GoogleAuthentication.swiftsourceinfo -emit-objc-header-path /Users/admin/builder/spi-builder-workspace/.derivedData/Build/Intermediates.noindex/GoogleAuthentication.build/Debug-watchos/GoogleAuthentication-t.build/Objects-normal/arm64_32/GoogleAuthentication-Swift.h -serialize-diagnostics-path /Users/admin/builder/spi-builder-workspace/.derivedData/Build/Intermediates.noindex/GoogleAuthentication.build/Debug-watchos/GoogleAuthentication-t.build/Objects-normal/arm64_32/GoogleAuthentication-primary-emit-module.dia -emit-dependencies-path /Users/admin/builder/spi-builder-workspace/.derivedData/Build/Intermediates.noindex/GoogleAuthentication.build/Debug-watchos/GoogleAuthentication-t.build/Objects-normal/arm64_32/GoogleAuthentication-primary-emit-module.d -parse-as-library -o /Users/admin/builder/spi-builder-workspace/.derivedData/Build/Intermediates.noindex/GoogleAuthentication.build/Debug-watchos/GoogleAuthentication-t.build/Objects-normal/arm64_32/GoogleAuthentication.swiftmodule -emit-abi-descriptor-path /Users/admin/builder/spi-builder-workspace/.derivedData/Build/Intermediates.noindex/GoogleAuthentication.build/Debug-watchos/GoogleAuthentication-t.build/Objects-normal/arm64_32/GoogleAuthentication.abi.json
SwiftEmitModule normal arm64 Emitting\ module\ for\ GoogleAuthentication (in target 'GoogleAuthentication' from project 'GoogleAuthentication')
/Users/admin/builder/spi-builder-workspace/Sources/GoogleAuthentication/ASWebAuthenticationURLHandler.swift:17:57: error: 'ASWebAuthenticationPresentationContextProviding' is unavailable in watchOS
15 | let callbackURLScheme: String
16 |
17 | weak var authenticationPresentationContextProvider: ASWebAuthenticationPresentationContextProviding?
| `- error: 'ASWebAuthenticationPresentationContextProviding' is unavailable in watchOS
18 |
19 | public init(callbackURLScheme: String, authenticationPresentationContextProvider: ASWebAuthenticationPresentationContextProviding?) {
/Applications/Xcode-27.0.0-Release.Candidate.app/Contents/Developer/Platforms/WatchOS.platform/Developer/SDKs/WatchOS27.0.sdk/System/Library/Frameworks/AuthenticationServices.framework/Headers/ASWebAuthenticationSession.h:115:11: note: 'ASWebAuthenticationPresentationContextProviding' has been explicitly marked unavailable here
113 | API_AVAILABLE(ios(13.0), macos(10.15)) API_UNAVAILABLE(tvos, watchos)
114 | NS_SWIFT_UI_ACTOR
115 | @protocol ASWebAuthenticationPresentationContextProviding <NSObject>
| `- note: 'ASWebAuthenticationPresentationContextProviding' has been explicitly marked unavailable here
116 |
117 | #if !TARGET_OS_WATCH
/Users/admin/builder/spi-builder-workspace/Sources/GoogleAuthentication/ASWebAuthenticationURLHandler.swift:19:87: error: 'ASWebAuthenticationPresentationContextProviding' is unavailable in watchOS
17 | weak var authenticationPresentationContextProvider: ASWebAuthenticationPresentationContextProviding?
18 |
19 | public init(callbackURLScheme: String, authenticationPresentationContextProvider: ASWebAuthenticationPresentationContextProviding?) {
| `- error: 'ASWebAuthenticationPresentationContextProviding' is unavailable in watchOS
20 | self.callbackURLScheme = callbackURLScheme
21 | self.authenticationPresentationContextProvider = authenticationPresentationContextProvider
/Applications/Xcode-27.0.0-Release.Candidate.app/Contents/Developer/Platforms/WatchOS.platform/Developer/SDKs/WatchOS27.0.sdk/System/Library/Frameworks/AuthenticationServices.framework/Headers/ASWebAuthenticationSession.h:115:11: note: 'ASWebAuthenticationPresentationContextProviding' has been explicitly marked unavailable here
113 | API_AVAILABLE(ios(13.0), macos(10.15)) API_UNAVAILABLE(tvos, watchos)
114 | NS_SWIFT_UI_ACTOR
115 | @protocol ASWebAuthenticationPresentationContextProviding <NSObject>
| `- note: 'ASWebAuthenticationPresentationContextProviding' has been explicitly marked unavailable here
116 |
117 | #if !TARGET_OS_WATCH
/Users/admin/builder/spi-builder-workspace/Sources/GoogleAuthentication/Authentication.swift:60:52: error: 'ASWebAuthenticationPresentationContextProviding' is unavailable in watchOS
58 | /// - completion: OAuthSwift.TokenCompletionHandler
59 | public func authenticate(
60 | authenticationPresentationContextProvider: ASWebAuthenticationPresentationContextProviding,
| `- error: 'ASWebAuthenticationPresentationContextProviding' is unavailable in watchOS
61 | completion: @escaping OAuthSwift.TokenCompletionHandler
62 | ) {
/Applications/Xcode-27.0.0-Release.Candidate.app/Contents/Developer/Platforms/WatchOS.platform/Developer/SDKs/WatchOS27.0.sdk/System/Library/Frameworks/AuthenticationServices.framework/Headers/ASWebAuthenticationSession.h:115:11: note: 'ASWebAuthenticationPresentationContextProviding' has been explicitly marked unavailable here
113 | API_AVAILABLE(ios(13.0), macos(10.15)) API_UNAVAILABLE(tvos, watchos)
114 | NS_SWIFT_UI_ACTOR
115 | @protocol ASWebAuthenticationPresentationContextProviding <NSObject>
| `- note: 'ASWebAuthenticationPresentationContextProviding' has been explicitly marked unavailable here
116 |
117 | #if !TARGET_OS_WATCH
Failed frontend command:
SwiftCompile normal arm64 (in target 'GoogleAuthentication' from project 'GoogleAuthentication')
cd /Users/admin/builder/spi-builder-workspace/.swiftpm/xcode
/Applications/Xcode-27.0.0-Release.Candidate.app/Contents/Developer/Toolchains/XcodeDefault.xctoolchain/usr/bin/swift-frontend -frontend -emit-module -experimental-skip-non-inlinable-function-bodies-without-types /Users/admin/builder/spi-builder-workspace/Sources/GoogleAuthentication/ASWebAuthenticationURLHandler.swift /Users/admin/builder/spi-builder-workspace/Sources/GoogleAuthentication/Authentication.swift -target arm64-apple-watchos9.0 -disable-cross-import-overlay-search -swift-module-cross-import AuthenticationServices /Applications/Xcode-27.0.0-Release.Candidate.app/Contents/Developer/Platforms/WatchOS.platform/Developer/SDKs/WatchOS.sdk/System/Library/Frameworks/AuthenticationServices.framework/Modules/AuthenticationServices.swiftcrossimport/SwiftUI.swiftoverlay -swift-module-cross-import AuthenticationServices /Applications/Xcode-27.0.0-Release.Candidate.app/Contents/Developer/Platforms/WatchOS.platform/Developer/SDKs/WatchOS27.0.sdk/System/Library/Frameworks/AuthenticationServices.framework/Modules/AuthenticationServices.swiftcrossimport/SwiftUI.swiftoverlay -load-resolved-plugin /Applications/Xcode-27.0.0-Release.Candidate.app/Contents/Developer/Platforms/WatchOS.platform/Developer/usr/lib/swift/host/plugins/libFoundationMacros.dylib\#/Applications/Xcode-27.0.0-Release.Candidate.app/Contents/Developer/Platforms/WatchOS.platform/Developer/usr/bin/swift-plugin-server\#FoundationMacros -load-resolved-plugin /Applications/Xcode-27.0.0-Release.Candidate.app/Contents/Developer/Platforms/WatchOS.platform/Developer/usr/lib/swift/host/plugins/libObservationMacros.dylib\#/Applications/Xcode-27.0.0-Release.Candidate.app/Contents/Developer/Platforms/WatchOS.platform/Developer/usr/bin/swift-plugin-server\#ObservationMacros -load-resolved-plugin /Applications/Xcode-27.0.0-Release.Candidate.app/Contents/Developer/Platforms/WatchOS.platform/Developer/usr/lib/swift/host/plugins/libSwiftMacros.dylib\#/Applications/Xcode-27.0.0-Release.Candidate.app/Contents/Developer/Platforms/WatchOS.platform/Developer/usr/bin/swift-plugin-server\#SwiftMacros -load-resolved-plugin /Applications/Xcode-27.0.0-Release.Candidate.app/Contents/Developer/Platforms/WatchOS.platform/Developer/usr/lib/swift/host/plugins/libSwiftUIMacros.dylib\#/Applications/Xcode-27.0.0-Release.Candidate.app/Contents/Developer/Platforms/WatchOS.platform/Developer/usr/bin/swift-plugin-server\#SwiftUIMacros -disable-implicit-swift-modules -Xcc -fno-implicit-modules -Xcc -fno-implicit-module-maps -explicit-swift-module-map-file /Users/admin/builder/spi-builder-workspace/.derivedData/Build/Intermediates.noindex/GoogleAuthentication.build/Debug-watchos/GoogleAuthentication-t.build/Objects-normal/arm64/GoogleAuthentication-dependencies-1.json -Xllvm -aarch64-use-tbi -enable-objc-interop -stack-check -sdk /Applications/Xcode-27.0.0-Release.Candidate.app/Contents/Developer/Platforms/WatchOS.platform/Developer/SDKs/WatchOS27.0.sdk -I /Users/admin/builder/spi-builder-workspace/.derivedData/Build/Products/Debug-watchos -Isystem /Applications/Xcode-27.0.0-Release.Candidate.app/Contents/Developer/Platforms/WatchOS.platform/Developer/usr/lib -F /Users/admin/builder/spi-builder-workspace/.derivedData/Build/Products/Debug-watchos/PackageFrameworks -F /Users/admin/builder/spi-builder-workspace/.derivedData/Build/Products/Debug-watchos -F /Applications/Xcode-27.0.0-Release.Candidate.app/Contents/Developer/Platforms/WatchOS.platform/Developer/Library/Frameworks -F /Applications/Xcode-27.0.0-Release.Candidate.app/Contents/Developer/Platforms/WatchOS.platform/Developer/SDKs/WatchOS27.0.sdk/Developer/Library/Frameworks -module-cache-path /Users/admin/builder/spi-builder-workspace/.derivedData/Build/Intermediates.noindex/SwiftExplicitPrecompiledModules -no-color-diagnostics -Xcc -fno-color-diagnostics -enable-testing -g -debug-info-format\=dwarf -dwarf-version\=4 -profile-generate -profile-coverage-mapping -swift-version 5 -Onone -D SWIFT_PACKAGE -D DEBUG -D SWIFT_MODULE_RESOURCE_BUNDLE_UNAVAILABLE -D Xcode -serialize-debugging-options -enable-experimental-feature DebugDescriptionMacro -empty-abi-descriptor -validate-clang-modules-once -clang-build-session-file /Users/admin/builder/spi-builder-workspace/.derivedData/ModuleCache.noindex/Session.modulevalidation -Xcc -working-directory -Xcc /Users/admin/builder/spi-builder-workspace/.swiftpm/xcode -enable-anonymous-context-mangled-names -file-compilation-dir /Users/admin/builder/spi-builder-workspace/.swiftpm/xcode -Xcc -D_LIBCPP_HARDENING_MODE\=_LIBCPP_HARDENING_MODE_DEBUG -Xcc -ivfsstatcache -Xcc /Users/admin/builder/spi-builder-workspace/.derivedData/SDKStatCaches.noindex/watchos27.0-24R360-e829b21a6f8c9b70876ba0858053c04477534ef55a1706bf4c1112bbb242f0a2.sdkstatcache -Xcc -fmodules-prune-interval\=86400 -Xcc -fmodules-prune-after\=345600 -Xcc -I/Users/admin/builder/spi-builder-workspace/.derivedData/Build/Products/Debug-watchos/include -Xcc -I/Users/admin/builder/spi-builder-workspace/.derivedData/Build/Intermediates.noindex/GoogleAuthentication.build/Debug-watchos/GoogleAuthentication-t.build/DerivedSources-normal/arm64 -Xcc -I/Users/admin/builder/spi-builder-workspace/.derivedData/Build/Intermediates.noindex/GoogleAuthentication.build/Debug-watchos/GoogleAuthentication-t.build/DerivedSources/arm64 -Xcc -I/Users/admin/builder/spi-builder-workspace/.derivedData/Build/Intermediates.noindex/GoogleAuthentication.build/Debug-watchos/GoogleAuthentication-t.build/DerivedSources -Xcc -DSWIFT_PACKAGE -Xcc -DDEBUG\=1 -no-auto-bridging-header-chaining -module-name GoogleAuthentication -const-gather-protocols-file /Users/admin/builder/spi-builder-workspace/.derivedData/Build/Intermediates.noindex/GoogleAuthentication.build/Debug-watchos/GoogleAuthentication-t.build/Objects-normal/arm64/GoogleAuthentication_const_extract_protocols.json -disable-clang-spi -clang-target arm64-apple-watchos27.0 -target-sdk-version 27.0 -target-sdk-name watchos27.0 -in-process-plugin-server-path /Applications/Xcode-27.0.0-Release.Candidate.app/Contents/Developer/Toolchains/XcodeDefault.xctoolchain/usr/lib/swift/host/libSwiftInProcPluginServer.dylib -emit-module-doc-path /Users/admin/builder/spi-builder-workspace/.derivedData/Build/Intermediates.noindex/GoogleAuthentication.build/Debug-watchos/GoogleAuthentication-t.build/Objects-normal/arm64/GoogleAuthentication.swiftdoc -emit-module-source-info-path /Users/admin/builder/spi-builder-workspace/.derivedData/Build/Intermediates.noindex/GoogleAuthentication.build/Debug-watchos/GoogleAuthentication-t.build/Objects-normal/arm64/GoogleAuthentication.swiftsourceinfo -emit-objc-header-path /Users/admin/builder/spi-builder-workspace/.derivedData/Build/Intermediates.noindex/GoogleAuthentication.build/Debug-watchos/GoogleAuthentication-t.build/Objects-normal/arm64/GoogleAuthentication-Swift.h -serialize-diagnostics-path /Users/admin/builder/spi-builder-workspace/.derivedData/Build/Intermediates.noindex/GoogleAuthentication.build/Debug-watchos/GoogleAuthentication-t.build/Objects-normal/arm64/GoogleAuthentication-primary-emit-module.dia -emit-dependencies-path /Users/admin/builder/spi-builder-workspace/.derivedData/Build/Intermediates.noindex/GoogleAuthentication.build/Debug-watchos/GoogleAuthentication-t.build/Objects-normal/arm64/GoogleAuthentication-primary-emit-module.d -parse-as-library -o /Users/admin/builder/spi-builder-workspace/.derivedData/Build/Intermediates.noindex/GoogleAuthentication.build/Debug-watchos/GoogleAuthentication-t.build/Objects-normal/arm64/GoogleAuthentication.swiftmodule -emit-abi-descriptor-path /Users/admin/builder/spi-builder-workspace/.derivedData/Build/Intermediates.noindex/GoogleAuthentication.build/Debug-watchos/GoogleAuthentication-t.build/Objects-normal/arm64/GoogleAuthentication.abi.json
SwiftCompile normal arm64 Compiling\ Authentication.swift /Users/admin/builder/spi-builder-workspace/Sources/GoogleAuthentication/Authentication.swift (in target 'GoogleAuthentication' from project 'GoogleAuthentication')
SwiftCompile normal arm64 /Users/admin/builder/spi-builder-workspace/Sources/GoogleAuthentication/Authentication.swift (in target 'GoogleAuthentication' from project 'GoogleAuthentication')
cd /Users/admin/builder/spi-builder-workspace/.swiftpm/xcode
builtin-SwiftPerFileCompile Authentication.swift
SwiftCompile normal arm64 Compiling\ ASWebAuthenticationURLHandler.swift /Users/admin/builder/spi-builder-workspace/Sources/GoogleAuthentication/ASWebAuthenticationURLHandler.swift (in target 'GoogleAuthentication' from project 'GoogleAuthentication')
/Users/admin/builder/spi-builder-workspace/Sources/GoogleAuthentication/ASWebAuthenticationURLHandler.swift:17:57: error: 'ASWebAuthenticationPresentationContextProviding' is unavailable in watchOS
15 | let callbackURLScheme: String
16 |
17 | weak var authenticationPresentationContextProvider: ASWebAuthenticationPresentationContextProviding?
| `- error: 'ASWebAuthenticationPresentationContextProviding' is unavailable in watchOS
18 |
19 | public init(callbackURLScheme: String, authenticationPresentationContextProvider: ASWebAuthenticationPresentationContextProviding?) {
/Applications/Xcode-27.0.0-Release.Candidate.app/Contents/Developer/Platforms/WatchOS.platform/Developer/SDKs/WatchOS27.0.sdk/System/Library/Frameworks/AuthenticationServices.framework/Headers/ASWebAuthenticationSession.h:115:11: note: 'ASWebAuthenticationPresentationContextProviding' has been explicitly marked unavailable here
113 | API_AVAILABLE(ios(13.0), macos(10.15)) API_UNAVAILABLE(tvos, watchos)
114 | NS_SWIFT_UI_ACTOR
115 | @protocol ASWebAuthenticationPresentationContextProviding <NSObject>
| `- note: 'ASWebAuthenticationPresentationContextProviding' has been explicitly marked unavailable here
116 |
117 | #if !TARGET_OS_WATCH
SwiftCompile normal arm64 /Users/admin/builder/spi-builder-workspace/Sources/GoogleAuthentication/ASWebAuthenticationURLHandler.swift (in target 'GoogleAuthentication' from project 'GoogleAuthentication')
cd /Users/admin/builder/spi-builder-workspace/.swiftpm/xcode
builtin-SwiftPerFileCompile ASWebAuthenticationURLHandler.swift
SwiftCompile normal arm64_32 Compiling\ ASWebAuthenticationURLHandler.swift /Users/admin/builder/spi-builder-workspace/Sources/GoogleAuthentication/ASWebAuthenticationURLHandler.swift (in target 'GoogleAuthentication' from project 'GoogleAuthentication')
/Users/admin/builder/spi-builder-workspace/Sources/GoogleAuthentication/ASWebAuthenticationURLHandler.swift:17:57: error: 'ASWebAuthenticationPresentationContextProviding' is unavailable in watchOS
15 | let callbackURLScheme: String
16 |
17 | weak var authenticationPresentationContextProvider: ASWebAuthenticationPresentationContextProviding?
| `- error: 'ASWebAuthenticationPresentationContextProviding' is unavailable in watchOS
18 |
19 | public init(callbackURLScheme: String, authenticationPresentationContextProvider: ASWebAuthenticationPresentationContextProviding?) {
/Applications/Xcode-27.0.0-Release.Candidate.app/Contents/Developer/Platforms/WatchOS.platform/Developer/SDKs/WatchOS27.0.sdk/System/Library/Frameworks/AuthenticationServices.framework/Headers/ASWebAuthenticationSession.h:115:11: note: 'ASWebAuthenticationPresentationContextProviding' has been explicitly marked unavailable here
113 | API_AVAILABLE(ios(13.0), macos(10.15)) API_UNAVAILABLE(tvos, watchos)
114 | NS_SWIFT_UI_ACTOR
115 | @protocol ASWebAuthenticationPresentationContextProviding <NSObject>
| `- note: 'ASWebAuthenticationPresentationContextProviding' has been explicitly marked unavailable here
116 |
117 | #if !TARGET_OS_WATCH
SwiftCompile normal arm64_32 /Users/admin/builder/spi-builder-workspace/Sources/GoogleAuthentication/ASWebAuthenticationURLHandler.swift (in target 'GoogleAuthentication' from project 'GoogleAuthentication')
cd /Users/admin/builder/spi-builder-workspace/.swiftpm/xcode
builtin-SwiftPerFileCompile ASWebAuthenticationURLHandler.swift
SwiftCompile normal arm64_32 Compiling\ Authentication.swift /Users/admin/builder/spi-builder-workspace/Sources/GoogleAuthentication/Authentication.swift (in target 'GoogleAuthentication' from project 'GoogleAuthentication')
SwiftCompile normal arm64_32 /Users/admin/builder/spi-builder-workspace/Sources/GoogleAuthentication/Authentication.swift (in target 'GoogleAuthentication' from project 'GoogleAuthentication')
cd /Users/admin/builder/spi-builder-workspace/.swiftpm/xcode
builtin-SwiftPerFileCompile Authentication.swift
SwiftCompile normal arm64 Compiling\ OAuthSwiftHTTPRequest.swift /Users/admin/builder/spi-builder-workspace/.dependencies/checkouts/OAuthSwift/Sources/OAuthSwiftHTTPRequest.swift (in target 'OAuthSwift' from project 'OAuthSwift')
SwiftCompile normal arm64 /Users/admin/builder/spi-builder-workspace/.dependencies/checkouts/OAuthSwift/Sources/OAuthSwiftHTTPRequest.swift (in target 'OAuthSwift' from project 'OAuthSwift')
cd /Users/admin/builder/spi-builder-workspace/.swiftpm/xcode
builtin-SwiftPerFileCompile OAuthSwiftHTTPRequest.swift
SwiftEmitModule normal arm64 Emitting\ module\ for\ OAuthSwift (in target 'OAuthSwift' from project 'OAuthSwift')
SwiftCompile normal arm64 (in target 'OAuthSwift' from project 'OAuthSwift')
cd /Users/admin/builder/spi-builder-workspace/.swiftpm/xcode
SwiftCompile normal arm64 Compiling\ OAuthSwiftCredential.swift /Users/admin/builder/spi-builder-workspace/.dependencies/checkouts/OAuthSwift/Sources/OAuthSwiftCredential.swift (in target 'OAuthSwift' from project 'OAuthSwift')
SwiftCompile normal arm64 /Users/admin/builder/spi-builder-workspace/.dependencies/checkouts/OAuthSwift/Sources/OAuthSwiftCredential.swift (in target 'OAuthSwift' from project 'OAuthSwift')
cd /Users/admin/builder/spi-builder-workspace/.swiftpm/xcode
builtin-SwiftPerFileCompile OAuthSwiftCredential.swift
SwiftCompile normal arm64 Compiling\ OAuthSwiftError.swift /Users/admin/builder/spi-builder-workspace/.dependencies/checkouts/OAuthSwift/Sources/OAuthSwiftError.swift (in target 'OAuthSwift' from project 'OAuthSwift')
SwiftCompile normal arm64 /Users/admin/builder/spi-builder-workspace/.dependencies/checkouts/OAuthSwift/Sources/OAuthSwiftError.swift (in target 'OAuthSwift' from project 'OAuthSwift')
cd /Users/admin/builder/spi-builder-workspace/.swiftpm/xcode
builtin-SwiftPerFileCompile OAuthSwiftError.swift
PruneExplicitPrecompiledModules /Users/admin/builder/spi-builder-workspace/.derivedData/Build/Intermediates.noindex/ExplicitPrecompiledModules
PruneExplicitPrecompiledModules /Users/admin/builder/spi-builder-workspace/.derivedData/Build/Intermediates.noindex/SwiftExplicitPrecompiledModules
PruneExplicitPrecompiledModules /Users/admin/builder/spi-builder-workspace/.derivedData/SDKExplicitPrecompiledModules
2026-09-23 11:34:46.735 xcodebuild[1162:6540] [MT] IDERunDestination: Supported platforms for the buildables in the current scheme is empty.
** BUILD FAILED **
The following build commands failed:
SwiftCompile normal arm64_32 (in target 'GoogleAuthentication' from project 'GoogleAuthentication')
SwiftEmitModule normal arm64_32 Emitting\ module\ for\ GoogleAuthentication (in target 'GoogleAuthentication' from project 'GoogleAuthentication')
SwiftCompile normal arm64 (in target 'GoogleAuthentication' from project 'GoogleAuthentication')
SwiftEmitModule normal arm64 Emitting\ module\ for\ GoogleAuthentication (in target 'GoogleAuthentication' from project 'GoogleAuthentication')
Building workspace GoogleAuthentication with scheme GoogleAuthentication
(5 failures)
BUILD FAILURE 6.4 watchOS