Build Information
Failed to build HarfBuzz, reference main (2e81bc), with Swift 6.1 for watchOS using Xcode 16.3 on 28 Sep 2026 15:43:18 UTC.
Build Command
No build command. This typically means the build failed at an early stage where we determine the build command.Build Log
========================================
RunAll
========================================
Builder version: 5.1.0
Interrupt handler set up.
========================================
Checkout
========================================
Clone URL: https://github.com/rhx/SwiftHarfBuzz.git
Reference: main
Initialized empty Git repository in /Users/admin/builder/spi-builder-workspace/.git/
From https://github.com/rhx/SwiftHarfBuzz
* branch main -> FETCH_HEAD
* [new branch] main -> origin/main
HEAD is now at 2e81bc1 Support harfbuzz-14.5
Cloned https://github.com/rhx/SwiftHarfBuzz.git
Revision (git rev-parse @):
2e81bc12795c121e0483e586d67665bc5a692d64
SUCCESS checkout https://github.com/rhx/SwiftHarfBuzz.git at main
========================================
Build
========================================
Selected platform: watchOS
Swift version: 6.1
Building package at path: $PWD
https://github.com/rhx/SwiftHarfBuzz.git
https://github.com/rhx/SwiftHarfBuzz.git
{
"dependencies" : [
{
"identity" : "gir2swift",
"requirement" : {
"branch" : [
"main"
]
},
"type" : "sourceControl",
"url" : "https://github.com/rhx/gir2swift.git"
},
{
"identity" : "swiftgobject",
"requirement" : {
"branch" : [
"main"
]
},
"type" : "sourceControl",
"url" : "https://github.com/rhx/SwiftGObject.git"
},
{
"identity" : "swift-docc-plugin",
"requirement" : {
"range" : [
{
"lower_bound" : "1.0.0",
"upper_bound" : "2.0.0"
}
]
},
"type" : "sourceControl",
"url" : "https://github.com/apple/swift-docc-plugin"
}
],
"manifest_display_name" : "HarfBuzz",
"name" : "HarfBuzz",
"path" : "/Users/admin/builder/spi-builder-workspace",
"platforms" : [
],
"products" : [
{
"name" : "HarfBuzz",
"targets" : [
"HarfBuzz"
],
"type" : {
"library" : [
"automatic"
]
}
}
],
"targets" : [
{
"c99name" : "HarfBuzzTests",
"module_type" : "SwiftTarget",
"name" : "HarfBuzzTests",
"path" : "Tests/HarfBuzzTests",
"sources" : [
"HarfBuzzTests.swift"
],
"target_dependencies" : [
"HarfBuzz"
],
"type" : "test"
},
{
"c99name" : "HarfBuzz",
"module_type" : "SwiftTarget",
"name" : "HarfBuzz",
"path" : "Sources/HarfBuzz",
"product_dependencies" : [
"GLibObject",
"gir2swift-plugin"
],
"product_memberships" : [
"HarfBuzz"
],
"sources" : [
"HarfBuzz.swift"
],
"target_dependencies" : [
"CHarfBuzz"
],
"type" : "library"
},
{
"c99name" : "CHarfBuzz",
"module_type" : "SystemLibraryTarget",
"name" : "CHarfBuzz",
"path" : "Sources/CHarfBuzz",
"product_memberships" : [
"HarfBuzz"
],
"sources" : [
],
"type" : "system-target"
}
],
"tools_version" : "5.6"
}
Command line invocation:
/Applications/Xcode-16.3.0.app/Contents/Developer/usr/bin/xcodebuild -IDEClonedSourcePackagesDirPathOverride=/Users/admin/builder/spi-builder-workspace/.dependencies -resolvePackageDependencies
Resolve Package Graph
Fetching from https://github.com/rhx/gir2swift.git
Fetching from https://github.com/rhx/SwiftGObject.git
Fetching from https://github.com/rhx/SwiftLibXML.git
Fetching from https://github.com/rhx/SwiftGLib.git
Fetching from https://github.com/apple/swift-docc-plugin
Fetching from https://github.com/jpsim/Yams.git (cached)
Fetching from https://github.com/apple/swift-argument-parser (cached)
Fetching from https://github.com/swiftlang/swift-docc-symbolkit (cached)
Creating working copy of package ‘gir2swift’
Checking out main (e2b894e) of package ‘gir2swift’
Creating working copy of package ‘swift-argument-parser’
Checking out 1.8.2 of package ‘swift-argument-parser’
Creating working copy of package ‘swift-docc-plugin’
Checking out 1.5.0 of package ‘swift-docc-plugin’
Creating working copy of package ‘SwiftGLib’
Checking out main (26a304a) of package ‘SwiftGLib’
Creating working copy of package ‘SwiftLibXML’
Checking out main (35dea8f) of package ‘SwiftLibXML’
Creating working copy of package ‘swift-docc-symbolkit’
Checking out 1.0.0 of package ‘swift-docc-symbolkit’
Creating working copy of package ‘SwiftGObject’
Checking out main (0277c77) of package ‘SwiftGObject’
Creating working copy of package ‘Yams’
Checking out 4.0.6 of package ‘Yams’
dataCorrupted(Swift.DecodingError.Context(codingPath: [], debugDescription: "The given data was not valid JSON.", underlyingError: Optional(Error Domain=NSCocoaErrorDomain Code=3840 "Unexpected end of file" UserInfo={NSDebugDescription=Unexpected end of file})))Resolve Package Graph
dataCorrupted(Swift.DecodingError.Context(codingPath: [], debugDescription: "The given data was not valid JSON.", underlyingError: Optional(Error Domain=NSCocoaErrorDomain Code=3840 "Unexpected end of file" UserInfo={NSDebugDescription=Unexpected end of file})))
Resolved source packages:
spi-builder-workspace: (null)
2026-09-28 08:43:08.028 xcodebuild[526:3039] Writing error result bundle to /var/folders/5k/5yc19ymj0jqd5v0zvgfqz0xw0000gn/T/ResultBundle_2026-28-09_08-43-0008.xcresult
xcodebuild: error: Could not resolve package dependencies:
dataCorrupted(Swift.DecodingError.Context(codingPath: [], debugDescription: "The given data was not valid JSON.", underlyingError: Optional(Error Domain=NSCocoaErrorDomain Code=3840 "Unexpected end of file" UserInfo={NSDebugDescription=Unexpected end of file})))
Command line invocation:
/Applications/Xcode-16.3.0.app/Contents/Developer/usr/bin/xcodebuild -IDEClonedSourcePackagesDirPathOverride=/Users/admin/builder/spi-builder-workspace/.dependencies -resolvePackageDependencies
Resolve Package Graph
dataCorrupted(Swift.DecodingError.Context(codingPath: [], debugDescription: "The given data was not valid JSON.", underlyingError: Optional(Error Domain=NSCocoaErrorDomain Code=3840 "Unexpected end of file" UserInfo={NSDebugDescription=Unexpected end of file})))
Resolved source packages:
spi-builder-workspace: (null)
2026-09-28 08:43:17.988 xcodebuild[1076:5901] Writing error result bundle to /var/folders/5k/5yc19ymj0jqd5v0zvgfqz0xw0000gn/T/ResultBundle_2026-28-09_08-43-0017.xcresult
xcodebuild: error: Could not resolve package dependencies:
dataCorrupted(Swift.DecodingError.Context(codingPath: [], debugDescription: "The given data was not valid JSON.", underlyingError: Optional(Error Domain=NSCocoaErrorDomain Code=3840 "Unexpected end of file" UserInfo={NSDebugDescription=Unexpected end of file})))
BUILD FAILURE 6.1 watchOS