The Swift Package Index logo.Swift Package Index

Build Information

Failed to build AsyncStateMachine, reference main (e7cb90), with Swift 6.4 for Wasm on 18 Sep 2026 21:57:33 UTC.

Build Command

bash -c docker run --pull=always --rm -v "checkouts-54344847-0":/host -w "$PWD" -e JAVA_HOME="/root/.sdkman/candidates/java/current" -e SPI_BUILD="1" -e SPI_PROCESSING="1" registry.gitlab.com/saguaro1/spi-images:wasm-6.4-latest swift build --swift-sdk swift-6.4.x-DEVELOPMENT-SNAPSHOT-2026-09-04-a_wasm 2>&1

Build Log

========================================
RunAll
========================================
Builder version: 5.1.0
Interrupt handler set up.
========================================
Checkout
========================================
Clone URL: https://github.com/sideeffect-io/AsyncStateMachine.git
Reference: main
Initialized empty Git repository in /host/spi-builder-workspace/.git/
hint: Using 'master' as the name for the initial branch. This default branch name
hint: is subject to change. To configure the initial branch name to use in all
hint: of your new repositories, which will suppress this warning, call:
hint:
hint: 	git config --global init.defaultBranch <name>
hint:
hint: Names commonly chosen instead of 'master' are 'main', 'trunk' and
hint: 'development'. The just-created branch can be renamed via this command:
hint:
hint: 	git branch -m <name>
From https://github.com/sideeffect-io/AsyncStateMachine
 * branch            main       -> FETCH_HEAD
 * [new branch]      main       -> origin/main
HEAD is now at e7cb906 Merge pull request #20 from sideeffect-io/fix/rename-async-buffered-channel
Cloned https://github.com/sideeffect-io/AsyncStateMachine.git
Revision (git rev-parse @):
e7cb9063ca158aac1e7f55c56341ad4d23ba0715
SUCCESS checkout https://github.com/sideeffect-io/AsyncStateMachine.git at main
========================================
Build
========================================
Selected platform:         wasm
Swift version:             6.4
Building package at path:  $PWD
https://github.com/sideeffect-io/AsyncStateMachine.git
Running build ...
bash -c docker run --pull=always --rm -v "checkouts-54344847-0":/host -w "$PWD" -e JAVA_HOME="/root/.sdkman/candidates/java/current" -e SPI_BUILD="1" -e SPI_PROCESSING="1" registry.gitlab.com/saguaro1/spi-images:wasm-6.4-latest swift build --swift-sdk swift-6.4.x-DEVELOPMENT-SNAPSHOT-2026-09-04-a_wasm 2>&1
wasm-6.4-latest: Pulling from saguaro1/spi-images
Digest: sha256:4328fdb43c680d205c1d6761b1e3267aa38277eefdda9ddfb17b6a0f1a77857a
Status: Image is up to date for registry.gitlab.com/saguaro1/spi-images:wasm-6.4-latest
Fetching https://github.com/pointfreeco/xctest-dynamic-overlay.git
[1/2727] Fetching xctest-dynamic-overlay
Fetched https://github.com/pointfreeco/xctest-dynamic-overlay.git (0.69s)
Computing version for https://github.com/pointfreeco/xctest-dynamic-overlay.git
Computed https://github.com/pointfreeco/xctest-dynamic-overlay.git at 0.9.0 (0.90s)
Creating working copy for https://github.com/pointfreeco/xctest-dynamic-overlay.git
Working copy of https://github.com/pointfreeco/xctest-dynamic-overlay.git resolved at 0.9.0
Building for debugging...
[Pre-planning 1 / 96]
[16 / 37] AsyncStateMachine-product
[32 / 47] XCTestDynamicOverlay
[41 / 57] AsyncStateMachine
error: SwiftCompile normal wasm32 /host/spi-builder-workspace/Sources/Supporting/ManagedCriticalState.swift failed with a nonzero exit code. Command line:     cd /host
    builtin-SwiftPerFileCompile ManagedCriticalState.swift
/host/spi-builder-workspace/Sources/Supporting/ManagedCriticalState.swift:1:8: error: no such module 'Darwin'
 1 | import Darwin
   |        `- error: no such module 'Darwin'
 2 |
 3 | final class LockedBuffer<State>: ManagedBuffer<State, os_unfair_lock> {
Failed frontend command:
/usr/bin/swift-frontend -frontend -c /host/spi-builder-workspace/Sources/AsyncStateMachine/AsyncStateMachine.swift /host/spi-builder-workspace/Sources/AsyncStateMachine/Engine.swift /host/spi-builder-workspace/Sources/AsyncStateMachine/ViewStateMachine.swift /host/spi-builder-workspace/Sources/Runtime/Channel.swift /host/spi-builder-workspace/Sources/Runtime/ExecutionStrategy.swift /host/spi-builder-workspace/Sources/Runtime/Middleware.swift /host/spi-builder-workspace/Sources/Runtime/Runtime.swift /host/spi-builder-workspace/Sources/Runtime/SideEffect.swift /host/spi-builder-workspace/Sources/StateMachine/DSLCompatible.swift /host/spi-builder-workspace/Sources/StateMachine/Execute.swift /host/spi-builder-workspace/Sources/StateMachine/Guard.swift /host/spi-builder-workspace/Sources/StateMachine/Never+DSLCompatible.swift /host/spi-builder-workspace/Sources/StateMachine/On.swift /host/spi-builder-workspace/Sources/StateMachine/OneOf.swift /host/spi-builder-workspace/Sources/StateMachine/StateMachine.swift /host/spi-builder-workspace/Sources/StateMachine/Transition.swift /host/spi-builder-workspace/Sources/StateMachine/When.swift /host/spi-builder-workspace/Sources/Supporting/AnyAsyncSequence.swift /host/spi-builder-workspace/Sources/Supporting/AsyncBufferedChannel.swift /host/spi-builder-workspace/Sources/Supporting/AsyncCompactScanSequence.swift /host/spi-builder-workspace/Sources/Supporting/AsyncJustSequence.swift /host/spi-builder-workspace/Sources/Supporting/AsyncOnEachSequence.swift /host/spi-builder-workspace/Sources/Supporting/AsyncSerialSequence.swift /host/spi-builder-workspace/Sources/Supporting/Binding+Debounce.swift -primary-file /host/spi-builder-workspace/Sources/Supporting/Binding+Distinct.swift -primary-file /host/spi-builder-workspace/Sources/Supporting/Inject.swift -primary-file /host/spi-builder-workspace/Sources/Supporting/ManagedCriticalState.swift /host/spi-builder-workspace/Sources/Supporting/OrderedStorage.swift /host/spi-builder-workspace/Sources/Supporting/ThrowingInject.swift /host/spi-builder-workspace/Sources/XCTest/XCTStateMachine.swift -supplementary-output-file-map /host/spi-builder-workspace/.build/out/Intermediates.noindex/AsyncStateMachine.build/Debug-webassembly-wasm32/AsyncStateMachine-t.build/Objects-normal/wasm32/supplementaryOutputs-7 -target wasm32-unknown-wasip1 -disable-objc-interop -sdk /root/.swiftpm/swift-sdks/swift-6.4.x-DEVELOPMENT-SNAPSHOT-2026-09-04-a_wasm.artifactbundle/swift-6.4.x-DEVELOPMENT-SNAPSHOT-2026-09-04-a_wasm/wasm32-unknown-wasip1/WASI.sdk -sysroot /root/.swiftpm/swift-sdks/swift-6.4.x-DEVELOPMENT-SNAPSHOT-2026-09-04-a_wasm.artifactbundle/swift-6.4.x-DEVELOPMENT-SNAPSHOT-2026-09-04-a_wasm/wasm32-unknown-wasip1/WASI.sdk -I /host/spi-builder-workspace/.build/out/Products/Debug-webassembly-wasm32 -module-cache-path /host/spi-builder-workspace/.build/out/ModuleCache.noindex -color-diagnostics -Xcc -fcolor-diagnostics -enable-testing -g -debug-info-format\=dwarf -dwarf-version\=4 -swift-version 5 -Onone -D SWIFT_PACKAGE -D DEBUG -D SWIFT_MODULE_RESOURCE_BUNDLE_UNAVAILABLE -D Xcode -serialize-debugging-options -enable-experimental-feature DebugDescriptionMacro -empty-abi-descriptor -external-plugin-path /usr/lib/swift/host/plugins/testing\#/usr/bin/swift-plugin-server -validate-clang-modules-once -clang-build-session-file /host/spi-builder-workspace/.build/out/ModuleCache.noindex/Session.modulevalidation -Xcc -working-directory -Xcc /host -resource-dir /root/.swiftpm/swift-sdks/swift-6.4.x-DEVELOPMENT-SNAPSHOT-2026-09-04-a_wasm.artifactbundle/swift-6.4.x-DEVELOPMENT-SNAPSHOT-2026-09-04-a_wasm/wasm32-unknown-wasip1/swift.xctoolchain/usr/lib/swift_static -use-static-resource-dir -enable-anonymous-context-mangled-names -file-compilation-dir /host -Xcc -resource-dir -Xcc /root/.swiftpm/swift-sdks/swift-6.4.x-DEVELOPMENT-SNAPSHOT-2026-09-04-a_wasm.artifactbundle/swift-6.4.x-DEVELOPMENT-SNAPSHOT-2026-09-04-a_wasm/wasm32-unknown-wasip1/swift.xctoolchain/usr/lib/swift_static/clang -Xcc -D_LIBCPP_HARDENING_MODE\=_LIBCPP_HARDENING_MODE_DEBUG -Xcc -fmodules-prune-interval\=86400 -Xcc -fmodules-prune-after\=345600 -Xcc -I/host/spi-builder-workspace/.build/out/Products/Debug-webassembly-wasm32/include -Xcc -I/host/spi-builder-workspace/.build/out/Intermediates.noindex/AsyncStateMachine.build/Debug-webassembly-wasm32/AsyncStateMachine-t.build/DerivedSources-normal/wasm32 -Xcc -I/host/spi-builder-workspace/.build/out/Intermediates.noindex/AsyncStateMachine.build/Debug-webassembly-wasm32/AsyncStateMachine-t.build/DerivedSources/wasm32 -Xcc -I/host/spi-builder-workspace/.build/out/Intermediates.noindex/AsyncStateMachine.build/Debug-webassembly-wasm32/AsyncStateMachine-t.build/DerivedSources -Xcc -DSWIFT_PACKAGE -Xcc -DDEBUG\=1 -no-auto-bridging-header-chaining -module-name AsyncStateMachine -const-gather-protocols-file /host/spi-builder-workspace/.build/out/Intermediates.noindex/AsyncStateMachine.build/Debug-webassembly-wasm32/AsyncStateMachine-t.build/Objects-normal/wasm32/AsyncStateMachine_const_extract_protocols.json -in-process-plugin-server-path /usr/lib/swift/host/libSwiftInProcPluginServer.so -plugin-path /usr/lib/swift/host/plugins -plugin-path /usr/local/lib/swift/host/plugins -parse-as-library -o /host/spi-builder-workspace/.build/out/Intermediates.noindex/AsyncStateMachine.build/Debug-webassembly-wasm32/AsyncStateMachine-t.build/Objects-normal/wasm32/Binding+Distinct.o -o /host/spi-builder-workspace/.build/out/Intermediates.noindex/AsyncStateMachine.build/Debug-webassembly-wasm32/AsyncStateMachine-t.build/Objects-normal/wasm32/Inject.o -o /host/spi-builder-workspace/.build/out/Intermediates.noindex/AsyncStateMachine.build/Debug-webassembly-wasm32/AsyncStateMachine-t.build/Objects-normal/wasm32/ManagedCriticalState.o -index-unit-output-path /AsyncStateMachine.build/Debug-webassembly-wasm32/AsyncStateMachine-t.build/Objects-normal/wasm32/Binding+Distinct.o -index-unit-output-path /AsyncStateMachine.build/Debug-webassembly-wasm32/AsyncStateMachine-t.build/Objects-normal/wasm32/Inject.o -index-unit-output-path /AsyncStateMachine.build/Debug-webassembly-wasm32/AsyncStateMachine-t.build/Objects-normal/wasm32/ManagedCriticalState.o -index-store-path /host/spi-builder-workspace/.build/out -index-system-modules
error: SwiftCompile normal wasm32 failed with a nonzero exit code. Command line:     cd /host

/host/spi-builder-workspace/Sources/Supporting/ManagedCriticalState.swift:1:8: error: no such module 'Darwin'
 1 | import Darwin
   |        `- error: no such module 'Darwin'
 2 |
 3 | final class LockedBuffer<State>: ManagedBuffer<State, os_unfair_lock> {
Failed frontend command:
/usr/bin/swift-frontend -frontend -emit-module -experimental-skip-non-inlinable-function-bodies-without-types /host/spi-builder-workspace/Sources/AsyncStateMachine/AsyncStateMachine.swift /host/spi-builder-workspace/Sources/AsyncStateMachine/Engine.swift /host/spi-builder-workspace/Sources/AsyncStateMachine/ViewStateMachine.swift /host/spi-builder-workspace/Sources/Runtime/Channel.swift /host/spi-builder-workspace/Sources/Runtime/ExecutionStrategy.swift /host/spi-builder-workspace/Sources/Runtime/Middleware.swift /host/spi-builder-workspace/Sources/Runtime/Runtime.swift /host/spi-builder-workspace/Sources/Runtime/SideEffect.swift /host/spi-builder-workspace/Sources/StateMachine/DSLCompatible.swift /host/spi-builder-workspace/Sources/StateMachine/Execute.swift /host/spi-builder-workspace/Sources/StateMachine/Guard.swift /host/spi-builder-workspace/Sources/StateMachine/Never+DSLCompatible.swift /host/spi-builder-workspace/Sources/StateMachine/On.swift /host/spi-builder-workspace/Sources/StateMachine/OneOf.swift /host/spi-builder-workspace/Sources/StateMachine/StateMachine.swift /host/spi-builder-workspace/Sources/StateMachine/Transition.swift /host/spi-builder-workspace/Sources/StateMachine/When.swift /host/spi-builder-workspace/Sources/Supporting/AnyAsyncSequence.swift /host/spi-builder-workspace/Sources/Supporting/AsyncBufferedChannel.swift /host/spi-builder-workspace/Sources/Supporting/AsyncCompactScanSequence.swift /host/spi-builder-workspace/Sources/Supporting/AsyncJustSequence.swift /host/spi-builder-workspace/Sources/Supporting/AsyncOnEachSequence.swift /host/spi-builder-workspace/Sources/Supporting/AsyncSerialSequence.swift /host/spi-builder-workspace/Sources/Supporting/Binding+Debounce.swift /host/spi-builder-workspace/Sources/Supporting/Binding+Distinct.swift /host/spi-builder-workspace/Sources/Supporting/Inject.swift /host/spi-builder-workspace/Sources/Supporting/ManagedCriticalState.swift /host/spi-builder-workspace/Sources/Supporting/OrderedStorage.swift /host/spi-builder-workspace/Sources/Supporting/ThrowingInject.swift /host/spi-builder-workspace/Sources/XCTest/XCTStateMachine.swift -target wasm32-unknown-wasip1 -disable-objc-interop -sdk /root/.swiftpm/swift-sdks/swift-6.4.x-DEVELOPMENT-SNAPSHOT-2026-09-04-a_wasm.artifactbundle/swift-6.4.x-DEVELOPMENT-SNAPSHOT-2026-09-04-a_wasm/wasm32-unknown-wasip1/WASI.sdk -sysroot /root/.swiftpm/swift-sdks/swift-6.4.x-DEVELOPMENT-SNAPSHOT-2026-09-04-a_wasm.artifactbundle/swift-6.4.x-DEVELOPMENT-SNAPSHOT-2026-09-04-a_wasm/wasm32-unknown-wasip1/WASI.sdk -I /host/spi-builder-workspace/.build/out/Products/Debug-webassembly-wasm32 -module-cache-path /host/spi-builder-workspace/.build/out/ModuleCache.noindex -color-diagnostics -Xcc -fcolor-diagnostics -enable-testing -g -debug-info-format\=dwarf -dwarf-version\=4 -swift-version 5 -Onone -D SWIFT_PACKAGE -D DEBUG -D SWIFT_MODULE_RESOURCE_BUNDLE_UNAVAILABLE -D Xcode -serialize-debugging-options -enable-experimental-feature DebugDescriptionMacro -empty-abi-descriptor -external-plugin-path /usr/lib/swift/host/plugins/testing\#/usr/bin/swift-plugin-server -validate-clang-modules-once -clang-build-session-file /host/spi-builder-workspace/.build/out/ModuleCache.noindex/Session.modulevalidation -Xcc -working-directory -Xcc /host -resource-dir /root/.swiftpm/swift-sdks/swift-6.4.x-DEVELOPMENT-SNAPSHOT-2026-09-04-a_wasm.artifactbundle/swift-6.4.x-DEVELOPMENT-SNAPSHOT-2026-09-04-a_wasm/wasm32-unknown-wasip1/swift.xctoolchain/usr/lib/swift_static -use-static-resource-dir -enable-anonymous-context-mangled-names -file-compilation-dir /host -Xcc -resource-dir -Xcc /root/.swiftpm/swift-sdks/swift-6.4.x-DEVELOPMENT-SNAPSHOT-2026-09-04-a_wasm.artifactbundle/swift-6.4.x-DEVELOPMENT-SNAPSHOT-2026-09-04-a_wasm/wasm32-unknown-wasip1/swift.xctoolchain/usr/lib/swift_static/clang -Xcc -D_LIBCPP_HARDENING_MODE\=_LIBCPP_HARDENING_MODE_DEBUG -Xcc -fmodules-prune-interval\=86400 -Xcc -fmodules-prune-after\=345600 -Xcc -I/host/spi-builder-workspace/.build/out/Products/Debug-webassembly-wasm32/include -Xcc -I/host/spi-builder-workspace/.build/out/Intermediates.noindex/AsyncStateMachine.build/Debug-webassembly-wasm32/AsyncStateMachine-t.build/DerivedSources-normal/wasm32 -Xcc -I/host/spi-builder-workspace/.build/out/Intermediates.noindex/AsyncStateMachine.build/Debug-webassembly-wasm32/AsyncStateMachine-t.build/DerivedSources/wasm32 -Xcc -I/host/spi-builder-workspace/.build/out/Intermediates.noindex/AsyncStateMachine.build/Debug-webassembly-wasm32/AsyncStateMachine-t.build/DerivedSources -Xcc -DSWIFT_PACKAGE -Xcc -DDEBUG\=1 -no-auto-bridging-header-chaining -module-name AsyncStateMachine -const-gather-protocols-file /host/spi-builder-workspace/.build/out/Intermediates.noindex/AsyncStateMachine.build/Debug-webassembly-wasm32/AsyncStateMachine-t.build/Objects-normal/wasm32/AsyncStateMachine_const_extract_protocols.json -in-process-plugin-server-path /usr/lib/swift/host/libSwiftInProcPluginServer.so -plugin-path /usr/lib/swift/host/plugins -plugin-path /usr/local/lib/swift/host/plugins -emit-module-doc-path /host/spi-builder-workspace/.build/out/Intermediates.noindex/AsyncStateMachine.build/Debug-webassembly-wasm32/AsyncStateMachine-t.build/Objects-normal/wasm32/Modules/AsyncStateMachine.swiftdoc -emit-module-source-info-path /host/spi-builder-workspace/.build/out/Intermediates.noindex/AsyncStateMachine.build/Debug-webassembly-wasm32/AsyncStateMachine-t.build/Objects-normal/wasm32/Modules/AsyncStateMachine.swiftsourceinfo -emit-objc-header-path /host/spi-builder-workspace/.build/out/Intermediates.noindex/AsyncStateMachine.build/Debug-webassembly-wasm32/AsyncStateMachine-t.build/Objects-normal/wasm32/AsyncStateMachine-Swift.h -serialize-diagnostics-path /host/spi-builder-workspace/.build/out/Intermediates.noindex/AsyncStateMachine.build/Debug-webassembly-wasm32/AsyncStateMachine-t.build/Objects-normal/wasm32/AsyncStateMachine-primary-emit-module.dia -emit-dependencies-path /host/spi-builder-workspace/.build/out/Intermediates.noindex/AsyncStateMachine.build/Debug-webassembly-wasm32/AsyncStateMachine-t.build/Objects-normal/wasm32/AsyncStateMachine-primary-emit-module.d -parse-as-library -o /host/spi-builder-workspace/.build/out/Intermediates.noindex/AsyncStateMachine.build/Debug-webassembly-wasm32/AsyncStateMachine-t.build/Objects-normal/wasm32/Modules/AsyncStateMachine.swiftmodule
error: Build failed
BUILD FAILURE 6.4 wasm