The Swift Package Index logo.Swift Package Index

Build Information

Failed to build SwiftyProvisioningProfile, reference master (d0a52e), with Swift 6.4 for Android on 22 Sep 2026 03:44:38 UTC.

Build Command

bash -c docker run --pull=always --rm -v "checkouts-54344847-0":/host -w "$PWD" -e JAVA_HOME="/root/.sdkman/candidates/java/current" -e SPI_BUILD="1" -e SPI_PROCESSING="1" registry.gitlab.com/saguaro1/spi-images:android-6.4-latest swift build --swift-sdk aarch64-unknown-linux-android28 2>&1

Build Log

========================================
RunAll
========================================
Builder version: 5.1.0
Interrupt handler set up.
========================================
Checkout
========================================
Clone URL: https://github.com/sherlouk/swiftprovisioningprofile.git
Reference: master
Initialized empty Git repository in /host/spi-builder-workspace/.git/
hint: Using 'master' as the name for the initial branch. This default branch name
hint: is subject to change. To configure the initial branch name to use in all
hint: of your new repositories, which will suppress this warning, call:
hint:
hint: 	git config --global init.defaultBranch <name>
hint:
hint: Names commonly chosen instead of 'master' are 'main', 'trunk' and
hint: 'development'. The just-created branch can be renamed via this command:
hint:
hint: 	git branch -m <name>
From https://github.com/sherlouk/swiftprovisioningprofile
 * branch            master     -> FETCH_HEAD
 * [new branch]      master     -> origin/master
HEAD is now at d0a52ee Merge pull request #14 from adincebic/adin/add-serial-number-to-certificate
Cloned https://github.com/sherlouk/swiftprovisioningprofile.git
Revision (git rev-parse @):
d0a52eefbf1539baa1075e1ad40b12baa5536739
SPI manifest file found: $PWD/.spi.yml
SUCCESS checkout https://github.com/sherlouk/swiftprovisioningprofile.git at master
========================================
Build
========================================
Selected platform:         android
Swift version:             6.4
Building package at path:  $PWD
https://github.com/sherlouk/swiftprovisioningprofile.git
Running build ...
bash -c docker run --pull=always --rm -v "checkouts-54344847-0":/host -w "$PWD" -e JAVA_HOME="/root/.sdkman/candidates/java/current" -e SPI_BUILD="1" -e SPI_PROCESSING="1" registry.gitlab.com/saguaro1/spi-images:android-6.4-latest swift build --swift-sdk aarch64-unknown-linux-android28 2>&1
android-6.4-latest: Pulling from saguaro1/spi-images
Digest: sha256:abadcff584c273feba50641b454858d377ba30b35ea7287a94f45ebd8afd0ea0
Status: Image is up to date for registry.gitlab.com/saguaro1/spi-images:android-6.4-latest
Building for debugging...
[Planning deferred tasks]
error: SwiftCompile normal aarch64 failed with a nonzero exit code. Command line:     cd /host

/host/spi-builder-workspace/Sources/SwiftyProvisioningProfile/Model/Certificate.swift:32:20: error: cannot find type 'CFString' in scope
30 |     public let orgUnit: String
31 |
32 |     init(results: [CFString: Any], commonName: String?) throws {
   |                    `- error: cannot find type 'CFString' in scope
33 |         self.commonName = commonName
34 |
/host/spi-builder-workspace/Sources/SwiftyProvisioningProfile/Model/Certificate.swift:51:38: error: cannot find type 'CFString' in scope
49 |     }
50 |
51 |     static func getValue<T>(for key: CFString, from values: [CFString: Any]) throws -> T {
   |                                      `- error: cannot find type 'CFString' in scope
52 |         let node = values[key] as? [CFString: Any]
53 |
/host/spi-builder-workspace/Sources/SwiftyProvisioningProfile/Model/Certificate.swift:51:62: error: cannot find type 'CFString' in scope
49 |     }
50 |
51 |     static func getValue<T>(for key: CFString, from values: [CFString: Any]) throws -> T {
   |                                                              `- error: cannot find type 'CFString' in scope
52 |         let node = values[key] as? [CFString: Any]
53 |
/host/spi-builder-workspace/Sources/SwiftyProvisioningProfile/Model/Certificate.swift:73:38: error: cannot find type 'CFString' in scope
71 |     }
72 |
73 |     static func getValue<T>(for key: CFString, fromDict values: [[CFString: Any]]) throws -> T {
   |                                      `- error: cannot find type 'CFString' in scope
74 |
75 |         guard let results = values.first(where: { ($0[kSecPropertyKeyLabel] as? String) == (key as String) }) else {
/host/spi-builder-workspace/Sources/SwiftyProvisioningProfile/Model/Certificate.swift:73:67: error: cannot find type 'CFString' in scope
71 |     }
72 |
73 |     static func getValue<T>(for key: CFString, fromDict values: [[CFString: Any]]) throws -> T {
   |                                                                   `- error: cannot find type 'CFString' in scope
74 |
75 |         guard let results = values.first(where: { ($0[kSecPropertyKeyLabel] as? String) == (key as String) }) else {
/host/spi-builder-workspace/Sources/SwiftyProvisioningProfile/SwiftyCMSDecoder.swift:10:18: error: cannot find type 'CMSDecoder' in scope
 8 | final class SwiftyCMSDecoder {
 9 |
10 |     var decoder: CMSDecoder
   |                  `- error: cannot find type 'CMSDecoder' in scope
11 |
12 |     /// Initialises a new `SwiftyCMSDecoder` which in turn creates a new `CMSDecoder`
/host/spi-builder-workspace/Sources/SwiftyProvisioningProfile/SwiftyCertificate.swift:38:65: error: cannot find type 'SecCertificate' in scope
36 |     }
37 |
38 |     private static func getSecCertificate(data: Data) throws -> SecCertificate {
   |                                                                 `- error: cannot find type 'SecCertificate' in scope
39 |         guard let certificate = SecCertificateCreateWithData(kCFAllocatorDefault, data as CFData) else {
40 |             throw ParseError.failedToCreateCertificate
Failed frontend command:
/root/.local/share/swiftly/toolchains/6.4.x-snapshot-2026-09-04/usr/bin/swift-frontend -frontend -emit-module -experimental-skip-non-inlinable-function-bodies-without-types /host/spi-builder-workspace/Sources/SwiftyProvisioningProfile/Model/Certificate.swift /host/spi-builder-workspace/Sources/SwiftyProvisioningProfile/Model/DeveloperCertificate.swift /host/spi-builder-workspace/Sources/SwiftyProvisioningProfile/Model/PropertyListDictionaryValue.swift /host/spi-builder-workspace/Sources/SwiftyProvisioningProfile/Model/ProvisioningProfile.swift /host/spi-builder-workspace/Sources/SwiftyProvisioningProfile/SwiftyCMSDecoder.swift /host/spi-builder-workspace/Sources/SwiftyProvisioningProfile/SwiftyCertificate.swift /host/spi-builder-workspace/Sources/SwiftyProvisioningProfile/SwiftyProvisioningProfile.swift -target aarch64-unknown-linux-android28 -Xllvm -aarch64-use-tbi -disable-objc-interop -sdk /android-ndk/android-ndk-r27d/toolchains/llvm/prebuilt/linux-x86_64/sysroot -sysroot /android-ndk/android-ndk-r27d/toolchains/llvm/prebuilt/linux-x86_64/sysroot -I /host/spi-builder-workspace/.build/out/Products/Debug-android-aarch64 -module-cache-path /host/spi-builder-workspace/.build/out/ModuleCache.noindex -color-diagnostics -Xcc -fcolor-diagnostics -enable-testing -g -debug-info-format\=dwarf -dwarf-version\=4 -swift-version 5 -Onone -D SWIFT_PACKAGE -D DEBUG -D SWIFT_MODULE_RESOURCE_BUNDLE_UNAVAILABLE -D Xcode -serialize-debugging-options -enable-experimental-feature DebugDescriptionMacro -empty-abi-descriptor -external-plugin-path /root/.local/share/swiftly/toolchains/6.4.x-snapshot-2026-09-04/usr/lib/swift/host/plugins/testing\#/root/.local/share/swiftly/toolchains/6.4.x-snapshot-2026-09-04/usr/bin/swift-plugin-server -validate-clang-modules-once -clang-build-session-file /host/spi-builder-workspace/.build/out/ModuleCache.noindex/Session.modulevalidation -Xcc -working-directory -Xcc /host -resource-dir /root/.swiftpm/swift-sdks/swift-6.4.x-DEVELOPMENT-SNAPSHOT-2026-09-04-a_android.artifactbundle/swift-android/swift-resources/usr/lib/swift-aarch64 -enable-anonymous-context-mangled-names -file-compilation-dir /host -Xcc -resource-dir -Xcc /android-ndk/android-ndk-r27d/toolchains/llvm/prebuilt/linux-x86_64/lib/clang/18 -Xcc -fno-omit-frame-pointer -Xcc -D_LIBCPP_HARDENING_MODE\=_LIBCPP_HARDENING_MODE_DEBUG -Xcc -fmodules-prune-interval\=86400 -Xcc -fmodules-prune-after\=345600 -Xcc -I/host/spi-builder-workspace/.build/out/Products/Debug-android-aarch64/include -Xcc -I/host/spi-builder-workspace/.build/out/Intermediates.noindex/SwiftyProvisioningProfile.build/Debug-android-aarch64/SwiftyProvisioningProfile-t.build/DerivedSources-normal/aarch64 -Xcc -I/host/spi-builder-workspace/.build/out/Intermediates.noindex/SwiftyProvisioningProfile.build/Debug-android-aarch64/SwiftyProvisioningProfile-t.build/DerivedSources/aarch64 -Xcc -I/host/spi-builder-workspace/.build/out/Intermediates.noindex/SwiftyProvisioningProfile.build/Debug-android-aarch64/SwiftyProvisioningProfile-t.build/DerivedSources -Xcc -DSWIFT_PACKAGE -Xcc -DDEBUG\=1 -no-auto-bridging-header-chaining -module-name SwiftyProvisioningProfile -const-gather-protocols-file /host/spi-builder-workspace/.build/out/Intermediates.noindex/SwiftyProvisioningProfile.build/Debug-android-aarch64/SwiftyProvisioningProfile-t.build/Objects-normal/aarch64/SwiftyProvisioningProfile_const_extract_protocols.json -in-process-plugin-server-path /root/.local/share/swiftly/toolchains/6.4.x-snapshot-2026-09-04/usr/lib/swift/host/libSwiftInProcPluginServer.so -plugin-path /root/.local/share/swiftly/toolchains/6.4.x-snapshot-2026-09-04/usr/lib/swift/host/plugins -plugin-path /root/.local/share/swiftly/toolchains/6.4.x-snapshot-2026-09-04/usr/local/lib/swift/host/plugins -emit-module-doc-path /host/spi-builder-workspace/.build/out/Intermediates.noindex/SwiftyProvisioningProfile.build/Debug-android-aarch64/SwiftyProvisioningProfile-t.build/Objects-normal/aarch64/Modules/SwiftyProvisioningProfile.swiftdoc -emit-module-source-info-path /host/spi-builder-workspace/.build/out/Intermediates.noindex/SwiftyProvisioningProfile.build/Debug-android-aarch64/SwiftyProvisioningProfile-t.build/Objects-normal/aarch64/Modules/SwiftyProvisioningProfile.swiftsourceinfo -emit-objc-header-path /host/spi-builder-workspace/.build/out/Intermediates.noindex/SwiftyProvisioningProfile.build/Debug-android-aarch64/SwiftyProvisioningProfile-t.build/Objects-normal/aarch64/SwiftyProvisioningProfile-Swift.h -serialize-diagnostics-path /host/spi-builder-workspace/.build/out/Intermediates.noindex/SwiftyProvisioningProfile.build/Debug-android-aarch64/SwiftyProvisioningProfile-t.build/Objects-normal/aarch64/SwiftyProvisioningProfile-primary-emit-module.dia -emit-dependencies-path /host/spi-builder-workspace/.build/out/Intermediates.noindex/SwiftyProvisioningProfile.build/Debug-android-aarch64/SwiftyProvisioningProfile-t.build/Objects-normal/aarch64/SwiftyProvisioningProfile-primary-emit-module.d -parse-as-library -o /host/spi-builder-workspace/.build/out/Intermediates.noindex/SwiftyProvisioningProfile.build/Debug-android-aarch64/SwiftyProvisioningProfile-t.build/Objects-normal/aarch64/Modules/SwiftyProvisioningProfile.swiftmodule
error: Build failed
BUILD FAILURE 6.4 android