Build Information
Failed to build DocX, reference master (ff5d80), with Swift 6.2 for watchOS using Xcode 26.3 on 24 Oct 2026 00:38:13 UTC.
Build Command
env DEVELOPER_DIR=/Applications/Xcode-26.3.0.app xcrun xcodebuild -IDEClonedSourcePackagesDirPathOverride=$PWD/.dependencies -skipMacroValidation -skipPackagePluginValidation -derivedDataPath $PWD/.derivedData build -scheme DocX -destination generic/platform=watchOSBuild Log
cd /Users/admin/builder/spi-builder-workspace/.dependencies/checkouts/AEXML
builtin-copy -exclude .DS_Store -exclude CVS -exclude .svn -exclude .git -exclude .hg -resolve-src-symlinks -rename /Users/admin/builder/spi-builder-workspace/.derivedData/Build/Intermediates.noindex/AEXML.build/Debug-watchos/AEXML.build/Objects-normal/arm64/AEXML.abi.json /Users/admin/builder/spi-builder-workspace/.derivedData/Build/Products/Debug-watchos/AEXML.swiftmodule/arm64-apple-watchos.abi.json
Copy /Users/admin/builder/spi-builder-workspace/.derivedData/Build/Products/Debug-watchos/AEXML.swiftmodule/Project/arm64-apple-watchos.swiftsourceinfo /Users/admin/builder/spi-builder-workspace/.derivedData/Build/Intermediates.noindex/AEXML.build/Debug-watchos/AEXML.build/Objects-normal/arm64/AEXML.swiftsourceinfo (in target 'AEXML' from project 'AEXML')
cd /Users/admin/builder/spi-builder-workspace/.dependencies/checkouts/AEXML
builtin-copy -exclude .DS_Store -exclude CVS -exclude .svn -exclude .git -exclude .hg -resolve-src-symlinks -rename /Users/admin/builder/spi-builder-workspace/.derivedData/Build/Intermediates.noindex/AEXML.build/Debug-watchos/AEXML.build/Objects-normal/arm64/AEXML.swiftsourceinfo /Users/admin/builder/spi-builder-workspace/.derivedData/Build/Products/Debug-watchos/AEXML.swiftmodule/Project/arm64-apple-watchos.swiftsourceinfo
SwiftEmitModule normal arm64_32 Emitting\ module\ for\ AEXML (in target 'AEXML' from project 'AEXML')
EmitSwiftModule normal arm64_32 (in target 'AEXML' from project 'AEXML')
cd /Users/admin/builder/spi-builder-workspace/.swiftpm/xcode
SwiftCompile normal arm64 Compiling\ FileManager+ZIPDeprecated.swift,\ URL+ZIP.swift /Users/admin/builder/spi-builder-workspace/.dependencies/checkouts/ZIPFoundation/Sources/ZIPFoundation/FileManager+ZIPDeprecated.swift /Users/admin/builder/spi-builder-workspace/.dependencies/checkouts/ZIPFoundation/Sources/ZIPFoundation/URL+ZIP.swift (in target 'ZIPFoundation' from project 'ZIPFoundation')
SwiftCompile normal arm64 /Users/admin/builder/spi-builder-workspace/.dependencies/checkouts/ZIPFoundation/Sources/ZIPFoundation/FileManager+ZIPDeprecated.swift (in target 'ZIPFoundation' from project 'ZIPFoundation')
cd /Users/admin/builder/spi-builder-workspace/.swiftpm/xcode
SwiftCompile normal arm64 /Users/admin/builder/spi-builder-workspace/.dependencies/checkouts/ZIPFoundation/Sources/ZIPFoundation/URL+ZIP.swift (in target 'ZIPFoundation' from project 'ZIPFoundation')
cd /Users/admin/builder/spi-builder-workspace/.swiftpm/xcode
SwiftDriverJobDiscovery normal armv7k Emitting module for AEXML (in target 'AEXML' from project 'AEXML')
SwiftDriver\ Compilation\ Requirements AEXML normal armv7k com.apple.xcode.tools.swift.compiler (in target 'AEXML' from project 'AEXML')
cd /Users/admin/builder/spi-builder-workspace/.swiftpm/xcode
builtin-Swift-Compilation-Requirements -- /Applications/Xcode-26.3.0.app/Contents/Developer/Toolchains/XcodeDefault.xctoolchain/usr/bin/swiftc -module-name AEXML -Onone -enforce-exclusivity\=checked @/Users/admin/builder/spi-builder-workspace/.derivedData/Build/Intermediates.noindex/AEXML.build/Debug-watchos/AEXML.build/Objects-normal/armv7k/AEXML.SwiftFileList -DSWIFT_PACKAGE -DDEBUG -DSWIFT_MODULE_RESOURCE_BUNDLE_UNAVAILABLE -DXcode -plugin-path /Applications/Xcode-26.3.0.app/Contents/Developer/Toolchains/XcodeDefault.xctoolchain/usr/lib/swift/host/plugins/testing -enable-experimental-feature DebugDescriptionMacro -sdk /Applications/Xcode-26.3.0.app/Contents/Developer/Platforms/WatchOS.platform/Developer/SDKs/WatchOS26.2.sdk -target armv7k-apple-watchos4.0 -g -module-cache-path /Users/admin/builder/spi-builder-workspace/.derivedData/ModuleCache.noindex -Xfrontend -serialize-debugging-options -enable-testing -suppress-warnings -index-store-path /Users/admin/builder/spi-builder-workspace/.derivedData/Index.noindex/DataStore -Xcc -D_LIBCPP_HARDENING_MODE\=_LIBCPP_HARDENING_MODE_DEBUG -swift-version 5 -I /Users/admin/builder/spi-builder-workspace/.derivedData/Build/Products/Debug-watchos -Isystem /Applications/Xcode-26.3.0.app/Contents/Developer/Platforms/WatchOS.platform/Developer/usr/lib -F /Users/admin/builder/spi-builder-workspace/.derivedData/Build/Products/Debug-watchos -F /Applications/Xcode-26.3.0.app/Contents/Developer/Platforms/WatchOS.platform/Developer/Library/Frameworks -F /Applications/Xcode-26.3.0.app/Contents/Developer/Platforms/WatchOS.platform/Developer/SDKs/WatchOS26.2.sdk/Developer/Library/Frameworks -c -j10 -enable-batch-mode -incremental -Xcc -ivfsstatcache -Xcc /Users/admin/builder/spi-builder-workspace/.derivedData/SDKStatCaches.noindex/watchos26.2-23S303-dc75598d0054f22ec865fa860f139d721753b489057de6bda919edfa1c59a62b.sdkstatcache -output-file-map /Users/admin/builder/spi-builder-workspace/.derivedData/Build/Intermediates.noindex/AEXML.build/Debug-watchos/AEXML.build/Objects-normal/armv7k/AEXML-OutputFileMap.json -use-frontend-parseable-output -save-temps -no-color-diagnostics -explicit-module-build -module-cache-path /Users/admin/builder/spi-builder-workspace/.derivedData/Build/Intermediates.noindex/SwiftExplicitPrecompiledModules -clang-scanner-module-cache-path /Users/admin/builder/spi-builder-workspace/.derivedData/ModuleCache.noindex -sdk-module-cache-path /Users/admin/builder/spi-builder-workspace/.derivedData/ModuleCache.noindex -serialize-diagnostics -emit-dependencies -emit-module -emit-module-path /Users/admin/builder/spi-builder-workspace/.derivedData/Build/Intermediates.noindex/AEXML.build/Debug-watchos/AEXML.build/Objects-normal/armv7k/AEXML.swiftmodule -validate-clang-modules-once -clang-build-session-file /Users/admin/builder/spi-builder-workspace/.derivedData/ModuleCache.noindex/Session.modulevalidation -package-name aexml -Xcc -I/Users/admin/builder/spi-builder-workspace/.derivedData/Build/Intermediates.noindex/AEXML.build/Debug-watchos/AEXML.build/swift-overrides.hmap -emit-const-values -Xfrontend -const-gather-protocols-file -Xfrontend /Users/admin/builder/spi-builder-workspace/.derivedData/Build/Intermediates.noindex/AEXML.build/Debug-watchos/AEXML.build/Objects-normal/armv7k/AEXML_const_extract_protocols.json -Xcc -I/Users/admin/builder/spi-builder-workspace/.derivedData/Build/Products/Debug-watchos/include -Xcc -I/Users/admin/builder/spi-builder-workspace/.derivedData/Build/Intermediates.noindex/AEXML.build/Debug-watchos/AEXML.build/DerivedSources-normal/armv7k -Xcc -I/Users/admin/builder/spi-builder-workspace/.derivedData/Build/Intermediates.noindex/AEXML.build/Debug-watchos/AEXML.build/DerivedSources/armv7k -Xcc -I/Users/admin/builder/spi-builder-workspace/.derivedData/Build/Intermediates.noindex/AEXML.build/Debug-watchos/AEXML.build/DerivedSources -Xcc -DSWIFT_PACKAGE -Xcc -DDEBUG\=1 -emit-objc-header -emit-objc-header-path /Users/admin/builder/spi-builder-workspace/.derivedData/Build/Intermediates.noindex/AEXML.build/Debug-watchos/AEXML.build/Objects-normal/armv7k/AEXML-Swift.h -working-directory /Users/admin/builder/spi-builder-workspace/.swiftpm/xcode -experimental-emit-module-separately -disable-cmo
SwiftDriverJobDiscovery normal arm64_32 Emitting module for AEXML (in target 'AEXML' from project 'AEXML')
SwiftDriver\ Compilation\ Requirements AEXML normal arm64_32 com.apple.xcode.tools.swift.compiler (in target 'AEXML' from project 'AEXML')
cd /Users/admin/builder/spi-builder-workspace/.swiftpm/xcode
builtin-Swift-Compilation-Requirements -- /Applications/Xcode-26.3.0.app/Contents/Developer/Toolchains/XcodeDefault.xctoolchain/usr/bin/swiftc -module-name AEXML -Onone -enforce-exclusivity\=checked @/Users/admin/builder/spi-builder-workspace/.derivedData/Build/Intermediates.noindex/AEXML.build/Debug-watchos/AEXML.build/Objects-normal/arm64_32/AEXML.SwiftFileList -DSWIFT_PACKAGE -DDEBUG -DSWIFT_MODULE_RESOURCE_BUNDLE_UNAVAILABLE -DXcode -plugin-path /Applications/Xcode-26.3.0.app/Contents/Developer/Toolchains/XcodeDefault.xctoolchain/usr/lib/swift/host/plugins/testing -enable-experimental-feature DebugDescriptionMacro -sdk /Applications/Xcode-26.3.0.app/Contents/Developer/Platforms/WatchOS.platform/Developer/SDKs/WatchOS26.2.sdk -target arm64_32-apple-watchos4.0 -g -module-cache-path /Users/admin/builder/spi-builder-workspace/.derivedData/ModuleCache.noindex -Xfrontend -serialize-debugging-options -enable-testing -suppress-warnings -index-store-path /Users/admin/builder/spi-builder-workspace/.derivedData/Index.noindex/DataStore -Xcc -D_LIBCPP_HARDENING_MODE\=_LIBCPP_HARDENING_MODE_DEBUG -swift-version 5 -I /Users/admin/builder/spi-builder-workspace/.derivedData/Build/Products/Debug-watchos -Isystem /Applications/Xcode-26.3.0.app/Contents/Developer/Platforms/WatchOS.platform/Developer/usr/lib -F /Users/admin/builder/spi-builder-workspace/.derivedData/Build/Products/Debug-watchos -F /Applications/Xcode-26.3.0.app/Contents/Developer/Platforms/WatchOS.platform/Developer/Library/Frameworks -F /Applications/Xcode-26.3.0.app/Contents/Developer/Platforms/WatchOS.platform/Developer/SDKs/WatchOS26.2.sdk/Developer/Library/Frameworks -c -j10 -enable-batch-mode -incremental -Xcc -ivfsstatcache -Xcc /Users/admin/builder/spi-builder-workspace/.derivedData/SDKStatCaches.noindex/watchos26.2-23S303-dc75598d0054f22ec865fa860f139d721753b489057de6bda919edfa1c59a62b.sdkstatcache -output-file-map /Users/admin/builder/spi-builder-workspace/.derivedData/Build/Intermediates.noindex/AEXML.build/Debug-watchos/AEXML.build/Objects-normal/arm64_32/AEXML-OutputFileMap.json -use-frontend-parseable-output -save-temps -no-color-diagnostics -explicit-module-build -module-cache-path /Users/admin/builder/spi-builder-workspace/.derivedData/Build/Intermediates.noindex/SwiftExplicitPrecompiledModules -clang-scanner-module-cache-path /Users/admin/builder/spi-builder-workspace/.derivedData/ModuleCache.noindex -sdk-module-cache-path /Users/admin/builder/spi-builder-workspace/.derivedData/ModuleCache.noindex -serialize-diagnostics -emit-dependencies -emit-module -emit-module-path /Users/admin/builder/spi-builder-workspace/.derivedData/Build/Intermediates.noindex/AEXML.build/Debug-watchos/AEXML.build/Objects-normal/arm64_32/AEXML.swiftmodule -validate-clang-modules-once -clang-build-session-file /Users/admin/builder/spi-builder-workspace/.derivedData/ModuleCache.noindex/Session.modulevalidation -package-name aexml -Xcc -I/Users/admin/builder/spi-builder-workspace/.derivedData/Build/Intermediates.noindex/AEXML.build/Debug-watchos/AEXML.build/swift-overrides.hmap -emit-const-values -Xfrontend -const-gather-protocols-file -Xfrontend /Users/admin/builder/spi-builder-workspace/.derivedData/Build/Intermediates.noindex/AEXML.build/Debug-watchos/AEXML.build/Objects-normal/arm64_32/AEXML_const_extract_protocols.json -Xcc -I/Users/admin/builder/spi-builder-workspace/.derivedData/Build/Products/Debug-watchos/include -Xcc -I/Users/admin/builder/spi-builder-workspace/.derivedData/Build/Intermediates.noindex/AEXML.build/Debug-watchos/AEXML.build/DerivedSources-normal/arm64_32 -Xcc -I/Users/admin/builder/spi-builder-workspace/.derivedData/Build/Intermediates.noindex/AEXML.build/Debug-watchos/AEXML.build/DerivedSources/arm64_32 -Xcc -I/Users/admin/builder/spi-builder-workspace/.derivedData/Build/Intermediates.noindex/AEXML.build/Debug-watchos/AEXML.build/DerivedSources -Xcc -DSWIFT_PACKAGE -Xcc -DDEBUG\=1 -emit-objc-header -emit-objc-header-path /Users/admin/builder/spi-builder-workspace/.derivedData/Build/Intermediates.noindex/AEXML.build/Debug-watchos/AEXML.build/Objects-normal/arm64_32/AEXML-Swift.h -working-directory /Users/admin/builder/spi-builder-workspace/.swiftpm/xcode -experimental-emit-module-separately -disable-cmo
Copy /Users/admin/builder/spi-builder-workspace/.derivedData/Build/Products/Debug-watchos/AEXML.swiftmodule/armv7k-apple-watchos.swiftmodule /Users/admin/builder/spi-builder-workspace/.derivedData/Build/Intermediates.noindex/AEXML.build/Debug-watchos/AEXML.build/Objects-normal/armv7k/AEXML.swiftmodule (in target 'AEXML' from project 'AEXML')
cd /Users/admin/builder/spi-builder-workspace/.dependencies/checkouts/AEXML
builtin-copy -exclude .DS_Store -exclude CVS -exclude .svn -exclude .git -exclude .hg -resolve-src-symlinks -rename /Users/admin/builder/spi-builder-workspace/.derivedData/Build/Intermediates.noindex/AEXML.build/Debug-watchos/AEXML.build/Objects-normal/armv7k/AEXML.swiftmodule /Users/admin/builder/spi-builder-workspace/.derivedData/Build/Products/Debug-watchos/AEXML.swiftmodule/armv7k-apple-watchos.swiftmodule
SwiftMergeGeneratedHeaders /Users/admin/builder/spi-builder-workspace/.derivedData/Build/Intermediates.noindex/GeneratedModuleMaps-watchos/AEXML-Swift.h /Users/admin/builder/spi-builder-workspace/.derivedData/Build/Intermediates.noindex/AEXML.build/Debug-watchos/AEXML.build/Objects-normal/arm64/AEXML-Swift.h /Users/admin/builder/spi-builder-workspace/.derivedData/Build/Intermediates.noindex/AEXML.build/Debug-watchos/AEXML.build/Objects-normal/arm64_32/AEXML-Swift.h /Users/admin/builder/spi-builder-workspace/.derivedData/Build/Intermediates.noindex/AEXML.build/Debug-watchos/AEXML.build/Objects-normal/armv7k/AEXML-Swift.h (in target 'AEXML' from project 'AEXML')
cd /Users/admin/builder/spi-builder-workspace/.dependencies/checkouts/AEXML
builtin-swiftHeaderTool -arch arm64 /Users/admin/builder/spi-builder-workspace/.derivedData/Build/Intermediates.noindex/AEXML.build/Debug-watchos/AEXML.build/Objects-normal/arm64/AEXML-Swift.h -arch arm64_32 /Users/admin/builder/spi-builder-workspace/.derivedData/Build/Intermediates.noindex/AEXML.build/Debug-watchos/AEXML.build/Objects-normal/arm64_32/AEXML-Swift.h -arch armv7k /Users/admin/builder/spi-builder-workspace/.derivedData/Build/Intermediates.noindex/AEXML.build/Debug-watchos/AEXML.build/Objects-normal/armv7k/AEXML-Swift.h -o /Users/admin/builder/spi-builder-workspace/.derivedData/Build/Intermediates.noindex/GeneratedModuleMaps-watchos/AEXML-Swift.h
Copy /Users/admin/builder/spi-builder-workspace/.derivedData/Build/Products/Debug-watchos/AEXML.swiftmodule/armv7k-apple-watchos.swiftdoc /Users/admin/builder/spi-builder-workspace/.derivedData/Build/Intermediates.noindex/AEXML.build/Debug-watchos/AEXML.build/Objects-normal/armv7k/AEXML.swiftdoc (in target 'AEXML' from project 'AEXML')
cd /Users/admin/builder/spi-builder-workspace/.dependencies/checkouts/AEXML
builtin-copy -exclude .DS_Store -exclude CVS -exclude .svn -exclude .git -exclude .hg -resolve-src-symlinks -rename /Users/admin/builder/spi-builder-workspace/.derivedData/Build/Intermediates.noindex/AEXML.build/Debug-watchos/AEXML.build/Objects-normal/armv7k/AEXML.swiftdoc /Users/admin/builder/spi-builder-workspace/.derivedData/Build/Products/Debug-watchos/AEXML.swiftmodule/armv7k-apple-watchos.swiftdoc
Copy /Users/admin/builder/spi-builder-workspace/.derivedData/Build/Products/Debug-watchos/AEXML.swiftmodule/armv7k-apple-watchos.abi.json /Users/admin/builder/spi-builder-workspace/.derivedData/Build/Intermediates.noindex/AEXML.build/Debug-watchos/AEXML.build/Objects-normal/armv7k/AEXML.abi.json (in target 'AEXML' from project 'AEXML')
cd /Users/admin/builder/spi-builder-workspace/.dependencies/checkouts/AEXML
builtin-copy -exclude .DS_Store -exclude CVS -exclude .svn -exclude .git -exclude .hg -resolve-src-symlinks -rename /Users/admin/builder/spi-builder-workspace/.derivedData/Build/Intermediates.noindex/AEXML.build/Debug-watchos/AEXML.build/Objects-normal/armv7k/AEXML.abi.json /Users/admin/builder/spi-builder-workspace/.derivedData/Build/Products/Debug-watchos/AEXML.swiftmodule/armv7k-apple-watchos.abi.json
Copy /Users/admin/builder/spi-builder-workspace/.derivedData/Build/Products/Debug-watchos/AEXML.swiftmodule/arm64_32-apple-watchos.swiftmodule /Users/admin/builder/spi-builder-workspace/.derivedData/Build/Intermediates.noindex/AEXML.build/Debug-watchos/AEXML.build/Objects-normal/arm64_32/AEXML.swiftmodule (in target 'AEXML' from project 'AEXML')
cd /Users/admin/builder/spi-builder-workspace/.dependencies/checkouts/AEXML
builtin-copy -exclude .DS_Store -exclude CVS -exclude .svn -exclude .git -exclude .hg -resolve-src-symlinks -rename /Users/admin/builder/spi-builder-workspace/.derivedData/Build/Intermediates.noindex/AEXML.build/Debug-watchos/AEXML.build/Objects-normal/arm64_32/AEXML.swiftmodule /Users/admin/builder/spi-builder-workspace/.derivedData/Build/Products/Debug-watchos/AEXML.swiftmodule/arm64_32-apple-watchos.swiftmodule
Copy /Users/admin/builder/spi-builder-workspace/.derivedData/Build/Products/Debug-watchos/AEXML.swiftmodule/arm64_32-apple-watchos.swiftdoc /Users/admin/builder/spi-builder-workspace/.derivedData/Build/Intermediates.noindex/AEXML.build/Debug-watchos/AEXML.build/Objects-normal/arm64_32/AEXML.swiftdoc (in target 'AEXML' from project 'AEXML')
cd /Users/admin/builder/spi-builder-workspace/.dependencies/checkouts/AEXML
builtin-copy -exclude .DS_Store -exclude CVS -exclude .svn -exclude .git -exclude .hg -resolve-src-symlinks -rename /Users/admin/builder/spi-builder-workspace/.derivedData/Build/Intermediates.noindex/AEXML.build/Debug-watchos/AEXML.build/Objects-normal/arm64_32/AEXML.swiftdoc /Users/admin/builder/spi-builder-workspace/.derivedData/Build/Products/Debug-watchos/AEXML.swiftmodule/arm64_32-apple-watchos.swiftdoc
Copy /Users/admin/builder/spi-builder-workspace/.derivedData/Build/Products/Debug-watchos/AEXML.swiftmodule/arm64_32-apple-watchos.abi.json /Users/admin/builder/spi-builder-workspace/.derivedData/Build/Intermediates.noindex/AEXML.build/Debug-watchos/AEXML.build/Objects-normal/arm64_32/AEXML.abi.json (in target 'AEXML' from project 'AEXML')
cd /Users/admin/builder/spi-builder-workspace/.dependencies/checkouts/AEXML
builtin-copy -exclude .DS_Store -exclude CVS -exclude .svn -exclude .git -exclude .hg -resolve-src-symlinks -rename /Users/admin/builder/spi-builder-workspace/.derivedData/Build/Intermediates.noindex/AEXML.build/Debug-watchos/AEXML.build/Objects-normal/arm64_32/AEXML.abi.json /Users/admin/builder/spi-builder-workspace/.derivedData/Build/Products/Debug-watchos/AEXML.swiftmodule/arm64_32-apple-watchos.abi.json
Copy /Users/admin/builder/spi-builder-workspace/.derivedData/Build/Products/Debug-watchos/AEXML.swiftmodule/Project/armv7k-apple-watchos.swiftsourceinfo /Users/admin/builder/spi-builder-workspace/.derivedData/Build/Intermediates.noindex/AEXML.build/Debug-watchos/AEXML.build/Objects-normal/armv7k/AEXML.swiftsourceinfo (in target 'AEXML' from project 'AEXML')
cd /Users/admin/builder/spi-builder-workspace/.dependencies/checkouts/AEXML
builtin-copy -exclude .DS_Store -exclude CVS -exclude .svn -exclude .git -exclude .hg -resolve-src-symlinks -rename /Users/admin/builder/spi-builder-workspace/.derivedData/Build/Intermediates.noindex/AEXML.build/Debug-watchos/AEXML.build/Objects-normal/armv7k/AEXML.swiftsourceinfo /Users/admin/builder/spi-builder-workspace/.derivedData/Build/Products/Debug-watchos/AEXML.swiftmodule/Project/armv7k-apple-watchos.swiftsourceinfo
Copy /Users/admin/builder/spi-builder-workspace/.derivedData/Build/Products/Debug-watchos/AEXML.swiftmodule/Project/arm64_32-apple-watchos.swiftsourceinfo /Users/admin/builder/spi-builder-workspace/.derivedData/Build/Intermediates.noindex/AEXML.build/Debug-watchos/AEXML.build/Objects-normal/arm64_32/AEXML.swiftsourceinfo (in target 'AEXML' from project 'AEXML')
cd /Users/admin/builder/spi-builder-workspace/.dependencies/checkouts/AEXML
builtin-copy -exclude .DS_Store -exclude CVS -exclude .svn -exclude .git -exclude .hg -resolve-src-symlinks -rename /Users/admin/builder/spi-builder-workspace/.derivedData/Build/Intermediates.noindex/AEXML.build/Debug-watchos/AEXML.build/Objects-normal/arm64_32/AEXML.swiftsourceinfo /Users/admin/builder/spi-builder-workspace/.derivedData/Build/Products/Debug-watchos/AEXML.swiftmodule/Project/arm64_32-apple-watchos.swiftsourceinfo
SwiftCompile normal arm64 Compiling\ Archive+Writing.swift,\ Archive+WritingDeprecated.swift /Users/admin/builder/spi-builder-workspace/.dependencies/checkouts/ZIPFoundation/Sources/ZIPFoundation/Archive+Writing.swift /Users/admin/builder/spi-builder-workspace/.dependencies/checkouts/ZIPFoundation/Sources/ZIPFoundation/Archive+WritingDeprecated.swift (in target 'ZIPFoundation' from project 'ZIPFoundation')
SwiftCompile normal arm64 /Users/admin/builder/spi-builder-workspace/.dependencies/checkouts/ZIPFoundation/Sources/ZIPFoundation/Archive+Writing.swift (in target 'ZIPFoundation' from project 'ZIPFoundation')
cd /Users/admin/builder/spi-builder-workspace/.swiftpm/xcode
SwiftCompile normal arm64 /Users/admin/builder/spi-builder-workspace/.dependencies/checkouts/ZIPFoundation/Sources/ZIPFoundation/Archive+WritingDeprecated.swift (in target 'ZIPFoundation' from project 'ZIPFoundation')
cd /Users/admin/builder/spi-builder-workspace/.swiftpm/xcode
SwiftCompile normal armv7k Compiling\ FileManager+ZIPDeprecated.swift,\ URL+ZIP.swift /Users/admin/builder/spi-builder-workspace/.dependencies/checkouts/ZIPFoundation/Sources/ZIPFoundation/FileManager+ZIPDeprecated.swift /Users/admin/builder/spi-builder-workspace/.dependencies/checkouts/ZIPFoundation/Sources/ZIPFoundation/URL+ZIP.swift (in target 'ZIPFoundation' from project 'ZIPFoundation')
SwiftCompile normal armv7k /Users/admin/builder/spi-builder-workspace/.dependencies/checkouts/ZIPFoundation/Sources/ZIPFoundation/FileManager+ZIPDeprecated.swift (in target 'ZIPFoundation' from project 'ZIPFoundation')
cd /Users/admin/builder/spi-builder-workspace/.swiftpm/xcode
SwiftCompile normal armv7k /Users/admin/builder/spi-builder-workspace/.dependencies/checkouts/ZIPFoundation/Sources/ZIPFoundation/URL+ZIP.swift (in target 'ZIPFoundation' from project 'ZIPFoundation')
cd /Users/admin/builder/spi-builder-workspace/.swiftpm/xcode
SwiftDriverJobDiscovery normal arm64 Compiling FileManager+ZIPDeprecated.swift, URL+ZIP.swift (in target 'ZIPFoundation' from project 'ZIPFoundation')
SwiftCompile normal arm64 Compiling\ Entry+Serialization.swift,\ Entry+ZIP64.swift /Users/admin/builder/spi-builder-workspace/.dependencies/checkouts/ZIPFoundation/Sources/ZIPFoundation/Entry+Serialization.swift /Users/admin/builder/spi-builder-workspace/.dependencies/checkouts/ZIPFoundation/Sources/ZIPFoundation/Entry+ZIP64.swift (in target 'ZIPFoundation' from project 'ZIPFoundation')
SwiftCompile normal arm64 /Users/admin/builder/spi-builder-workspace/.dependencies/checkouts/ZIPFoundation/Sources/ZIPFoundation/Entry+Serialization.swift (in target 'ZIPFoundation' from project 'ZIPFoundation')
cd /Users/admin/builder/spi-builder-workspace/.swiftpm/xcode
SwiftCompile normal arm64 /Users/admin/builder/spi-builder-workspace/.dependencies/checkouts/ZIPFoundation/Sources/ZIPFoundation/Entry+ZIP64.swift (in target 'ZIPFoundation' from project 'ZIPFoundation')
cd /Users/admin/builder/spi-builder-workspace/.swiftpm/xcode
SwiftDriverJobDiscovery normal arm64_32 Compiling Data+Serialization.swift, Date+ZIP.swift (in target 'ZIPFoundation' from project 'ZIPFoundation')
SwiftCompile normal armv7k Compiling\ Archive+ZIP64.swift,\ Archive.swift /Users/admin/builder/spi-builder-workspace/.dependencies/checkouts/ZIPFoundation/Sources/ZIPFoundation/Archive+ZIP64.swift /Users/admin/builder/spi-builder-workspace/.dependencies/checkouts/ZIPFoundation/Sources/ZIPFoundation/Archive.swift (in target 'ZIPFoundation' from project 'ZIPFoundation')
SwiftCompile normal armv7k /Users/admin/builder/spi-builder-workspace/.dependencies/checkouts/ZIPFoundation/Sources/ZIPFoundation/Archive+ZIP64.swift (in target 'ZIPFoundation' from project 'ZIPFoundation')
cd /Users/admin/builder/spi-builder-workspace/.swiftpm/xcode
SwiftCompile normal armv7k /Users/admin/builder/spi-builder-workspace/.dependencies/checkouts/ZIPFoundation/Sources/ZIPFoundation/Archive.swift (in target 'ZIPFoundation' from project 'ZIPFoundation')
cd /Users/admin/builder/spi-builder-workspace/.swiftpm/xcode
SwiftCompile normal arm64_32 Compiling\ Archive+Helpers.swift,\ Archive+MemoryFile.swift,\ Archive+Progress.swift /Users/admin/builder/spi-builder-workspace/.dependencies/checkouts/ZIPFoundation/Sources/ZIPFoundation/Archive+Helpers.swift /Users/admin/builder/spi-builder-workspace/.dependencies/checkouts/ZIPFoundation/Sources/ZIPFoundation/Archive+MemoryFile.swift /Users/admin/builder/spi-builder-workspace/.dependencies/checkouts/ZIPFoundation/Sources/ZIPFoundation/Archive+Progress.swift (in target 'ZIPFoundation' from project 'ZIPFoundation')
SwiftCompile normal arm64_32 /Users/admin/builder/spi-builder-workspace/.dependencies/checkouts/ZIPFoundation/Sources/ZIPFoundation/Archive+Helpers.swift (in target 'ZIPFoundation' from project 'ZIPFoundation')
cd /Users/admin/builder/spi-builder-workspace/.swiftpm/xcode
SwiftCompile normal arm64_32 /Users/admin/builder/spi-builder-workspace/.dependencies/checkouts/ZIPFoundation/Sources/ZIPFoundation/Archive+MemoryFile.swift (in target 'ZIPFoundation' from project 'ZIPFoundation')
cd /Users/admin/builder/spi-builder-workspace/.swiftpm/xcode
SwiftCompile normal arm64_32 /Users/admin/builder/spi-builder-workspace/.dependencies/checkouts/ZIPFoundation/Sources/ZIPFoundation/Archive+Progress.swift (in target 'ZIPFoundation' from project 'ZIPFoundation')
cd /Users/admin/builder/spi-builder-workspace/.swiftpm/xcode
SwiftCompile normal arm64 Compiling\ Archive+ZIP64.swift,\ Archive.swift /Users/admin/builder/spi-builder-workspace/.dependencies/checkouts/ZIPFoundation/Sources/ZIPFoundation/Archive+ZIP64.swift /Users/admin/builder/spi-builder-workspace/.dependencies/checkouts/ZIPFoundation/Sources/ZIPFoundation/Archive.swift (in target 'ZIPFoundation' from project 'ZIPFoundation')
SwiftCompile normal arm64 /Users/admin/builder/spi-builder-workspace/.dependencies/checkouts/ZIPFoundation/Sources/ZIPFoundation/Archive+ZIP64.swift (in target 'ZIPFoundation' from project 'ZIPFoundation')
cd /Users/admin/builder/spi-builder-workspace/.swiftpm/xcode
SwiftCompile normal arm64 /Users/admin/builder/spi-builder-workspace/.dependencies/checkouts/ZIPFoundation/Sources/ZIPFoundation/Archive.swift (in target 'ZIPFoundation' from project 'ZIPFoundation')
cd /Users/admin/builder/spi-builder-workspace/.swiftpm/xcode
SwiftDriverJobDiscovery normal arm64 Compiling Archive+Writing.swift, Archive+WritingDeprecated.swift (in target 'ZIPFoundation' from project 'ZIPFoundation')
SwiftCompile normal arm64 Compiling\ Data+Serialization.swift,\ Date+ZIP.swift /Users/admin/builder/spi-builder-workspace/.dependencies/checkouts/ZIPFoundation/Sources/ZIPFoundation/Data+Serialization.swift /Users/admin/builder/spi-builder-workspace/.dependencies/checkouts/ZIPFoundation/Sources/ZIPFoundation/Date+ZIP.swift (in target 'ZIPFoundation' from project 'ZIPFoundation')
SwiftCompile normal arm64 /Users/admin/builder/spi-builder-workspace/.dependencies/checkouts/ZIPFoundation/Sources/ZIPFoundation/Data+Serialization.swift (in target 'ZIPFoundation' from project 'ZIPFoundation')
cd /Users/admin/builder/spi-builder-workspace/.swiftpm/xcode
SwiftCompile normal arm64 /Users/admin/builder/spi-builder-workspace/.dependencies/checkouts/ZIPFoundation/Sources/ZIPFoundation/Date+ZIP.swift (in target 'ZIPFoundation' from project 'ZIPFoundation')
cd /Users/admin/builder/spi-builder-workspace/.swiftpm/xcode
SwiftDriverJobDiscovery normal arm64_32 Compiling FileManager+ZIPDeprecated.swift, URL+ZIP.swift (in target 'ZIPFoundation' from project 'ZIPFoundation')
SwiftDriverJobDiscovery normal arm64_32 Compiling Entry+Serialization.swift, Entry+ZIP64.swift (in target 'ZIPFoundation' from project 'ZIPFoundation')
SwiftCompile normal armv7k Compiling\ Archive+Helpers.swift,\ Archive+MemoryFile.swift,\ Archive+Progress.swift /Users/admin/builder/spi-builder-workspace/.dependencies/checkouts/ZIPFoundation/Sources/ZIPFoundation/Archive+Helpers.swift /Users/admin/builder/spi-builder-workspace/.dependencies/checkouts/ZIPFoundation/Sources/ZIPFoundation/Archive+MemoryFile.swift /Users/admin/builder/spi-builder-workspace/.dependencies/checkouts/ZIPFoundation/Sources/ZIPFoundation/Archive+Progress.swift (in target 'ZIPFoundation' from project 'ZIPFoundation')
SwiftCompile normal armv7k /Users/admin/builder/spi-builder-workspace/.dependencies/checkouts/ZIPFoundation/Sources/ZIPFoundation/Archive+Helpers.swift (in target 'ZIPFoundation' from project 'ZIPFoundation')
cd /Users/admin/builder/spi-builder-workspace/.swiftpm/xcode
SwiftCompile normal armv7k /Users/admin/builder/spi-builder-workspace/.dependencies/checkouts/ZIPFoundation/Sources/ZIPFoundation/Archive+MemoryFile.swift (in target 'ZIPFoundation' from project 'ZIPFoundation')
cd /Users/admin/builder/spi-builder-workspace/.swiftpm/xcode
SwiftCompile normal armv7k /Users/admin/builder/spi-builder-workspace/.dependencies/checkouts/ZIPFoundation/Sources/ZIPFoundation/Archive+Progress.swift (in target 'ZIPFoundation' from project 'ZIPFoundation')
cd /Users/admin/builder/spi-builder-workspace/.swiftpm/xcode
SwiftCompile normal armv7k Compiling\ Data+Compression.swift,\ Data+CompressionDeprecated.swift /Users/admin/builder/spi-builder-workspace/.dependencies/checkouts/ZIPFoundation/Sources/ZIPFoundation/Data+Compression.swift /Users/admin/builder/spi-builder-workspace/.dependencies/checkouts/ZIPFoundation/Sources/ZIPFoundation/Data+CompressionDeprecated.swift (in target 'ZIPFoundation' from project 'ZIPFoundation')
SwiftCompile normal armv7k /Users/admin/builder/spi-builder-workspace/.dependencies/checkouts/ZIPFoundation/Sources/ZIPFoundation/Data+Compression.swift (in target 'ZIPFoundation' from project 'ZIPFoundation')
cd /Users/admin/builder/spi-builder-workspace/.swiftpm/xcode
SwiftCompile normal armv7k /Users/admin/builder/spi-builder-workspace/.dependencies/checkouts/ZIPFoundation/Sources/ZIPFoundation/Data+CompressionDeprecated.swift (in target 'ZIPFoundation' from project 'ZIPFoundation')
cd /Users/admin/builder/spi-builder-workspace/.swiftpm/xcode
SwiftDriverJobDiscovery normal arm64_32 Compiling Archive+Writing.swift, Archive+WritingDeprecated.swift (in target 'ZIPFoundation' from project 'ZIPFoundation')
SwiftDriverJobDiscovery normal arm64_32 Compiling Archive+ZIP64.swift, Archive.swift (in target 'ZIPFoundation' from project 'ZIPFoundation')
SwiftDriverJobDiscovery normal arm64_32 Compiling Archive+Reading.swift, Archive+ReadingDeprecated.swift (in target 'ZIPFoundation' from project 'ZIPFoundation')
SwiftCompile normal arm64 Compiling\ Entry.swift,\ FileManager+ZIP.swift /Users/admin/builder/spi-builder-workspace/.dependencies/checkouts/ZIPFoundation/Sources/ZIPFoundation/Entry.swift /Users/admin/builder/spi-builder-workspace/.dependencies/checkouts/ZIPFoundation/Sources/ZIPFoundation/FileManager+ZIP.swift (in target 'ZIPFoundation' from project 'ZIPFoundation')
SwiftCompile normal arm64 /Users/admin/builder/spi-builder-workspace/.dependencies/checkouts/ZIPFoundation/Sources/ZIPFoundation/Entry.swift (in target 'ZIPFoundation' from project 'ZIPFoundation')
cd /Users/admin/builder/spi-builder-workspace/.swiftpm/xcode
SwiftCompile normal arm64 /Users/admin/builder/spi-builder-workspace/.dependencies/checkouts/ZIPFoundation/Sources/ZIPFoundation/FileManager+ZIP.swift (in target 'ZIPFoundation' from project 'ZIPFoundation')
cd /Users/admin/builder/spi-builder-workspace/.swiftpm/xcode
SwiftDriverJobDiscovery normal arm64_32 Compiling Data+Compression.swift, Data+CompressionDeprecated.swift (in target 'ZIPFoundation' from project 'ZIPFoundation')
SwiftCompile normal armv7k Compiling\ Data+Serialization.swift,\ Date+ZIP.swift /Users/admin/builder/spi-builder-workspace/.dependencies/checkouts/ZIPFoundation/Sources/ZIPFoundation/Data+Serialization.swift /Users/admin/builder/spi-builder-workspace/.dependencies/checkouts/ZIPFoundation/Sources/ZIPFoundation/Date+ZIP.swift (in target 'ZIPFoundation' from project 'ZIPFoundation')
SwiftCompile normal armv7k /Users/admin/builder/spi-builder-workspace/.dependencies/checkouts/ZIPFoundation/Sources/ZIPFoundation/Data+Serialization.swift (in target 'ZIPFoundation' from project 'ZIPFoundation')
cd /Users/admin/builder/spi-builder-workspace/.swiftpm/xcode
SwiftCompile normal armv7k /Users/admin/builder/spi-builder-workspace/.dependencies/checkouts/ZIPFoundation/Sources/ZIPFoundation/Date+ZIP.swift (in target 'ZIPFoundation' from project 'ZIPFoundation')
cd /Users/admin/builder/spi-builder-workspace/.swiftpm/xcode
SwiftDriverJobDiscovery normal arm64_32 Compiling Entry.swift, FileManager+ZIP.swift (in target 'ZIPFoundation' from project 'ZIPFoundation')
SwiftCompile normal arm64_32 Compiling\ resource_bundle_accessor.swift,\ Archive+BackingConfiguration.swift,\ Archive+Deprecated.swift /Users/admin/builder/spi-builder-workspace/.derivedData/Build/Intermediates.noindex/ZIPFoundation.build/Debug-watchos/ZIPFoundation.build/DerivedSources/resource_bundle_accessor.swift /Users/admin/builder/spi-builder-workspace/.dependencies/checkouts/ZIPFoundation/Sources/ZIPFoundation/Archive+BackingConfiguration.swift /Users/admin/builder/spi-builder-workspace/.dependencies/checkouts/ZIPFoundation/Sources/ZIPFoundation/Archive+Deprecated.swift (in target 'ZIPFoundation' from project 'ZIPFoundation')
SwiftCompile normal arm64_32 /Users/admin/builder/spi-builder-workspace/.derivedData/Build/Intermediates.noindex/ZIPFoundation.build/Debug-watchos/ZIPFoundation.build/DerivedSources/resource_bundle_accessor.swift (in target 'ZIPFoundation' from project 'ZIPFoundation')
cd /Users/admin/builder/spi-builder-workspace/.swiftpm/xcode
SwiftCompile normal arm64_32 /Users/admin/builder/spi-builder-workspace/.dependencies/checkouts/ZIPFoundation/Sources/ZIPFoundation/Archive+BackingConfiguration.swift (in target 'ZIPFoundation' from project 'ZIPFoundation')
cd /Users/admin/builder/spi-builder-workspace/.swiftpm/xcode
SwiftCompile normal arm64_32 /Users/admin/builder/spi-builder-workspace/.dependencies/checkouts/ZIPFoundation/Sources/ZIPFoundation/Archive+Deprecated.swift (in target 'ZIPFoundation' from project 'ZIPFoundation')
cd /Users/admin/builder/spi-builder-workspace/.swiftpm/xcode
SwiftDriverJobDiscovery normal arm64 Compiling Data+Serialization.swift, Date+ZIP.swift (in target 'ZIPFoundation' from project 'ZIPFoundation')
SwiftCompile normal armv7k Compiling\ Entry+Serialization.swift,\ Entry+ZIP64.swift /Users/admin/builder/spi-builder-workspace/.dependencies/checkouts/ZIPFoundation/Sources/ZIPFoundation/Entry+Serialization.swift /Users/admin/builder/spi-builder-workspace/.dependencies/checkouts/ZIPFoundation/Sources/ZIPFoundation/Entry+ZIP64.swift (in target 'ZIPFoundation' from project 'ZIPFoundation')
SwiftCompile normal armv7k /Users/admin/builder/spi-builder-workspace/.dependencies/checkouts/ZIPFoundation/Sources/ZIPFoundation/Entry+Serialization.swift (in target 'ZIPFoundation' from project 'ZIPFoundation')
cd /Users/admin/builder/spi-builder-workspace/.swiftpm/xcode
SwiftCompile normal armv7k /Users/admin/builder/spi-builder-workspace/.dependencies/checkouts/ZIPFoundation/Sources/ZIPFoundation/Entry+ZIP64.swift (in target 'ZIPFoundation' from project 'ZIPFoundation')
cd /Users/admin/builder/spi-builder-workspace/.swiftpm/xcode
SwiftDriverJobDiscovery normal arm64 Compiling Entry+Serialization.swift, Entry+ZIP64.swift (in target 'ZIPFoundation' from project 'ZIPFoundation')
SwiftCompile normal arm64 Compiling\ resource_bundle_accessor.swift,\ Archive+BackingConfiguration.swift,\ Archive+Deprecated.swift /Users/admin/builder/spi-builder-workspace/.derivedData/Build/Intermediates.noindex/ZIPFoundation.build/Debug-watchos/ZIPFoundation.build/DerivedSources/resource_bundle_accessor.swift /Users/admin/builder/spi-builder-workspace/.dependencies/checkouts/ZIPFoundation/Sources/ZIPFoundation/Archive+BackingConfiguration.swift /Users/admin/builder/spi-builder-workspace/.dependencies/checkouts/ZIPFoundation/Sources/ZIPFoundation/Archive+Deprecated.swift (in target 'ZIPFoundation' from project 'ZIPFoundation')
SwiftCompile normal arm64 /Users/admin/builder/spi-builder-workspace/.derivedData/Build/Intermediates.noindex/ZIPFoundation.build/Debug-watchos/ZIPFoundation.build/DerivedSources/resource_bundle_accessor.swift (in target 'ZIPFoundation' from project 'ZIPFoundation')
cd /Users/admin/builder/spi-builder-workspace/.swiftpm/xcode
SwiftCompile normal arm64 /Users/admin/builder/spi-builder-workspace/.dependencies/checkouts/ZIPFoundation/Sources/ZIPFoundation/Archive+BackingConfiguration.swift (in target 'ZIPFoundation' from project 'ZIPFoundation')
cd /Users/admin/builder/spi-builder-workspace/.swiftpm/xcode
SwiftCompile normal arm64 /Users/admin/builder/spi-builder-workspace/.dependencies/checkouts/ZIPFoundation/Sources/ZIPFoundation/Archive+Deprecated.swift (in target 'ZIPFoundation' from project 'ZIPFoundation')
cd /Users/admin/builder/spi-builder-workspace/.swiftpm/xcode
SwiftDriverJobDiscovery normal arm64 Compiling Archive+ZIP64.swift, Archive.swift (in target 'ZIPFoundation' from project 'ZIPFoundation')
SwiftCompile normal arm64 Compiling\ Archive+Reading.swift,\ Archive+ReadingDeprecated.swift /Users/admin/builder/spi-builder-workspace/.dependencies/checkouts/ZIPFoundation/Sources/ZIPFoundation/Archive+Reading.swift /Users/admin/builder/spi-builder-workspace/.dependencies/checkouts/ZIPFoundation/Sources/ZIPFoundation/Archive+ReadingDeprecated.swift (in target 'ZIPFoundation' from project 'ZIPFoundation')
SwiftCompile normal arm64 /Users/admin/builder/spi-builder-workspace/.dependencies/checkouts/ZIPFoundation/Sources/ZIPFoundation/Archive+Reading.swift (in target 'ZIPFoundation' from project 'ZIPFoundation')
cd /Users/admin/builder/spi-builder-workspace/.swiftpm/xcode
SwiftCompile normal arm64 /Users/admin/builder/spi-builder-workspace/.dependencies/checkouts/ZIPFoundation/Sources/ZIPFoundation/Archive+ReadingDeprecated.swift (in target 'ZIPFoundation' from project 'ZIPFoundation')
cd /Users/admin/builder/spi-builder-workspace/.swiftpm/xcode
SwiftDriverJobDiscovery normal arm64_32 Compiling resource_bundle_accessor.swift, Archive+BackingConfiguration.swift, Archive+Deprecated.swift (in target 'ZIPFoundation' from project 'ZIPFoundation')
SwiftCompile normal armv7k Compiling\ resource_bundle_accessor.swift,\ Archive+BackingConfiguration.swift,\ Archive+Deprecated.swift /Users/admin/builder/spi-builder-workspace/.derivedData/Build/Intermediates.noindex/ZIPFoundation.build/Debug-watchos/ZIPFoundation.build/DerivedSources/resource_bundle_accessor.swift /Users/admin/builder/spi-builder-workspace/.dependencies/checkouts/ZIPFoundation/Sources/ZIPFoundation/Archive+BackingConfiguration.swift /Users/admin/builder/spi-builder-workspace/.dependencies/checkouts/ZIPFoundation/Sources/ZIPFoundation/Archive+Deprecated.swift (in target 'ZIPFoundation' from project 'ZIPFoundation')
SwiftCompile normal armv7k /Users/admin/builder/spi-builder-workspace/.derivedData/Build/Intermediates.noindex/ZIPFoundation.build/Debug-watchos/ZIPFoundation.build/DerivedSources/resource_bundle_accessor.swift (in target 'ZIPFoundation' from project 'ZIPFoundation')
cd /Users/admin/builder/spi-builder-workspace/.swiftpm/xcode
SwiftCompile normal armv7k /Users/admin/builder/spi-builder-workspace/.dependencies/checkouts/ZIPFoundation/Sources/ZIPFoundation/Archive+BackingConfiguration.swift (in target 'ZIPFoundation' from project 'ZIPFoundation')
cd /Users/admin/builder/spi-builder-workspace/.swiftpm/xcode
SwiftCompile normal armv7k /Users/admin/builder/spi-builder-workspace/.dependencies/checkouts/ZIPFoundation/Sources/ZIPFoundation/Archive+Deprecated.swift (in target 'ZIPFoundation' from project 'ZIPFoundation')
cd /Users/admin/builder/spi-builder-workspace/.swiftpm/xcode
SwiftDriverJobDiscovery normal arm64_32 Compiling Archive+Helpers.swift, Archive+MemoryFile.swift, Archive+Progress.swift (in target 'ZIPFoundation' from project 'ZIPFoundation')
SwiftDriver\ Compilation ZIPFoundation normal arm64_32 com.apple.xcode.tools.swift.compiler (in target 'ZIPFoundation' from project 'ZIPFoundation')
cd /Users/admin/builder/spi-builder-workspace/.swiftpm/xcode
builtin-Swift-Compilation -- /Applications/Xcode-26.3.0.app/Contents/Developer/Toolchains/XcodeDefault.xctoolchain/usr/bin/swiftc -module-name ZIPFoundation -Onone -enforce-exclusivity\=checked @/Users/admin/builder/spi-builder-workspace/.derivedData/Build/Intermediates.noindex/ZIPFoundation.build/Debug-watchos/ZIPFoundation.build/Objects-normal/arm64_32/ZIPFoundation.SwiftFileList -DSWIFT_PACKAGE -DDEBUG -DSWIFT_MODULE_RESOURCE_BUNDLE_AVAILABLE -DXcode -plugin-path /Applications/Xcode-26.3.0.app/Contents/Developer/Toolchains/XcodeDefault.xctoolchain/usr/lib/swift/host/plugins/testing -enable-experimental-feature DebugDescriptionMacro -sdk /Applications/Xcode-26.3.0.app/Contents/Developer/Platforms/WatchOS.platform/Developer/SDKs/WatchOS26.2.sdk -target arm64_32-apple-watchos4.0 -g -module-cache-path /Users/admin/builder/spi-builder-workspace/.derivedData/ModuleCache.noindex -Xfrontend -serialize-debugging-options -enable-testing -suppress-warnings -index-store-path /Users/admin/builder/spi-builder-workspace/.derivedData/Index.noindex/DataStore -Xcc -D_LIBCPP_HARDENING_MODE\=_LIBCPP_HARDENING_MODE_DEBUG -swift-version 5 -I /Users/admin/builder/spi-builder-workspace/.derivedData/Build/Products/Debug-watchos -Isystem /Applications/Xcode-26.3.0.app/Contents/Developer/Platforms/WatchOS.platform/Developer/usr/lib -F /Users/admin/builder/spi-builder-workspace/.derivedData/Build/Products/Debug-watchos -F /Applications/Xcode-26.3.0.app/Contents/Developer/Platforms/WatchOS.platform/Developer/Library/Frameworks -F /Applications/Xcode-26.3.0.app/Contents/Developer/Platforms/WatchOS.platform/Developer/SDKs/WatchOS26.2.sdk/Developer/Library/Frameworks -c -j10 -enable-batch-mode -incremental -Xcc -ivfsstatcache -Xcc /Users/admin/builder/spi-builder-workspace/.derivedData/SDKStatCaches.noindex/watchos26.2-23S303-dc75598d0054f22ec865fa860f139d721753b489057de6bda919edfa1c59a62b.sdkstatcache -output-file-map /Users/admin/builder/spi-builder-workspace/.derivedData/Build/Intermediates.noindex/ZIPFoundation.build/Debug-watchos/ZIPFoundation.build/Objects-normal/arm64_32/ZIPFoundation-OutputFileMap.json -use-frontend-parseable-output -save-temps -no-color-diagnostics -explicit-module-build -module-cache-path /Users/admin/builder/spi-builder-workspace/.derivedData/Build/Intermediates.noindex/SwiftExplicitPrecompiledModules -clang-scanner-module-cache-path /Users/admin/builder/spi-builder-workspace/.derivedData/ModuleCache.noindex -sdk-module-cache-path /Users/admin/builder/spi-builder-workspace/.derivedData/ModuleCache.noindex -serialize-diagnostics -emit-dependencies -emit-module -emit-module-path /Users/admin/builder/spi-builder-workspace/.derivedData/Build/Intermediates.noindex/ZIPFoundation.build/Debug-watchos/ZIPFoundation.build/Objects-normal/arm64_32/ZIPFoundation.swiftmodule -validate-clang-modules-once -clang-build-session-file /Users/admin/builder/spi-builder-workspace/.derivedData/ModuleCache.noindex/Session.modulevalidation -package-name zipfoundation -Xcc -I/Users/admin/builder/spi-builder-workspace/.derivedData/Build/Intermediates.noindex/ZIPFoundation.build/Debug-watchos/ZIPFoundation.build/swift-overrides.hmap -emit-const-values -Xfrontend -const-gather-protocols-file -Xfrontend /Users/admin/builder/spi-builder-workspace/.derivedData/Build/Intermediates.noindex/ZIPFoundation.build/Debug-watchos/ZIPFoundation.build/Objects-normal/arm64_32/ZIPFoundation_const_extract_protocols.json -Xcc -I/Users/admin/builder/spi-builder-workspace/.derivedData/Build/Products/Debug-watchos/include -Xcc -I/Users/admin/builder/spi-builder-workspace/.derivedData/Build/Intermediates.noindex/ZIPFoundation.build/Debug-watchos/ZIPFoundation.build/DerivedSources-normal/arm64_32 -Xcc -I/Users/admin/builder/spi-builder-workspace/.derivedData/Build/Intermediates.noindex/ZIPFoundation.build/Debug-watchos/ZIPFoundation.build/DerivedSources/arm64_32 -Xcc -I/Users/admin/builder/spi-builder-workspace/.derivedData/Build/Intermediates.noindex/ZIPFoundation.build/Debug-watchos/ZIPFoundation.build/DerivedSources -Xcc -DSWIFT_PACKAGE -Xcc -DDEBUG\=1 -emit-objc-header -emit-objc-header-path /Users/admin/builder/spi-builder-workspace/.derivedData/Build/Intermediates.noindex/ZIPFoundation.build/Debug-watchos/ZIPFoundation.build/Objects-normal/arm64_32/ZIPFoundation-Swift.h -working-directory /Users/admin/builder/spi-builder-workspace/.swiftpm/xcode -experimental-emit-module-separately -disable-cmo
SwiftDriverJobDiscovery normal arm64 Compiling Entry.swift, FileManager+ZIP.swift (in target 'ZIPFoundation' from project 'ZIPFoundation')
SwiftCompile normal armv7k Compiling\ Archive+Reading.swift,\ Archive+ReadingDeprecated.swift /Users/admin/builder/spi-builder-workspace/.dependencies/checkouts/ZIPFoundation/Sources/ZIPFoundation/Archive+Reading.swift /Users/admin/builder/spi-builder-workspace/.dependencies/checkouts/ZIPFoundation/Sources/ZIPFoundation/Archive+ReadingDeprecated.swift (in target 'ZIPFoundation' from project 'ZIPFoundation')
SwiftCompile normal armv7k /Users/admin/builder/spi-builder-workspace/.dependencies/checkouts/ZIPFoundation/Sources/ZIPFoundation/Archive+Reading.swift (in target 'ZIPFoundation' from project 'ZIPFoundation')
cd /Users/admin/builder/spi-builder-workspace/.swiftpm/xcode
SwiftCompile normal armv7k /Users/admin/builder/spi-builder-workspace/.dependencies/checkouts/ZIPFoundation/Sources/ZIPFoundation/Archive+ReadingDeprecated.swift (in target 'ZIPFoundation' from project 'ZIPFoundation')
cd /Users/admin/builder/spi-builder-workspace/.swiftpm/xcode
SwiftCompile normal arm64 Compiling\ Archive+Helpers.swift,\ Archive+MemoryFile.swift,\ Archive+Progress.swift /Users/admin/builder/spi-builder-workspace/.dependencies/checkouts/ZIPFoundation/Sources/ZIPFoundation/Archive+Helpers.swift /Users/admin/builder/spi-builder-workspace/.dependencies/checkouts/ZIPFoundation/Sources/ZIPFoundation/Archive+MemoryFile.swift /Users/admin/builder/spi-builder-workspace/.dependencies/checkouts/ZIPFoundation/Sources/ZIPFoundation/Archive+Progress.swift (in target 'ZIPFoundation' from project 'ZIPFoundation')
SwiftCompile normal arm64 /Users/admin/builder/spi-builder-workspace/.dependencies/checkouts/ZIPFoundation/Sources/ZIPFoundation/Archive+Helpers.swift (in target 'ZIPFoundation' from project 'ZIPFoundation')
cd /Users/admin/builder/spi-builder-workspace/.swiftpm/xcode
SwiftCompile normal arm64 /Users/admin/builder/spi-builder-workspace/.dependencies/checkouts/ZIPFoundation/Sources/ZIPFoundation/Archive+MemoryFile.swift (in target 'ZIPFoundation' from project 'ZIPFoundation')
cd /Users/admin/builder/spi-builder-workspace/.swiftpm/xcode
SwiftCompile normal arm64 /Users/admin/builder/spi-builder-workspace/.dependencies/checkouts/ZIPFoundation/Sources/ZIPFoundation/Archive+Progress.swift (in target 'ZIPFoundation' from project 'ZIPFoundation')
cd /Users/admin/builder/spi-builder-workspace/.swiftpm/xcode
SwiftDriverJobDiscovery normal arm64 Compiling resource_bundle_accessor.swift, Archive+BackingConfiguration.swift, Archive+Deprecated.swift (in target 'ZIPFoundation' from project 'ZIPFoundation')
SwiftCompile normal armv7k Compiling\ Archive+Writing.swift,\ Archive+WritingDeprecated.swift /Users/admin/builder/spi-builder-workspace/.dependencies/checkouts/ZIPFoundation/Sources/ZIPFoundation/Archive+Writing.swift /Users/admin/builder/spi-builder-workspace/.dependencies/checkouts/ZIPFoundation/Sources/ZIPFoundation/Archive+WritingDeprecated.swift (in target 'ZIPFoundation' from project 'ZIPFoundation')
SwiftCompile normal armv7k /Users/admin/builder/spi-builder-workspace/.dependencies/checkouts/ZIPFoundation/Sources/ZIPFoundation/Archive+Writing.swift (in target 'ZIPFoundation' from project 'ZIPFoundation')
cd /Users/admin/builder/spi-builder-workspace/.swiftpm/xcode
SwiftCompile normal armv7k /Users/admin/builder/spi-builder-workspace/.dependencies/checkouts/ZIPFoundation/Sources/ZIPFoundation/Archive+WritingDeprecated.swift (in target 'ZIPFoundation' from project 'ZIPFoundation')
cd /Users/admin/builder/spi-builder-workspace/.swiftpm/xcode
SwiftDriverJobDiscovery normal arm64 Compiling Archive+Reading.swift, Archive+ReadingDeprecated.swift (in target 'ZIPFoundation' from project 'ZIPFoundation')
SwiftCompile normal arm64 Compiling\ Data+Compression.swift,\ Data+CompressionDeprecated.swift /Users/admin/builder/spi-builder-workspace/.dependencies/checkouts/ZIPFoundation/Sources/ZIPFoundation/Data+Compression.swift /Users/admin/builder/spi-builder-workspace/.dependencies/checkouts/ZIPFoundation/Sources/ZIPFoundation/Data+CompressionDeprecated.swift (in target 'ZIPFoundation' from project 'ZIPFoundation')
SwiftCompile normal arm64 /Users/admin/builder/spi-builder-workspace/.dependencies/checkouts/ZIPFoundation/Sources/ZIPFoundation/Data+Compression.swift (in target 'ZIPFoundation' from project 'ZIPFoundation')
cd /Users/admin/builder/spi-builder-workspace/.swiftpm/xcode
SwiftCompile normal arm64 /Users/admin/builder/spi-builder-workspace/.dependencies/checkouts/ZIPFoundation/Sources/ZIPFoundation/Data+CompressionDeprecated.swift (in target 'ZIPFoundation' from project 'ZIPFoundation')
cd /Users/admin/builder/spi-builder-workspace/.swiftpm/xcode
SwiftDriverJobDiscovery normal armv7k Compiling Data+Serialization.swift, Date+ZIP.swift (in target 'ZIPFoundation' from project 'ZIPFoundation')
SwiftCompile normal armv7k Compiling\ Entry.swift,\ FileManager+ZIP.swift /Users/admin/builder/spi-builder-workspace/.dependencies/checkouts/ZIPFoundation/Sources/ZIPFoundation/Entry.swift /Users/admin/builder/spi-builder-workspace/.dependencies/checkouts/ZIPFoundation/Sources/ZIPFoundation/FileManager+ZIP.swift (in target 'ZIPFoundation' from project 'ZIPFoundation')
SwiftCompile normal armv7k /Users/admin/builder/spi-builder-workspace/.dependencies/checkouts/ZIPFoundation/Sources/ZIPFoundation/Entry.swift (in target 'ZIPFoundation' from project 'ZIPFoundation')
cd /Users/admin/builder/spi-builder-workspace/.swiftpm/xcode
SwiftCompile normal armv7k /Users/admin/builder/spi-builder-workspace/.dependencies/checkouts/ZIPFoundation/Sources/ZIPFoundation/FileManager+ZIP.swift (in target 'ZIPFoundation' from project 'ZIPFoundation')
cd /Users/admin/builder/spi-builder-workspace/.swiftpm/xcode
SwiftDriverJobDiscovery normal armv7k Compiling FileManager+ZIPDeprecated.swift, URL+ZIP.swift (in target 'ZIPFoundation' from project 'ZIPFoundation')
SwiftDriverJobDiscovery normal armv7k Compiling Archive+ZIP64.swift, Archive.swift (in target 'ZIPFoundation' from project 'ZIPFoundation')
SwiftCompile normal arm64 Compiling\ Element.swift /Users/admin/builder/spi-builder-workspace/.dependencies/checkouts/AEXML/Sources/AEXML/Element.swift (in target 'AEXML' from project 'AEXML')
SwiftCompile normal arm64 /Users/admin/builder/spi-builder-workspace/.dependencies/checkouts/AEXML/Sources/AEXML/Element.swift (in target 'AEXML' from project 'AEXML')
cd /Users/admin/builder/spi-builder-workspace/.swiftpm/xcode
SwiftCompile normal arm64_32 Compiling\ Parser.swift /Users/admin/builder/spi-builder-workspace/.dependencies/checkouts/AEXML/Sources/AEXML/Parser.swift (in target 'AEXML' from project 'AEXML')
SwiftCompile normal arm64_32 /Users/admin/builder/spi-builder-workspace/.dependencies/checkouts/AEXML/Sources/AEXML/Parser.swift (in target 'AEXML' from project 'AEXML')
cd /Users/admin/builder/spi-builder-workspace/.swiftpm/xcode
SwiftCompile normal armv7k Compiling\ Document.swift /Users/admin/builder/spi-builder-workspace/.dependencies/checkouts/AEXML/Sources/AEXML/Document.swift (in target 'AEXML' from project 'AEXML')
SwiftCompile normal armv7k /Users/admin/builder/spi-builder-workspace/.dependencies/checkouts/AEXML/Sources/AEXML/Document.swift (in target 'AEXML' from project 'AEXML')
cd /Users/admin/builder/spi-builder-workspace/.swiftpm/xcode
SwiftDriverJobDiscovery normal armv7k Compiling Data+Compression.swift, Data+CompressionDeprecated.swift (in target 'ZIPFoundation' from project 'ZIPFoundation')
SwiftDriverJobDiscovery normal armv7k Compiling Archive+Helpers.swift, Archive+MemoryFile.swift, Archive+Progress.swift (in target 'ZIPFoundation' from project 'ZIPFoundation')
SwiftDriverJobDiscovery normal armv7k Compiling resource_bundle_accessor.swift, Archive+BackingConfiguration.swift, Archive+Deprecated.swift (in target 'ZIPFoundation' from project 'ZIPFoundation')
SwiftCompile normal arm64_32 Compiling\ Element.swift /Users/admin/builder/spi-builder-workspace/.dependencies/checkouts/AEXML/Sources/AEXML/Element.swift (in target 'AEXML' from project 'AEXML')
SwiftCompile normal arm64_32 /Users/admin/builder/spi-builder-workspace/.dependencies/checkouts/AEXML/Sources/AEXML/Element.swift (in target 'AEXML' from project 'AEXML')
cd /Users/admin/builder/spi-builder-workspace/.swiftpm/xcode
SwiftDriverJobDiscovery normal armv7k Compiling Document.swift (in target 'AEXML' from project 'AEXML')
SwiftCompile normal armv7k Compiling\ Error.swift /Users/admin/builder/spi-builder-workspace/.dependencies/checkouts/AEXML/Sources/AEXML/Error.swift (in target 'AEXML' from project 'AEXML')
SwiftCompile normal armv7k /Users/admin/builder/spi-builder-workspace/.dependencies/checkouts/AEXML/Sources/AEXML/Error.swift (in target 'AEXML' from project 'AEXML')
cd /Users/admin/builder/spi-builder-workspace/.swiftpm/xcode
SwiftCompile normal arm64_32 Compiling\ Error.swift /Users/admin/builder/spi-builder-workspace/.dependencies/checkouts/AEXML/Sources/AEXML/Error.swift (in target 'AEXML' from project 'AEXML')
SwiftCompile normal arm64_32 /Users/admin/builder/spi-builder-workspace/.dependencies/checkouts/AEXML/Sources/AEXML/Error.swift (in target 'AEXML' from project 'AEXML')
cd /Users/admin/builder/spi-builder-workspace/.swiftpm/xcode
SwiftDriverJobDiscovery normal arm64_32 Compiling Parser.swift (in target 'AEXML' from project 'AEXML')
SwiftCompile normal armv7k Compiling\ Element.swift /Users/admin/builder/spi-builder-workspace/.dependencies/checkouts/AEXML/Sources/AEXML/Element.swift (in target 'AEXML' from project 'AEXML')
SwiftCompile normal armv7k /Users/admin/builder/spi-builder-workspace/.dependencies/checkouts/AEXML/Sources/AEXML/Element.swift (in target 'AEXML' from project 'AEXML')
cd /Users/admin/builder/spi-builder-workspace/.swiftpm/xcode
SwiftDriverJobDiscovery normal armv7k Compiling Entry+Serialization.swift, Entry+ZIP64.swift (in target 'ZIPFoundation' from project 'ZIPFoundation')
SwiftDriverJobDiscovery normal armv7k Compiling Archive+Reading.swift, Archive+ReadingDeprecated.swift (in target 'ZIPFoundation' from project 'ZIPFoundation')
SwiftCompile normal arm64_32 Compiling\ Builders.swift /Users/admin/builder/spi-builder-workspace/.dependencies/checkouts/AEXML/Sources/AEXML/Builders.swift (in target 'AEXML' from project 'AEXML')
SwiftCompile normal arm64_32 /Users/admin/builder/spi-builder-workspace/.dependencies/checkouts/AEXML/Sources/AEXML/Builders.swift (in target 'AEXML' from project 'AEXML')
cd /Users/admin/builder/spi-builder-workspace/.swiftpm/xcode
SwiftCompile normal armv7k Compiling\ Parser.swift /Users/admin/builder/spi-builder-workspace/.dependencies/checkouts/AEXML/Sources/AEXML/Parser.swift (in target 'AEXML' from project 'AEXML')
SwiftCompile normal armv7k /Users/admin/builder/spi-builder-workspace/.dependencies/checkouts/AEXML/Sources/AEXML/Parser.swift (in target 'AEXML' from project 'AEXML')
cd /Users/admin/builder/spi-builder-workspace/.swiftpm/xcode
SwiftDriverJobDiscovery normal arm64 Compiling Element.swift (in target 'AEXML' from project 'AEXML')
SwiftCompile normal armv7k Compiling\ Builders.swift /Users/admin/builder/spi-builder-workspace/.dependencies/checkouts/AEXML/Sources/AEXML/Builders.swift (in target 'AEXML' from project 'AEXML')
SwiftCompile normal armv7k /Users/admin/builder/spi-builder-workspace/.dependencies/checkouts/AEXML/Sources/AEXML/Builders.swift (in target 'AEXML' from project 'AEXML')
cd /Users/admin/builder/spi-builder-workspace/.swiftpm/xcode
SwiftDriverJobDiscovery normal armv7k Compiling Error.swift (in target 'AEXML' from project 'AEXML')
SwiftCompile normal arm64 Compiling\ Options.swift /Users/admin/builder/spi-builder-workspace/.dependencies/checkouts/AEXML/Sources/AEXML/Options.swift (in target 'AEXML' from project 'AEXML')
SwiftCompile normal arm64 /Users/admin/builder/spi-builder-workspace/.dependencies/checkouts/AEXML/Sources/AEXML/Options.swift (in target 'AEXML' from project 'AEXML')
cd /Users/admin/builder/spi-builder-workspace/.swiftpm/xcode
SwiftDriverJobDiscovery normal arm64_32 Compiling Error.swift (in target 'AEXML' from project 'AEXML')
SwiftCompile normal arm64_32 Compiling\ Options.swift /Users/admin/builder/spi-builder-workspace/.dependencies/checkouts/AEXML/Sources/AEXML/Options.swift (in target 'AEXML' from project 'AEXML')
SwiftCompile normal arm64_32 /Users/admin/builder/spi-builder-workspace/.dependencies/checkouts/AEXML/Sources/AEXML/Options.swift (in target 'AEXML' from project 'AEXML')
cd /Users/admin/builder/spi-builder-workspace/.swiftpm/xcode
SwiftDriverJobDiscovery normal arm64 Compiling Archive+Helpers.swift, Archive+MemoryFile.swift, Archive+Progress.swift (in target 'ZIPFoundation' from project 'ZIPFoundation')
SwiftCompile normal arm64 Compiling\ Builders.swift /Users/admin/builder/spi-builder-workspace/.dependencies/checkouts/AEXML/Sources/AEXML/Builders.swift (in target 'AEXML' from project 'AEXML')
SwiftCompile normal arm64 /Users/admin/builder/spi-builder-workspace/.dependencies/checkouts/AEXML/Sources/AEXML/Builders.swift (in target 'AEXML' from project 'AEXML')
cd /Users/admin/builder/spi-builder-workspace/.swiftpm/xcode
SwiftDriverJobDiscovery normal arm64_32 Compiling Builders.swift (in target 'AEXML' from project 'AEXML')
SwiftCompile normal arm64_32 Compiling\ Document.swift /Users/admin/builder/spi-builder-workspace/.dependencies/checkouts/AEXML/Sources/AEXML/Document.swift (in target 'AEXML' from project 'AEXML')
SwiftCompile normal arm64_32 /Users/admin/builder/spi-builder-workspace/.dependencies/checkouts/AEXML/Sources/AEXML/Document.swift (in target 'AEXML' from project 'AEXML')
cd /Users/admin/builder/spi-builder-workspace/.swiftpm/xcode
SwiftDriverJobDiscovery normal arm64 Compiling Options.swift (in target 'AEXML' from project 'AEXML')
SwiftCompile normal arm64 Compiling\ Parser.swift /Users/admin/builder/spi-builder-workspace/.dependencies/checkouts/AEXML/Sources/AEXML/Parser.swift (in target 'AEXML' from project 'AEXML')
SwiftCompile normal arm64 /Users/admin/builder/spi-builder-workspace/.dependencies/checkouts/AEXML/Sources/AEXML/Parser.swift (in target 'AEXML' from project 'AEXML')
cd /Users/admin/builder/spi-builder-workspace/.swiftpm/xcode
SwiftDriverJobDiscovery normal armv7k Compiling Builders.swift (in target 'AEXML' from project 'AEXML')
SwiftCompile normal arm64 Compiling\ Document.swift /Users/admin/builder/spi-builder-workspace/.dependencies/checkouts/AEXML/Sources/AEXML/Document.swift (in target 'AEXML' from project 'AEXML')
SwiftCompile normal arm64 /Users/admin/builder/spi-builder-workspace/.dependencies/checkouts/AEXML/Sources/AEXML/Document.swift (in target 'AEXML' from project 'AEXML')
cd /Users/admin/builder/spi-builder-workspace/.swiftpm/xcode
SwiftDriverJobDiscovery normal arm64_32 Compiling Element.swift (in target 'AEXML' from project 'AEXML')
SwiftCompile normal arm64 Compiling\ Error.swift /Users/admin/builder/spi-builder-workspace/.dependencies/checkouts/AEXML/Sources/AEXML/Error.swift (in target 'AEXML' from project 'AEXML')
SwiftCompile normal arm64 /Users/admin/builder/spi-builder-workspace/.dependencies/checkouts/AEXML/Sources/AEXML/Error.swift (in target 'AEXML' from project 'AEXML')
cd /Users/admin/builder/spi-builder-workspace/.swiftpm/xcode
SwiftDriverJobDiscovery normal arm64_32 Compiling Options.swift (in target 'AEXML' from project 'AEXML')
SwiftCompile normal armv7k Compiling\ Options.swift /Users/admin/builder/spi-builder-workspace/.dependencies/checkouts/AEXML/Sources/AEXML/Options.swift (in target 'AEXML' from project 'AEXML')
SwiftCompile normal armv7k /Users/admin/builder/spi-builder-workspace/.dependencies/checkouts/AEXML/Sources/AEXML/Options.swift (in target 'AEXML' from project 'AEXML')
cd /Users/admin/builder/spi-builder-workspace/.swiftpm/xcode
SwiftDriverJobDiscovery normal armv7k Compiling Parser.swift (in target 'AEXML' from project 'AEXML')
SwiftDriverJobDiscovery normal armv7k Compiling Archive+Writing.swift, Archive+WritingDeprecated.swift (in target 'ZIPFoundation' from project 'ZIPFoundation')
Ld /Users/admin/builder/spi-builder-workspace/.derivedData/Build/Intermediates.noindex/ZIPFoundation.build/Debug-watchos/ZIPFoundation.build/Objects-normal/arm64_32/Binary/ZIPFoundation.o normal arm64_32 (in target 'ZIPFoundation' from project 'ZIPFoundation')
cd /Users/admin/builder/spi-builder-workspace/.dependencies/checkouts/ZIPFoundation
/Applications/Xcode-26.3.0.app/Contents/Developer/Toolchains/XcodeDefault.xctoolchain/usr/bin/clang -Xlinker -reproducible -target arm64_32-apple-watchos4.0 -r -isysroot /Applications/Xcode-26.3.0.app/Contents/Developer/Platforms/WatchOS.platform/Developer/SDKs/WatchOS26.2.sdk -O0 -w -L/Users/admin/builder/spi-builder-workspace/.derivedData/Build/Intermediates.noindex/EagerLinkingTBDs/Debug-watchos -L/Users/admin/builder/spi-builder-workspace/.derivedData/Build/Products/Debug-watchos -L/Applications/Xcode-26.3.0.app/Contents/Developer/Platforms/WatchOS.platform/Developer/usr/lib -F/Users/admin/builder/spi-builder-workspace/.derivedData/Build/Intermediates.noindex/EagerLinkingTBDs/Debug-watchos -F/Users/admin/builder/spi-builder-workspace/.derivedData/Build/Products/Debug-watchos -iframework /Applications/Xcode-26.3.0.app/Contents/Developer/Platforms/WatchOS.platform/Developer/Library/Frameworks -iframework /Applications/Xcode-26.3.0.app/Contents/Developer/Platforms/WatchOS.platform/Developer/SDKs/WatchOS26.2.sdk/Developer/Library/Frameworks -filelist /Users/admin/builder/spi-builder-workspace/.derivedData/Build/Intermediates.noindex/ZIPFoundation.build/Debug-watchos/ZIPFoundation.build/Objects-normal/arm64_32/ZIPFoundation.LinkFileList -nostdlib -Xlinker -object_path_lto -Xlinker /Users/admin/builder/spi-builder-workspace/.derivedData/Build/Intermediates.noindex/ZIPFoundation.build/Debug-watchos/ZIPFoundation.build/Objects-normal/arm64_32/ZIPFoundation_lto.o -rdynamic -Xlinker -no_deduplicate -Xlinker -dependency_info -Xlinker /Users/admin/builder/spi-builder-workspace/.derivedData/Build/Intermediates.noindex/ZIPFoundation.build/Debug-watchos/ZIPFoundation.build/Objects-normal/arm64_32/ZIPFoundation_dependency_info.dat -fobjc-link-runtime -L/Applications/Xcode-26.3.0.app/Contents/Developer/Toolchains/XcodeDefault.xctoolchain/usr/lib/swift/watchos -L/usr/lib/swift -Xlinker -add_ast_path -Xlinker /Users/admin/builder/spi-builder-workspace/.derivedData/Build/Intermediates.noindex/ZIPFoundation.build/Debug-watchos/ZIPFoundation.build/Objects-normal/arm64_32/ZIPFoundation.swiftmodule @/Users/admin/builder/spi-builder-workspace/.derivedData/Build/Intermediates.noindex/ZIPFoundation.build/Debug-watchos/ZIPFoundation.build/Objects-normal/arm64_32/ZIPFoundation-linker-args.resp -o /Users/admin/builder/spi-builder-workspace/.derivedData/Build/Intermediates.noindex/ZIPFoundation.build/Debug-watchos/ZIPFoundation.build/Objects-normal/arm64_32/Binary/ZIPFoundation.o
SwiftDriverJobDiscovery normal arm64 Compiling Data+Compression.swift, Data+CompressionDeprecated.swift (in target 'ZIPFoundation' from project 'ZIPFoundation')
SwiftDriver\ Compilation ZIPFoundation normal arm64 com.apple.xcode.tools.swift.compiler (in target 'ZIPFoundation' from project 'ZIPFoundation')
cd /Users/admin/builder/spi-builder-workspace/.swiftpm/xcode
builtin-Swift-Compilation -- /Applications/Xcode-26.3.0.app/Contents/Developer/Toolchains/XcodeDefault.xctoolchain/usr/bin/swiftc -module-name ZIPFoundation -Onone -enforce-exclusivity\=checked @/Users/admin/builder/spi-builder-workspace/.derivedData/Build/Intermediates.noindex/ZIPFoundation.build/Debug-watchos/ZIPFoundation.build/Objects-normal/arm64/ZIPFoundation.SwiftFileList -DSWIFT_PACKAGE -DDEBUG -DSWIFT_MODULE_RESOURCE_BUNDLE_AVAILABLE -DXcode -plugin-path /Applications/Xcode-26.3.0.app/Contents/Developer/Toolchains/XcodeDefault.xctoolchain/usr/lib/swift/host/plugins/testing -enable-experimental-feature DebugDescriptionMacro -sdk /Applications/Xcode-26.3.0.app/Contents/Developer/Platforms/WatchOS.platform/Developer/SDKs/WatchOS26.2.sdk -target arm64-apple-watchos4.0 -g -module-cache-path /Users/admin/builder/spi-builder-workspace/.derivedData/ModuleCache.noindex -Xfrontend -serialize-debugging-options -enable-testing -suppress-warnings -index-store-path /Users/admin/builder/spi-builder-workspace/.derivedData/Index.noindex/DataStore -Xcc -D_LIBCPP_HARDENING_MODE\=_LIBCPP_HARDENING_MODE_DEBUG -swift-version 5 -I /Users/admin/builder/spi-builder-workspace/.derivedData/Build/Products/Debug-watchos -Isystem /Applications/Xcode-26.3.0.app/Contents/Developer/Platforms/WatchOS.platform/Developer/usr/lib -F /Users/admin/builder/spi-builder-workspace/.derivedData/Build/Products/Debug-watchos -F /Applications/Xcode-26.3.0.app/Contents/Developer/Platforms/WatchOS.platform/Developer/Library/Frameworks -F /Applications/Xcode-26.3.0.app/Contents/Developer/Platforms/WatchOS.platform/Developer/SDKs/WatchOS26.2.sdk/Developer/Library/Frameworks -c -j10 -enable-batch-mode -incremental -Xcc -ivfsstatcache -Xcc /Users/admin/builder/spi-builder-workspace/.derivedData/SDKStatCaches.noindex/watchos26.2-23S303-dc75598d0054f22ec865fa860f139d721753b489057de6bda919edfa1c59a62b.sdkstatcache -output-file-map /Users/admin/builder/spi-builder-workspace/.derivedData/Build/Intermediates.noindex/ZIPFoundation.build/Debug-watchos/ZIPFoundation.build/Objects-normal/arm64/ZIPFoundation-OutputFileMap.json -use-frontend-parseable-output -save-temps -no-color-diagnostics -explicit-module-build -module-cache-path /Users/admin/builder/spi-builder-workspace/.derivedData/Build/Intermediates.noindex/SwiftExplicitPrecompiledModules -clang-scanner-module-cache-path /Users/admin/builder/spi-builder-workspace/.derivedData/ModuleCache.noindex -sdk-module-cache-path /Users/admin/builder/spi-builder-workspace/.derivedData/ModuleCache.noindex -serialize-diagnostics -emit-dependencies -emit-module -emit-module-path /Users/admin/builder/spi-builder-workspace/.derivedData/Build/Intermediates.noindex/ZIPFoundation.build/Debug-watchos/ZIPFoundation.build/Objects-normal/arm64/ZIPFoundation.swiftmodule -validate-clang-modules-once -clang-build-session-file /Users/admin/builder/spi-builder-workspace/.derivedData/ModuleCache.noindex/Session.modulevalidation -package-name zipfoundation -Xcc -I/Users/admin/builder/spi-builder-workspace/.derivedData/Build/Intermediates.noindex/ZIPFoundation.build/Debug-watchos/ZIPFoundation.build/swift-overrides.hmap -emit-const-values -Xfrontend -const-gather-protocols-file -Xfrontend /Users/admin/builder/spi-builder-workspace/.derivedData/Build/Intermediates.noindex/ZIPFoundation.build/Debug-watchos/ZIPFoundation.build/Objects-normal/arm64/ZIPFoundation_const_extract_protocols.json -Xcc -I/Users/admin/builder/spi-builder-workspace/.derivedData/Build/Products/Debug-watchos/include -Xcc -I/Users/admin/builder/spi-builder-workspace/.derivedData/Build/Intermediates.noindex/ZIPFoundation.build/Debug-watchos/ZIPFoundation.build/DerivedSources-normal/arm64 -Xcc -I/Users/admin/builder/spi-builder-workspace/.derivedData/Build/Intermediates.noindex/ZIPFoundation.build/Debug-watchos/ZIPFoundation.build/DerivedSources/arm64 -Xcc -I/Users/admin/builder/spi-builder-workspace/.derivedData/Build/Intermediates.noindex/ZIPFoundation.build/Debug-watchos/ZIPFoundation.build/DerivedSources -Xcc -DSWIFT_PACKAGE -Xcc -DDEBUG\=1 -emit-objc-header -emit-objc-header-path /Users/admin/builder/spi-builder-workspace/.derivedData/Build/Intermediates.noindex/ZIPFoundation.build/Debug-watchos/ZIPFoundation.build/Objects-normal/arm64/ZIPFoundation-Swift.h -working-directory /Users/admin/builder/spi-builder-workspace/.swiftpm/xcode -experimental-emit-module-separately -disable-cmo
Ld /Users/admin/builder/spi-builder-workspace/.derivedData/Build/Intermediates.noindex/ZIPFoundation.build/Debug-watchos/ZIPFoundation.build/Objects-normal/arm64/Binary/ZIPFoundation.o normal arm64 (in target 'ZIPFoundation' from project 'ZIPFoundation')
cd /Users/admin/builder/spi-builder-workspace/.dependencies/checkouts/ZIPFoundation
/Applications/Xcode-26.3.0.app/Contents/Developer/Toolchains/XcodeDefault.xctoolchain/usr/bin/clang -Xlinker -reproducible -target arm64-apple-watchos4.0 -r -isysroot /Applications/Xcode-26.3.0.app/Contents/Developer/Platforms/WatchOS.platform/Developer/SDKs/WatchOS26.2.sdk -O0 -w -L/Users/admin/builder/spi-builder-workspace/.derivedData/Build/Intermediates.noindex/EagerLinkingTBDs/Debug-watchos -L/Users/admin/builder/spi-builder-workspace/.derivedData/Build/Products/Debug-watchos -L/Applications/Xcode-26.3.0.app/Contents/Developer/Platforms/WatchOS.platform/Developer/usr/lib -F/Users/admin/builder/spi-builder-workspace/.derivedData/Build/Intermediates.noindex/EagerLinkingTBDs/Debug-watchos -F/Users/admin/builder/spi-builder-workspace/.derivedData/Build/Products/Debug-watchos -iframework /Applications/Xcode-26.3.0.app/Contents/Developer/Platforms/WatchOS.platform/Developer/Library/Frameworks -iframework /Applications/Xcode-26.3.0.app/Contents/Developer/Platforms/WatchOS.platform/Developer/SDKs/WatchOS26.2.sdk/Developer/Library/Frameworks -filelist /Users/admin/builder/spi-builder-workspace/.derivedData/Build/Intermediates.noindex/ZIPFoundation.build/Debug-watchos/ZIPFoundation.build/Objects-normal/arm64/ZIPFoundation.LinkFileList -nostdlib -Xlinker -object_path_lto -Xlinker /Users/admin/builder/spi-builder-workspace/.derivedData/Build/Intermediates.noindex/ZIPFoundation.build/Debug-watchos/ZIPFoundation.build/Objects-normal/arm64/ZIPFoundation_lto.o -rdynamic -Xlinker -no_deduplicate -Xlinker -dependency_info -Xlinker /Users/admin/builder/spi-builder-workspace/.derivedData/Build/Intermediates.noindex/ZIPFoundation.build/Debug-watchos/ZIPFoundation.build/Objects-normal/arm64/ZIPFoundation_dependency_info.dat -fobjc-link-runtime -L/Applications/Xcode-26.3.0.app/Contents/Developer/Toolchains/XcodeDefault.xctoolchain/usr/lib/swift/watchos -L/usr/lib/swift -Xlinker -add_ast_path -Xlinker /Users/admin/builder/spi-builder-workspace/.derivedData/Build/Intermediates.noindex/ZIPFoundation.build/Debug-watchos/ZIPFoundation.build/Objects-normal/arm64/ZIPFoundation.swiftmodule @/Users/admin/builder/spi-builder-workspace/.derivedData/Build/Intermediates.noindex/ZIPFoundation.build/Debug-watchos/ZIPFoundation.build/Objects-normal/arm64/ZIPFoundation-linker-args.resp -o /Users/admin/builder/spi-builder-workspace/.derivedData/Build/Intermediates.noindex/ZIPFoundation.build/Debug-watchos/ZIPFoundation.build/Objects-normal/arm64/Binary/ZIPFoundation.o
SwiftDriverJobDiscovery normal armv7k Compiling Element.swift (in target 'AEXML' from project 'AEXML')
SwiftDriver DocX normal arm64 com.apple.xcode.tools.swift.compiler (in target 'DocX' from project 'DocX')
cd /Users/admin/builder/spi-builder-workspace/.swiftpm/xcode
builtin-SwiftDriver -- /Applications/Xcode-26.3.0.app/Contents/Developer/Toolchains/XcodeDefault.xctoolchain/usr/bin/swiftc -module-name DocX -Onone -enforce-exclusivity\=checked @/Users/admin/builder/spi-builder-workspace/.derivedData/Build/Intermediates.noindex/DocX.build/Debug-watchos/DocX.build/Objects-normal/arm64/DocX.SwiftFileList -DSWIFT_PACKAGE -DDEBUG -DSWIFT_MODULE_RESOURCE_BUNDLE_AVAILABLE -DXcode -plugin-path /Applications/Xcode-26.3.0.app/Contents/Developer/Toolchains/XcodeDefault.xctoolchain/usr/lib/swift/host/plugins/testing -enable-experimental-feature DebugDescriptionMacro -sdk /Applications/Xcode-26.3.0.app/Contents/Developer/Platforms/WatchOS.platform/Developer/SDKs/WatchOS26.2.sdk -target arm64-apple-watchos4.0 -g -module-cache-path /Users/admin/builder/spi-builder-workspace/.derivedData/ModuleCache.noindex -Xfrontend -serialize-debugging-options -enable-testing -index-store-path /Users/admin/builder/spi-builder-workspace/.derivedData/Index.noindex/DataStore -Xcc -D_LIBCPP_HARDENING_MODE\=_LIBCPP_HARDENING_MODE_DEBUG -swift-version 5 -I /Users/admin/builder/spi-builder-workspace/.derivedData/Build/Products/Debug-watchos -Isystem /Applications/Xcode-26.3.0.app/Contents/Developer/Platforms/WatchOS.platform/Developer/usr/lib -F /Users/admin/builder/spi-builder-workspace/.derivedData/Build/Products/Debug-watchos/PackageFrameworks -F /Users/admin/builder/spi-builder-workspace/.derivedData/Build/Products/Debug-watchos/PackageFrameworks -F /Users/admin/builder/spi-builder-workspace/.derivedData/Build/Products/Debug-watchos -F /Applications/Xcode-26.3.0.app/Contents/Developer/Platforms/WatchOS.platform/Developer/Library/Frameworks -F /Applications/Xcode-26.3.0.app/Contents/Developer/Platforms/WatchOS.platform/Developer/SDKs/WatchOS26.2.sdk/Developer/Library/Frameworks -c -j10 -enable-batch-mode -incremental -Xcc -ivfsstatcache -Xcc /Users/admin/builder/spi-builder-workspace/.derivedData/SDKStatCaches.noindex/watchos26.2-23S303-dc75598d0054f22ec865fa860f139d721753b489057de6bda919edfa1c59a62b.sdkstatcache -output-file-map /Users/admin/builder/spi-builder-workspace/.derivedData/Build/Intermediates.noindex/DocX.build/Debug-watchos/DocX.build/Objects-normal/arm64/DocX-OutputFileMap.json -use-frontend-parseable-output -save-temps -no-color-diagnostics -explicit-module-build -module-cache-path /Users/admin/builder/spi-builder-workspace/.derivedData/Build/Intermediates.noindex/SwiftExplicitPrecompiledModules -clang-scanner-module-cache-path /Users/admin/builder/spi-builder-workspace/.derivedData/ModuleCache.noindex -sdk-module-cache-path /Users/admin/builder/spi-builder-workspace/.derivedData/ModuleCache.noindex -serialize-diagnostics -emit-dependencies -emit-module -emit-module-path /Users/admin/builder/spi-builder-workspace/.derivedData/Build/Intermediates.noindex/DocX.build/Debug-watchos/DocX.build/Objects-normal/arm64/DocX.swiftmodule -validate-clang-modules-once -clang-build-session-file /Users/admin/builder/spi-builder-workspace/.derivedData/ModuleCache.noindex/Session.modulevalidation -Xcc -I/Users/admin/builder/spi-builder-workspace/.derivedData/Build/Intermediates.noindex/DocX.build/Debug-watchos/DocX.build/swift-overrides.hmap -emit-const-values -Xfrontend -const-gather-protocols-file -Xfrontend /Users/admin/builder/spi-builder-workspace/.derivedData/Build/Intermediates.noindex/DocX.build/Debug-watchos/DocX.build/Objects-normal/arm64/DocX_const_extract_protocols.json -Xcc -I/Users/admin/builder/spi-builder-workspace/.derivedData/Build/Products/Debug-watchos/include -Xcc -I/Users/admin/builder/spi-builder-workspace/.derivedData/Build/Intermediates.noindex/DocX.build/Debug-watchos/DocX.build/DerivedSources-normal/arm64 -Xcc -I/Users/admin/builder/spi-builder-workspace/.derivedData/Build/Intermediates.noindex/DocX.build/Debug-watchos/DocX.build/DerivedSources/arm64 -Xcc -I/Users/admin/builder/spi-builder-workspace/.derivedData/Build/Intermediates.noindex/DocX.build/Debug-watchos/DocX.build/DerivedSources -Xcc -DSWIFT_PACKAGE -Xcc -DDEBUG\=1 -emit-objc-header -emit-objc-header-path /Users/admin/builder/spi-builder-workspace/.derivedData/Build/Intermediates.noindex/DocX.build/Debug-watchos/DocX.build/Objects-normal/arm64/DocX-Swift.h -working-directory /Users/admin/builder/spi-builder-workspace/.swiftpm/xcode -experimental-emit-module-separately -disable-cmo
SwiftDriver DocX normal armv7k com.apple.xcode.tools.swift.compiler (in target 'DocX' from project 'DocX')
cd /Users/admin/builder/spi-builder-workspace/.swiftpm/xcode
builtin-SwiftDriver -- /Applications/Xcode-26.3.0.app/Contents/Developer/Toolchains/XcodeDefault.xctoolchain/usr/bin/swiftc -module-name DocX -Onone -enforce-exclusivity\=checked @/Users/admin/builder/spi-builder-workspace/.derivedData/Build/Intermediates.noindex/DocX.build/Debug-watchos/DocX.build/Objects-normal/armv7k/DocX.SwiftFileList -DSWIFT_PACKAGE -DDEBUG -DSWIFT_MODULE_RESOURCE_BUNDLE_AVAILABLE -DXcode -plugin-path /Applications/Xcode-26.3.0.app/Contents/Developer/Toolchains/XcodeDefault.xctoolchain/usr/lib/swift/host/plugins/testing -enable-experimental-feature DebugDescriptionMacro -sdk /Applications/Xcode-26.3.0.app/Contents/Developer/Platforms/WatchOS.platform/Developer/SDKs/WatchOS26.2.sdk -target armv7k-apple-watchos4.0 -g -module-cache-path /Users/admin/builder/spi-builder-workspace/.derivedData/ModuleCache.noindex -Xfrontend -serialize-debugging-options -enable-testing -index-store-path /Users/admin/builder/spi-builder-workspace/.derivedData/Index.noindex/DataStore -Xcc -D_LIBCPP_HARDENING_MODE\=_LIBCPP_HARDENING_MODE_DEBUG -swift-version 5 -I /Users/admin/builder/spi-builder-workspace/.derivedData/Build/Products/Debug-watchos -Isystem /Applications/Xcode-26.3.0.app/Contents/Developer/Platforms/WatchOS.platform/Developer/usr/lib -F /Users/admin/builder/spi-builder-workspace/.derivedData/Build/Products/Debug-watchos/PackageFrameworks -F /Users/admin/builder/spi-builder-workspace/.derivedData/Build/Products/Debug-watchos/PackageFrameworks -F /Users/admin/builder/spi-builder-workspace/.derivedData/Build/Products/Debug-watchos -F /Applications/Xcode-26.3.0.app/Contents/Developer/Platforms/WatchOS.platform/Developer/Library/Frameworks -F /Applications/Xcode-26.3.0.app/Contents/Developer/Platforms/WatchOS.platform/Developer/SDKs/WatchOS26.2.sdk/Developer/Library/Frameworks -c -j10 -enable-batch-mode -incremental -Xcc -ivfsstatcache -Xcc /Users/admin/builder/spi-builder-workspace/.derivedData/SDKStatCaches.noindex/watchos26.2-23S303-dc75598d0054f22ec865fa860f139d721753b489057de6bda919edfa1c59a62b.sdkstatcache -output-file-map /Users/admin/builder/spi-builder-workspace/.derivedData/Build/Intermediates.noindex/DocX.build/Debug-watchos/DocX.build/Objects-normal/armv7k/DocX-OutputFileMap.json -use-frontend-parseable-output -save-temps -no-color-diagnostics -explicit-module-build -module-cache-path /Users/admin/builder/spi-builder-workspace/.derivedData/Build/Intermediates.noindex/SwiftExplicitPrecompiledModules -clang-scanner-module-cache-path /Users/admin/builder/spi-builder-workspace/.derivedData/ModuleCache.noindex -sdk-module-cache-path /Users/admin/builder/spi-builder-workspace/.derivedData/ModuleCache.noindex -serialize-diagnostics -emit-dependencies -emit-module -emit-module-path /Users/admin/builder/spi-builder-workspace/.derivedData/Build/Intermediates.noindex/DocX.build/Debug-watchos/DocX.build/Objects-normal/armv7k/DocX.swiftmodule -validate-clang-modules-once -clang-build-session-file /Users/admin/builder/spi-builder-workspace/.derivedData/ModuleCache.noindex/Session.modulevalidation -Xcc -I/Users/admin/builder/spi-builder-workspace/.derivedData/Build/Intermediates.noindex/DocX.build/Debug-watchos/DocX.build/swift-overrides.hmap -emit-const-values -Xfrontend -const-gather-protocols-file -Xfrontend /Users/admin/builder/spi-builder-workspace/.derivedData/Build/Intermediates.noindex/DocX.build/Debug-watchos/DocX.build/Objects-normal/armv7k/DocX_const_extract_protocols.json -Xcc -I/Users/admin/builder/spi-builder-workspace/.derivedData/Build/Products/Debug-watchos/include -Xcc -I/Users/admin/builder/spi-builder-workspace/.derivedData/Build/Intermediates.noindex/DocX.build/Debug-watchos/DocX.build/DerivedSources-normal/armv7k -Xcc -I/Users/admin/builder/spi-builder-workspace/.derivedData/Build/Intermediates.noindex/DocX.build/Debug-watchos/DocX.build/DerivedSources/armv7k -Xcc -I/Users/admin/builder/spi-builder-workspace/.derivedData/Build/Intermediates.noindex/DocX.build/Debug-watchos/DocX.build/DerivedSources -Xcc -DSWIFT_PACKAGE -Xcc -DDEBUG\=1 -emit-objc-header -emit-objc-header-path /Users/admin/builder/spi-builder-workspace/.derivedData/Build/Intermediates.noindex/DocX.build/Debug-watchos/DocX.build/Objects-normal/armv7k/DocX-Swift.h -working-directory /Users/admin/builder/spi-builder-workspace/.swiftpm/xcode -experimental-emit-module-separately -disable-cmo
SwiftDriverJobDiscovery normal arm64 Compiling Builders.swift (in target 'AEXML' from project 'AEXML')
SwiftDriver DocX normal arm64_32 com.apple.xcode.tools.swift.compiler (in target 'DocX' from project 'DocX')
cd /Users/admin/builder/spi-builder-workspace/.swiftpm/xcode
builtin-SwiftDriver -- /Applications/Xcode-26.3.0.app/Contents/Developer/Toolchains/XcodeDefault.xctoolchain/usr/bin/swiftc -module-name DocX -Onone -enforce-exclusivity\=checked @/Users/admin/builder/spi-builder-workspace/.derivedData/Build/Intermediates.noindex/DocX.build/Debug-watchos/DocX.build/Objects-normal/arm64_32/DocX.SwiftFileList -DSWIFT_PACKAGE -DDEBUG -DSWIFT_MODULE_RESOURCE_BUNDLE_AVAILABLE -DXcode -plugin-path /Applications/Xcode-26.3.0.app/Contents/Developer/Toolchains/XcodeDefault.xctoolchain/usr/lib/swift/host/plugins/testing -enable-experimental-feature DebugDescriptionMacro -sdk /Applications/Xcode-26.3.0.app/Contents/Developer/Platforms/WatchOS.platform/Developer/SDKs/WatchOS26.2.sdk -target arm64_32-apple-watchos4.0 -g -module-cache-path /Users/admin/builder/spi-builder-workspace/.derivedData/ModuleCache.noindex -Xfrontend -serialize-debugging-options -enable-testing -index-store-path /Users/admin/builder/spi-builder-workspace/.derivedData/Index.noindex/DataStore -Xcc -D_LIBCPP_HARDENING_MODE\=_LIBCPP_HARDENING_MODE_DEBUG -swift-version 5 -I /Users/admin/builder/spi-builder-workspace/.derivedData/Build/Products/Debug-watchos -Isystem /Applications/Xcode-26.3.0.app/Contents/Developer/Platforms/WatchOS.platform/Developer/usr/lib -F /Users/admin/builder/spi-builder-workspace/.derivedData/Build/Products/Debug-watchos/PackageFrameworks -F /Users/admin/builder/spi-builder-workspace/.derivedData/Build/Products/Debug-watchos/PackageFrameworks -F /Users/admin/builder/spi-builder-workspace/.derivedData/Build/Products/Debug-watchos -F /Applications/Xcode-26.3.0.app/Contents/Developer/Platforms/WatchOS.platform/Developer/Library/Frameworks -F /Applications/Xcode-26.3.0.app/Contents/Developer/Platforms/WatchOS.platform/Developer/SDKs/WatchOS26.2.sdk/Developer/Library/Frameworks -c -j10 -enable-batch-mode -incremental -Xcc -ivfsstatcache -Xcc /Users/admin/builder/spi-builder-workspace/.derivedData/SDKStatCaches.noindex/watchos26.2-23S303-dc75598d0054f22ec865fa860f139d721753b489057de6bda919edfa1c59a62b.sdkstatcache -output-file-map /Users/admin/builder/spi-builder-workspace/.derivedData/Build/Intermediates.noindex/DocX.build/Debug-watchos/DocX.build/Objects-normal/arm64_32/DocX-OutputFileMap.json -use-frontend-parseable-output -save-temps -no-color-diagnostics -explicit-module-build -module-cache-path /Users/admin/builder/spi-builder-workspace/.derivedData/Build/Intermediates.noindex/SwiftExplicitPrecompiledModules -clang-scanner-module-cache-path /Users/admin/builder/spi-builder-workspace/.derivedData/ModuleCache.noindex -sdk-module-cache-path /Users/admin/builder/spi-builder-workspace/.derivedData/ModuleCache.noindex -serialize-diagnostics -emit-dependencies -emit-module -emit-module-path /Users/admin/builder/spi-builder-workspace/.derivedData/Build/Intermediates.noindex/DocX.build/Debug-watchos/DocX.build/Objects-normal/arm64_32/DocX.swiftmodule -validate-clang-modules-once -clang-build-session-file /Users/admin/builder/spi-builder-workspace/.derivedData/ModuleCache.noindex/Session.modulevalidation -Xcc -I/Users/admin/builder/spi-builder-workspace/.derivedData/Build/Intermediates.noindex/DocX.build/Debug-watchos/DocX.build/swift-overrides.hmap -emit-const-values -Xfrontend -const-gather-protocols-file -Xfrontend /Users/admin/builder/spi-builder-workspace/.derivedData/Build/Intermediates.noindex/DocX.build/Debug-watchos/DocX.build/Objects-normal/arm64_32/DocX_const_extract_protocols.json -Xcc -I/Users/admin/builder/spi-builder-workspace/.derivedData/Build/Products/Debug-watchos/include -Xcc -I/Users/admin/builder/spi-builder-workspace/.derivedData/Build/Intermediates.noindex/DocX.build/Debug-watchos/DocX.build/DerivedSources-normal/arm64_32 -Xcc -I/Users/admin/builder/spi-builder-workspace/.derivedData/Build/Intermediates.noindex/DocX.build/Debug-watchos/DocX.build/DerivedSources/arm64_32 -Xcc -I/Users/admin/builder/spi-builder-workspace/.derivedData/Build/Intermediates.noindex/DocX.build/Debug-watchos/DocX.build/DerivedSources -Xcc -DSWIFT_PACKAGE -Xcc -DDEBUG\=1 -emit-objc-header -emit-objc-header-path /Users/admin/builder/spi-builder-workspace/.derivedData/Build/Intermediates.noindex/DocX.build/Debug-watchos/DocX.build/Objects-normal/arm64_32/DocX-Swift.h -working-directory /Users/admin/builder/spi-builder-workspace/.swiftpm/xcode -experimental-emit-module-separately -disable-cmo
SwiftDriverJobDiscovery normal arm64 Compiling Error.swift (in target 'AEXML' from project 'AEXML')
SwiftDriverJobDiscovery normal armv7k Compiling Options.swift (in target 'AEXML' from project 'AEXML')
SwiftDriver\ Compilation AEXML normal armv7k com.apple.xcode.tools.swift.compiler (in target 'AEXML' from project 'AEXML')
cd /Users/admin/builder/spi-builder-workspace/.swiftpm/xcode
builtin-Swift-Compilation -- /Applications/Xcode-26.3.0.app/Contents/Developer/Toolchains/XcodeDefault.xctoolchain/usr/bin/swiftc -module-name AEXML -Onone -enforce-exclusivity\=checked @/Users/admin/builder/spi-builder-workspace/.derivedData/Build/Intermediates.noindex/AEXML.build/Debug-watchos/AEXML.build/Objects-normal/armv7k/AEXML.SwiftFileList -DSWIFT_PACKAGE -DDEBUG -DSWIFT_MODULE_RESOURCE_BUNDLE_UNAVAILABLE -DXcode -plugin-path /Applications/Xcode-26.3.0.app/Contents/Developer/Toolchains/XcodeDefault.xctoolchain/usr/lib/swift/host/plugins/testing -enable-experimental-feature DebugDescriptionMacro -sdk /Applications/Xcode-26.3.0.app/Contents/Developer/Platforms/WatchOS.platform/Developer/SDKs/WatchOS26.2.sdk -target armv7k-apple-watchos4.0 -g -module-cache-path /Users/admin/builder/spi-builder-workspace/.derivedData/ModuleCache.noindex -Xfrontend -serialize-debugging-options -enable-testing -suppress-warnings -index-store-path /Users/admin/builder/spi-builder-workspace/.derivedData/Index.noindex/DataStore -Xcc -D_LIBCPP_HARDENING_MODE\=_LIBCPP_HARDENING_MODE_DEBUG -swift-version 5 -I /Users/admin/builder/spi-builder-workspace/.derivedData/Build/Products/Debug-watchos -Isystem /Applications/Xcode-26.3.0.app/Contents/Developer/Platforms/WatchOS.platform/Developer/usr/lib -F /Users/admin/builder/spi-builder-workspace/.derivedData/Build/Products/Debug-watchos -F /Applications/Xcode-26.3.0.app/Contents/Developer/Platforms/WatchOS.platform/Developer/Library/Frameworks -F /Applications/Xcode-26.3.0.app/Contents/Developer/Platforms/WatchOS.platform/Developer/SDKs/WatchOS26.2.sdk/Developer/Library/Frameworks -c -j10 -enable-batch-mode -incremental -Xcc -ivfsstatcache -Xcc /Users/admin/builder/spi-builder-workspace/.derivedData/SDKStatCaches.noindex/watchos26.2-23S303-dc75598d0054f22ec865fa860f139d721753b489057de6bda919edfa1c59a62b.sdkstatcache -output-file-map /Users/admin/builder/spi-builder-workspace/.derivedData/Build/Intermediates.noindex/AEXML.build/Debug-watchos/AEXML.build/Objects-normal/armv7k/AEXML-OutputFileMap.json -use-frontend-parseable-output -save-temps -no-color-diagnostics -explicit-module-build -module-cache-path /Users/admin/builder/spi-builder-workspace/.derivedData/Build/Intermediates.noindex/SwiftExplicitPrecompiledModules -clang-scanner-module-cache-path /Users/admin/builder/spi-builder-workspace/.derivedData/ModuleCache.noindex -sdk-module-cache-path /Users/admin/builder/spi-builder-workspace/.derivedData/ModuleCache.noindex -serialize-diagnostics -emit-dependencies -emit-module -emit-module-path /Users/admin/builder/spi-builder-workspace/.derivedData/Build/Intermediates.noindex/AEXML.build/Debug-watchos/AEXML.build/Objects-normal/armv7k/AEXML.swiftmodule -validate-clang-modules-once -clang-build-session-file /Users/admin/builder/spi-builder-workspace/.derivedData/ModuleCache.noindex/Session.modulevalidation -package-name aexml -Xcc -I/Users/admin/builder/spi-builder-workspace/.derivedData/Build/Intermediates.noindex/AEXML.build/Debug-watchos/AEXML.build/swift-overrides.hmap -emit-const-values -Xfrontend -const-gather-protocols-file -Xfrontend /Users/admin/builder/spi-builder-workspace/.derivedData/Build/Intermediates.noindex/AEXML.build/Debug-watchos/AEXML.build/Objects-normal/armv7k/AEXML_const_extract_protocols.json -Xcc -I/Users/admin/builder/spi-builder-workspace/.derivedData/Build/Products/Debug-watchos/include -Xcc -I/Users/admin/builder/spi-builder-workspace/.derivedData/Build/Intermediates.noindex/AEXML.build/Debug-watchos/AEXML.build/DerivedSources-normal/armv7k -Xcc -I/Users/admin/builder/spi-builder-workspace/.derivedData/Build/Intermediates.noindex/AEXML.build/Debug-watchos/AEXML.build/DerivedSources/armv7k -Xcc -I/Users/admin/builder/spi-builder-workspace/.derivedData/Build/Intermediates.noindex/AEXML.build/Debug-watchos/AEXML.build/DerivedSources -Xcc -DSWIFT_PACKAGE -Xcc -DDEBUG\=1 -emit-objc-header -emit-objc-header-path /Users/admin/builder/spi-builder-workspace/.derivedData/Build/Intermediates.noindex/AEXML.build/Debug-watchos/AEXML.build/Objects-normal/armv7k/AEXML-Swift.h -working-directory /Users/admin/builder/spi-builder-workspace/.swiftpm/xcode -experimental-emit-module-separately -disable-cmo
Ld /Users/admin/builder/spi-builder-workspace/.derivedData/Build/Intermediates.noindex/AEXML.build/Debug-watchos/AEXML.build/Objects-normal/armv7k/Binary/AEXML.o normal armv7k (in target 'AEXML' from project 'AEXML')
cd /Users/admin/builder/spi-builder-workspace/.dependencies/checkouts/AEXML
/Applications/Xcode-26.3.0.app/Contents/Developer/Toolchains/XcodeDefault.xctoolchain/usr/bin/clang -Xlinker -reproducible -target armv7k-apple-watchos4.0 -r -isysroot /Applications/Xcode-26.3.0.app/Contents/Developer/Platforms/WatchOS.platform/Developer/SDKs/WatchOS26.2.sdk -O0 -w -L/Users/admin/builder/spi-builder-workspace/.derivedData/Build/Intermediates.noindex/EagerLinkingTBDs/Debug-watchos -L/Users/admin/builder/spi-builder-workspace/.derivedData/Build/Products/Debug-watchos -L/Applications/Xcode-26.3.0.app/Contents/Developer/Platforms/WatchOS.platform/Developer/usr/lib -F/Users/admin/builder/spi-builder-workspace/.derivedData/Build/Intermediates.noindex/EagerLinkingTBDs/Debug-watchos -F/Users/admin/builder/spi-builder-workspace/.derivedData/Build/Products/Debug-watchos -iframework /Applications/Xcode-26.3.0.app/Contents/Developer/Platforms/WatchOS.platform/Developer/Library/Frameworks -iframework /Applications/Xcode-26.3.0.app/Contents/Developer/Platforms/WatchOS.platform/Developer/SDKs/WatchOS26.2.sdk/Developer/Library/Frameworks -filelist /Users/admin/builder/spi-builder-workspace/.derivedData/Build/Intermediates.noindex/AEXML.build/Debug-watchos/AEXML.build/Objects-normal/armv7k/AEXML.LinkFileList -nostdlib -Xlinker -object_path_lto -Xlinker /Users/admin/builder/spi-builder-workspace/.derivedData/Build/Intermediates.noindex/AEXML.build/Debug-watchos/AEXML.build/Objects-normal/armv7k/AEXML_lto.o -rdynamic -Xlinker -no_deduplicate -Xlinker -dependency_info -Xlinker /Users/admin/builder/spi-builder-workspace/.derivedData/Build/Intermediates.noindex/AEXML.build/Debug-watchos/AEXML.build/Objects-normal/armv7k/AEXML_dependency_info.dat -fobjc-link-runtime -L/Applications/Xcode-26.3.0.app/Contents/Developer/Toolchains/XcodeDefault.xctoolchain/usr/lib/swift/watchos -L/usr/lib/swift -Xlinker -add_ast_path -Xlinker /Users/admin/builder/spi-builder-workspace/.derivedData/Build/Intermediates.noindex/AEXML.build/Debug-watchos/AEXML.build/Objects-normal/armv7k/AEXML.swiftmodule @/Users/admin/builder/spi-builder-workspace/.derivedData/Build/Intermediates.noindex/AEXML.build/Debug-watchos/AEXML.build/Objects-normal/armv7k/AEXML-linker-args.resp -o /Users/admin/builder/spi-builder-workspace/.derivedData/Build/Intermediates.noindex/AEXML.build/Debug-watchos/AEXML.build/Objects-normal/armv7k/Binary/AEXML.o
SwiftDriverJobDiscovery normal arm64_32 Compiling Document.swift (in target 'AEXML' from project 'AEXML')
SwiftDriver\ Compilation AEXML normal arm64_32 com.apple.xcode.tools.swift.compiler (in target 'AEXML' from project 'AEXML')
cd /Users/admin/builder/spi-builder-workspace/.swiftpm/xcode
builtin-Swift-Compilation -- /Applications/Xcode-26.3.0.app/Contents/Developer/Toolchains/XcodeDefault.xctoolchain/usr/bin/swiftc -module-name AEXML -Onone -enforce-exclusivity\=checked @/Users/admin/builder/spi-builder-workspace/.derivedData/Build/Intermediates.noindex/AEXML.build/Debug-watchos/AEXML.build/Objects-normal/arm64_32/AEXML.SwiftFileList -DSWIFT_PACKAGE -DDEBUG -DSWIFT_MODULE_RESOURCE_BUNDLE_UNAVAILABLE -DXcode -plugin-path /Applications/Xcode-26.3.0.app/Contents/Developer/Toolchains/XcodeDefault.xctoolchain/usr/lib/swift/host/plugins/testing -enable-experimental-feature DebugDescriptionMacro -sdk /Applications/Xcode-26.3.0.app/Contents/Developer/Platforms/WatchOS.platform/Developer/SDKs/WatchOS26.2.sdk -target arm64_32-apple-watchos4.0 -g -module-cache-path /Users/admin/builder/spi-builder-workspace/.derivedData/ModuleCache.noindex -Xfrontend -serialize-debugging-options -enable-testing -suppress-warnings -index-store-path /Users/admin/builder/spi-builder-workspace/.derivedData/Index.noindex/DataStore -Xcc -D_LIBCPP_HARDENING_MODE\=_LIBCPP_HARDENING_MODE_DEBUG -swift-version 5 -I /Users/admin/builder/spi-builder-workspace/.derivedData/Build/Products/Debug-watchos -Isystem /Applications/Xcode-26.3.0.app/Contents/Developer/Platforms/WatchOS.platform/Developer/usr/lib -F /Users/admin/builder/spi-builder-workspace/.derivedData/Build/Products/Debug-watchos -F /Applications/Xcode-26.3.0.app/Contents/Developer/Platforms/WatchOS.platform/Developer/Library/Frameworks -F /Applications/Xcode-26.3.0.app/Contents/Developer/Platforms/WatchOS.platform/Developer/SDKs/WatchOS26.2.sdk/Developer/Library/Frameworks -c -j10 -enable-batch-mode -incremental -Xcc -ivfsstatcache -Xcc /Users/admin/builder/spi-builder-workspace/.derivedData/SDKStatCaches.noindex/watchos26.2-23S303-dc75598d0054f22ec865fa860f139d721753b489057de6bda919edfa1c59a62b.sdkstatcache -output-file-map /Users/admin/builder/spi-builder-workspace/.derivedData/Build/Intermediates.noindex/AEXML.build/Debug-watchos/AEXML.build/Objects-normal/arm64_32/AEXML-OutputFileMap.json -use-frontend-parseable-output -save-temps -no-color-diagnostics -explicit-module-build -module-cache-path /Users/admin/builder/spi-builder-workspace/.derivedData/Build/Intermediates.noindex/SwiftExplicitPrecompiledModules -clang-scanner-module-cache-path /Users/admin/builder/spi-builder-workspace/.derivedData/ModuleCache.noindex -sdk-module-cache-path /Users/admin/builder/spi-builder-workspace/.derivedData/ModuleCache.noindex -serialize-diagnostics -emit-dependencies -emit-module -emit-module-path /Users/admin/builder/spi-builder-workspace/.derivedData/Build/Intermediates.noindex/AEXML.build/Debug-watchos/AEXML.build/Objects-normal/arm64_32/AEXML.swiftmodule -validate-clang-modules-once -clang-build-session-file /Users/admin/builder/spi-builder-workspace/.derivedData/ModuleCache.noindex/Session.modulevalidation -package-name aexml -Xcc -I/Users/admin/builder/spi-builder-workspace/.derivedData/Build/Intermediates.noindex/AEXML.build/Debug-watchos/AEXML.build/swift-overrides.hmap -emit-const-values -Xfrontend -const-gather-protocols-file -Xfrontend /Users/admin/builder/spi-builder-workspace/.derivedData/Build/Intermediates.noindex/AEXML.build/Debug-watchos/AEXML.build/Objects-normal/arm64_32/AEXML_const_extract_protocols.json -Xcc -I/Users/admin/builder/spi-builder-workspace/.derivedData/Build/Products/Debug-watchos/include -Xcc -I/Users/admin/builder/spi-builder-workspace/.derivedData/Build/Intermediates.noindex/AEXML.build/Debug-watchos/AEXML.build/DerivedSources-normal/arm64_32 -Xcc -I/Users/admin/builder/spi-builder-workspace/.derivedData/Build/Intermediates.noindex/AEXML.build/Debug-watchos/AEXML.build/DerivedSources/arm64_32 -Xcc -I/Users/admin/builder/spi-builder-workspace/.derivedData/Build/Intermediates.noindex/AEXML.build/Debug-watchos/AEXML.build/DerivedSources -Xcc -DSWIFT_PACKAGE -Xcc -DDEBUG\=1 -emit-objc-header -emit-objc-header-path /Users/admin/builder/spi-builder-workspace/.derivedData/Build/Intermediates.noindex/AEXML.build/Debug-watchos/AEXML.build/Objects-normal/arm64_32/AEXML-Swift.h -working-directory /Users/admin/builder/spi-builder-workspace/.swiftpm/xcode -experimental-emit-module-separately -disable-cmo
Ld /Users/admin/builder/spi-builder-workspace/.derivedData/Build/Intermediates.noindex/AEXML.build/Debug-watchos/AEXML.build/Objects-normal/arm64_32/Binary/AEXML.o normal arm64_32 (in target 'AEXML' from project 'AEXML')
cd /Users/admin/builder/spi-builder-workspace/.dependencies/checkouts/AEXML
/Applications/Xcode-26.3.0.app/Contents/Developer/Toolchains/XcodeDefault.xctoolchain/usr/bin/clang -Xlinker -reproducible -target arm64_32-apple-watchos4.0 -r -isysroot /Applications/Xcode-26.3.0.app/Contents/Developer/Platforms/WatchOS.platform/Developer/SDKs/WatchOS26.2.sdk -O0 -w -L/Users/admin/builder/spi-builder-workspace/.derivedData/Build/Intermediates.noindex/EagerLinkingTBDs/Debug-watchos -L/Users/admin/builder/spi-builder-workspace/.derivedData/Build/Products/Debug-watchos -L/Applications/Xcode-26.3.0.app/Contents/Developer/Platforms/WatchOS.platform/Developer/usr/lib -F/Users/admin/builder/spi-builder-workspace/.derivedData/Build/Intermediates.noindex/EagerLinkingTBDs/Debug-watchos -F/Users/admin/builder/spi-builder-workspace/.derivedData/Build/Products/Debug-watchos -iframework /Applications/Xcode-26.3.0.app/Contents/Developer/Platforms/WatchOS.platform/Developer/Library/Frameworks -iframework /Applications/Xcode-26.3.0.app/Contents/Developer/Platforms/WatchOS.platform/Developer/SDKs/WatchOS26.2.sdk/Developer/Library/Frameworks -filelist /Users/admin/builder/spi-builder-workspace/.derivedData/Build/Intermediates.noindex/AEXML.build/Debug-watchos/AEXML.build/Objects-normal/arm64_32/AEXML.LinkFileList -nostdlib -Xlinker -object_path_lto -Xlinker /Users/admin/builder/spi-builder-workspace/.derivedData/Build/Intermediates.noindex/AEXML.build/Debug-watchos/AEXML.build/Objects-normal/arm64_32/AEXML_lto.o -rdynamic -Xlinker -no_deduplicate -Xlinker -dependency_info -Xlinker /Users/admin/builder/spi-builder-workspace/.derivedData/Build/Intermediates.noindex/AEXML.build/Debug-watchos/AEXML.build/Objects-normal/arm64_32/AEXML_dependency_info.dat -fobjc-link-runtime -L/Applications/Xcode-26.3.0.app/Contents/Developer/Toolchains/XcodeDefault.xctoolchain/usr/lib/swift/watchos -L/usr/lib/swift -Xlinker -add_ast_path -Xlinker /Users/admin/builder/spi-builder-workspace/.derivedData/Build/Intermediates.noindex/AEXML.build/Debug-watchos/AEXML.build/Objects-normal/arm64_32/AEXML.swiftmodule @/Users/admin/builder/spi-builder-workspace/.derivedData/Build/Intermediates.noindex/AEXML.build/Debug-watchos/AEXML.build/Objects-normal/arm64_32/AEXML-linker-args.resp -o /Users/admin/builder/spi-builder-workspace/.derivedData/Build/Intermediates.noindex/AEXML.build/Debug-watchos/AEXML.build/Objects-normal/arm64_32/Binary/AEXML.o
SwiftDriverJobDiscovery normal arm64 Compiling Document.swift (in target 'AEXML' from project 'AEXML')
SwiftDriverJobDiscovery normal arm64 Compiling Parser.swift (in target 'AEXML' from project 'AEXML')
SwiftDriver\ Compilation AEXML normal arm64 com.apple.xcode.tools.swift.compiler (in target 'AEXML' from project 'AEXML')
cd /Users/admin/builder/spi-builder-workspace/.swiftpm/xcode
builtin-Swift-Compilation -- /Applications/Xcode-26.3.0.app/Contents/Developer/Toolchains/XcodeDefault.xctoolchain/usr/bin/swiftc -module-name AEXML -Onone -enforce-exclusivity\=checked @/Users/admin/builder/spi-builder-workspace/.derivedData/Build/Intermediates.noindex/AEXML.build/Debug-watchos/AEXML.build/Objects-normal/arm64/AEXML.SwiftFileList -DSWIFT_PACKAGE -DDEBUG -DSWIFT_MODULE_RESOURCE_BUNDLE_UNAVAILABLE -DXcode -plugin-path /Applications/Xcode-26.3.0.app/Contents/Developer/Toolchains/XcodeDefault.xctoolchain/usr/lib/swift/host/plugins/testing -enable-experimental-feature DebugDescriptionMacro -sdk /Applications/Xcode-26.3.0.app/Contents/Developer/Platforms/WatchOS.platform/Developer/SDKs/WatchOS26.2.sdk -target arm64-apple-watchos4.0 -g -module-cache-path /Users/admin/builder/spi-builder-workspace/.derivedData/ModuleCache.noindex -Xfrontend -serialize-debugging-options -enable-testing -suppress-warnings -index-store-path /Users/admin/builder/spi-builder-workspace/.derivedData/Index.noindex/DataStore -Xcc -D_LIBCPP_HARDENING_MODE\=_LIBCPP_HARDENING_MODE_DEBUG -swift-version 5 -I /Users/admin/builder/spi-builder-workspace/.derivedData/Build/Products/Debug-watchos -Isystem /Applications/Xcode-26.3.0.app/Contents/Developer/Platforms/WatchOS.platform/Developer/usr/lib -F /Users/admin/builder/spi-builder-workspace/.derivedData/Build/Products/Debug-watchos -F /Applications/Xcode-26.3.0.app/Contents/Developer/Platforms/WatchOS.platform/Developer/Library/Frameworks -F /Applications/Xcode-26.3.0.app/Contents/Developer/Platforms/WatchOS.platform/Developer/SDKs/WatchOS26.2.sdk/Developer/Library/Frameworks -c -j10 -enable-batch-mode -incremental -Xcc -ivfsstatcache -Xcc /Users/admin/builder/spi-builder-workspace/.derivedData/SDKStatCaches.noindex/watchos26.2-23S303-dc75598d0054f22ec865fa860f139d721753b489057de6bda919edfa1c59a62b.sdkstatcache -output-file-map /Users/admin/builder/spi-builder-workspace/.derivedData/Build/Intermediates.noindex/AEXML.build/Debug-watchos/AEXML.build/Objects-normal/arm64/AEXML-OutputFileMap.json -use-frontend-parseable-output -save-temps -no-color-diagnostics -explicit-module-build -module-cache-path /Users/admin/builder/spi-builder-workspace/.derivedData/Build/Intermediates.noindex/SwiftExplicitPrecompiledModules -clang-scanner-module-cache-path /Users/admin/builder/spi-builder-workspace/.derivedData/ModuleCache.noindex -sdk-module-cache-path /Users/admin/builder/spi-builder-workspace/.derivedData/ModuleCache.noindex -serialize-diagnostics -emit-dependencies -emit-module -emit-module-path /Users/admin/builder/spi-builder-workspace/.derivedData/Build/Intermediates.noindex/AEXML.build/Debug-watchos/AEXML.build/Objects-normal/arm64/AEXML.swiftmodule -validate-clang-modules-once -clang-build-session-file /Users/admin/builder/spi-builder-workspace/.derivedData/ModuleCache.noindex/Session.modulevalidation -package-name aexml -Xcc -I/Users/admin/builder/spi-builder-workspace/.derivedData/Build/Intermediates.noindex/AEXML.build/Debug-watchos/AEXML.build/swift-overrides.hmap -emit-const-values -Xfrontend -const-gather-protocols-file -Xfrontend /Users/admin/builder/spi-builder-workspace/.derivedData/Build/Intermediates.noindex/AEXML.build/Debug-watchos/AEXML.build/Objects-normal/arm64/AEXML_const_extract_protocols.json -Xcc -I/Users/admin/builder/spi-builder-workspace/.derivedData/Build/Products/Debug-watchos/include -Xcc -I/Users/admin/builder/spi-builder-workspace/.derivedData/Build/Intermediates.noindex/AEXML.build/Debug-watchos/AEXML.build/DerivedSources-normal/arm64 -Xcc -I/Users/admin/builder/spi-builder-workspace/.derivedData/Build/Intermediates.noindex/AEXML.build/Debug-watchos/AEXML.build/DerivedSources/arm64 -Xcc -I/Users/admin/builder/spi-builder-workspace/.derivedData/Build/Intermediates.noindex/AEXML.build/Debug-watchos/AEXML.build/DerivedSources -Xcc -DSWIFT_PACKAGE -Xcc -DDEBUG\=1 -emit-objc-header -emit-objc-header-path /Users/admin/builder/spi-builder-workspace/.derivedData/Build/Intermediates.noindex/AEXML.build/Debug-watchos/AEXML.build/Objects-normal/arm64/AEXML-Swift.h -working-directory /Users/admin/builder/spi-builder-workspace/.swiftpm/xcode -experimental-emit-module-separately -disable-cmo
Ld /Users/admin/builder/spi-builder-workspace/.derivedData/Build/Intermediates.noindex/AEXML.build/Debug-watchos/AEXML.build/Objects-normal/arm64/Binary/AEXML.o normal arm64 (in target 'AEXML' from project 'AEXML')
cd /Users/admin/builder/spi-builder-workspace/.dependencies/checkouts/AEXML
/Applications/Xcode-26.3.0.app/Contents/Developer/Toolchains/XcodeDefault.xctoolchain/usr/bin/clang -Xlinker -reproducible -target arm64-apple-watchos4.0 -r -isysroot /Applications/Xcode-26.3.0.app/Contents/Developer/Platforms/WatchOS.platform/Developer/SDKs/WatchOS26.2.sdk -O0 -w -L/Users/admin/builder/spi-builder-workspace/.derivedData/Build/Intermediates.noindex/EagerLinkingTBDs/Debug-watchos -L/Users/admin/builder/spi-builder-workspace/.derivedData/Build/Products/Debug-watchos -L/Applications/Xcode-26.3.0.app/Contents/Developer/Platforms/WatchOS.platform/Developer/usr/lib -F/Users/admin/builder/spi-builder-workspace/.derivedData/Build/Intermediates.noindex/EagerLinkingTBDs/Debug-watchos -F/Users/admin/builder/spi-builder-workspace/.derivedData/Build/Products/Debug-watchos -iframework /Applications/Xcode-26.3.0.app/Contents/Developer/Platforms/WatchOS.platform/Developer/Library/Frameworks -iframework /Applications/Xcode-26.3.0.app/Contents/Developer/Platforms/WatchOS.platform/Developer/SDKs/WatchOS26.2.sdk/Developer/Library/Frameworks -filelist /Users/admin/builder/spi-builder-workspace/.derivedData/Build/Intermediates.noindex/AEXML.build/Debug-watchos/AEXML.build/Objects-normal/arm64/AEXML.LinkFileList -nostdlib -Xlinker -object_path_lto -Xlinker /Users/admin/builder/spi-builder-workspace/.derivedData/Build/Intermediates.noindex/AEXML.build/Debug-watchos/AEXML.build/Objects-normal/arm64/AEXML_lto.o -rdynamic -Xlinker -no_deduplicate -Xlinker -dependency_info -Xlinker /Users/admin/builder/spi-builder-workspace/.derivedData/Build/Intermediates.noindex/AEXML.build/Debug-watchos/AEXML.build/Objects-normal/arm64/AEXML_dependency_info.dat -fobjc-link-runtime -L/Applications/Xcode-26.3.0.app/Contents/Developer/Toolchains/XcodeDefault.xctoolchain/usr/lib/swift/watchos -L/usr/lib/swift -Xlinker -add_ast_path -Xlinker /Users/admin/builder/spi-builder-workspace/.derivedData/Build/Intermediates.noindex/AEXML.build/Debug-watchos/AEXML.build/Objects-normal/arm64/AEXML.swiftmodule @/Users/admin/builder/spi-builder-workspace/.derivedData/Build/Intermediates.noindex/AEXML.build/Debug-watchos/AEXML.build/Objects-normal/arm64/AEXML-linker-args.resp -o /Users/admin/builder/spi-builder-workspace/.derivedData/Build/Intermediates.noindex/AEXML.build/Debug-watchos/AEXML.build/Objects-normal/arm64/Binary/AEXML.o
CreateUniversalBinary /Users/admin/builder/spi-builder-workspace/.derivedData/Build/Products/Debug-watchos/AEXML.o normal arm64\ armv7k\ arm64_32 (in target 'AEXML' from project 'AEXML')
cd /Users/admin/builder/spi-builder-workspace/.dependencies/checkouts/AEXML
/Applications/Xcode-26.3.0.app/Contents/Developer/Toolchains/XcodeDefault.xctoolchain/usr/bin/lipo -create /Users/admin/builder/spi-builder-workspace/.derivedData/Build/Intermediates.noindex/AEXML.build/Debug-watchos/AEXML.build/Objects-normal/arm64/Binary/AEXML.o /Users/admin/builder/spi-builder-workspace/.derivedData/Build/Intermediates.noindex/AEXML.build/Debug-watchos/AEXML.build/Objects-normal/armv7k/Binary/AEXML.o /Users/admin/builder/spi-builder-workspace/.derivedData/Build/Intermediates.noindex/AEXML.build/Debug-watchos/AEXML.build/Objects-normal/arm64_32/Binary/AEXML.o -output /Users/admin/builder/spi-builder-workspace/.derivedData/Build/Products/Debug-watchos/AEXML.o
SwiftDriverJobDiscovery normal armv7k Compiling Entry.swift, FileManager+ZIP.swift (in target 'ZIPFoundation' from project 'ZIPFoundation')
SwiftDriver\ Compilation ZIPFoundation normal armv7k com.apple.xcode.tools.swift.compiler (in target 'ZIPFoundation' from project 'ZIPFoundation')
cd /Users/admin/builder/spi-builder-workspace/.swiftpm/xcode
builtin-Swift-Compilation -- /Applications/Xcode-26.3.0.app/Contents/Developer/Toolchains/XcodeDefault.xctoolchain/usr/bin/swiftc -module-name ZIPFoundation -Onone -enforce-exclusivity\=checked @/Users/admin/builder/spi-builder-workspace/.derivedData/Build/Intermediates.noindex/ZIPFoundation.build/Debug-watchos/ZIPFoundation.build/Objects-normal/armv7k/ZIPFoundation.SwiftFileList -DSWIFT_PACKAGE -DDEBUG -DSWIFT_MODULE_RESOURCE_BUNDLE_AVAILABLE -DXcode -plugin-path /Applications/Xcode-26.3.0.app/Contents/Developer/Toolchains/XcodeDefault.xctoolchain/usr/lib/swift/host/plugins/testing -enable-experimental-feature DebugDescriptionMacro -sdk /Applications/Xcode-26.3.0.app/Contents/Developer/Platforms/WatchOS.platform/Developer/SDKs/WatchOS26.2.sdk -target armv7k-apple-watchos4.0 -g -module-cache-path /Users/admin/builder/spi-builder-workspace/.derivedData/ModuleCache.noindex -Xfrontend -serialize-debugging-options -enable-testing -suppress-warnings -index-store-path /Users/admin/builder/spi-builder-workspace/.derivedData/Index.noindex/DataStore -Xcc -D_LIBCPP_HARDENING_MODE\=_LIBCPP_HARDENING_MODE_DEBUG -swift-version 5 -I /Users/admin/builder/spi-builder-workspace/.derivedData/Build/Products/Debug-watchos -Isystem /Applications/Xcode-26.3.0.app/Contents/Developer/Platforms/WatchOS.platform/Developer/usr/lib -F /Users/admin/builder/spi-builder-workspace/.derivedData/Build/Products/Debug-watchos -F /Applications/Xcode-26.3.0.app/Contents/Developer/Platforms/WatchOS.platform/Developer/Library/Frameworks -F /Applications/Xcode-26.3.0.app/Contents/Developer/Platforms/WatchOS.platform/Developer/SDKs/WatchOS26.2.sdk/Developer/Library/Frameworks -c -j10 -enable-batch-mode -incremental -Xcc -ivfsstatcache -Xcc /Users/admin/builder/spi-builder-workspace/.derivedData/SDKStatCaches.noindex/watchos26.2-23S303-dc75598d0054f22ec865fa860f139d721753b489057de6bda919edfa1c59a62b.sdkstatcache -output-file-map /Users/admin/builder/spi-builder-workspace/.derivedData/Build/Intermediates.noindex/ZIPFoundation.build/Debug-watchos/ZIPFoundation.build/Objects-normal/armv7k/ZIPFoundation-OutputFileMap.json -use-frontend-parseable-output -save-temps -no-color-diagnostics -explicit-module-build -module-cache-path /Users/admin/builder/spi-builder-workspace/.derivedData/Build/Intermediates.noindex/SwiftExplicitPrecompiledModules -clang-scanner-module-cache-path /Users/admin/builder/spi-builder-workspace/.derivedData/ModuleCache.noindex -sdk-module-cache-path /Users/admin/builder/spi-builder-workspace/.derivedData/ModuleCache.noindex -serialize-diagnostics -emit-dependencies -emit-module -emit-module-path /Users/admin/builder/spi-builder-workspace/.derivedData/Build/Intermediates.noindex/ZIPFoundation.build/Debug-watchos/ZIPFoundation.build/Objects-normal/armv7k/ZIPFoundation.swiftmodule -validate-clang-modules-once -clang-build-session-file /Users/admin/builder/spi-builder-workspace/.derivedData/ModuleCache.noindex/Session.modulevalidation -package-name zipfoundation -Xcc -I/Users/admin/builder/spi-builder-workspace/.derivedData/Build/Intermediates.noindex/ZIPFoundation.build/Debug-watchos/ZIPFoundation.build/swift-overrides.hmap -emit-const-values -Xfrontend -const-gather-protocols-file -Xfrontend /Users/admin/builder/spi-builder-workspace/.derivedData/Build/Intermediates.noindex/ZIPFoundation.build/Debug-watchos/ZIPFoundation.build/Objects-normal/armv7k/ZIPFoundation_const_extract_protocols.json -Xcc -I/Users/admin/builder/spi-builder-workspace/.derivedData/Build/Products/Debug-watchos/include -Xcc -I/Users/admin/builder/spi-builder-workspace/.derivedData/Build/Intermediates.noindex/ZIPFoundation.build/Debug-watchos/ZIPFoundation.build/DerivedSources-normal/armv7k -Xcc -I/Users/admin/builder/spi-builder-workspace/.derivedData/Build/Intermediates.noindex/ZIPFoundation.build/Debug-watchos/ZIPFoundation.build/DerivedSources/armv7k -Xcc -I/Users/admin/builder/spi-builder-workspace/.derivedData/Build/Intermediates.noindex/ZIPFoundation.build/Debug-watchos/ZIPFoundation.build/DerivedSources -Xcc -DSWIFT_PACKAGE -Xcc -DDEBUG\=1 -emit-objc-header -emit-objc-header-path /Users/admin/builder/spi-builder-workspace/.derivedData/Build/Intermediates.noindex/ZIPFoundation.build/Debug-watchos/ZIPFoundation.build/Objects-normal/armv7k/ZIPFoundation-Swift.h -working-directory /Users/admin/builder/spi-builder-workspace/.swiftpm/xcode -experimental-emit-module-separately -disable-cmo
Ld /Users/admin/builder/spi-builder-workspace/.derivedData/Build/Intermediates.noindex/ZIPFoundation.build/Debug-watchos/ZIPFoundation.build/Objects-normal/armv7k/Binary/ZIPFoundation.o normal armv7k (in target 'ZIPFoundation' from project 'ZIPFoundation')
cd /Users/admin/builder/spi-builder-workspace/.dependencies/checkouts/ZIPFoundation
/Applications/Xcode-26.3.0.app/Contents/Developer/Toolchains/XcodeDefault.xctoolchain/usr/bin/clang -Xlinker -reproducible -target armv7k-apple-watchos4.0 -r -isysroot /Applications/Xcode-26.3.0.app/Contents/Developer/Platforms/WatchOS.platform/Developer/SDKs/WatchOS26.2.sdk -O0 -w -L/Users/admin/builder/spi-builder-workspace/.derivedData/Build/Intermediates.noindex/EagerLinkingTBDs/Debug-watchos -L/Users/admin/builder/spi-builder-workspace/.derivedData/Build/Products/Debug-watchos -L/Applications/Xcode-26.3.0.app/Contents/Developer/Platforms/WatchOS.platform/Developer/usr/lib -F/Users/admin/builder/spi-builder-workspace/.derivedData/Build/Intermediates.noindex/EagerLinkingTBDs/Debug-watchos -F/Users/admin/builder/spi-builder-workspace/.derivedData/Build/Products/Debug-watchos -iframework /Applications/Xcode-26.3.0.app/Contents/Developer/Platforms/WatchOS.platform/Developer/Library/Frameworks -iframework /Applications/Xcode-26.3.0.app/Contents/Developer/Platforms/WatchOS.platform/Developer/SDKs/WatchOS26.2.sdk/Developer/Library/Frameworks -filelist /Users/admin/builder/spi-builder-workspace/.derivedData/Build/Intermediates.noindex/ZIPFoundation.build/Debug-watchos/ZIPFoundation.build/Objects-normal/armv7k/ZIPFoundation.LinkFileList -nostdlib -Xlinker -object_path_lto -Xlinker /Users/admin/builder/spi-builder-workspace/.derivedData/Build/Intermediates.noindex/ZIPFoundation.build/Debug-watchos/ZIPFoundation.build/Objects-normal/armv7k/ZIPFoundation_lto.o -rdynamic -Xlinker -no_deduplicate -Xlinker -dependency_info -Xlinker /Users/admin/builder/spi-builder-workspace/.derivedData/Build/Intermediates.noindex/ZIPFoundation.build/Debug-watchos/ZIPFoundation.build/Objects-normal/armv7k/ZIPFoundation_dependency_info.dat -fobjc-link-runtime -L/Applications/Xcode-26.3.0.app/Contents/Developer/Toolchains/XcodeDefault.xctoolchain/usr/lib/swift/watchos -L/usr/lib/swift -Xlinker -add_ast_path -Xlinker /Users/admin/builder/spi-builder-workspace/.derivedData/Build/Intermediates.noindex/ZIPFoundation.build/Debug-watchos/ZIPFoundation.build/Objects-normal/armv7k/ZIPFoundation.swiftmodule @/Users/admin/builder/spi-builder-workspace/.derivedData/Build/Intermediates.noindex/ZIPFoundation.build/Debug-watchos/ZIPFoundation.build/Objects-normal/armv7k/ZIPFoundation-linker-args.resp -o /Users/admin/builder/spi-builder-workspace/.derivedData/Build/Intermediates.noindex/ZIPFoundation.build/Debug-watchos/ZIPFoundation.build/Objects-normal/armv7k/Binary/ZIPFoundation.o
CreateUniversalBinary /Users/admin/builder/spi-builder-workspace/.derivedData/Build/Products/Debug-watchos/ZIPFoundation.o normal arm64\ armv7k\ arm64_32 (in target 'ZIPFoundation' from project 'ZIPFoundation')
cd /Users/admin/builder/spi-builder-workspace/.dependencies/checkouts/ZIPFoundation
/Applications/Xcode-26.3.0.app/Contents/Developer/Toolchains/XcodeDefault.xctoolchain/usr/bin/lipo -create /Users/admin/builder/spi-builder-workspace/.derivedData/Build/Intermediates.noindex/ZIPFoundation.build/Debug-watchos/ZIPFoundation.build/Objects-normal/arm64/Binary/ZIPFoundation.o /Users/admin/builder/spi-builder-workspace/.derivedData/Build/Intermediates.noindex/ZIPFoundation.build/Debug-watchos/ZIPFoundation.build/Objects-normal/armv7k/Binary/ZIPFoundation.o /Users/admin/builder/spi-builder-workspace/.derivedData/Build/Intermediates.noindex/ZIPFoundation.build/Debug-watchos/ZIPFoundation.build/Objects-normal/arm64_32/Binary/ZIPFoundation.o -output /Users/admin/builder/spi-builder-workspace/.derivedData/Build/Products/Debug-watchos/ZIPFoundation.o
ExtractAppIntentsMetadata (in target 'AEXML' from project 'AEXML')
cd /Users/admin/builder/spi-builder-workspace/.dependencies/checkouts/AEXML
/Applications/Xcode-26.3.0.app/Contents/Developer/Toolchains/XcodeDefault.xctoolchain/usr/bin/appintentsmetadataprocessor --toolchain-dir /var/run/com.apple.security.cryptexd/mnt/com.apple.MobileAsset.MetalToolchain-v17.3.7003.10.2qeJAQ/Metal.xctoolchain --module-name AEXML --sdk-root /Applications/Xcode-26.3.0.app/Contents/Developer/Platforms/WatchOS.platform/Developer/SDKs/WatchOS26.2.sdk --xcode-version 17C529 --platform-family watchOS --deployment-target 4.0 --bundle-identifier aexml.AEXML --output /Users/admin/builder/spi-builder-workspace/.derivedData/Build/Products/Debug-watchos/AEXML.appintents --target-triple arm64-apple-watchos4.0 --target-triple armv7k-apple-watchos4.0 --target-triple arm64_32-apple-watchos4.0 --binary-file /Users/admin/builder/spi-builder-workspace/.derivedData/Build/Products/Debug-watchos/AEXML.o --dependency-file /Users/admin/builder/spi-builder-workspace/.derivedData/Build/Intermediates.noindex/AEXML.build/Debug-watchos/AEXML.build/Objects-normal/arm64/AEXML_dependency_info.dat --dependency-file /Users/admin/builder/spi-builder-workspace/.derivedData/Build/Intermediates.noindex/AEXML.build/Debug-watchos/AEXML.build/Objects-normal/armv7k/AEXML_dependency_info.dat --dependency-file /Users/admin/builder/spi-builder-workspace/.derivedData/Build/Intermediates.noindex/AEXML.build/Debug-watchos/AEXML.build/Objects-normal/arm64_32/AEXML_dependency_info.dat --stringsdata-file /Users/admin/builder/spi-builder-workspace/.derivedData/Build/Intermediates.noindex/AEXML.build/Debug-watchos/AEXML.build/Objects-normal/arm64/ExtractedAppShortcutsMetadata.stringsdata --stringsdata-file /Users/admin/builder/spi-builder-workspace/.derivedData/Build/Intermediates.noindex/AEXML.build/Debug-watchos/AEXML.build/Objects-normal/armv7k/ExtractedAppShortcutsMetadata.stringsdata --stringsdata-file /Users/admin/builder/spi-builder-workspace/.derivedData/Build/Intermediates.noindex/AEXML.build/Debug-watchos/AEXML.build/Objects-normal/arm64_32/ExtractedAppShortcutsMetadata.stringsdata --source-file-list /Users/admin/builder/spi-builder-workspace/.derivedData/Build/Intermediates.noindex/AEXML.build/Debug-watchos/AEXML.build/Objects-normal/arm64/AEXML.SwiftFileList --source-file-list /Users/admin/builder/spi-builder-workspace/.derivedData/Build/Intermediates.noindex/AEXML.build/Debug-watchos/AEXML.build/Objects-normal/armv7k/AEXML.SwiftFileList --source-file-list /Users/admin/builder/spi-builder-workspace/.derivedData/Build/Intermediates.noindex/AEXML.build/Debug-watchos/AEXML.build/Objects-normal/arm64_32/AEXML.SwiftFileList --metadata-file-list /Users/admin/builder/spi-builder-workspace/.derivedData/Build/Intermediates.noindex/AEXML.build/Debug-watchos/AEXML.build/AEXML.DependencyMetadataFileList --static-metadata-file-list /Users/admin/builder/spi-builder-workspace/.derivedData/Build/Intermediates.noindex/AEXML.build/Debug-watchos/AEXML.build/AEXML.DependencyStaticMetadataFileList --swift-const-vals-list /Users/admin/builder/spi-builder-workspace/.derivedData/Build/Intermediates.noindex/AEXML.build/Debug-watchos/AEXML.build/Objects-normal/arm64/AEXML.SwiftConstValuesFileList --swift-const-vals-list /Users/admin/builder/spi-builder-workspace/.derivedData/Build/Intermediates.noindex/AEXML.build/Debug-watchos/AEXML.build/Objects-normal/armv7k/AEXML.SwiftConstValuesFileList --swift-const-vals-list /Users/admin/builder/spi-builder-workspace/.derivedData/Build/Intermediates.noindex/AEXML.build/Debug-watchos/AEXML.build/Objects-normal/arm64_32/AEXML.SwiftConstValuesFileList --force --compile-time-extraction --deployment-aware-processing --validate-assistant-intents --no-app-shortcuts-localization
2026-10-23 20:38:07.901 appintentsmetadataprocessor[981:5858] Starting appintentsmetadataprocessor export
2026-10-23 20:38:08.050 appintentsmetadataprocessor[981:5858] Extracted no relevant App Intents symbols, skipping writing output
ExtractAppIntentsMetadata (in target 'ZIPFoundation' from project 'ZIPFoundation')
cd /Users/admin/builder/spi-builder-workspace/.dependencies/checkouts/ZIPFoundation
/Applications/Xcode-26.3.0.app/Contents/Developer/Toolchains/XcodeDefault.xctoolchain/usr/bin/appintentsmetadataprocessor --toolchain-dir /var/run/com.apple.security.cryptexd/mnt/com.apple.MobileAsset.MetalToolchain-v17.3.7003.10.2qeJAQ/Metal.xctoolchain --module-name ZIPFoundation --sdk-root /Applications/Xcode-26.3.0.app/Contents/Developer/Platforms/WatchOS.platform/Developer/SDKs/WatchOS26.2.sdk --xcode-version 17C529 --platform-family watchOS --deployment-target 4.0 --bundle-identifier zipfoundation.ZIPFoundation --output /Users/admin/builder/spi-builder-workspace/.derivedData/Build/Products/Debug-watchos/ZIPFoundation.appintents --target-triple arm64-apple-watchos4.0 --target-triple armv7k-apple-watchos4.0 --target-triple arm64_32-apple-watchos4.0 --binary-file /Users/admin/builder/spi-builder-workspace/.derivedData/Build/Products/Debug-watchos/ZIPFoundation.o --dependency-file /Users/admin/builder/spi-builder-workspace/.derivedData/Build/Intermediates.noindex/ZIPFoundation.build/Debug-watchos/ZIPFoundation.build/Objects-normal/arm64/ZIPFoundation_dependency_info.dat --dependency-file /Users/admin/builder/spi-builder-workspace/.derivedData/Build/Intermediates.noindex/ZIPFoundation.build/Debug-watchos/ZIPFoundation.build/Objects-normal/armv7k/ZIPFoundation_dependency_info.dat --dependency-file /Users/admin/builder/spi-builder-workspace/.derivedData/Build/Intermediates.noindex/ZIPFoundation.build/Debug-watchos/ZIPFoundation.build/Objects-normal/arm64_32/ZIPFoundation_dependency_info.dat --stringsdata-file /Users/admin/builder/spi-builder-workspace/.derivedData/Build/Intermediates.noindex/ZIPFoundation.build/Debug-watchos/ZIPFoundation.build/Objects-normal/arm64/ExtractedAppShortcutsMetadata.stringsdata --stringsdata-file /Users/admin/builder/spi-builder-workspace/.derivedData/Build/Intermediates.noindex/ZIPFoundation.build/Debug-watchos/ZIPFoundation.build/Objects-normal/armv7k/ExtractedAppShortcutsMetadata.stringsdata --stringsdata-file /Users/admin/builder/spi-builder-workspace/.derivedData/Build/Intermediates.noindex/ZIPFoundation.build/Debug-watchos/ZIPFoundation.build/Objects-normal/arm64_32/ExtractedAppShortcutsMetadata.stringsdata --source-file-list /Users/admin/builder/spi-builder-workspace/.derivedData/Build/Intermediates.noindex/ZIPFoundation.build/Debug-watchos/ZIPFoundation.build/Objects-normal/arm64/ZIPFoundation.SwiftFileList --source-file-list /Users/admin/builder/spi-builder-workspace/.derivedData/Build/Intermediates.noindex/ZIPFoundation.build/Debug-watchos/ZIPFoundation.build/Objects-normal/armv7k/ZIPFoundation.SwiftFileList --source-file-list /Users/admin/builder/spi-builder-workspace/.derivedData/Build/Intermediates.noindex/ZIPFoundation.build/Debug-watchos/ZIPFoundation.build/Objects-normal/arm64_32/ZIPFoundation.SwiftFileList --metadata-file-list /Users/admin/builder/spi-builder-workspace/.derivedData/Build/Intermediates.noindex/ZIPFoundation.build/Debug-watchos/ZIPFoundation.build/ZIPFoundation.DependencyMetadataFileList --static-metadata-file-list /Users/admin/builder/spi-builder-workspace/.derivedData/Build/Intermediates.noindex/ZIPFoundation.build/Debug-watchos/ZIPFoundation.build/ZIPFoundation.DependencyStaticMetadataFileList --swift-const-vals-list /Users/admin/builder/spi-builder-workspace/.derivedData/Build/Intermediates.noindex/ZIPFoundation.build/Debug-watchos/ZIPFoundation.build/Objects-normal/arm64/ZIPFoundation.SwiftConstValuesFileList --swift-const-vals-list /Users/admin/builder/spi-builder-workspace/.derivedData/Build/Intermediates.noindex/ZIPFoundation.build/Debug-watchos/ZIPFoundation.build/Objects-normal/armv7k/ZIPFoundation.SwiftConstValuesFileList --swift-const-vals-list /Users/admin/builder/spi-builder-workspace/.derivedData/Build/Intermediates.noindex/ZIPFoundation.build/Debug-watchos/ZIPFoundation.build/Objects-normal/arm64_32/ZIPFoundation.SwiftConstValuesFileList --force --compile-time-extraction --deployment-aware-processing --validate-assistant-intents --no-app-shortcuts-localization
2026-10-23 20:38:07.901 appintentsmetadataprocessor[982:5862] Starting appintentsmetadataprocessor export
2026-10-23 20:38:08.055 appintentsmetadataprocessor[982:5862] Extracted no relevant App Intents symbols, skipping writing output
SwiftExplicitDependencyGeneratePcm arm64 /Users/admin/builder/spi-builder-workspace/.derivedData/ModuleCache.noindex/MachO-4PZ1ATA3BLI5TYNHJEM11PRR4.pcm
SwiftExplicitDependencyGeneratePcm arm64 /Users/admin/builder/spi-builder-workspace/.derivedData/ModuleCache.noindex/_Builtin_stdatomic-EA77U3GBBNTXVMUT5ZKSLJ5XS.pcm
SwiftExplicitDependencyGeneratePcm arm64_32 /Users/admin/builder/spi-builder-workspace/.derivedData/ModuleCache.noindex/UIUtilities-59GBUC6OQVK91MAU9JD2X3G04.pcm
SwiftExplicitDependencyGeneratePcm arm64 /Users/admin/builder/spi-builder-workspace/.derivedData/ModuleCache.noindex/CoreTransferable-ER0YP2HKMWW2J9HXX7NN361VV.pcm
SwiftExplicitDependencyGeneratePcm arm64 /Users/admin/builder/spi-builder-workspace/.derivedData/ModuleCache.noindex/DeveloperToolsSupport-C26H56O3LBIR4DNF0LR2VJM93.pcm
SwiftExplicitDependencyGeneratePcm arm64_32 /Users/admin/builder/spi-builder-workspace/.derivedData/ModuleCache.noindex/CoreTransferable-AMY7KQZKKQ7EH4D9A63UMO44F.pcm
SwiftExplicitDependencyGeneratePcm arm64 /Users/admin/builder/spi-builder-workspace/.derivedData/ModuleCache.noindex/Symbols-6CVRWIBLX5MAREBWM5DPCLXGQ.pcm
SwiftExplicitDependencyGeneratePcm arm64_32 /Users/admin/builder/spi-builder-workspace/.derivedData/ModuleCache.noindex/Symbols-2J7TC9WRM59N5LN7EICJIGSLV.pcm
SwiftExplicitDependencyGeneratePcm armv7k /Users/admin/builder/spi-builder-workspace/.derivedData/ModuleCache.noindex/_Builtin_stdatomic-8IT5EZZVTDTF49OB65U50F3NQ.pcm
SwiftExplicitDependencyGeneratePcm armv7k /Users/admin/builder/spi-builder-workspace/.derivedData/ModuleCache.noindex/UserNotifications-CH76TD5QMDEWMGJIW6K7XAWMZ.pcm
SwiftExplicitDependencyGeneratePcm armv7k /Users/admin/builder/spi-builder-workspace/.derivedData/ModuleCache.noindex/CoreTransferable-5W8LIA7BKJ6XCLBI49P1CGGPH.pcm
SwiftExplicitDependencyGeneratePcm armv7k /Users/admin/builder/spi-builder-workspace/.derivedData/ModuleCache.noindex/CoreServices-6NK7N4TNHZJRZRWUEBK4J6JGN.pcm
SwiftExplicitDependencyGeneratePcm armv7k /Users/admin/builder/spi-builder-workspace/.derivedData/ModuleCache.noindex/MachO-DS2IK2IGPQD3MMJZ2NDWUEO67.pcm
SwiftExplicitDependencyGeneratePcm armv7k /Users/admin/builder/spi-builder-workspace/.derivedData/ModuleCache.noindex/DeveloperToolsSupport-AOQSUP347KYNU7L15HOB6RLA.pcm
SwiftExplicitDependencyGeneratePcm arm64 /Users/admin/builder/spi-builder-workspace/.derivedData/ModuleCache.noindex/DataDetection-EO81GN528IW0S6D4VSIIZJ3SX.pcm
SwiftExplicitDependencyGeneratePcm arm64 /Users/admin/builder/spi-builder-workspace/.derivedData/ModuleCache.noindex/UIUtilities-2WCKWQYZTGUDVPKLRZH5MSH8O.pcm
SwiftExplicitDependencyGeneratePcm armv7k /Users/admin/builder/spi-builder-workspace/.derivedData/ModuleCache.noindex/DataDetection-68NUI1Q12T8VSBQIT6UQ7CPX.pcm
SwiftExplicitDependencyGeneratePcm arm64 /Users/admin/builder/spi-builder-workspace/.derivedData/ModuleCache.noindex/os-D1AKLO06GXAGTW0T0093HTPBV.pcm
SwiftExplicitDependencyGeneratePcm armv7k /Users/admin/builder/spi-builder-workspace/.derivedData/ModuleCache.noindex/UIUtilities-41LTGMMBFAVG50U7U1X016XLL.pcm
SwiftExplicitDependencyGeneratePcm arm64 /Users/admin/builder/spi-builder-workspace/.derivedData/ModuleCache.noindex/CoreServices-7N17FJ86BIV1WWMFIA4UOMC10.pcm
SwiftExplicitDependencyGeneratePcm arm64_32 /Users/admin/builder/spi-builder-workspace/.derivedData/ModuleCache.noindex/_Builtin_stdatomic-3W6JDMBOEBP6R3JYYMJ31SK1F.pcm
SwiftExplicitDependencyGeneratePcm armv7k /Users/admin/builder/spi-builder-workspace/.derivedData/ModuleCache.noindex/UniformTypeIdentifiers-DTFZ9Z54K4C5DTMJOWIXK456Q.pcm
SwiftExplicitDependencyGeneratePcm arm64_32 /Users/admin/builder/spi-builder-workspace/.derivedData/ModuleCache.noindex/DeveloperToolsSupport-ESPY7BV82ASJCSCPWLXHMRQNZ.pcm
SwiftExplicitDependencyGeneratePcm armv7k /Users/admin/builder/spi-builder-workspace/.derivedData/ModuleCache.noindex/os-7C47NW5SE97WUIBMZ9B2YT4U2.pcm
SwiftExplicitDependencyGeneratePcm arm64 /Users/admin/builder/spi-builder-workspace/.derivedData/ModuleCache.noindex/UniformTypeIdentifiers-7X176WA1TRB7JF3H9LNXUS2GS.pcm
SwiftExplicitDependencyGeneratePcm arm64_32 /Users/admin/builder/spi-builder-workspace/.derivedData/ModuleCache.noindex/UniformTypeIdentifiers-6CKSLNTWLO8Z0CLER6EJ8IE1L.pcm
SwiftExplicitDependencyGeneratePcm arm64 /Users/admin/builder/spi-builder-workspace/.derivedData/ModuleCache.noindex/UserNotifications-8GT8ZZHMY1R5V6T75FQ9AYQA4.pcm
SwiftExplicitDependencyGeneratePcm arm64 /Users/admin/builder/spi-builder-workspace/.derivedData/ModuleCache.noindex/MobileCoreServices-7BUEWJPV06U5N2D84RXBPBHO8.pcm
SwiftExplicitDependencyGeneratePcm arm64_32 /Users/admin/builder/spi-builder-workspace/.derivedData/ModuleCache.noindex/DataDetection-7YCQAJYZCC2FT556WDTR5TVRG.pcm
SwiftExplicitDependencyGeneratePcm arm64_32 /Users/admin/builder/spi-builder-workspace/.derivedData/ModuleCache.noindex/CoreServices-CEDK5BTQ9DE6028PLB56VCY39.pcm
SwiftExplicitDependencyGeneratePcm arm64 /Users/admin/builder/spi-builder-workspace/.derivedData/ModuleCache.noindex/OSLog-1NCK4FRSTTB12EDNDHPQNR017.pcm
SwiftExplicitDependencyGeneratePcm armv7k /Users/admin/builder/spi-builder-workspace/.derivedData/ModuleCache.noindex/MobileCoreServices-IWYSM6NPE29ZWIGT30MPT1V0.pcm
SwiftExplicitDependencyGeneratePcm armv7k /Users/admin/builder/spi-builder-workspace/.derivedData/ModuleCache.noindex/OSLog-ASQVHLAS5WU6F5H5R7UGVSIAE.pcm
SwiftExplicitDependencyGeneratePcm armv7k /Users/admin/builder/spi-builder-workspace/.derivedData/ModuleCache.noindex/Symbols-E73SJPIWBHC4MYRDZFCVSV7I4.pcm
SwiftExplicitDependencyGeneratePcm arm64_32 /Users/admin/builder/spi-builder-workspace/.derivedData/ModuleCache.noindex/CoreGraphics-9TJ4ZH2KODV9PT5GADEU15EJH.pcm
SwiftExplicitDependencyGeneratePcm arm64_32 /Users/admin/builder/spi-builder-workspace/.derivedData/ModuleCache.noindex/UserNotifications-2XE83FS4BVMIYZ7EZQJOGCV81.pcm
SwiftExplicitDependencyGeneratePcm arm64_32 /Users/admin/builder/spi-builder-workspace/.derivedData/ModuleCache.noindex/MachO-5J5IRFZSWTWZ7P6E2M1HE63MG.pcm
SwiftExplicitDependencyGeneratePcm arm64 /Users/admin/builder/spi-builder-workspace/.derivedData/ModuleCache.noindex/CoreGraphics-45HYDSWGN8OZWXV9ABJ36G6QC.pcm
SwiftExplicitDependencyGeneratePcm arm64_32 /Users/admin/builder/spi-builder-workspace/.derivedData/ModuleCache.noindex/MobileCoreServices-CMARFSH4UPYCV8WA49M6VOO31.pcm
SwiftExplicitDependencyGeneratePcm armv7k /Users/admin/builder/spi-builder-workspace/.derivedData/ModuleCache.noindex/CoreGraphics-41VE77Q5HH73MKF7HP1G9FDIW.pcm
SwiftExplicitDependencyGeneratePcm arm64_32 /Users/admin/builder/spi-builder-workspace/.derivedData/ModuleCache.noindex/os-4XOZQFWLBC5TEW0PACDBRYFX4.pcm
SwiftExplicitDependencyGeneratePcm arm64_32 /Users/admin/builder/spi-builder-workspace/.derivedData/ModuleCache.noindex/CoreVideo-F33UCFF6EGD2RL8QVBGHBTCU8.pcm
SwiftExplicitDependencyGeneratePcm arm64_32 /Users/admin/builder/spi-builder-workspace/.derivedData/ModuleCache.noindex/CoreText-3KPUAGONHTV2MJIVELEAJ96BI.pcm
SwiftExplicitDependencyGeneratePcm arm64_32 /Users/admin/builder/spi-builder-workspace/.derivedData/ModuleCache.noindex/Accessibility-6TCBSVF83ED1R84ZEXGV28SIC.pcm
SwiftExplicitDependencyGeneratePcm arm64 /Users/admin/builder/spi-builder-workspace/.derivedData/ModuleCache.noindex/CoreVideo-15YX2G1W4M6VDVN280UZD7OSE.pcm
SwiftExplicitDependencyGeneratePcm arm64 /Users/admin/builder/spi-builder-workspace/.derivedData/ModuleCache.noindex/CoreText-3PQKQ348SD1931NTC49510YGB.pcm
SwiftExplicitDependencyGeneratePcm arm64 /Users/admin/builder/spi-builder-workspace/.derivedData/ModuleCache.noindex/Accessibility-E65RMPWSFECA2BIVNQMOGV14F.pcm
SwiftExplicitDependencyGeneratePcm armv7k /Users/admin/builder/spi-builder-workspace/.derivedData/ModuleCache.noindex/CoreText-1GR7MBA2KOL21T9CB08W6KA75.pcm
SwiftExplicitDependencyGeneratePcm armv7k /Users/admin/builder/spi-builder-workspace/.derivedData/ModuleCache.noindex/CoreVideo-4FIRG2YZEBGY74II6CAMNFUX.pcm
SwiftExplicitDependencyGeneratePcm armv7k /Users/admin/builder/spi-builder-workspace/.derivedData/ModuleCache.noindex/Accessibility-1A50MMO5BRACR5J3C74JH5JU.pcm
SwiftExplicitDependencyGeneratePcm arm64_32 /Users/admin/builder/spi-builder-workspace/.derivedData/ModuleCache.noindex/OSLog-1LB2KW23KD83RBYXM7Z2XNMQ3.pcm
SwiftExplicitDependencyGeneratePcm arm64_32 /Users/admin/builder/spi-builder-workspace/.derivedData/ModuleCache.noindex/QuartzCore-1CXSNK2UACVBDKZAARQDNUK67.pcm
SwiftExplicitDependencyGeneratePcm arm64 /Users/admin/builder/spi-builder-workspace/.derivedData/ModuleCache.noindex/QuartzCore-9JKSYIR3U81A6ICL5PJIM7N12.pcm
SwiftExplicitDependencyGeneratePcm armv7k /Users/admin/builder/spi-builder-workspace/.derivedData/ModuleCache.noindex/QuartzCore-5AJNR4V5UT0R7NYQ952X5ALOI.pcm
SwiftExplicitDependencyGeneratePcm arm64_32 /Users/admin/builder/spi-builder-workspace/.derivedData/ModuleCache.noindex/SwiftUICore-C030D3HUONXAOPKL2BQ5SM4KD.pcm
SwiftExplicitDependencyGeneratePcm arm64_32 /Users/admin/builder/spi-builder-workspace/.derivedData/ModuleCache.noindex/UIKit-18PD4O998O0G26VKE010YA5TL.pcm
SwiftExplicitDependencyGeneratePcm arm64 /Users/admin/builder/spi-builder-workspace/.derivedData/ModuleCache.noindex/SwiftUICore-5700WH6PN2JGNW3YO50O4A8XA.pcm
SwiftExplicitDependencyGeneratePcm arm64 /Users/admin/builder/spi-builder-workspace/.derivedData/ModuleCache.noindex/UIKit-3Z94JRR4V583WSE5ZFIFQV5Z1.pcm
SwiftExplicitDependencyGeneratePcm armv7k /Users/admin/builder/spi-builder-workspace/.derivedData/ModuleCache.noindex/SwiftUICore-6J03O1SVRHS663BW0TV4QJST2.pcm
SwiftExplicitDependencyGeneratePcm armv7k /Users/admin/builder/spi-builder-workspace/.derivedData/ModuleCache.noindex/UIKit-BIBPZVM7KBWPOUAV240VWX98C.pcm
RegisterExecutionPolicyException /Users/admin/builder/spi-builder-workspace/.derivedData/Build/Products/Debug-watchos/AEXML.o (in target 'AEXML' from project 'AEXML')
cd /Users/admin/builder/spi-builder-workspace/.dependencies/checkouts/AEXML
builtin-RegisterExecutionPolicyException /Users/admin/builder/spi-builder-workspace/.derivedData/Build/Products/Debug-watchos/AEXML.o
RegisterExecutionPolicyException /Users/admin/builder/spi-builder-workspace/.derivedData/Build/Products/Debug-watchos/ZIPFoundation.o (in target 'ZIPFoundation' from project 'ZIPFoundation')
cd /Users/admin/builder/spi-builder-workspace/.dependencies/checkouts/ZIPFoundation
builtin-RegisterExecutionPolicyException /Users/admin/builder/spi-builder-workspace/.derivedData/Build/Products/Debug-watchos/ZIPFoundation.o
SwiftEmitModule normal arm64 Emitting\ module\ for\ DocX (in target 'DocX' from project 'DocX')
EmitSwiftModule normal arm64 (in target 'DocX' from project 'DocX')
cd /Users/admin/builder/spi-builder-workspace/.swiftpm/xcode
/Users/admin/builder/spi-builder-workspace/DocX/AttributedString.swift:12:11: error: 'AttributedString' is only available in watchOS 8 or newer
extension AttributedString{
^
/Users/admin/builder/spi-builder-workspace/DocX/AttributedString.swift:12:1: note: add '@available' attribute to enclosing extension
extension AttributedString{
^
/Users/admin/builder/spi-builder-workspace/DocX/AttributedString.swift:32:78: error: 'AttributeScopes' is only available in watchOS 8 or newer
static let key:NSAttributedString.Key = NSAttributedString.Key(rawValue: AttributeScopes.FoundationAttributes.InlinePresentationIntentAttribute.name)
^
/Users/admin/builder/spi-builder-workspace/DocX/AttributedString.swift:32:16: note: add '@available' attribute to enclosing static property
static let key:NSAttributedString.Key = NSAttributedString.Key(rawValue: AttributeScopes.FoundationAttributes.InlinePresentationIntentAttribute.name)
^
/Users/admin/builder/spi-builder-workspace/DocX/AttributedString.swift:31:1: note: add '@available' attribute to enclosing extension
extension AttributeScopes.FoundationAttributes.InlinePresentationIntentAttribute{
^
/Users/admin/builder/spi-builder-workspace/DocX/AttributedString.swift:31:11: error: 'AttributeScopes' is only available in watchOS 8 or newer
extension AttributeScopes.FoundationAttributes.InlinePresentationIntentAttribute{
^
/Users/admin/builder/spi-builder-workspace/DocX/AttributedString.swift:31:1: note: add '@available' attribute to enclosing extension
extension AttributeScopes.FoundationAttributes.InlinePresentationIntentAttribute{
^
/Users/admin/builder/spi-builder-workspace/DocX/AttributedString.swift:37:78: error: 'AttributeScopes' is only available in watchOS 8 or newer
static let key:NSAttributedString.Key = NSAttributedString.Key(rawValue: AttributeScopes.FoundationAttributes.ImageURLAttribute.name)
^
/Users/admin/builder/spi-builder-workspace/DocX/AttributedString.swift:37:16: note: add '@available' attribute to enclosing static property
static let key:NSAttributedString.Key = NSAttributedString.Key(rawValue: AttributeScopes.FoundationAttributes.ImageURLAttribute.name)
^
/Users/admin/builder/spi-builder-workspace/DocX/AttributedString.swift:36:1: note: add '@available' attribute to enclosing extension
extension AttributeScopes.FoundationAttributes.ImageURLAttribute{
^
/Users/admin/builder/spi-builder-workspace/DocX/AttributedString.swift:36:11: error: 'AttributeScopes' is only available in watchOS 8 or newer
extension AttributeScopes.FoundationAttributes.ImageURLAttribute{
^
/Users/admin/builder/spi-builder-workspace/DocX/AttributedString.swift:36:1: note: add '@available' attribute to enclosing extension
extension AttributeScopes.FoundationAttributes.ImageURLAttribute{
^
/Users/admin/builder/spi-builder-workspace/DocX/AttributedString.swift:42:11: error: 'InlinePresentationIntent' is only available in watchOS 8.0 or newer
extension InlinePresentationIntent{
^
/Users/admin/builder/spi-builder-workspace/DocX/AttributedString.swift:42:1: note: add '@available' attribute to enclosing extension
extension InlinePresentationIntent{
^
/Users/admin/builder/spi-builder-workspace/DocX/DocXImageAttachment.swift:25:14: error: inheritance from non-protocol, non-class type 'NSTextAttachment'
public class DocXImageAttachment: NSTextAttachment {
^
/Users/admin/builder/spi-builder-workspace/DocX/PlatformSpecific-iOS.swift:57:17: error: initializers in structs are not marked with 'convenience'
convenience init(fileWrapper:FileWrapper){
~~~~~~~~~~~~^
Failed frontend command:
/Applications/Xcode-26.3.0.app/Contents/Developer/Toolchains/XcodeDefault.xctoolchain/usr/bin/swift-frontend -frontend -emit-module -experimental-skip-non-inlinable-function-bodies-without-types /Users/admin/builder/spi-builder-workspace/.derivedData/Build/Intermediates.noindex/DocX.build/Debug-watchos/DocX.build/DerivedSources/resource_bundle_accessor.swift /Users/admin/builder/spi-builder-workspace/DocX/AttributeElements.swift /Users/admin/builder/spi-builder-workspace/DocX/AttributedString.swift /Users/admin/builder/spi-builder-workspace/DocX/Bundle+Extensions.swift /Users/admin/builder/spi-builder-workspace/DocX/DocX.swift /Users/admin/builder/spi-builder-workspace/DocX/DocXImageAttachment.swift /Users/admin/builder/spi-builder-workspace/DocX/DocXNotes.swift /Users/admin/builder/spi-builder-workspace/DocX/DocXNumbering.swift /Users/admin/builder/spi-builder-workspace/DocX/DocXOptions.swift /Users/admin/builder/spi-builder-workspace/DocX/DocXPageDefinition.swift /Users/admin/builder/spi-builder-workspace/DocX/DocXStyleConfiguration.swift /Users/admin/builder/spi-builder-workspace/DocX/DocXWriter.swift /Users/admin/builder/spi-builder-workspace/DocX/DocXWriting.swift /Users/admin/builder/spi-builder-workspace/DocX/DocumentRoot.swift /Users/admin/builder/spi-builder-workspace/DocX/FontElements.swift /Users/admin/builder/spi-builder-workspace/DocX/ImageRelationship.swift /Users/admin/builder/spi-builder-workspace/DocX/NSAttributedString+DocX-macOS.swift /Users/admin/builder/spi-builder-workspace/DocX/NSAttributedString+DocX.swift /Users/admin/builder/spi-builder-workspace/DocX/NSAttributedString+Extensions.swift /Users/admin/builder/spi-builder-workspace/DocX/NSAttributedString+Writing.swift /Users/admin/builder/spi-builder-workspace/DocX/NSParagraphStyle+Elements.swift /Users/admin/builder/spi-builder-workspace/DocX/NSTextAttachement+Extensions.swift /Users/admin/builder/spi-builder-workspace/DocX/NSUnderlineStyle+Elements.swift /Users/admin/builder/spi-builder-workspace/DocX/ParagraphElement.swift /Users/admin/builder/spi-builder-workspace/DocX/PlatformSpecific-iOS.swift /Users/admin/builder/spi-builder-workspace/DocX/PlatformSpecific-macOS.swift /Users/admin/builder/spi-builder-workspace/DocX/RubyAnnotationElement.swift -target arm64-apple-watchos4.0 -module-can-import-version UIKit 9126.2.4 9126.2.4 -load-resolved-plugin /Applications/Xcode-26.3.0.app/Contents/Developer/Platforms/WatchOS.platform/Developer/usr/lib/swift/host/plugins/libFoundationMacros.dylib\#/Applications/Xcode-26.3.0.app/Contents/Developer/Platforms/WatchOS.platform/Developer/usr/bin/swift-plugin-server\#FoundationMacros -load-resolved-plugin /Applications/Xcode-26.3.0.app/Contents/Developer/Platforms/WatchOS.platform/Developer/usr/lib/swift/host/plugins/libObservationMacros.dylib\#/Applications/Xcode-26.3.0.app/Contents/Developer/Platforms/WatchOS.platform/Developer/usr/bin/swift-plugin-server\#ObservationMacros -load-resolved-plugin /Applications/Xcode-26.3.0.app/Contents/Developer/Platforms/WatchOS.platform/Developer/usr/lib/swift/host/plugins/libSwiftMacros.dylib\#/Applications/Xcode-26.3.0.app/Contents/Developer/Platforms/WatchOS.platform/Developer/usr/bin/swift-plugin-server\#SwiftMacros -load-resolved-plugin /Applications/Xcode-26.3.0.app/Contents/Developer/Platforms/WatchOS.platform/Developer/usr/lib/swift/host/plugins/libSwiftUIMacros.dylib\#/Applications/Xcode-26.3.0.app/Contents/Developer/Platforms/WatchOS.platform/Developer/usr/bin/swift-plugin-server\#SwiftUIMacros -disable-implicit-swift-modules -Xcc -fno-implicit-modules -Xcc -fno-implicit-module-maps -explicit-swift-module-map-file /Users/admin/builder/spi-builder-workspace/.derivedData/Build/Intermediates.noindex/DocX.build/Debug-watchos/DocX.build/Objects-normal/arm64/DocX-dependencies-2.json -Xllvm -aarch64-use-tbi -enable-objc-interop -sdk /Applications/Xcode-26.3.0.app/Contents/Developer/Platforms/WatchOS.platform/Developer/SDKs/WatchOS26.2.sdk -I /Users/admin/builder/spi-builder-workspace/.derivedData/Build/Products/Debug-watchos -Isystem /Applications/Xcode-26.3.0.app/Contents/Developer/Platforms/WatchOS.platform/Developer/usr/lib -F /Users/admin/builder/spi-builder-workspace/.derivedData/Build/Products/Debug-watchos/PackageFrameworks -F /Users/admin/builder/spi-builder-workspace/.derivedData/Build/Products/Debug-watchos/PackageFrameworks -F /Users/admin/builder/spi-builder-workspace/.derivedData/Build/Products/Debug-watchos -F /Applications/Xcode-26.3.0.app/Contents/Developer/Platforms/WatchOS.platform/Developer/Library/Frameworks -F /Applications/Xcode-26.3.0.app/Contents/Developer/Platforms/WatchOS.platform/Developer/SDKs/WatchOS26.2.sdk/Developer/Library/Frameworks -no-color-diagnostics -Xcc -fno-color-diagnostics -enable-testing -g -debug-info-format\=dwarf -dwarf-version\=4 -module-cache-path /Users/admin/builder/spi-builder-workspace/.derivedData/Build/Intermediates.noindex/SwiftExplicitPrecompiledModules -swift-version 5 -enforce-exclusivity\=checked -Onone -D SWIFT_PACKAGE -D DEBUG -D SWIFT_MODULE_RESOURCE_BUNDLE_AVAILABLE -D Xcode -serialize-debugging-options -const-gather-protocols-file /Users/admin/builder/spi-builder-workspace/.derivedData/Build/Intermediates.noindex/DocX.build/Debug-watchos/DocX.build/Objects-normal/arm64/DocX_const_extract_protocols.json -enable-experimental-feature DebugDescriptionMacro -empty-abi-descriptor -validate-clang-modules-once -clang-build-session-file /Users/admin/builder/spi-builder-workspace/.derivedData/ModuleCache.noindex/Session.modulevalidation -Xcc -working-directory -Xcc /Users/admin/builder/spi-builder-workspace/.swiftpm/xcode -enable-anonymous-context-mangled-names -file-compilation-dir /Users/admin/builder/spi-builder-workspace/.swiftpm/xcode -Xcc -D_LIBCPP_HARDENING_MODE\=_LIBCPP_HARDENING_MODE_DEBUG -Xcc -ivfsstatcache -Xcc /Users/admin/builder/spi-builder-workspace/.derivedData/SDKStatCaches.noindex/watchos26.2-23S303-dc75598d0054f22ec865fa860f139d721753b489057de6bda919edfa1c59a62b.sdkstatcache -Xcc -I/Users/admin/builder/spi-builder-workspace/.derivedData/Build/Intermediates.noindex/DocX.build/Debug-watchos/DocX.build/swift-overrides.hmap -Xcc -I/Users/admin/builder/spi-builder-workspace/.derivedData/Build/Products/Debug-watchos/include -Xcc -I/Users/admin/builder/spi-builder-workspace/.derivedData/Build/Intermediates.noindex/DocX.build/Debug-watchos/DocX.build/DerivedSources-normal/arm64 -Xcc -I/Users/admin/builder/spi-builder-workspace/.derivedData/Build/Intermediates.noindex/DocX.build/Debug-watchos/DocX.build/DerivedSources/arm64 -Xcc -I/Users/admin/builder/spi-builder-workspace/.derivedData/Build/Intermediates.noindex/DocX.build/Debug-watchos/DocX.build/DerivedSources -Xcc -DSWIFT_PACKAGE -Xcc -DDEBUG\=1 -no-auto-bridging-header-chaining -module-name DocX -frontend-parseable-output -disable-clang-spi -target-sdk-version 26.2 -target-sdk-name watchos26.2 -clang-target arm64-apple-watchos26.2 -in-process-plugin-server-path /Applications/Xcode-26.3.0.app/Contents/Developer/Toolchains/XcodeDefault.xctoolchain/usr/lib/swift/host/libSwiftInProcPluginServer.dylib -emit-module-doc-path /Users/admin/builder/spi-builder-workspace/.derivedData/Build/Intermediates.noindex/DocX.build/Debug-watchos/DocX.build/Objects-normal/arm64/DocX.swiftdoc -emit-module-source-info-path /Users/admin/builder/spi-builder-workspace/.derivedData/Build/Intermediates.noindex/DocX.build/Debug-watchos/DocX.build/Objects-normal/arm64/DocX.swiftsourceinfo -emit-objc-header-path /Users/admin/builder/spi-builder-workspace/.derivedData/Build/Intermediates.noindex/DocX.build/Debug-watchos/DocX.build/Objects-normal/arm64/DocX-Swift.h -serialize-diagnostics-path /Users/admin/builder/spi-builder-workspace/.derivedData/Build/Intermediates.noindex/DocX.build/Debug-watchos/DocX.build/Objects-normal/arm64/DocX-primary-emit-module.dia -emit-dependencies-path /Users/admin/builder/spi-builder-workspace/.derivedData/Build/Intermediates.noindex/DocX.build/Debug-watchos/DocX.build/Objects-normal/arm64/DocX-primary-emit-module.d -o /Users/admin/builder/spi-builder-workspace/.derivedData/Build/Intermediates.noindex/DocX.build/Debug-watchos/DocX.build/Objects-normal/arm64/DocX.swiftmodule -emit-abi-descriptor-path /Users/admin/builder/spi-builder-workspace/.derivedData/Build/Intermediates.noindex/DocX.build/Debug-watchos/DocX.build/Objects-normal/arm64/DocX.abi.json
SwiftCompile normal arm64 Compiling\ PlatformSpecific-macOS.swift,\ RubyAnnotationElement.swift /Users/admin/builder/spi-builder-workspace/DocX/PlatformSpecific-macOS.swift /Users/admin/builder/spi-builder-workspace/DocX/RubyAnnotationElement.swift (in target 'DocX' from project 'DocX')
SwiftCompile normal arm64 /Users/admin/builder/spi-builder-workspace/DocX/PlatformSpecific-macOS.swift (in target 'DocX' from project 'DocX')
cd /Users/admin/builder/spi-builder-workspace/.swiftpm/xcode
SwiftCompile normal arm64 /Users/admin/builder/spi-builder-workspace/DocX/RubyAnnotationElement.swift (in target 'DocX' from project 'DocX')
cd /Users/admin/builder/spi-builder-workspace/.swiftpm/xcode
SwiftCompile normal arm64 Compiling\ ParagraphElement.swift,\ PlatformSpecific-iOS.swift /Users/admin/builder/spi-builder-workspace/DocX/ParagraphElement.swift /Users/admin/builder/spi-builder-workspace/DocX/PlatformSpecific-iOS.swift (in target 'DocX' from project 'DocX')
SwiftCompile normal arm64 /Users/admin/builder/spi-builder-workspace/DocX/ParagraphElement.swift (in target 'DocX' from project 'DocX')
cd /Users/admin/builder/spi-builder-workspace/.swiftpm/xcode
SwiftCompile normal arm64 /Users/admin/builder/spi-builder-workspace/DocX/PlatformSpecific-iOS.swift (in target 'DocX' from project 'DocX')
cd /Users/admin/builder/spi-builder-workspace/.swiftpm/xcode
SwiftCompile normal arm64 Compiling\ NSTextAttachement+Extensions.swift,\ NSUnderlineStyle+Elements.swift /Users/admin/builder/spi-builder-workspace/DocX/NSTextAttachement+Extensions.swift /Users/admin/builder/spi-builder-workspace/DocX/NSUnderlineStyle+Elements.swift (in target 'DocX' from project 'DocX')
SwiftCompile normal arm64 /Users/admin/builder/spi-builder-workspace/DocX/NSTextAttachement+Extensions.swift (in target 'DocX' from project 'DocX')
cd /Users/admin/builder/spi-builder-workspace/.swiftpm/xcode
SwiftCompile normal arm64 /Users/admin/builder/spi-builder-workspace/DocX/NSUnderlineStyle+Elements.swift (in target 'DocX' from project 'DocX')
cd /Users/admin/builder/spi-builder-workspace/.swiftpm/xcode
SwiftCompile normal arm64 Compiling\ Bundle+Extensions.swift,\ DocX.swift,\ DocXImageAttachment.swift /Users/admin/builder/spi-builder-workspace/DocX/Bundle+Extensions.swift /Users/admin/builder/spi-builder-workspace/DocX/DocX.swift /Users/admin/builder/spi-builder-workspace/DocX/DocXImageAttachment.swift (in target 'DocX' from project 'DocX')
SwiftCompile normal arm64 /Users/admin/builder/spi-builder-workspace/DocX/Bundle+Extensions.swift (in target 'DocX' from project 'DocX')
cd /Users/admin/builder/spi-builder-workspace/.swiftpm/xcode
SwiftCompile normal arm64 /Users/admin/builder/spi-builder-workspace/DocX/DocX.swift (in target 'DocX' from project 'DocX')
cd /Users/admin/builder/spi-builder-workspace/.swiftpm/xcode
SwiftCompile normal arm64 /Users/admin/builder/spi-builder-workspace/DocX/DocXImageAttachment.swift (in target 'DocX' from project 'DocX')
cd /Users/admin/builder/spi-builder-workspace/.swiftpm/xcode
SwiftCompile normal arm64 Compiling\ ImageRelationship.swift,\ NSAttributedString+DocX-macOS.swift,\ NSAttributedString+DocX.swift /Users/admin/builder/spi-builder-workspace/DocX/ImageRelationship.swift /Users/admin/builder/spi-builder-workspace/DocX/NSAttributedString+DocX-macOS.swift /Users/admin/builder/spi-builder-workspace/DocX/NSAttributedString+DocX.swift (in target 'DocX' from project 'DocX')
SwiftCompile normal arm64 /Users/admin/builder/spi-builder-workspace/DocX/ImageRelationship.swift (in target 'DocX' from project 'DocX')
cd /Users/admin/builder/spi-builder-workspace/.swiftpm/xcode
SwiftCompile normal arm64 /Users/admin/builder/spi-builder-workspace/DocX/NSAttributedString+DocX-macOS.swift (in target 'DocX' from project 'DocX')
cd /Users/admin/builder/spi-builder-workspace/.swiftpm/xcode
SwiftCompile normal arm64 /Users/admin/builder/spi-builder-workspace/DocX/NSAttributedString+DocX.swift (in target 'DocX' from project 'DocX')
cd /Users/admin/builder/spi-builder-workspace/.swiftpm/xcode
SwiftCompile normal arm64 Compiling\ DocXPageDefinition.swift,\ DocXStyleConfiguration.swift,\ DocXWriter.swift /Users/admin/builder/spi-builder-workspace/DocX/DocXPageDefinition.swift /Users/admin/builder/spi-builder-workspace/DocX/DocXStyleConfiguration.swift /Users/admin/builder/spi-builder-workspace/DocX/DocXWriter.swift (in target 'DocX' from project 'DocX')
SwiftCompile normal arm64 /Users/admin/builder/spi-builder-workspace/DocX/DocXPageDefinition.swift (in target 'DocX' from project 'DocX')
cd /Users/admin/builder/spi-builder-workspace/.swiftpm/xcode
SwiftCompile normal arm64 /Users/admin/builder/spi-builder-workspace/DocX/DocXStyleConfiguration.swift (in target 'DocX' from project 'DocX')
cd /Users/admin/builder/spi-builder-workspace/.swiftpm/xcode
SwiftCompile normal arm64 /Users/admin/builder/spi-builder-workspace/DocX/DocXWriter.swift (in target 'DocX' from project 'DocX')
cd /Users/admin/builder/spi-builder-workspace/.swiftpm/xcode
SwiftCompile normal arm64 Compiling\ DocXWriting.swift,\ DocumentRoot.swift,\ FontElements.swift /Users/admin/builder/spi-builder-workspace/DocX/DocXWriting.swift /Users/admin/builder/spi-builder-workspace/DocX/DocumentRoot.swift /Users/admin/builder/spi-builder-workspace/DocX/FontElements.swift (in target 'DocX' from project 'DocX')
SwiftCompile normal arm64 /Users/admin/builder/spi-builder-workspace/DocX/DocXWriting.swift (in target 'DocX' from project 'DocX')
cd /Users/admin/builder/spi-builder-workspace/.swiftpm/xcode
SwiftCompile normal arm64 /Users/admin/builder/spi-builder-workspace/DocX/DocumentRoot.swift (in target 'DocX' from project 'DocX')
cd /Users/admin/builder/spi-builder-workspace/.swiftpm/xcode
SwiftCompile normal arm64 /Users/admin/builder/spi-builder-workspace/DocX/FontElements.swift (in target 'DocX' from project 'DocX')
cd /Users/admin/builder/spi-builder-workspace/.swiftpm/xcode
SwiftCompile normal arm64 Compiling\ NSAttributedString+Extensions.swift,\ NSAttributedString+Writing.swift,\ NSParagraphStyle+Elements.swift /Users/admin/builder/spi-builder-workspace/DocX/NSAttributedString+Extensions.swift /Users/admin/builder/spi-builder-workspace/DocX/NSAttributedString+Writing.swift /Users/admin/builder/spi-builder-workspace/DocX/NSParagraphStyle+Elements.swift (in target 'DocX' from project 'DocX')
SwiftCompile normal arm64 /Users/admin/builder/spi-builder-workspace/DocX/NSAttributedString+Extensions.swift (in target 'DocX' from project 'DocX')
cd /Users/admin/builder/spi-builder-workspace/.swiftpm/xcode
SwiftCompile normal arm64 /Users/admin/builder/spi-builder-workspace/DocX/NSAttributedString+Writing.swift (in target 'DocX' from project 'DocX')
cd /Users/admin/builder/spi-builder-workspace/.swiftpm/xcode
SwiftCompile normal arm64 /Users/admin/builder/spi-builder-workspace/DocX/NSParagraphStyle+Elements.swift (in target 'DocX' from project 'DocX')
cd /Users/admin/builder/spi-builder-workspace/.swiftpm/xcode
SwiftEmitModule normal arm64_32 Emitting\ module\ for\ DocX (in target 'DocX' from project 'DocX')
EmitSwiftModule normal arm64_32 (in target 'DocX' from project 'DocX')
cd /Users/admin/builder/spi-builder-workspace/.swiftpm/xcode
SwiftEmitModule normal armv7k Emitting\ module\ for\ DocX (in target 'DocX' from project 'DocX')
2026-10-23 20:37:55.778 xcodebuild[799:4835] [MT] IDERunDestination: Supported platforms for the buildables in the current scheme is empty.
2026-10-23 20:37:55.948 xcodebuild[799:4835] [MT] IDERunDestination: Supported platforms for the buildables in the current scheme is empty.
** BUILD FAILED **
The following build commands failed:
EmitSwiftModule normal arm64 (in target 'DocX' from project 'DocX')
SwiftEmitModule normal arm64 Emitting\ module\ for\ DocX (in target 'DocX' from project 'DocX')
Building workspace spi-builder-workspace with scheme DocX
(3 failures)
Command line invocation:
/Applications/Xcode-26.3.0.app/Contents/Developer/usr/bin/xcodebuild -IDEClonedSourcePackagesDirPathOverride=/Users/admin/builder/spi-builder-workspace/.dependencies -resolvePackageDependencies
Resolve Package Graph
Resolved source packages:
ZIPFoundation: https://github.com/weichsel/ZIPFoundation.git @ 0.9.20
DocX: /Users/admin/builder/spi-builder-workspace
AEXML: https://github.com/shinjukunian/AEXML.git @ 4.7.0
resolved source packages: ZIPFoundation, DocX, AEXML
2026-10-23 20:38:09.519 xcodebuild[1053:6038] [MT] IDERunDestination: Supported platforms for the buildables in the current scheme is empty.
2026-10-23 20:38:09.682 xcodebuild[1053:6038] [MT] IDERunDestination: Supported platforms for the buildables in the current scheme is empty.
{
"dependencies" : [
{
"identity" : "aexml",
"requirement" : {
"range" : [
{
"lower_bound" : "4.6.0",
"upper_bound" : "5.0.0"
}
]
},
"type" : "sourceControl",
"url" : "https://github.com/shinjukunian/AEXML.git"
},
{
"identity" : "zipfoundation",
"requirement" : {
"range" : [
{
"lower_bound" : "0.9.17",
"upper_bound" : "1.0.0"
}
]
},
"type" : "sourceControl",
"url" : "https://github.com/weichsel/ZIPFoundation.git"
}
],
"manifest_display_name" : "DocX",
"name" : "DocX",
"path" : "/Users/admin/builder/spi-builder-workspace",
"platforms" : [
{
"name" : "macos",
"version" : "11.0"
},
{
"name" : "ios",
"version" : "14.0"
},
{
"name" : "tvos",
"version" : "9.0"
},
{
"name" : "watchos",
"version" : "3.0"
}
],
"products" : [
{
"name" : "DocX",
"targets" : [
"DocX"
],
"type" : {
"library" : [
"automatic"
]
}
}
],
"targets" : [
{
"c99name" : "DocXTests",
"module_type" : "SwiftTarget",
"name" : "DocXTests",
"path" : "DocXTests",
"product_dependencies" : [
"ZIPFoundation"
],
"resources" : [
{
"path" : "/Users/admin/builder/spi-builder-workspace/DocXTests/Picture1.png",
"rule" : {
"copy" : {
}
}
},
{
"path" : "/Users/admin/builder/spi-builder-workspace/DocXTests/blank.docx",
"rule" : {
"copy" : {
}
}
},
{
"path" : "/Users/admin/builder/spi-builder-workspace/DocXTests/lenna.md",
"rule" : {
"copy" : {
}
}
},
{
"path" : "/Users/admin/builder/spi-builder-workspace/DocXTests/lenna.png",
"rule" : {
"copy" : {
}
}
},
{
"path" : "/Users/admin/builder/spi-builder-workspace/DocXTests/styles.xml",
"rule" : {
"copy" : {
}
}
}
],
"sources" : [
"DocXTests.swift",
"ImageGeneration.swift"
],
"target_dependencies" : [
"DocX"
],
"type" : "test"
},
{
"c99name" : "DocX_iOS_Tests",
"module_type" : "SwiftTarget",
"name" : "DocX-iOS-Tests",
"path" : "DocX-iOS-Tests",
"resources" : [
{
"path" : "/Users/admin/builder/spi-builder-workspace/DocX-iOS-Tests/Picture1.png",
"rule" : {
"copy" : {
}
}
},
{
"path" : "/Users/admin/builder/spi-builder-workspace/DocX-iOS-Tests/lenna.md",
"rule" : {
"copy" : {
}
}
},
{
"path" : "/Users/admin/builder/spi-builder-workspace/DocX-iOS-Tests/lenna.png",
"rule" : {
"copy" : {
}
}
}
],
"sources" : [
"DocX_iOS_Tests.swift",
"ImageGeneration.swift"
],
"target_dependencies" : [
"DocX"
],
"type" : "test"
},
{
"c99name" : "DocX",
"module_type" : "SwiftTarget",
"name" : "DocX",
"path" : "DocX",
"product_dependencies" : [
"AEXML",
"ZIPFoundation"
],
"product_memberships" : [
"DocX"
],
"resources" : [
{
"path" : "/Users/admin/builder/spi-builder-workspace/DocX/blank",
"rule" : {
"copy" : {
}
}
}
],
"sources" : [
"AttributeElements.swift",
"AttributedString.swift",
"Bundle+Extensions.swift",
"DocX.swift",
"DocXImageAttachment.swift",
"DocXNotes.swift",
"DocXNumbering.swift",
"DocXOptions.swift",
"DocXPageDefinition.swift",
"DocXStyleConfiguration.swift",
"DocXWriter.swift",
"DocXWriting.swift",
"DocumentRoot.swift",
"FontElements.swift",
"ImageRelationship.swift",
"NSAttributedString+DocX-macOS.swift",
"NSAttributedString+DocX.swift",
"NSAttributedString+Extensions.swift",
"NSAttributedString+Writing.swift",
"NSParagraphStyle+Elements.swift",
"NSTextAttachement+Extensions.swift",
"NSUnderlineStyle+Elements.swift",
"ParagraphElement.swift",
"PlatformSpecific-iOS.swift",
"PlatformSpecific-macOS.swift",
"RubyAnnotationElement.swift"
],
"type" : "library"
}
],
"tools_version" : "5.3"
}
{
"workspace" : {
"name" : "spi-builder-workspace",
"schemes" : [
"DocX"
]
}
}
2026-10-23 20:38:10.735 xcodebuild[1061:6118] [MT] IDERunDestination: Supported platforms for the buildables in the current scheme is empty.
2026-10-23 20:38:10.908 xcodebuild[1061:6118] [MT] IDERunDestination: Supported platforms for the buildables in the current scheme is empty.
Running build ...
env DEVELOPER_DIR=/Applications/Xcode-26.3.0.app xcrun xcodebuild -IDEClonedSourcePackagesDirPathOverride=$PWD/.dependencies -skipMacroValidation -skipPackagePluginValidation -derivedDataPath $PWD/.derivedData build -scheme DocX -destination generic/platform=watchOS
Command line invocation:
/Applications/Xcode-26.3.0.app/Contents/Developer/usr/bin/xcodebuild -IDEClonedSourcePackagesDirPathOverride=/Users/admin/builder/spi-builder-workspace/.dependencies -skipMacroValidation -skipPackagePluginValidation -derivedDataPath /Users/admin/builder/spi-builder-workspace/.derivedData build -scheme DocX -destination generic/platform=watchOS
Resolve Package Graph
Resolved source packages:
ZIPFoundation: https://github.com/weichsel/ZIPFoundation.git @ 0.9.20
AEXML: https://github.com/shinjukunian/AEXML.git @ 4.7.0
DocX: /Users/admin/builder/spi-builder-workspace
ComputePackagePrebuildTargetDependencyGraph
Prepare packages
CreateBuildRequest
SendProjectDescription
CreateBuildOperation
ComputeTargetDependencyGraph
note: Building targets in dependency order
note: Target dependency graph (10 targets)
Target 'DocX_DocX-iOS-Tests' in project 'DocX' (no dependencies)
Target 'DocX_DocXTests' in project 'DocX' (no dependencies)
Target 'DocX' in project 'DocX'
➜ Explicit dependency on target 'DocX' in project 'DocX'
➜ Explicit dependency on target 'DocX_DocX' in project 'DocX'
➜ Explicit dependency on target 'AEXML' in project 'AEXML'
➜ Explicit dependency on target 'ZIPFoundation' in project 'ZIPFoundation'
Target 'DocX' in project 'DocX'
➜ Explicit dependency on target 'DocX_DocX' in project 'DocX'
➜ Explicit dependency on target 'AEXML' in project 'AEXML'
➜ Explicit dependency on target 'ZIPFoundation' in project 'ZIPFoundation'
Target 'ZIPFoundation' in project 'ZIPFoundation'
➜ Explicit dependency on target 'ZIPFoundation' in project 'ZIPFoundation'
➜ Explicit dependency on target 'ZIPFoundation_ZIPFoundation' in project 'ZIPFoundation'
Target 'ZIPFoundation' in project 'ZIPFoundation'
➜ Explicit dependency on target 'ZIPFoundation_ZIPFoundation' in project 'ZIPFoundation'
Target 'ZIPFoundation_ZIPFoundation' in project 'ZIPFoundation' (no dependencies)
Target 'AEXML' in project 'AEXML'
➜ Explicit dependency on target 'AEXML' in project 'AEXML'
Target 'AEXML' in project 'AEXML' (no dependencies)
Target 'DocX_DocX' in project 'DocX' (no dependencies)
GatherProvisioningInputs
CreateBuildDescription
ClangStatCache /Applications/Xcode-26.3.0.app/Contents/Developer/Toolchains/XcodeDefault.xctoolchain/usr/bin/clang-stat-cache /Applications/Xcode-26.3.0.app/Contents/Developer/Platforms/WatchOS.platform/Developer/SDKs/WatchOS26.2.sdk /Users/admin/builder/spi-builder-workspace/.derivedData/SDKStatCaches.noindex/watchos26.2-23S303-dc75598d0054f22ec865fa860f139d721753b489057de6bda919edfa1c59a62b.sdkstatcache
cd /Users/admin/builder/spi-builder-workspace/.swiftpm/xcode
/Applications/Xcode-26.3.0.app/Contents/Developer/Toolchains/XcodeDefault.xctoolchain/usr/bin/clang-stat-cache /Applications/Xcode-26.3.0.app/Contents/Developer/Platforms/WatchOS.platform/Developer/SDKs/WatchOS26.2.sdk -o /Users/admin/builder/spi-builder-workspace/.derivedData/SDKStatCaches.noindex/watchos26.2-23S303-dc75598d0054f22ec865fa860f139d721753b489057de6bda919edfa1c59a62b.sdkstatcache
SwiftDriver DocX normal armv7k com.apple.xcode.tools.swift.compiler (in target 'DocX' from project 'DocX')
cd /Users/admin/builder/spi-builder-workspace/.swiftpm/xcode
builtin-SwiftDriver -- /Applications/Xcode-26.3.0.app/Contents/Developer/Toolchains/XcodeDefault.xctoolchain/usr/bin/swiftc -module-name DocX -Onone -enforce-exclusivity\=checked @/Users/admin/builder/spi-builder-workspace/.derivedData/Build/Intermediates.noindex/DocX.build/Debug-watchos/DocX.build/Objects-normal/armv7k/DocX.SwiftFileList -DSWIFT_PACKAGE -DDEBUG -DSWIFT_MODULE_RESOURCE_BUNDLE_AVAILABLE -DXcode -plugin-path /Applications/Xcode-26.3.0.app/Contents/Developer/Toolchains/XcodeDefault.xctoolchain/usr/lib/swift/host/plugins/testing -enable-experimental-feature DebugDescriptionMacro -sdk /Applications/Xcode-26.3.0.app/Contents/Developer/Platforms/WatchOS.platform/Developer/SDKs/WatchOS26.2.sdk -target armv7k-apple-watchos4.0 -g -module-cache-path /Users/admin/builder/spi-builder-workspace/.derivedData/ModuleCache.noindex -Xfrontend -serialize-debugging-options -enable-testing -index-store-path /Users/admin/builder/spi-builder-workspace/.derivedData/Index.noindex/DataStore -Xcc -D_LIBCPP_HARDENING_MODE\=_LIBCPP_HARDENING_MODE_DEBUG -swift-version 5 -I /Users/admin/builder/spi-builder-workspace/.derivedData/Build/Products/Debug-watchos -Isystem /Applications/Xcode-26.3.0.app/Contents/Developer/Platforms/WatchOS.platform/Developer/usr/lib -F /Users/admin/builder/spi-builder-workspace/.derivedData/Build/Products/Debug-watchos/PackageFrameworks -F /Users/admin/builder/spi-builder-workspace/.derivedData/Build/Products/Debug-watchos/PackageFrameworks -F /Users/admin/builder/spi-builder-workspace/.derivedData/Build/Products/Debug-watchos -F /Applications/Xcode-26.3.0.app/Contents/Developer/Platforms/WatchOS.platform/Developer/Library/Frameworks -F /Applications/Xcode-26.3.0.app/Contents/Developer/Platforms/WatchOS.platform/Developer/SDKs/WatchOS26.2.sdk/Developer/Library/Frameworks -c -j10 -enable-batch-mode -incremental -Xcc -ivfsstatcache -Xcc /Users/admin/builder/spi-builder-workspace/.derivedData/SDKStatCaches.noindex/watchos26.2-23S303-dc75598d0054f22ec865fa860f139d721753b489057de6bda919edfa1c59a62b.sdkstatcache -output-file-map /Users/admin/builder/spi-builder-workspace/.derivedData/Build/Intermediates.noindex/DocX.build/Debug-watchos/DocX.build/Objects-normal/armv7k/DocX-OutputFileMap.json -use-frontend-parseable-output -save-temps -no-color-diagnostics -explicit-module-build -module-cache-path /Users/admin/builder/spi-builder-workspace/.derivedData/Build/Intermediates.noindex/SwiftExplicitPrecompiledModules -clang-scanner-module-cache-path /Users/admin/builder/spi-builder-workspace/.derivedData/ModuleCache.noindex -sdk-module-cache-path /Users/admin/builder/spi-builder-workspace/.derivedData/ModuleCache.noindex -serialize-diagnostics -emit-dependencies -emit-module -emit-module-path /Users/admin/builder/spi-builder-workspace/.derivedData/Build/Intermediates.noindex/DocX.build/Debug-watchos/DocX.build/Objects-normal/armv7k/DocX.swiftmodule -validate-clang-modules-once -clang-build-session-file /Users/admin/builder/spi-builder-workspace/.derivedData/ModuleCache.noindex/Session.modulevalidation -Xcc -I/Users/admin/builder/spi-builder-workspace/.derivedData/Build/Intermediates.noindex/DocX.build/Debug-watchos/DocX.build/swift-overrides.hmap -emit-const-values -Xfrontend -const-gather-protocols-file -Xfrontend /Users/admin/builder/spi-builder-workspace/.derivedData/Build/Intermediates.noindex/DocX.build/Debug-watchos/DocX.build/Objects-normal/armv7k/DocX_const_extract_protocols.json -Xcc -I/Users/admin/builder/spi-builder-workspace/.derivedData/Build/Products/Debug-watchos/include -Xcc -I/Users/admin/builder/spi-builder-workspace/.derivedData/Build/Intermediates.noindex/DocX.build/Debug-watchos/DocX.build/DerivedSources-normal/armv7k -Xcc -I/Users/admin/builder/spi-builder-workspace/.derivedData/Build/Intermediates.noindex/DocX.build/Debug-watchos/DocX.build/DerivedSources/armv7k -Xcc -I/Users/admin/builder/spi-builder-workspace/.derivedData/Build/Intermediates.noindex/DocX.build/Debug-watchos/DocX.build/DerivedSources -Xcc -DSWIFT_PACKAGE -Xcc -DDEBUG\=1 -emit-objc-header -emit-objc-header-path /Users/admin/builder/spi-builder-workspace/.derivedData/Build/Intermediates.noindex/DocX.build/Debug-watchos/DocX.build/Objects-normal/armv7k/DocX-Swift.h -working-directory /Users/admin/builder/spi-builder-workspace/.swiftpm/xcode -experimental-emit-module-separately -disable-cmo
SwiftDriver DocX normal arm64 com.apple.xcode.tools.swift.compiler (in target 'DocX' from project 'DocX')
cd /Users/admin/builder/spi-builder-workspace/.swiftpm/xcode
builtin-SwiftDriver -- /Applications/Xcode-26.3.0.app/Contents/Developer/Toolchains/XcodeDefault.xctoolchain/usr/bin/swiftc -module-name DocX -Onone -enforce-exclusivity\=checked @/Users/admin/builder/spi-builder-workspace/.derivedData/Build/Intermediates.noindex/DocX.build/Debug-watchos/DocX.build/Objects-normal/arm64/DocX.SwiftFileList -DSWIFT_PACKAGE -DDEBUG -DSWIFT_MODULE_RESOURCE_BUNDLE_AVAILABLE -DXcode -plugin-path /Applications/Xcode-26.3.0.app/Contents/Developer/Toolchains/XcodeDefault.xctoolchain/usr/lib/swift/host/plugins/testing -enable-experimental-feature DebugDescriptionMacro -sdk /Applications/Xcode-26.3.0.app/Contents/Developer/Platforms/WatchOS.platform/Developer/SDKs/WatchOS26.2.sdk -target arm64-apple-watchos4.0 -g -module-cache-path /Users/admin/builder/spi-builder-workspace/.derivedData/ModuleCache.noindex -Xfrontend -serialize-debugging-options -enable-testing -index-store-path /Users/admin/builder/spi-builder-workspace/.derivedData/Index.noindex/DataStore -Xcc -D_LIBCPP_HARDENING_MODE\=_LIBCPP_HARDENING_MODE_DEBUG -swift-version 5 -I /Users/admin/builder/spi-builder-workspace/.derivedData/Build/Products/Debug-watchos -Isystem /Applications/Xcode-26.3.0.app/Contents/Developer/Platforms/WatchOS.platform/Developer/usr/lib -F /Users/admin/builder/spi-builder-workspace/.derivedData/Build/Products/Debug-watchos/PackageFrameworks -F /Users/admin/builder/spi-builder-workspace/.derivedData/Build/Products/Debug-watchos/PackageFrameworks -F /Users/admin/builder/spi-builder-workspace/.derivedData/Build/Products/Debug-watchos -F /Applications/Xcode-26.3.0.app/Contents/Developer/Platforms/WatchOS.platform/Developer/Library/Frameworks -F /Applications/Xcode-26.3.0.app/Contents/Developer/Platforms/WatchOS.platform/Developer/SDKs/WatchOS26.2.sdk/Developer/Library/Frameworks -c -j10 -enable-batch-mode -incremental -Xcc -ivfsstatcache -Xcc /Users/admin/builder/spi-builder-workspace/.derivedData/SDKStatCaches.noindex/watchos26.2-23S303-dc75598d0054f22ec865fa860f139d721753b489057de6bda919edfa1c59a62b.sdkstatcache -output-file-map /Users/admin/builder/spi-builder-workspace/.derivedData/Build/Intermediates.noindex/DocX.build/Debug-watchos/DocX.build/Objects-normal/arm64/DocX-OutputFileMap.json -use-frontend-parseable-output -save-temps -no-color-diagnostics -explicit-module-build -module-cache-path /Users/admin/builder/spi-builder-workspace/.derivedData/Build/Intermediates.noindex/SwiftExplicitPrecompiledModules -clang-scanner-module-cache-path /Users/admin/builder/spi-builder-workspace/.derivedData/ModuleCache.noindex -sdk-module-cache-path /Users/admin/builder/spi-builder-workspace/.derivedData/ModuleCache.noindex -serialize-diagnostics -emit-dependencies -emit-module -emit-module-path /Users/admin/builder/spi-builder-workspace/.derivedData/Build/Intermediates.noindex/DocX.build/Debug-watchos/DocX.build/Objects-normal/arm64/DocX.swiftmodule -validate-clang-modules-once -clang-build-session-file /Users/admin/builder/spi-builder-workspace/.derivedData/ModuleCache.noindex/Session.modulevalidation -Xcc -I/Users/admin/builder/spi-builder-workspace/.derivedData/Build/Intermediates.noindex/DocX.build/Debug-watchos/DocX.build/swift-overrides.hmap -emit-const-values -Xfrontend -const-gather-protocols-file -Xfrontend /Users/admin/builder/spi-builder-workspace/.derivedData/Build/Intermediates.noindex/DocX.build/Debug-watchos/DocX.build/Objects-normal/arm64/DocX_const_extract_protocols.json -Xcc -I/Users/admin/builder/spi-builder-workspace/.derivedData/Build/Products/Debug-watchos/include -Xcc -I/Users/admin/builder/spi-builder-workspace/.derivedData/Build/Intermediates.noindex/DocX.build/Debug-watchos/DocX.build/DerivedSources-normal/arm64 -Xcc -I/Users/admin/builder/spi-builder-workspace/.derivedData/Build/Intermediates.noindex/DocX.build/Debug-watchos/DocX.build/DerivedSources/arm64 -Xcc -I/Users/admin/builder/spi-builder-workspace/.derivedData/Build/Intermediates.noindex/DocX.build/Debug-watchos/DocX.build/DerivedSources -Xcc -DSWIFT_PACKAGE -Xcc -DDEBUG\=1 -emit-objc-header -emit-objc-header-path /Users/admin/builder/spi-builder-workspace/.derivedData/Build/Intermediates.noindex/DocX.build/Debug-watchos/DocX.build/Objects-normal/arm64/DocX-Swift.h -working-directory /Users/admin/builder/spi-builder-workspace/.swiftpm/xcode -experimental-emit-module-separately -disable-cmo
SwiftDriver DocX normal arm64_32 com.apple.xcode.tools.swift.compiler (in target 'DocX' from project 'DocX')
cd /Users/admin/builder/spi-builder-workspace/.swiftpm/xcode
builtin-SwiftDriver -- /Applications/Xcode-26.3.0.app/Contents/Developer/Toolchains/XcodeDefault.xctoolchain/usr/bin/swiftc -module-name DocX -Onone -enforce-exclusivity\=checked @/Users/admin/builder/spi-builder-workspace/.derivedData/Build/Intermediates.noindex/DocX.build/Debug-watchos/DocX.build/Objects-normal/arm64_32/DocX.SwiftFileList -DSWIFT_PACKAGE -DDEBUG -DSWIFT_MODULE_RESOURCE_BUNDLE_AVAILABLE -DXcode -plugin-path /Applications/Xcode-26.3.0.app/Contents/Developer/Toolchains/XcodeDefault.xctoolchain/usr/lib/swift/host/plugins/testing -enable-experimental-feature DebugDescriptionMacro -sdk /Applications/Xcode-26.3.0.app/Contents/Developer/Platforms/WatchOS.platform/Developer/SDKs/WatchOS26.2.sdk -target arm64_32-apple-watchos4.0 -g -module-cache-path /Users/admin/builder/spi-builder-workspace/.derivedData/ModuleCache.noindex -Xfrontend -serialize-debugging-options -enable-testing -index-store-path /Users/admin/builder/spi-builder-workspace/.derivedData/Index.noindex/DataStore -Xcc -D_LIBCPP_HARDENING_MODE\=_LIBCPP_HARDENING_MODE_DEBUG -swift-version 5 -I /Users/admin/builder/spi-builder-workspace/.derivedData/Build/Products/Debug-watchos -Isystem /Applications/Xcode-26.3.0.app/Contents/Developer/Platforms/WatchOS.platform/Developer/usr/lib -F /Users/admin/builder/spi-builder-workspace/.derivedData/Build/Products/Debug-watchos/PackageFrameworks -F /Users/admin/builder/spi-builder-workspace/.derivedData/Build/Products/Debug-watchos/PackageFrameworks -F /Users/admin/builder/spi-builder-workspace/.derivedData/Build/Products/Debug-watchos -F /Applications/Xcode-26.3.0.app/Contents/Developer/Platforms/WatchOS.platform/Developer/Library/Frameworks -F /Applications/Xcode-26.3.0.app/Contents/Developer/Platforms/WatchOS.platform/Developer/SDKs/WatchOS26.2.sdk/Developer/Library/Frameworks -c -j10 -enable-batch-mode -incremental -Xcc -ivfsstatcache -Xcc /Users/admin/builder/spi-builder-workspace/.derivedData/SDKStatCaches.noindex/watchos26.2-23S303-dc75598d0054f22ec865fa860f139d721753b489057de6bda919edfa1c59a62b.sdkstatcache -output-file-map /Users/admin/builder/spi-builder-workspace/.derivedData/Build/Intermediates.noindex/DocX.build/Debug-watchos/DocX.build/Objects-normal/arm64_32/DocX-OutputFileMap.json -use-frontend-parseable-output -save-temps -no-color-diagnostics -explicit-module-build -module-cache-path /Users/admin/builder/spi-builder-workspace/.derivedData/Build/Intermediates.noindex/SwiftExplicitPrecompiledModules -clang-scanner-module-cache-path /Users/admin/builder/spi-builder-workspace/.derivedData/ModuleCache.noindex -sdk-module-cache-path /Users/admin/builder/spi-builder-workspace/.derivedData/ModuleCache.noindex -serialize-diagnostics -emit-dependencies -emit-module -emit-module-path /Users/admin/builder/spi-builder-workspace/.derivedData/Build/Intermediates.noindex/DocX.build/Debug-watchos/DocX.build/Objects-normal/arm64_32/DocX.swiftmodule -validate-clang-modules-once -clang-build-session-file /Users/admin/builder/spi-builder-workspace/.derivedData/ModuleCache.noindex/Session.modulevalidation -Xcc -I/Users/admin/builder/spi-builder-workspace/.derivedData/Build/Intermediates.noindex/DocX.build/Debug-watchos/DocX.build/swift-overrides.hmap -emit-const-values -Xfrontend -const-gather-protocols-file -Xfrontend /Users/admin/builder/spi-builder-workspace/.derivedData/Build/Intermediates.noindex/DocX.build/Debug-watchos/DocX.build/Objects-normal/arm64_32/DocX_const_extract_protocols.json -Xcc -I/Users/admin/builder/spi-builder-workspace/.derivedData/Build/Products/Debug-watchos/include -Xcc -I/Users/admin/builder/spi-builder-workspace/.derivedData/Build/Intermediates.noindex/DocX.build/Debug-watchos/DocX.build/DerivedSources-normal/arm64_32 -Xcc -I/Users/admin/builder/spi-builder-workspace/.derivedData/Build/Intermediates.noindex/DocX.build/Debug-watchos/DocX.build/DerivedSources/arm64_32 -Xcc -I/Users/admin/builder/spi-builder-workspace/.derivedData/Build/Intermediates.noindex/DocX.build/Debug-watchos/DocX.build/DerivedSources -Xcc -DSWIFT_PACKAGE -Xcc -DDEBUG\=1 -emit-objc-header -emit-objc-header-path /Users/admin/builder/spi-builder-workspace/.derivedData/Build/Intermediates.noindex/DocX.build/Debug-watchos/DocX.build/Objects-normal/arm64_32/DocX-Swift.h -working-directory /Users/admin/builder/spi-builder-workspace/.swiftpm/xcode -experimental-emit-module-separately -disable-cmo
SwiftCompile normal arm64 Compiling\ Bundle+Extensions.swift,\ DocX.swift,\ DocXImageAttachment.swift /Users/admin/builder/spi-builder-workspace/DocX/Bundle+Extensions.swift /Users/admin/builder/spi-builder-workspace/DocX/DocX.swift /Users/admin/builder/spi-builder-workspace/DocX/DocXImageAttachment.swift (in target 'DocX' from project 'DocX')
SwiftCompile normal arm64 /Users/admin/builder/spi-builder-workspace/DocX/Bundle+Extensions.swift (in target 'DocX' from project 'DocX')
cd /Users/admin/builder/spi-builder-workspace/.swiftpm/xcode
SwiftCompile normal arm64 /Users/admin/builder/spi-builder-workspace/DocX/DocX.swift (in target 'DocX' from project 'DocX')
cd /Users/admin/builder/spi-builder-workspace/.swiftpm/xcode
SwiftCompile normal arm64 /Users/admin/builder/spi-builder-workspace/DocX/DocXImageAttachment.swift (in target 'DocX' from project 'DocX')
cd /Users/admin/builder/spi-builder-workspace/.swiftpm/xcode
SwiftCompile normal arm64 Compiling\ DocXPageDefinition.swift,\ DocXStyleConfiguration.swift,\ DocXWriter.swift /Users/admin/builder/spi-builder-workspace/DocX/DocXPageDefinition.swift /Users/admin/builder/spi-builder-workspace/DocX/DocXStyleConfiguration.swift /Users/admin/builder/spi-builder-workspace/DocX/DocXWriter.swift (in target 'DocX' from project 'DocX')
SwiftCompile normal arm64 /Users/admin/builder/spi-builder-workspace/DocX/DocXPageDefinition.swift (in target 'DocX' from project 'DocX')
cd /Users/admin/builder/spi-builder-workspace/.swiftpm/xcode
SwiftCompile normal arm64 /Users/admin/builder/spi-builder-workspace/DocX/DocXStyleConfiguration.swift (in target 'DocX' from project 'DocX')
cd /Users/admin/builder/spi-builder-workspace/.swiftpm/xcode
SwiftCompile normal arm64 /Users/admin/builder/spi-builder-workspace/DocX/DocXWriter.swift (in target 'DocX' from project 'DocX')
cd /Users/admin/builder/spi-builder-workspace/.swiftpm/xcode
SwiftCompile normal arm64 Compiling\ DocXWriting.swift,\ DocumentRoot.swift,\ FontElements.swift /Users/admin/builder/spi-builder-workspace/DocX/DocXWriting.swift /Users/admin/builder/spi-builder-workspace/DocX/DocumentRoot.swift /Users/admin/builder/spi-builder-workspace/DocX/FontElements.swift (in target 'DocX' from project 'DocX')
SwiftCompile normal arm64 /Users/admin/builder/spi-builder-workspace/DocX/DocXWriting.swift (in target 'DocX' from project 'DocX')
cd /Users/admin/builder/spi-builder-workspace/.swiftpm/xcode
SwiftCompile normal arm64 /Users/admin/builder/spi-builder-workspace/DocX/DocumentRoot.swift (in target 'DocX' from project 'DocX')
cd /Users/admin/builder/spi-builder-workspace/.swiftpm/xcode
SwiftCompile normal arm64 /Users/admin/builder/spi-builder-workspace/DocX/FontElements.swift (in target 'DocX' from project 'DocX')
cd /Users/admin/builder/spi-builder-workspace/.swiftpm/xcode
SwiftCompile normal arm64 Compiling\ NSTextAttachement+Extensions.swift,\ NSUnderlineStyle+Elements.swift /Users/admin/builder/spi-builder-workspace/DocX/NSTextAttachement+Extensions.swift /Users/admin/builder/spi-builder-workspace/DocX/NSUnderlineStyle+Elements.swift (in target 'DocX' from project 'DocX')
SwiftCompile normal arm64 /Users/admin/builder/spi-builder-workspace/DocX/NSTextAttachement+Extensions.swift (in target 'DocX' from project 'DocX')
cd /Users/admin/builder/spi-builder-workspace/.swiftpm/xcode
SwiftCompile normal arm64 /Users/admin/builder/spi-builder-workspace/DocX/NSUnderlineStyle+Elements.swift (in target 'DocX' from project 'DocX')
cd /Users/admin/builder/spi-builder-workspace/.swiftpm/xcode
SwiftCompile normal arm64 Compiling\ DocXNotes.swift,\ DocXNumbering.swift,\ DocXOptions.swift /Users/admin/builder/spi-builder-workspace/DocX/DocXNotes.swift /Users/admin/builder/spi-builder-workspace/DocX/DocXNumbering.swift /Users/admin/builder/spi-builder-workspace/DocX/DocXOptions.swift (in target 'DocX' from project 'DocX')
SwiftCompile normal arm64 /Users/admin/builder/spi-builder-workspace/DocX/DocXNotes.swift (in target 'DocX' from project 'DocX')
cd /Users/admin/builder/spi-builder-workspace/.swiftpm/xcode
SwiftCompile normal arm64 /Users/admin/builder/spi-builder-workspace/DocX/DocXNumbering.swift (in target 'DocX' from project 'DocX')
cd /Users/admin/builder/spi-builder-workspace/.swiftpm/xcode
SwiftCompile normal arm64 /Users/admin/builder/spi-builder-workspace/DocX/DocXOptions.swift (in target 'DocX' from project 'DocX')
cd /Users/admin/builder/spi-builder-workspace/.swiftpm/xcode
SwiftCompile normal arm64 Compiling\ NSAttributedString+Extensions.swift,\ NSAttributedString+Writing.swift,\ NSParagraphStyle+Elements.swift /Users/admin/builder/spi-builder-workspace/DocX/NSAttributedString+Extensions.swift /Users/admin/builder/spi-builder-workspace/DocX/NSAttributedString+Writing.swift /Users/admin/builder/spi-builder-workspace/DocX/NSParagraphStyle+Elements.swift (in target 'DocX' from project 'DocX')
SwiftCompile normal arm64 /Users/admin/builder/spi-builder-workspace/DocX/NSAttributedString+Extensions.swift (in target 'DocX' from project 'DocX')
cd /Users/admin/builder/spi-builder-workspace/.swiftpm/xcode
SwiftCompile normal arm64 /Users/admin/builder/spi-builder-workspace/DocX/NSAttributedString+Writing.swift (in target 'DocX' from project 'DocX')
cd /Users/admin/builder/spi-builder-workspace/.swiftpm/xcode
SwiftCompile normal arm64 /Users/admin/builder/spi-builder-workspace/DocX/NSParagraphStyle+Elements.swift (in target 'DocX' from project 'DocX')
cd /Users/admin/builder/spi-builder-workspace/.swiftpm/xcode
SwiftCompile normal arm64 Compiling\ ParagraphElement.swift,\ PlatformSpecific-iOS.swift /Users/admin/builder/spi-builder-workspace/DocX/ParagraphElement.swift /Users/admin/builder/spi-builder-workspace/DocX/PlatformSpecific-iOS.swift (in target 'DocX' from project 'DocX')
SwiftCompile normal arm64 /Users/admin/builder/spi-builder-workspace/DocX/ParagraphElement.swift (in target 'DocX' from project 'DocX')
cd /Users/admin/builder/spi-builder-workspace/.swiftpm/xcode
SwiftCompile normal arm64 /Users/admin/builder/spi-builder-workspace/DocX/PlatformSpecific-iOS.swift (in target 'DocX' from project 'DocX')
cd /Users/admin/builder/spi-builder-workspace/.swiftpm/xcode
SwiftEmitModule normal arm64 Emitting\ module\ for\ DocX (in target 'DocX' from project 'DocX')
Failed frontend command:
/Applications/Xcode-26.3.0.app/Contents/Developer/Toolchains/XcodeDefault.xctoolchain/usr/bin/swift-frontend -frontend -emit-module -experimental-skip-non-inlinable-function-bodies-without-types /Users/admin/builder/spi-builder-workspace/.derivedData/Build/Intermediates.noindex/DocX.build/Debug-watchos/DocX.build/DerivedSources/resource_bundle_accessor.swift /Users/admin/builder/spi-builder-workspace/DocX/AttributeElements.swift /Users/admin/builder/spi-builder-workspace/DocX/AttributedString.swift /Users/admin/builder/spi-builder-workspace/DocX/Bundle+Extensions.swift /Users/admin/builder/spi-builder-workspace/DocX/DocX.swift /Users/admin/builder/spi-builder-workspace/DocX/DocXImageAttachment.swift /Users/admin/builder/spi-builder-workspace/DocX/DocXNotes.swift /Users/admin/builder/spi-builder-workspace/DocX/DocXNumbering.swift /Users/admin/builder/spi-builder-workspace/DocX/DocXOptions.swift /Users/admin/builder/spi-builder-workspace/DocX/DocXPageDefinition.swift /Users/admin/builder/spi-builder-workspace/DocX/DocXStyleConfiguration.swift /Users/admin/builder/spi-builder-workspace/DocX/DocXWriter.swift /Users/admin/builder/spi-builder-workspace/DocX/DocXWriting.swift /Users/admin/builder/spi-builder-workspace/DocX/DocumentRoot.swift /Users/admin/builder/spi-builder-workspace/DocX/FontElements.swift /Users/admin/builder/spi-builder-workspace/DocX/ImageRelationship.swift /Users/admin/builder/spi-builder-workspace/DocX/NSAttributedString+DocX-macOS.swift /Users/admin/builder/spi-builder-workspace/DocX/NSAttributedString+DocX.swift /Users/admin/builder/spi-builder-workspace/DocX/NSAttributedString+Extensions.swift /Users/admin/builder/spi-builder-workspace/DocX/NSAttributedString+Writing.swift /Users/admin/builder/spi-builder-workspace/DocX/NSParagraphStyle+Elements.swift /Users/admin/builder/spi-builder-workspace/DocX/NSTextAttachement+Extensions.swift /Users/admin/builder/spi-builder-workspace/DocX/NSUnderlineStyle+Elements.swift /Users/admin/builder/spi-builder-workspace/DocX/ParagraphElement.swift /Users/admin/builder/spi-builder-workspace/DocX/PlatformSpecific-iOS.swift /Users/admin/builder/spi-builder-workspace/DocX/PlatformSpecific-macOS.swift /Users/admin/builder/spi-builder-workspace/DocX/RubyAnnotationElement.swift -target arm64-apple-watchos4.0 -module-can-import-version UIKit 9126.2.4 9126.2.4 -load-resolved-plugin /Applications/Xcode-26.3.0.app/Contents/Developer/Platforms/WatchOS.platform/Developer/usr/lib/swift/host/plugins/libFoundationMacros.dylib\#/Applications/Xcode-26.3.0.app/Contents/Developer/Platforms/WatchOS.platform/Developer/usr/bin/swift-plugin-server\#FoundationMacros -load-resolved-plugin /Applications/Xcode-26.3.0.app/Contents/Developer/Platforms/WatchOS.platform/Developer/usr/lib/swift/host/plugins/libObservationMacros.dylib\#/Applications/Xcode-26.3.0.app/Contents/Developer/Platforms/WatchOS.platform/Developer/usr/bin/swift-plugin-server\#ObservationMacros -load-resolved-plugin /Applications/Xcode-26.3.0.app/Contents/Developer/Platforms/WatchOS.platform/Developer/usr/lib/swift/host/plugins/libSwiftMacros.dylib\#/Applications/Xcode-26.3.0.app/Contents/Developer/Platforms/WatchOS.platform/Developer/usr/bin/swift-plugin-server\#SwiftMacros -load-resolved-plugin /Applications/Xcode-26.3.0.app/Contents/Developer/Platforms/WatchOS.platform/Developer/usr/lib/swift/host/plugins/libSwiftUIMacros.dylib\#/Applications/Xcode-26.3.0.app/Contents/Developer/Platforms/WatchOS.platform/Developer/usr/bin/swift-plugin-server\#SwiftUIMacros -disable-implicit-swift-modules -Xcc -fno-implicit-modules -Xcc -fno-implicit-module-maps -explicit-swift-module-map-file /Users/admin/builder/spi-builder-workspace/.derivedData/Build/Intermediates.noindex/DocX.build/Debug-watchos/DocX.build/Objects-normal/arm64/DocX-dependencies-1.json -Xllvm -aarch64-use-tbi -enable-objc-interop -sdk /Applications/Xcode-26.3.0.app/Contents/Developer/Platforms/WatchOS.platform/Developer/SDKs/WatchOS26.2.sdk -I /Users/admin/builder/spi-builder-workspace/.derivedData/Build/Products/Debug-watchos -Isystem /Applications/Xcode-26.3.0.app/Contents/Developer/Platforms/WatchOS.platform/Developer/usr/lib -F /Users/admin/builder/spi-builder-workspace/.derivedData/Build/Products/Debug-watchos/PackageFrameworks -F /Users/admin/builder/spi-builder-workspace/.derivedData/Build/Products/Debug-watchos/PackageFrameworks -F /Users/admin/builder/spi-builder-workspace/.derivedData/Build/Products/Debug-watchos -F /Applications/Xcode-26.3.0.app/Contents/Developer/Platforms/WatchOS.platform/Developer/Library/Frameworks -F /Applications/Xcode-26.3.0.app/Contents/Developer/Platforms/WatchOS.platform/Developer/SDKs/WatchOS26.2.sdk/Developer/Library/Frameworks -no-color-diagnostics -Xcc -fno-color-diagnostics -enable-testing -g -debug-info-format\=dwarf -dwarf-version\=4 -module-cache-path /Users/admin/builder/spi-builder-workspace/.derivedData/Build/Intermediates.noindex/SwiftExplicitPrecompiledModules -swift-version 5 -enforce-exclusivity\=checked -Onone -D SWIFT_PACKAGE -D DEBUG -D SWIFT_MODULE_RESOURCE_BUNDLE_AVAILABLE -D Xcode -serialize-debugging-options -const-gather-protocols-file /Users/admin/builder/spi-builder-workspace/.derivedData/Build/Intermediates.noindex/DocX.build/Debug-watchos/DocX.build/Objects-normal/arm64/DocX_const_extract_protocols.json -enable-experimental-feature DebugDescriptionMacro -empty-abi-descriptor -validate-clang-modules-once -clang-build-session-file /Users/admin/builder/spi-builder-workspace/.derivedData/ModuleCache.noindex/Session.modulevalidation -Xcc -working-directory -Xcc /Users/admin/builder/spi-builder-workspace/.swiftpm/xcode -enable-anonymous-context-mangled-names -file-compilation-dir /Users/admin/builder/spi-builder-workspace/.swiftpm/xcode -Xcc -D_LIBCPP_HARDENING_MODE\=_LIBCPP_HARDENING_MODE_DEBUG -Xcc -ivfsstatcache -Xcc /Users/admin/builder/spi-builder-workspace/.derivedData/SDKStatCaches.noindex/watchos26.2-23S303-dc75598d0054f22ec865fa860f139d721753b489057de6bda919edfa1c59a62b.sdkstatcache -Xcc -I/Users/admin/builder/spi-builder-workspace/.derivedData/Build/Intermediates.noindex/DocX.build/Debug-watchos/DocX.build/swift-overrides.hmap -Xcc -I/Users/admin/builder/spi-builder-workspace/.derivedData/Build/Products/Debug-watchos/include -Xcc -I/Users/admin/builder/spi-builder-workspace/.derivedData/Build/Intermediates.noindex/DocX.build/Debug-watchos/DocX.build/DerivedSources-normal/arm64 -Xcc -I/Users/admin/builder/spi-builder-workspace/.derivedData/Build/Intermediates.noindex/DocX.build/Debug-watchos/DocX.build/DerivedSources/arm64 -Xcc -I/Users/admin/builder/spi-builder-workspace/.derivedData/Build/Intermediates.noindex/DocX.build/Debug-watchos/DocX.build/DerivedSources -Xcc -DSWIFT_PACKAGE -Xcc -DDEBUG\=1 -no-auto-bridging-header-chaining -module-name DocX -frontend-parseable-output -disable-clang-spi -target-sdk-version 26.2 -target-sdk-name watchos26.2 -clang-target arm64-apple-watchos26.2 -in-process-plugin-server-path /Applications/Xcode-26.3.0.app/Contents/Developer/Toolchains/XcodeDefault.xctoolchain/usr/lib/swift/host/libSwiftInProcPluginServer.dylib -emit-module-doc-path /Users/admin/builder/spi-builder-workspace/.derivedData/Build/Intermediates.noindex/DocX.build/Debug-watchos/DocX.build/Objects-normal/arm64/DocX.swiftdoc -emit-module-source-info-path /Users/admin/builder/spi-builder-workspace/.derivedData/Build/Intermediates.noindex/DocX.build/Debug-watchos/DocX.build/Objects-normal/arm64/DocX.swiftsourceinfo -emit-objc-header-path /Users/admin/builder/spi-builder-workspace/.derivedData/Build/Intermediates.noindex/DocX.build/Debug-watchos/DocX.build/Objects-normal/arm64/DocX-Swift.h -serialize-diagnostics-path /Users/admin/builder/spi-builder-workspace/.derivedData/Build/Intermediates.noindex/DocX.build/Debug-watchos/DocX.build/Objects-normal/arm64/DocX-primary-emit-module.dia -emit-dependencies-path /Users/admin/builder/spi-builder-workspace/.derivedData/Build/Intermediates.noindex/DocX.build/Debug-watchos/DocX.build/Objects-normal/arm64/DocX-primary-emit-module.d -o /Users/admin/builder/spi-builder-workspace/.derivedData/Build/Intermediates.noindex/DocX.build/Debug-watchos/DocX.build/Objects-normal/arm64/DocX.swiftmodule -emit-abi-descriptor-path /Users/admin/builder/spi-builder-workspace/.derivedData/Build/Intermediates.noindex/DocX.build/Debug-watchos/DocX.build/Objects-normal/arm64/DocX.abi.json
EmitSwiftModule normal arm64 (in target 'DocX' from project 'DocX')
cd /Users/admin/builder/spi-builder-workspace/.swiftpm/xcode
/Users/admin/builder/spi-builder-workspace/DocX/AttributedString.swift:12:11: error: 'AttributedString' is only available in watchOS 8 or newer
extension AttributedString{
^
/Users/admin/builder/spi-builder-workspace/DocX/AttributedString.swift:12:1: note: add '@available' attribute to enclosing extension
extension AttributedString{
^
/Users/admin/builder/spi-builder-workspace/DocX/AttributedString.swift:32:78: error: 'AttributeScopes' is only available in watchOS 8 or newer
static let key:NSAttributedString.Key = NSAttributedString.Key(rawValue: AttributeScopes.FoundationAttributes.InlinePresentationIntentAttribute.name)
^
/Users/admin/builder/spi-builder-workspace/DocX/AttributedString.swift:32:16: note: add '@available' attribute to enclosing static property
static let key:NSAttributedString.Key = NSAttributedString.Key(rawValue: AttributeScopes.FoundationAttributes.InlinePresentationIntentAttribute.name)
^
/Users/admin/builder/spi-builder-workspace/DocX/AttributedString.swift:31:1: note: add '@available' attribute to enclosing extension
extension AttributeScopes.FoundationAttributes.InlinePresentationIntentAttribute{
^
/Users/admin/builder/spi-builder-workspace/DocX/AttributedString.swift:31:11: error: 'AttributeScopes' is only available in watchOS 8 or newer
extension AttributeScopes.FoundationAttributes.InlinePresentationIntentAttribute{
^
/Users/admin/builder/spi-builder-workspace/DocX/AttributedString.swift:31:1: note: add '@available' attribute to enclosing extension
extension AttributeScopes.FoundationAttributes.InlinePresentationIntentAttribute{
^
/Users/admin/builder/spi-builder-workspace/DocX/AttributedString.swift:37:78: error: 'AttributeScopes' is only available in watchOS 8 or newer
static let key:NSAttributedString.Key = NSAttributedString.Key(rawValue: AttributeScopes.FoundationAttributes.ImageURLAttribute.name)
^
/Users/admin/builder/spi-builder-workspace/DocX/AttributedString.swift:37:16: note: add '@available' attribute to enclosing static property
static let key:NSAttributedString.Key = NSAttributedString.Key(rawValue: AttributeScopes.FoundationAttributes.ImageURLAttribute.name)
^
/Users/admin/builder/spi-builder-workspace/DocX/AttributedString.swift:36:1: note: add '@available' attribute to enclosing extension
extension AttributeScopes.FoundationAttributes.ImageURLAttribute{
^
/Users/admin/builder/spi-builder-workspace/DocX/AttributedString.swift:36:11: error: 'AttributeScopes' is only available in watchOS 8 or newer
extension AttributeScopes.FoundationAttributes.ImageURLAttribute{
^
/Users/admin/builder/spi-builder-workspace/DocX/AttributedString.swift:36:1: note: add '@available' attribute to enclosing extension
extension AttributeScopes.FoundationAttributes.ImageURLAttribute{
^
/Users/admin/builder/spi-builder-workspace/DocX/AttributedString.swift:42:11: error: 'InlinePresentationIntent' is only available in watchOS 8.0 or newer
extension InlinePresentationIntent{
^
/Users/admin/builder/spi-builder-workspace/DocX/AttributedString.swift:42:1: note: add '@available' attribute to enclosing extension
extension InlinePresentationIntent{
^
/Users/admin/builder/spi-builder-workspace/DocX/DocXImageAttachment.swift:25:14: error: inheritance from non-protocol, non-class type 'NSTextAttachment'
public class DocXImageAttachment: NSTextAttachment {
^
/Users/admin/builder/spi-builder-workspace/DocX/PlatformSpecific-iOS.swift:57:17: error: initializers in structs are not marked with 'convenience'
convenience init(fileWrapper:FileWrapper){
~~~~~~~~~~~~^
SwiftCompile normal arm64 Compiling\ resource_bundle_accessor.swift,\ AttributeElements.swift,\ AttributedString.swift /Users/admin/builder/spi-builder-workspace/.derivedData/Build/Intermediates.noindex/DocX.build/Debug-watchos/DocX.build/DerivedSources/resource_bundle_accessor.swift /Users/admin/builder/spi-builder-workspace/DocX/AttributeElements.swift /Users/admin/builder/spi-builder-workspace/DocX/AttributedString.swift (in target 'DocX' from project 'DocX')
SwiftCompile normal arm64 /Users/admin/builder/spi-builder-workspace/.derivedData/Build/Intermediates.noindex/DocX.build/Debug-watchos/DocX.build/DerivedSources/resource_bundle_accessor.swift (in target 'DocX' from project 'DocX')
cd /Users/admin/builder/spi-builder-workspace/.swiftpm/xcode
SwiftCompile normal arm64 /Users/admin/builder/spi-builder-workspace/DocX/AttributeElements.swift (in target 'DocX' from project 'DocX')
cd /Users/admin/builder/spi-builder-workspace/.swiftpm/xcode
SwiftCompile normal arm64 /Users/admin/builder/spi-builder-workspace/DocX/AttributedString.swift (in target 'DocX' from project 'DocX')
cd /Users/admin/builder/spi-builder-workspace/.swiftpm/xcode
SwiftCompile normal arm64 Compiling\ PlatformSpecific-macOS.swift,\ RubyAnnotationElement.swift /Users/admin/builder/spi-builder-workspace/DocX/PlatformSpecific-macOS.swift /Users/admin/builder/spi-builder-workspace/DocX/RubyAnnotationElement.swift (in target 'DocX' from project 'DocX')
SwiftCompile normal arm64 /Users/admin/builder/spi-builder-workspace/DocX/PlatformSpecific-macOS.swift (in target 'DocX' from project 'DocX')
cd /Users/admin/builder/spi-builder-workspace/.swiftpm/xcode
SwiftCompile normal arm64 /Users/admin/builder/spi-builder-workspace/DocX/RubyAnnotationElement.swift (in target 'DocX' from project 'DocX')
cd /Users/admin/builder/spi-builder-workspace/.swiftpm/xcode
SwiftEmitModule normal armv7k Emitting\ module\ for\ DocX (in target 'DocX' from project 'DocX')
2026-10-23 20:38:11.738 xcodebuild[1063:6155] [MT] IDERunDestination: Supported platforms for the buildables in the current scheme is empty.
2026-10-23 20:38:11.906 xcodebuild[1063:6155] [MT] IDERunDestination: Supported platforms for the buildables in the current scheme is empty.
** BUILD FAILED **
The following build commands failed:
SwiftEmitModule normal arm64 Emitting\ module\ for\ DocX (in target 'DocX' from project 'DocX')
EmitSwiftModule normal arm64 (in target 'DocX' from project 'DocX')
Building workspace spi-builder-workspace with scheme DocX
(3 failures)
BUILD FAILURE 6.2 watchOS