The Swift Package Index logo.Swift Package Index

Build Information

Failed to build AdyenNetworking, reference develop (e9562f), with Swift 6.3 for watchOS using Xcode 26.4 on 12 Sep 2026 01:28:13 UTC.

Build Command

env DEVELOPER_DIR=/Applications/Xcode-26.5.0.app xcrun xcodebuild -IDEClonedSourcePackagesDirPathOverride=$PWD/.dependencies -skipMacroValidation -skipPackagePluginValidation -derivedDataPath $PWD/.derivedData build -scheme AdyenNetworking -destination generic/platform=watchOS

Build Log

========================================
RunAll
========================================
Builder version: 5.0.2
Interrupt handler set up.
========================================
Checkout
========================================
Clone URL: https://github.com/Adyen/adyen-networking-ios.git
Reference: develop
Initialized empty Git repository in /Users/admin/builder/spi-builder-workspace/.git/
From https://github.com/Adyen/adyen-networking-ios
 * branch            develop    -> FETCH_HEAD
 * [new branch]      develop    -> origin/develop
HEAD is now at e9562fc Merge pull request #72 from Adyen/end-carthage-support
Cloned https://github.com/Adyen/adyen-networking-ios.git
Revision (git rev-parse @):
e9562fcfb3438822cec7ad833208cdb974638e54
SUCCESS checkout https://github.com/Adyen/adyen-networking-ios.git at develop
========================================
Build
========================================
Selected platform:         watchOS
Swift version:             6.3
Building package at path:  $PWD
https://github.com/Adyen/adyen-networking-ios.git
Command line invocation:
    /Applications/Xcode-26.5.0.app/Contents/Developer/usr/bin/xcodebuild -IDEClonedSourcePackagesDirPathOverride=/Users/admin/builder/spi-builder-workspace/.dependencies -resolvePackageDependencies
resolved source packages:
{
  "default_localization" : "en-us",
  "dependencies" : [
  ],
  "manifest_display_name" : "AdyenNetworking",
  "name" : "AdyenNetworking",
  "path" : "/Users/admin/builder/spi-builder-workspace",
  "platforms" : [
    {
      "name" : "ios",
      "version" : "12.0"
    },
    {
      "name" : "macos",
      "version" : "10.15"
    }
  ],
  "products" : [
    {
      "name" : "AdyenNetworking",
      "targets" : [
        "AdyenNetworking"
      ],
      "type" : {
        "library" : [
          "automatic"
        ]
      }
    }
  ],
  "targets" : [
    {
      "c99name" : "AdyenNetworking",
      "module_type" : "SwiftTarget",
      "name" : "AdyenNetworking",
      "path" : "AdyenNetworking",
      "product_memberships" : [
        "AdyenNetworking"
      ],
      "sources" : [
        "APIClient/APIClient.swift",
        "APIClient/AnyAPIContext.swift",
        "APIClient/AnyAPIEnvironment.swift",
        "APIClient/AnyCoder.swift",
        "APIClient/AnyResponseValidator.swift",
        "APIClient/BackoffScheduler.swift",
        "APIClient/Errors.swift",
        "APIClient/HTTPResponse.swift",
        "APIClient/Request.swift",
        "APIClient/RetryAPIClient.swift",
        "APIClient/RetryOnErrorAPIClient.swift",
        "APIClient/Scheduler.swift",
        "APIClient/SimpleScheduler.swift",
        "APIClient/UniqueAssetAPIClient.swift",
        "Helpers/Coder.swift",
        "Helpers/Logging/DebugLogger.swift",
        "Helpers/Logging/DebugLogging.swift",
        "Helpers/Logging/Logging.swift",
        "Helpers/URLHelpers.swift",
        "Helpers/URLSessionHelpers.swift"
      ],
      "type" : "library"
    }
  ],
  "tools_version" : "5.3"
}
{
  "project" : {
    "configurations" : [
      "Debug",
      "Release"
    ],
    "name" : "AdyenNetworking",
    "schemes" : [
      "AdyenNetworking",
      "EndToEndTests",
      "UnitTests"
    ],
    "targets" : [
      "AdyenNetworking",
      "EndToEndTests",
      "UnitTests"
    ]
  }
}
{
  "workspace" : {
    "name" : "spi-builder-workspace",
    "schemes" : [
      "AdyenNetworking"
    ]
  }
}
2026-09-11 21:28:03.052 xcodebuild[648:3899] [MT] IDERunDestination: Supported platforms for the buildables in the current scheme is empty.
Running build ...
env DEVELOPER_DIR=/Applications/Xcode-26.5.0.app xcrun xcodebuild -IDEClonedSourcePackagesDirPathOverride=$PWD/.dependencies -skipMacroValidation -skipPackagePluginValidation -derivedDataPath $PWD/.derivedData build -scheme AdyenNetworking -destination generic/platform=watchOS
Command line invocation:
    /Applications/Xcode-26.5.0.app/Contents/Developer/usr/bin/xcodebuild -IDEClonedSourcePackagesDirPathOverride=/Users/admin/builder/spi-builder-workspace/.dependencies -skipMacroValidation -skipPackagePluginValidation -derivedDataPath /Users/admin/builder/spi-builder-workspace/.derivedData build -scheme AdyenNetworking -destination generic/platform=watchOS
Resolve Package Graph
Resolved source packages:
  AdyenNetworking: /Users/admin/builder/spi-builder-workspace
ComputePackagePrebuildTargetDependencyGraph
Prepare packages
CreateBuildRequest
SendProjectDescription
CreateBuildOperation
ComputeTargetDependencyGraph
note: Building targets in dependency order
note: Target dependency graph (2 targets)
    Target 'AdyenNetworking' in project 'AdyenNetworking'
        ➜ Explicit dependency on target 'AdyenNetworking' in project 'AdyenNetworking'
    Target 'AdyenNetworking' in project 'AdyenNetworking' (no dependencies)
GatherProvisioningInputs
CreateBuildDescription
ExecuteExternalTool /Applications/Xcode-26.5.0.app/Contents/Developer/Toolchains/XcodeDefault.xctoolchain/usr/bin/clang -v -E -dM -isysroot /Applications/Xcode-26.5.0.app/Contents/Developer/Platforms/WatchOS.platform/Developer/SDKs/WatchOS26.5.sdk -x c -c /dev/null
ExecuteExternalTool /Applications/Xcode-26.5.0.app/Contents/Developer/Toolchains/XcodeDefault.xctoolchain/usr/bin/swiftc --version
ExecuteExternalTool /Applications/Xcode-26.5.0.app/Contents/Developer/Toolchains/XcodeDefault.xctoolchain/usr/bin/ld -version_details
Build description signature: 89f86a742db5f020022d00dd1bd99d5d
Build description path: /Users/admin/builder/spi-builder-workspace/.derivedData/Build/Intermediates.noindex/XCBuildData/89f86a742db5f020022d00dd1bd99d5d.xcbuilddata
CreateBuildDirectory /Users/admin/builder/spi-builder-workspace/.derivedData/Build/Intermediates.noindex
    cd /Users/admin/builder/spi-builder-workspace/.swiftpm/xcode
    builtin-create-build-directory /Users/admin/builder/spi-builder-workspace/.derivedData/Build/Intermediates.noindex
CreateBuildDirectory /Users/admin/builder/spi-builder-workspace/.derivedData/Build/Products
    cd /Users/admin/builder/spi-builder-workspace/.swiftpm/xcode
    builtin-create-build-directory /Users/admin/builder/spi-builder-workspace/.derivedData/Build/Products
ClangStatCache /Applications/Xcode-26.5.0.app/Contents/Developer/Toolchains/XcodeDefault.xctoolchain/usr/bin/clang-stat-cache /Applications/Xcode-26.5.0.app/Contents/Developer/Platforms/WatchOS.platform/Developer/SDKs/WatchOS26.5.sdk /Users/admin/builder/spi-builder-workspace/.derivedData/SDKStatCaches.noindex/watchos26.5-23T570-688ef53f1462e2c8f657fdc38a81448f7931b973dfc65d9472806dbbc3af9379.sdkstatcache
    cd /Users/admin/builder/spi-builder-workspace/.swiftpm/xcode
    /Applications/Xcode-26.5.0.app/Contents/Developer/Toolchains/XcodeDefault.xctoolchain/usr/bin/clang-stat-cache /Applications/Xcode-26.5.0.app/Contents/Developer/Platforms/WatchOS.platform/Developer/SDKs/WatchOS26.5.sdk -o /Users/admin/builder/spi-builder-workspace/.derivedData/SDKStatCaches.noindex/watchos26.5-23T570-688ef53f1462e2c8f657fdc38a81448f7931b973dfc65d9472806dbbc3af9379.sdkstatcache
CreateBuildDirectory /Users/admin/builder/spi-builder-workspace/.derivedData/Build/Intermediates.noindex/SwiftExplicitPrecompiledModules
    cd /Users/admin/builder/spi-builder-workspace/.swiftpm/xcode
    builtin-create-build-directory /Users/admin/builder/spi-builder-workspace/.derivedData/Build/Intermediates.noindex/SwiftExplicitPrecompiledModules
CreateBuildDirectory /Users/admin/builder/spi-builder-workspace/.derivedData/Build/Intermediates.noindex/ExplicitPrecompiledModules
    cd /Users/admin/builder/spi-builder-workspace/.swiftpm/xcode
    builtin-create-build-directory /Users/admin/builder/spi-builder-workspace/.derivedData/Build/Intermediates.noindex/ExplicitPrecompiledModules
CreateBuildDirectory /Users/admin/builder/spi-builder-workspace/.derivedData/Build/Intermediates.noindex/EagerLinkingTBDs/Debug-watchos
    cd /Users/admin/builder/spi-builder-workspace/.swiftpm/xcode
    builtin-create-build-directory /Users/admin/builder/spi-builder-workspace/.derivedData/Build/Intermediates.noindex/EagerLinkingTBDs/Debug-watchos
CreateBuildDirectory /Users/admin/builder/spi-builder-workspace/.derivedData/Build/Products/Debug-watchos
    cd /Users/admin/builder/spi-builder-workspace/.swiftpm/xcode
    builtin-create-build-directory /Users/admin/builder/spi-builder-workspace/.derivedData/Build/Products/Debug-watchos
CreateBuildDirectory /Users/admin/builder/spi-builder-workspace/.derivedData/Build/Products/Debug-watchos/PackageFrameworks
    cd /Users/admin/builder/spi-builder-workspace/.swiftpm/xcode
    builtin-create-build-directory /Users/admin/builder/spi-builder-workspace/.derivedData/Build/Products/Debug-watchos/PackageFrameworks
WriteAuxiliaryFile /Users/admin/builder/spi-builder-workspace/.derivedData/Build/Intermediates.noindex/AdyenNetworking.build/Debug-watchos/AdyenNetworking.build/Objects-normal/arm64/AdyenNetworking_const_extract_protocols.json (in target 'AdyenNetworking' from project 'AdyenNetworking')
    cd /Users/admin/builder/spi-builder-workspace
    write-file /Users/admin/builder/spi-builder-workspace/.derivedData/Build/Intermediates.noindex/AdyenNetworking.build/Debug-watchos/AdyenNetworking.build/Objects-normal/arm64/AdyenNetworking_const_extract_protocols.json
WriteAuxiliaryFile /Users/admin/builder/spi-builder-workspace/.derivedData/Build/Intermediates.noindex/AdyenNetworking.build/Debug-watchos/AdyenNetworking.build/Objects-normal/armv7k/AdyenNetworking.SwiftFileList (in target 'AdyenNetworking' from project 'AdyenNetworking')
    cd /Users/admin/builder/spi-builder-workspace
    write-file /Users/admin/builder/spi-builder-workspace/.derivedData/Build/Intermediates.noindex/AdyenNetworking.build/Debug-watchos/AdyenNetworking.build/Objects-normal/armv7k/AdyenNetworking.SwiftFileList
WriteAuxiliaryFile /Users/admin/builder/spi-builder-workspace/.derivedData/Build/Intermediates.noindex/AdyenNetworking.build/Debug-watchos/AdyenNetworking.build/Objects-normal/arm64_32/AdyenNetworking-OutputFileMap.json (in target 'AdyenNetworking' from project 'AdyenNetworking')
    cd /Users/admin/builder/spi-builder-workspace
    write-file /Users/admin/builder/spi-builder-workspace/.derivedData/Build/Intermediates.noindex/AdyenNetworking.build/Debug-watchos/AdyenNetworking.build/Objects-normal/arm64_32/AdyenNetworking-OutputFileMap.json
WriteAuxiliaryFile /Users/admin/builder/spi-builder-workspace/.derivedData/Build/Intermediates.noindex/AdyenNetworking.build/Debug-watchos/AdyenNetworking.build/Objects-normal/arm64_32/AdyenNetworking.LinkFileList (in target 'AdyenNetworking' from project 'AdyenNetworking')
    cd /Users/admin/builder/spi-builder-workspace
    write-file /Users/admin/builder/spi-builder-workspace/.derivedData/Build/Intermediates.noindex/AdyenNetworking.build/Debug-watchos/AdyenNetworking.build/Objects-normal/arm64_32/AdyenNetworking.LinkFileList
WriteAuxiliaryFile /Users/admin/builder/spi-builder-workspace/.derivedData/Build/Intermediates.noindex/AdyenNetworking.build/Debug-watchos/AdyenNetworking.build/Objects-normal/armv7k/AdyenNetworking.LinkFileList (in target 'AdyenNetworking' from project 'AdyenNetworking')
    cd /Users/admin/builder/spi-builder-workspace
    write-file /Users/admin/builder/spi-builder-workspace/.derivedData/Build/Intermediates.noindex/AdyenNetworking.build/Debug-watchos/AdyenNetworking.build/Objects-normal/armv7k/AdyenNetworking.LinkFileList
WriteAuxiliaryFile /Users/admin/builder/spi-builder-workspace/.derivedData/Build/Intermediates.noindex/AdyenNetworking.build/Debug-watchos/AdyenNetworking.build/Objects-normal/arm64_32/AdyenNetworking.SwiftConstValuesFileList (in target 'AdyenNetworking' from project 'AdyenNetworking')
    cd /Users/admin/builder/spi-builder-workspace
    write-file /Users/admin/builder/spi-builder-workspace/.derivedData/Build/Intermediates.noindex/AdyenNetworking.build/Debug-watchos/AdyenNetworking.build/Objects-normal/arm64_32/AdyenNetworking.SwiftConstValuesFileList
WriteAuxiliaryFile /Users/admin/builder/spi-builder-workspace/.derivedData/Build/Intermediates.noindex/AdyenNetworking.build/Debug-watchos/AdyenNetworking.build/Objects-normal/arm64_32/AdyenNetworking_const_extract_protocols.json (in target 'AdyenNetworking' from project 'AdyenNetworking')
    cd /Users/admin/builder/spi-builder-workspace
    write-file /Users/admin/builder/spi-builder-workspace/.derivedData/Build/Intermediates.noindex/AdyenNetworking.build/Debug-watchos/AdyenNetworking.build/Objects-normal/arm64_32/AdyenNetworking_const_extract_protocols.json
WriteAuxiliaryFile /Users/admin/builder/spi-builder-workspace/.derivedData/Build/Intermediates.noindex/AdyenNetworking.build/Debug-watchos/AdyenNetworking.build/Objects-normal/armv7k/AdyenNetworking-OutputFileMap.json (in target 'AdyenNetworking' from project 'AdyenNetworking')
    cd /Users/admin/builder/spi-builder-workspace
    write-file /Users/admin/builder/spi-builder-workspace/.derivedData/Build/Intermediates.noindex/AdyenNetworking.build/Debug-watchos/AdyenNetworking.build/Objects-normal/armv7k/AdyenNetworking-OutputFileMap.json
WriteAuxiliaryFile /Users/admin/builder/spi-builder-workspace/.derivedData/Build/Intermediates.noindex/AdyenNetworking.build/Debug-watchos/AdyenNetworking.build/Objects-normal/armv7k/AdyenNetworking_const_extract_protocols.json (in target 'AdyenNetworking' from project 'AdyenNetworking')
    cd /Users/admin/builder/spi-builder-workspace
    write-file /Users/admin/builder/spi-builder-workspace/.derivedData/Build/Intermediates.noindex/AdyenNetworking.build/Debug-watchos/AdyenNetworking.build/Objects-normal/armv7k/AdyenNetworking_const_extract_protocols.json
WriteAuxiliaryFile /Users/admin/builder/spi-builder-workspace/.derivedData/Build/Intermediates.noindex/AdyenNetworking.build/Debug-watchos/AdyenNetworking.build/Objects-normal/armv7k/AdyenNetworking.SwiftConstValuesFileList (in target 'AdyenNetworking' from project 'AdyenNetworking')
    cd /Users/admin/builder/spi-builder-workspace
    write-file /Users/admin/builder/spi-builder-workspace/.derivedData/Build/Intermediates.noindex/AdyenNetworking.build/Debug-watchos/AdyenNetworking.build/Objects-normal/armv7k/AdyenNetworking.SwiftConstValuesFileList
WriteAuxiliaryFile /Users/admin/builder/spi-builder-workspace/.derivedData/Build/Intermediates.noindex/AdyenNetworking.build/Debug-watchos/AdyenNetworking.build/Objects-normal/arm64_32/AdyenNetworking.SwiftFileList (in target 'AdyenNetworking' from project 'AdyenNetworking')
    cd /Users/admin/builder/spi-builder-workspace
    write-file /Users/admin/builder/spi-builder-workspace/.derivedData/Build/Intermediates.noindex/AdyenNetworking.build/Debug-watchos/AdyenNetworking.build/Objects-normal/arm64_32/AdyenNetworking.SwiftFileList
WriteAuxiliaryFile /Users/admin/builder/spi-builder-workspace/.derivedData/Build/Intermediates.noindex/AdyenNetworking.build/Debug-watchos/AdyenNetworking.build/Objects-normal/arm64/AdyenNetworking.SwiftFileList (in target 'AdyenNetworking' from project 'AdyenNetworking')
    cd /Users/admin/builder/spi-builder-workspace
    write-file /Users/admin/builder/spi-builder-workspace/.derivedData/Build/Intermediates.noindex/AdyenNetworking.build/Debug-watchos/AdyenNetworking.build/Objects-normal/arm64/AdyenNetworking.SwiftFileList
WriteAuxiliaryFile /Users/admin/builder/spi-builder-workspace/.derivedData/Build/Intermediates.noindex/AdyenNetworking.build/Debug-watchos/AdyenNetworking.build/Objects-normal/arm64/AdyenNetworking.SwiftConstValuesFileList (in target 'AdyenNetworking' from project 'AdyenNetworking')
    cd /Users/admin/builder/spi-builder-workspace
    write-file /Users/admin/builder/spi-builder-workspace/.derivedData/Build/Intermediates.noindex/AdyenNetworking.build/Debug-watchos/AdyenNetworking.build/Objects-normal/arm64/AdyenNetworking.SwiftConstValuesFileList
WriteAuxiliaryFile /Users/admin/builder/spi-builder-workspace/.derivedData/Build/Intermediates.noindex/AdyenNetworking.build/Debug-watchos/AdyenNetworking.build/Objects-normal/arm64/AdyenNetworking.LinkFileList (in target 'AdyenNetworking' from project 'AdyenNetworking')
    cd /Users/admin/builder/spi-builder-workspace
    write-file /Users/admin/builder/spi-builder-workspace/.derivedData/Build/Intermediates.noindex/AdyenNetworking.build/Debug-watchos/AdyenNetworking.build/Objects-normal/arm64/AdyenNetworking.LinkFileList
WriteAuxiliaryFile /Users/admin/builder/spi-builder-workspace/.derivedData/Build/Intermediates.noindex/AdyenNetworking.build/Debug-watchos/AdyenNetworking.build/Objects-normal/arm64/AdyenNetworking-OutputFileMap.json (in target 'AdyenNetworking' from project 'AdyenNetworking')
    cd /Users/admin/builder/spi-builder-workspace
    write-file /Users/admin/builder/spi-builder-workspace/.derivedData/Build/Intermediates.noindex/AdyenNetworking.build/Debug-watchos/AdyenNetworking.build/Objects-normal/arm64/AdyenNetworking-OutputFileMap.json
WriteAuxiliaryFile /Users/admin/builder/spi-builder-workspace/.derivedData/Build/Intermediates.noindex/AdyenNetworking.build/Debug-watchos/AdyenNetworking.build/AdyenNetworking.DependencyStaticMetadataFileList (in target 'AdyenNetworking' from project 'AdyenNetworking')
    cd /Users/admin/builder/spi-builder-workspace
    write-file /Users/admin/builder/spi-builder-workspace/.derivedData/Build/Intermediates.noindex/AdyenNetworking.build/Debug-watchos/AdyenNetworking.build/AdyenNetworking.DependencyStaticMetadataFileList
WriteAuxiliaryFile /Users/admin/builder/spi-builder-workspace/.derivedData/Build/Intermediates.noindex/AdyenNetworking.build/Debug-watchos/AdyenNetworking.build/AdyenNetworking.DependencyMetadataFileList (in target 'AdyenNetworking' from project 'AdyenNetworking')
    cd /Users/admin/builder/spi-builder-workspace
    write-file /Users/admin/builder/spi-builder-workspace/.derivedData/Build/Intermediates.noindex/AdyenNetworking.build/Debug-watchos/AdyenNetworking.build/AdyenNetworking.DependencyMetadataFileList
WriteAuxiliaryFile /Users/admin/builder/spi-builder-workspace/.derivedData/Build/Intermediates.noindex/AdyenNetworking.build/Debug-watchos/AdyenNetworking.build/AdyenNetworking.modulemap (in target 'AdyenNetworking' from project 'AdyenNetworking')
    cd /Users/admin/builder/spi-builder-workspace
    write-file /Users/admin/builder/spi-builder-workspace/.derivedData/Build/Intermediates.noindex/AdyenNetworking.build/Debug-watchos/AdyenNetworking.build/AdyenNetworking.modulemap
Copy /Users/admin/builder/spi-builder-workspace/.derivedData/Build/Intermediates.noindex/GeneratedModuleMaps-watchos/AdyenNetworking.modulemap /Users/admin/builder/spi-builder-workspace/.derivedData/Build/Intermediates.noindex/AdyenNetworking.build/Debug-watchos/AdyenNetworking.build/AdyenNetworking.modulemap (in target 'AdyenNetworking' from project 'AdyenNetworking')
    cd /Users/admin/builder/spi-builder-workspace
    builtin-copy -exclude .DS_Store -exclude CVS -exclude .svn -exclude .git -exclude .hg -resolve-src-symlinks /Users/admin/builder/spi-builder-workspace/.derivedData/Build/Intermediates.noindex/AdyenNetworking.build/Debug-watchos/AdyenNetworking.build/AdyenNetworking.modulemap /Users/admin/builder/spi-builder-workspace/.derivedData/Build/Intermediates.noindex/GeneratedModuleMaps-watchos
SwiftDriver AdyenNetworking normal armv7k com.apple.xcode.tools.swift.compiler (in target 'AdyenNetworking' from project 'AdyenNetworking')
    cd /Users/admin/builder/spi-builder-workspace/.swiftpm/xcode
    builtin-SwiftDriver -- /Applications/Xcode-26.5.0.app/Contents/Developer/Toolchains/XcodeDefault.xctoolchain/usr/bin/swiftc -module-name AdyenNetworking -Onone @/Users/admin/builder/spi-builder-workspace/.derivedData/Build/Intermediates.noindex/AdyenNetworking.build/Debug-watchos/AdyenNetworking.build/Objects-normal/armv7k/AdyenNetworking.SwiftFileList -DSWIFT_PACKAGE -DDEBUG -DSWIFT_MODULE_RESOURCE_BUNDLE_UNAVAILABLE -DXcode -plugin-path /Applications/Xcode-26.5.0.app/Contents/Developer/Toolchains/XcodeDefault.xctoolchain/usr/lib/swift/host/plugins/testing -enable-experimental-feature DebugDescriptionMacro -sdk /Applications/Xcode-26.5.0.app/Contents/Developer/Platforms/WatchOS.platform/Developer/SDKs/WatchOS26.5.sdk -target armv7k-apple-watchos5.0 -g -module-cache-path /Users/admin/builder/spi-builder-workspace/.derivedData/ModuleCache.noindex -Xfrontend -serialize-debugging-options -enable-testing -index-store-path /Users/admin/builder/spi-builder-workspace/.derivedData/Index.noindex/DataStore -Xcc -D_LIBCPP_HARDENING_MODE\=_LIBCPP_HARDENING_MODE_DEBUG -swift-version 5 -I /Users/admin/builder/spi-builder-workspace/.derivedData/Build/Products/Debug-watchos -Isystem /Applications/Xcode-26.5.0.app/Contents/Developer/Platforms/WatchOS.platform/Developer/usr/lib -F /Users/admin/builder/spi-builder-workspace/.derivedData/Build/Products/Debug-watchos -F /Applications/Xcode-26.5.0.app/Contents/Developer/Platforms/WatchOS.platform/Developer/Library/Frameworks -F /Applications/Xcode-26.5.0.app/Contents/Developer/Platforms/WatchOS.platform/Developer/SDKs/WatchOS26.5.sdk/Developer/Library/Frameworks -emit-localized-strings -emit-localized-strings-path /Users/admin/builder/spi-builder-workspace/.derivedData/Build/Intermediates.noindex/AdyenNetworking.build/Debug-watchos/AdyenNetworking.build/Objects-normal/armv7k -c -j10 -enable-batch-mode -incremental -Xcc -ivfsstatcache -Xcc /Users/admin/builder/spi-builder-workspace/.derivedData/SDKStatCaches.noindex/watchos26.5-23T570-688ef53f1462e2c8f657fdc38a81448f7931b973dfc65d9472806dbbc3af9379.sdkstatcache -output-file-map /Users/admin/builder/spi-builder-workspace/.derivedData/Build/Intermediates.noindex/AdyenNetworking.build/Debug-watchos/AdyenNetworking.build/Objects-normal/armv7k/AdyenNetworking-OutputFileMap.json -use-frontend-parseable-output -save-temps -no-color-diagnostics -explicit-module-build -module-cache-path /Users/admin/builder/spi-builder-workspace/.derivedData/Build/Intermediates.noindex/SwiftExplicitPrecompiledModules -clang-scanner-module-cache-path /Users/admin/builder/spi-builder-workspace/.derivedData/ModuleCache.noindex -sdk-module-cache-path /Users/admin/builder/spi-builder-workspace/.derivedData/ModuleCache.noindex -serialize-diagnostics -emit-dependencies -emit-module -emit-module-path /Users/admin/builder/spi-builder-workspace/.derivedData/Build/Intermediates.noindex/AdyenNetworking.build/Debug-watchos/AdyenNetworking.build/Objects-normal/armv7k/AdyenNetworking.swiftmodule -validate-clang-modules-once -clang-build-session-file /Users/admin/builder/spi-builder-workspace/.derivedData/ModuleCache.noindex/Session.modulevalidation -Xcc -I/Users/admin/builder/spi-builder-workspace/.derivedData/Build/Intermediates.noindex/AdyenNetworking.build/Debug-watchos/AdyenNetworking.build/swift-overrides.hmap -emit-const-values -Xfrontend -const-gather-protocols-file -Xfrontend /Users/admin/builder/spi-builder-workspace/.derivedData/Build/Intermediates.noindex/AdyenNetworking.build/Debug-watchos/AdyenNetworking.build/Objects-normal/armv7k/AdyenNetworking_const_extract_protocols.json -Xcc -I/Users/admin/builder/spi-builder-workspace/.derivedData/Build/Products/Debug-watchos/include -Xcc -I/Users/admin/builder/spi-builder-workspace/.derivedData/Build/Intermediates.noindex/AdyenNetworking.build/Debug-watchos/AdyenNetworking.build/DerivedSources-normal/armv7k -Xcc -I/Users/admin/builder/spi-builder-workspace/.derivedData/Build/Intermediates.noindex/AdyenNetworking.build/Debug-watchos/AdyenNetworking.build/DerivedSources/armv7k -Xcc -I/Users/admin/builder/spi-builder-workspace/.derivedData/Build/Intermediates.noindex/AdyenNetworking.build/Debug-watchos/AdyenNetworking.build/DerivedSources -Xcc -DSWIFT_PACKAGE -Xcc -DDEBUG\=1 -emit-objc-header -emit-objc-header-path /Users/admin/builder/spi-builder-workspace/.derivedData/Build/Intermediates.noindex/AdyenNetworking.build/Debug-watchos/AdyenNetworking.build/Objects-normal/armv7k/AdyenNetworking-Swift.h -working-directory /Users/admin/builder/spi-builder-workspace/.swiftpm/xcode -experimental-emit-module-separately -disable-cmo
SwiftDriver AdyenNetworking normal arm64_32 com.apple.xcode.tools.swift.compiler (in target 'AdyenNetworking' from project 'AdyenNetworking')
    cd /Users/admin/builder/spi-builder-workspace/.swiftpm/xcode
    builtin-SwiftDriver -- /Applications/Xcode-26.5.0.app/Contents/Developer/Toolchains/XcodeDefault.xctoolchain/usr/bin/swiftc -module-name AdyenNetworking -Onone @/Users/admin/builder/spi-builder-workspace/.derivedData/Build/Intermediates.noindex/AdyenNetworking.build/Debug-watchos/AdyenNetworking.build/Objects-normal/arm64_32/AdyenNetworking.SwiftFileList -DSWIFT_PACKAGE -DDEBUG -DSWIFT_MODULE_RESOURCE_BUNDLE_UNAVAILABLE -DXcode -plugin-path /Applications/Xcode-26.5.0.app/Contents/Developer/Toolchains/XcodeDefault.xctoolchain/usr/lib/swift/host/plugins/testing -enable-experimental-feature DebugDescriptionMacro -sdk /Applications/Xcode-26.5.0.app/Contents/Developer/Platforms/WatchOS.platform/Developer/SDKs/WatchOS26.5.sdk -target arm64_32-apple-watchos5.0 -g -module-cache-path /Users/admin/builder/spi-builder-workspace/.derivedData/ModuleCache.noindex -Xfrontend -serialize-debugging-options -enable-testing -index-store-path /Users/admin/builder/spi-builder-workspace/.derivedData/Index.noindex/DataStore -Xcc -D_LIBCPP_HARDENING_MODE\=_LIBCPP_HARDENING_MODE_DEBUG -swift-version 5 -I /Users/admin/builder/spi-builder-workspace/.derivedData/Build/Products/Debug-watchos -Isystem /Applications/Xcode-26.5.0.app/Contents/Developer/Platforms/WatchOS.platform/Developer/usr/lib -F /Users/admin/builder/spi-builder-workspace/.derivedData/Build/Products/Debug-watchos -F /Applications/Xcode-26.5.0.app/Contents/Developer/Platforms/WatchOS.platform/Developer/Library/Frameworks -F /Applications/Xcode-26.5.0.app/Contents/Developer/Platforms/WatchOS.platform/Developer/SDKs/WatchOS26.5.sdk/Developer/Library/Frameworks -emit-localized-strings -emit-localized-strings-path /Users/admin/builder/spi-builder-workspace/.derivedData/Build/Intermediates.noindex/AdyenNetworking.build/Debug-watchos/AdyenNetworking.build/Objects-normal/arm64_32 -c -j10 -enable-batch-mode -incremental -Xcc -ivfsstatcache -Xcc /Users/admin/builder/spi-builder-workspace/.derivedData/SDKStatCaches.noindex/watchos26.5-23T570-688ef53f1462e2c8f657fdc38a81448f7931b973dfc65d9472806dbbc3af9379.sdkstatcache -output-file-map /Users/admin/builder/spi-builder-workspace/.derivedData/Build/Intermediates.noindex/AdyenNetworking.build/Debug-watchos/AdyenNetworking.build/Objects-normal/arm64_32/AdyenNetworking-OutputFileMap.json -use-frontend-parseable-output -save-temps -no-color-diagnostics -explicit-module-build -module-cache-path /Users/admin/builder/spi-builder-workspace/.derivedData/Build/Intermediates.noindex/SwiftExplicitPrecompiledModules -clang-scanner-module-cache-path /Users/admin/builder/spi-builder-workspace/.derivedData/ModuleCache.noindex -sdk-module-cache-path /Users/admin/builder/spi-builder-workspace/.derivedData/ModuleCache.noindex -serialize-diagnostics -emit-dependencies -emit-module -emit-module-path /Users/admin/builder/spi-builder-workspace/.derivedData/Build/Intermediates.noindex/AdyenNetworking.build/Debug-watchos/AdyenNetworking.build/Objects-normal/arm64_32/AdyenNetworking.swiftmodule -validate-clang-modules-once -clang-build-session-file /Users/admin/builder/spi-builder-workspace/.derivedData/ModuleCache.noindex/Session.modulevalidation -Xcc -I/Users/admin/builder/spi-builder-workspace/.derivedData/Build/Intermediates.noindex/AdyenNetworking.build/Debug-watchos/AdyenNetworking.build/swift-overrides.hmap -emit-const-values -Xfrontend -const-gather-protocols-file -Xfrontend /Users/admin/builder/spi-builder-workspace/.derivedData/Build/Intermediates.noindex/AdyenNetworking.build/Debug-watchos/AdyenNetworking.build/Objects-normal/arm64_32/AdyenNetworking_const_extract_protocols.json -Xcc -I/Users/admin/builder/spi-builder-workspace/.derivedData/Build/Products/Debug-watchos/include -Xcc -I/Users/admin/builder/spi-builder-workspace/.derivedData/Build/Intermediates.noindex/AdyenNetworking.build/Debug-watchos/AdyenNetworking.build/DerivedSources-normal/arm64_32 -Xcc -I/Users/admin/builder/spi-builder-workspace/.derivedData/Build/Intermediates.noindex/AdyenNetworking.build/Debug-watchos/AdyenNetworking.build/DerivedSources/arm64_32 -Xcc -I/Users/admin/builder/spi-builder-workspace/.derivedData/Build/Intermediates.noindex/AdyenNetworking.build/Debug-watchos/AdyenNetworking.build/DerivedSources -Xcc -DSWIFT_PACKAGE -Xcc -DDEBUG\=1 -emit-objc-header -emit-objc-header-path /Users/admin/builder/spi-builder-workspace/.derivedData/Build/Intermediates.noindex/AdyenNetworking.build/Debug-watchos/AdyenNetworking.build/Objects-normal/arm64_32/AdyenNetworking-Swift.h -working-directory /Users/admin/builder/spi-builder-workspace/.swiftpm/xcode -experimental-emit-module-separately -disable-cmo
SwiftDriver AdyenNetworking normal arm64 com.apple.xcode.tools.swift.compiler (in target 'AdyenNetworking' from project 'AdyenNetworking')
    cd /Users/admin/builder/spi-builder-workspace/.swiftpm/xcode
    builtin-SwiftDriver -- /Applications/Xcode-26.5.0.app/Contents/Developer/Toolchains/XcodeDefault.xctoolchain/usr/bin/swiftc -module-name AdyenNetworking -Onone @/Users/admin/builder/spi-builder-workspace/.derivedData/Build/Intermediates.noindex/AdyenNetworking.build/Debug-watchos/AdyenNetworking.build/Objects-normal/arm64/AdyenNetworking.SwiftFileList -DSWIFT_PACKAGE -DDEBUG -DSWIFT_MODULE_RESOURCE_BUNDLE_UNAVAILABLE -DXcode -plugin-path /Applications/Xcode-26.5.0.app/Contents/Developer/Toolchains/XcodeDefault.xctoolchain/usr/lib/swift/host/plugins/testing -enable-experimental-feature DebugDescriptionMacro -sdk /Applications/Xcode-26.5.0.app/Contents/Developer/Platforms/WatchOS.platform/Developer/SDKs/WatchOS26.5.sdk -target arm64-apple-watchos5.0 -g -module-cache-path /Users/admin/builder/spi-builder-workspace/.derivedData/ModuleCache.noindex -Xfrontend -serialize-debugging-options -enable-testing -index-store-path /Users/admin/builder/spi-builder-workspace/.derivedData/Index.noindex/DataStore -Xcc -D_LIBCPP_HARDENING_MODE\=_LIBCPP_HARDENING_MODE_DEBUG -swift-version 5 -I /Users/admin/builder/spi-builder-workspace/.derivedData/Build/Products/Debug-watchos -Isystem /Applications/Xcode-26.5.0.app/Contents/Developer/Platforms/WatchOS.platform/Developer/usr/lib -F /Users/admin/builder/spi-builder-workspace/.derivedData/Build/Products/Debug-watchos -F /Applications/Xcode-26.5.0.app/Contents/Developer/Platforms/WatchOS.platform/Developer/Library/Frameworks -F /Applications/Xcode-26.5.0.app/Contents/Developer/Platforms/WatchOS.platform/Developer/SDKs/WatchOS26.5.sdk/Developer/Library/Frameworks -emit-localized-strings -emit-localized-strings-path /Users/admin/builder/spi-builder-workspace/.derivedData/Build/Intermediates.noindex/AdyenNetworking.build/Debug-watchos/AdyenNetworking.build/Objects-normal/arm64 -c -j10 -enable-batch-mode -incremental -Xcc -ivfsstatcache -Xcc /Users/admin/builder/spi-builder-workspace/.derivedData/SDKStatCaches.noindex/watchos26.5-23T570-688ef53f1462e2c8f657fdc38a81448f7931b973dfc65d9472806dbbc3af9379.sdkstatcache -output-file-map /Users/admin/builder/spi-builder-workspace/.derivedData/Build/Intermediates.noindex/AdyenNetworking.build/Debug-watchos/AdyenNetworking.build/Objects-normal/arm64/AdyenNetworking-OutputFileMap.json -use-frontend-parseable-output -save-temps -no-color-diagnostics -explicit-module-build -module-cache-path /Users/admin/builder/spi-builder-workspace/.derivedData/Build/Intermediates.noindex/SwiftExplicitPrecompiledModules -clang-scanner-module-cache-path /Users/admin/builder/spi-builder-workspace/.derivedData/ModuleCache.noindex -sdk-module-cache-path /Users/admin/builder/spi-builder-workspace/.derivedData/ModuleCache.noindex -serialize-diagnostics -emit-dependencies -emit-module -emit-module-path /Users/admin/builder/spi-builder-workspace/.derivedData/Build/Intermediates.noindex/AdyenNetworking.build/Debug-watchos/AdyenNetworking.build/Objects-normal/arm64/AdyenNetworking.swiftmodule -validate-clang-modules-once -clang-build-session-file /Users/admin/builder/spi-builder-workspace/.derivedData/ModuleCache.noindex/Session.modulevalidation -Xcc -I/Users/admin/builder/spi-builder-workspace/.derivedData/Build/Intermediates.noindex/AdyenNetworking.build/Debug-watchos/AdyenNetworking.build/swift-overrides.hmap -emit-const-values -Xfrontend -const-gather-protocols-file -Xfrontend /Users/admin/builder/spi-builder-workspace/.derivedData/Build/Intermediates.noindex/AdyenNetworking.build/Debug-watchos/AdyenNetworking.build/Objects-normal/arm64/AdyenNetworking_const_extract_protocols.json -Xcc -I/Users/admin/builder/spi-builder-workspace/.derivedData/Build/Products/Debug-watchos/include -Xcc -I/Users/admin/builder/spi-builder-workspace/.derivedData/Build/Intermediates.noindex/AdyenNetworking.build/Debug-watchos/AdyenNetworking.build/DerivedSources-normal/arm64 -Xcc -I/Users/admin/builder/spi-builder-workspace/.derivedData/Build/Intermediates.noindex/AdyenNetworking.build/Debug-watchos/AdyenNetworking.build/DerivedSources/arm64 -Xcc -I/Users/admin/builder/spi-builder-workspace/.derivedData/Build/Intermediates.noindex/AdyenNetworking.build/Debug-watchos/AdyenNetworking.build/DerivedSources -Xcc -DSWIFT_PACKAGE -Xcc -DDEBUG\=1 -emit-objc-header -emit-objc-header-path /Users/admin/builder/spi-builder-workspace/.derivedData/Build/Intermediates.noindex/AdyenNetworking.build/Debug-watchos/AdyenNetworking.build/Objects-normal/arm64/AdyenNetworking-Swift.h -working-directory /Users/admin/builder/spi-builder-workspace/.swiftpm/xcode -experimental-emit-module-separately -disable-cmo
SwiftExplicitDependencyGeneratePcm arm64 /Users/admin/builder/spi-builder-workspace/.derivedData/ModuleCache.noindex/_Builtin_stdbool-BEDP0HYLPMOW1KA79UUONKUXV.pcm
SwiftExplicitDependencyGeneratePcm arm64 /Users/admin/builder/spi-builder-workspace/.derivedData/ModuleCache.noindex/ptrauth-AZOC4KDLTSH1EBPLHX00G8RYK.pcm
SwiftExplicitDependencyGeneratePcm arm64 /Users/admin/builder/spi-builder-workspace/.derivedData/ModuleCache.noindex/_Builtin_float-5UYR3JH09VDP6J1NQ204IHERX.pcm
SwiftExplicitDependencyGeneratePcm arm64 /Users/admin/builder/spi-builder-workspace/.derivedData/ModuleCache.noindex/_Builtin_stdarg-3Y9DNG7P5Y0U2SB0NLRRNUS8D.pcm
SwiftExplicitDependencyGeneratePcm arm64 /Users/admin/builder/spi-builder-workspace/.derivedData/ModuleCache.noindex/ptrcheck-25G9UKYRUO05KH10QOH4FGAUZ.pcm
SwiftExplicitDependencyGeneratePcm arm64 /Users/admin/builder/spi-builder-workspace/.derivedData/ModuleCache.noindex/SwiftShims-1FIQVGR181MFX82EDVVHW6GBG.pcm
SwiftExplicitDependencyGeneratePcm arm64_32 /Users/admin/builder/spi-builder-workspace/.derivedData/ModuleCache.noindex/_Builtin_stdbool-BAB5RWZEJS6I801PVH17P70AP.pcm
SwiftExplicitDependencyGeneratePcm arm64_32 /Users/admin/builder/spi-builder-workspace/.derivedData/ModuleCache.noindex/_Builtin_stdarg-ARBBH9LG8KJD80OD4AOBDXECY.pcm
SwiftExplicitDependencyGeneratePcm arm64_32 /Users/admin/builder/spi-builder-workspace/.derivedData/ModuleCache.noindex/_Builtin_stddef-BXR3IJQOHMRYOLM4N7MN5BNRA.pcm
SwiftExplicitDependencyGeneratePcm arm64_32 /Users/admin/builder/spi-builder-workspace/.derivedData/ModuleCache.noindex/_Builtin_float-1T114CUCTMRLUF33YKRYRT0WT.pcm
SwiftExplicitDependencyGeneratePcm armv7k /Users/admin/builder/spi-builder-workspace/.derivedData/ModuleCache.noindex/ptrcheck-277KJ347AAN646WEI7A9UJ5FC.pcm
SwiftExplicitDependencyGeneratePcm armv7k /Users/admin/builder/spi-builder-workspace/.derivedData/ModuleCache.noindex/_AvailabilityInternal-6SJU6M2LYJPPZ32I07ITSSVWQ.pcm
SwiftExplicitDependencyGeneratePcm armv7k /Users/admin/builder/spi-builder-workspace/.derivedData/ModuleCache.noindex/_Builtin_stdarg-DYRLH0TGTHHV2884I15D76ZTY.pcm
SwiftExplicitDependencyGeneratePcm armv7k /Users/admin/builder/spi-builder-workspace/.derivedData/ModuleCache.noindex/ptrauth-29H0DJUXMMFO2CSSMYEAV87RK.pcm
SwiftExplicitDependencyGeneratePcm armv7k /Users/admin/builder/spi-builder-workspace/.derivedData/ModuleCache.noindex/_Builtin_stddef-DMW3ND9OP3J2L817I3P9GMP6Z.pcm
SwiftExplicitDependencyGeneratePcm armv7k /Users/admin/builder/spi-builder-workspace/.derivedData/ModuleCache.noindex/SwiftShims-6QROL837IRE2W6PO5Q58F10NX.pcm
SwiftExplicitDependencyGeneratePcm armv7k /Users/admin/builder/spi-builder-workspace/.derivedData/ModuleCache.noindex/_SwiftConcurrencyShims-34BW5B3N4ME8RPD94LF1DJDAY.pcm
SwiftExplicitDependencyGeneratePcm arm64_32 /Users/admin/builder/spi-builder-workspace/.derivedData/ModuleCache.noindex/ptrauth-4XDN8LMR9E2UQJQY9F3X67IWF.pcm
SwiftExplicitDependencyGeneratePcm arm64_32 /Users/admin/builder/spi-builder-workspace/.derivedData/ModuleCache.noindex/ptrcheck-1R9BUZADPFAQBKN8FQH71PB76.pcm
SwiftExplicitDependencyGeneratePcm arm64_32 /Users/admin/builder/spi-builder-workspace/.derivedData/ModuleCache.noindex/SwiftShims-DT5KL6CU9V62KKW6ZMA54WKVU.pcm
SwiftExplicitDependencyGeneratePcm armv7k /Users/admin/builder/spi-builder-workspace/.derivedData/ModuleCache.noindex/_Builtin_stdbool-9GGAYNGYIRAKYUVPRO4T37KPV.pcm
SwiftExplicitDependencyGeneratePcm arm64_32 /Users/admin/builder/spi-builder-workspace/.derivedData/ModuleCache.noindex/_AvailabilityInternal-5LMFQXSOEWTNP2WQD9X3R6G9V.pcm
SwiftExplicitDependencyGeneratePcm armv7k /Users/admin/builder/spi-builder-workspace/.derivedData/ModuleCache.noindex/_Builtin_float-TMBR8RTWA2KQG2I3OPK8D4A5.pcm
SwiftExplicitDependencyGeneratePcm arm64_32 /Users/admin/builder/spi-builder-workspace/.derivedData/ModuleCache.noindex/_SwiftConcurrencyShims-C6AKDQ01ZL7ACRWDOQURC81SL.pcm
SwiftExplicitDependencyGeneratePcm arm64 /Users/admin/builder/spi-builder-workspace/.derivedData/ModuleCache.noindex/_Builtin_stddef-9QB8ZHSR8KA98D53HT94Z579T.pcm
SwiftExplicitDependencyGeneratePcm arm64 /Users/admin/builder/spi-builder-workspace/.derivedData/ModuleCache.noindex/_SwiftConcurrencyShims-7ALKLR1PIFO5J4SW3KQ6Y4AJG.pcm
SwiftExplicitDependencyGeneratePcm arm64 /Users/admin/builder/spi-builder-workspace/.derivedData/ModuleCache.noindex/_AvailabilityInternal-49JXO42GO5EE05SS0BFZMXAT0.pcm
SwiftExplicitDependencyGeneratePcm armv7k /Users/admin/builder/spi-builder-workspace/.derivedData/ModuleCache.noindex/_DarwinFoundation1-A7O8KDJUE7ARRXS8NOXSYB9VX.pcm
SwiftExplicitDependencyGeneratePcm arm64_32 /Users/admin/builder/spi-builder-workspace/.derivedData/ModuleCache.noindex/_DarwinFoundation1-4GCOXBJG9J3J7FMDJRFQ39VU5.pcm
SwiftExplicitDependencyGeneratePcm arm64 /Users/admin/builder/spi-builder-workspace/.derivedData/ModuleCache.noindex/_DarwinFoundation1-DQUYUB84QOVIRXRA9OG5MM2LK.pcm
SwiftExplicitDependencyGeneratePcm armv7k /Users/admin/builder/spi-builder-workspace/.derivedData/ModuleCache.noindex/_Builtin_limits-3MR77B9OJYE52QCHMTEJGHDVO.pcm
SwiftExplicitDependencyGeneratePcm armv7k /Users/admin/builder/spi-builder-workspace/.derivedData/ModuleCache.noindex/_DarwinFoundation2-A56EC5QAXU35TAIAYWQSJNGDQ.pcm
SwiftExplicitDependencyGeneratePcm arm64_32 /Users/admin/builder/spi-builder-workspace/.derivedData/ModuleCache.noindex/_DarwinFoundation2-6O8ENYLNVNLOLEZA7CQ07FVJC.pcm
SwiftExplicitDependencyGeneratePcm arm64_32 /Users/admin/builder/spi-builder-workspace/.derivedData/ModuleCache.noindex/_Builtin_limits-9QBLMNQPNUET1R6EJ20UP4RBF.pcm
SwiftExplicitDependencyGeneratePcm arm64 /Users/admin/builder/spi-builder-workspace/.derivedData/ModuleCache.noindex/_Builtin_limits-AP26PV63HSRVSQ7TRCY82QG1.pcm
SwiftExplicitDependencyGeneratePcm arm64 /Users/admin/builder/spi-builder-workspace/.derivedData/ModuleCache.noindex/_DarwinFoundation2-80840ULHW51G5IT8J12342PIK.pcm
SwiftExplicitDependencyGeneratePcm armv7k /Users/admin/builder/spi-builder-workspace/.derivedData/ModuleCache.noindex/_Builtin_stdint-5K07UQVF6TFI9F3WAD6F8EAYC.pcm
SwiftExplicitDependencyGeneratePcm armv7k /Users/admin/builder/spi-builder-workspace/.derivedData/ModuleCache.noindex/sys_types-6PB659H4601JDYFSQZNAVS4UF.pcm
SwiftExplicitDependencyGeneratePcm armv7k /Users/admin/builder/spi-builder-workspace/.derivedData/ModuleCache.noindex/_DarwinFoundation3-6KJCNS2LMI423M55A4R7ISJ7W.pcm
SwiftExplicitDependencyGeneratePcm armv7k /Users/admin/builder/spi-builder-workspace/.derivedData/ModuleCache.noindex/_Builtin_stdatomic-79V6MPIQ0SW7QPW3RQ409UUVC.pcm
SwiftExplicitDependencyGeneratePcm arm64_32 /Users/admin/builder/spi-builder-workspace/.derivedData/ModuleCache.noindex/_Builtin_stdint-EL733HJGRA7EHAZMIVNP4V21V.pcm
SwiftExplicitDependencyGeneratePcm arm64_32 /Users/admin/builder/spi-builder-workspace/.derivedData/ModuleCache.noindex/sys_types-4TMG15N8XQOBNXWGDIBI4BFJ8.pcm
SwiftExplicitDependencyGeneratePcm arm64 /Users/admin/builder/spi-builder-workspace/.derivedData/ModuleCache.noindex/sys_types-1WIE6CJJATPH5UNEDGBCYU6CW.pcm
SwiftExplicitDependencyGeneratePcm arm64 /Users/admin/builder/spi-builder-workspace/.derivedData/ModuleCache.noindex/_Builtin_stdint-E1KR6MVRRMJEZVROW2AY9NSTP.pcm
SwiftExplicitDependencyGeneratePcm arm64_32 /Users/admin/builder/spi-builder-workspace/.derivedData/ModuleCache.noindex/_DarwinFoundation3-49GG6POEGBG4J8BVW38U0HOW7.pcm
SwiftExplicitDependencyGeneratePcm arm64_32 /Users/admin/builder/spi-builder-workspace/.derivedData/ModuleCache.noindex/_Builtin_stdatomic-A7IOSW07WP730JUDWD686RHYV.pcm
SwiftExplicitDependencyGeneratePcm arm64 /Users/admin/builder/spi-builder-workspace/.derivedData/ModuleCache.noindex/_DarwinFoundation3-7Y66H1RAQKTRLCOB2LF7Q95AR.pcm
SwiftExplicitDependencyGeneratePcm arm64 /Users/admin/builder/spi-builder-workspace/.derivedData/ModuleCache.noindex/_Builtin_stdatomic-AG4FVKSI0QZSEF1FWNNC31C4F.pcm
SwiftExplicitDependencyGeneratePcm armv7k /Users/admin/builder/spi-builder-workspace/.derivedData/ModuleCache.noindex/_Builtin_inttypes-9E5KLM6TJZ4NSPVKMLSXNWSI.pcm
SwiftExplicitDependencyGeneratePcm armv7k /Users/admin/builder/spi-builder-workspace/.derivedData/ModuleCache.noindex/Darwin-5CVKLEEDDW1N5A1493QZKUJ8W.pcm
SwiftExplicitDependencyGeneratePcm arm64_32 /Users/admin/builder/spi-builder-workspace/.derivedData/ModuleCache.noindex/_Builtin_inttypes-AP64DOOYB9O8TK0PDUD06EUT0.pcm
SwiftExplicitDependencyGeneratePcm arm64 /Users/admin/builder/spi-builder-workspace/.derivedData/ModuleCache.noindex/_Builtin_inttypes-2BQH3PWWI5NL99AO9W581KKUT.pcm
SwiftExplicitDependencyGeneratePcm arm64_32 /Users/admin/builder/spi-builder-workspace/.derivedData/ModuleCache.noindex/Darwin-BZIF2D19LUNZQRDOCTX4CC7A1.pcm
SwiftExplicitDependencyGeneratePcm arm64 /Users/admin/builder/spi-builder-workspace/.derivedData/ModuleCache.noindex/Darwin-5L2JC6PNUNUBZL7U0PCA0NTBM.pcm
SwiftExplicitDependencyGeneratePcm armv7k /Users/admin/builder/spi-builder-workspace/.derivedData/ModuleCache.noindex/MachO-2TUFLAYMXN3ZUVIT2OWS6Z904.pcm
SwiftExplicitDependencyGeneratePcm armv7k /Users/admin/builder/spi-builder-workspace/.derivedData/ModuleCache.noindex/ObjectiveC-8ZVKFPFMHMW6PD0PWJ7WIC3G5.pcm
SwiftExplicitDependencyGeneratePcm armv7k /Users/admin/builder/spi-builder-workspace/.derivedData/ModuleCache.noindex/os_object-C248JNPLL8YZQHUBLVA551DIH.pcm
SwiftExplicitDependencyGeneratePcm arm64_32 /Users/admin/builder/spi-builder-workspace/.derivedData/ModuleCache.noindex/ObjectiveC-59FECUIIUA0E48I4X1TVDQ2U5.pcm
SwiftExplicitDependencyGeneratePcm arm64_32 /Users/admin/builder/spi-builder-workspace/.derivedData/ModuleCache.noindex/MachO-A9YWLL49Q0MF47KT33QTCE3H7.pcm
SwiftExplicitDependencyGeneratePcm arm64 /Users/admin/builder/spi-builder-workspace/.derivedData/ModuleCache.noindex/MachO-OEHWLHZ4YRMESBUKL2Y7JP9B.pcm
SwiftExplicitDependencyGeneratePcm arm64 /Users/admin/builder/spi-builder-workspace/.derivedData/ModuleCache.noindex/ObjectiveC-6MO1IYPU70XC3GJNUPQ7XHZJ7.pcm
SwiftExplicitDependencyGeneratePcm armv7k /Users/admin/builder/spi-builder-workspace/.derivedData/ModuleCache.noindex/os_workgroup-B76E3R93ADTCLAEU11ROVACKB.pcm
SwiftExplicitDependencyGeneratePcm arm64_32 /Users/admin/builder/spi-builder-workspace/.derivedData/ModuleCache.noindex/os_object-5VYKPBIDDHSVL93CHQNMVMG2A.pcm
SwiftExplicitDependencyGeneratePcm arm64 /Users/admin/builder/spi-builder-workspace/.derivedData/ModuleCache.noindex/os_object-9Z9NN1HFZ97KSMZMZ0K31MG61.pcm
SwiftExplicitDependencyGeneratePcm armv7k /Users/admin/builder/spi-builder-workspace/.derivedData/ModuleCache.noindex/Dispatch-45TSF010J4D8LFQPOSEXWN54U.pcm
SwiftExplicitDependencyGeneratePcm arm64_32 /Users/admin/builder/spi-builder-workspace/.derivedData/ModuleCache.noindex/os_workgroup-7FLDQ2ABY2XAGMNEBVKSIQRFR.pcm
SwiftExplicitDependencyGeneratePcm arm64 /Users/admin/builder/spi-builder-workspace/.derivedData/ModuleCache.noindex/os_workgroup-2LZKS0O877VMOVI8CPS12YQYF.pcm
SwiftExplicitDependencyGeneratePcm armv7k /Users/admin/builder/spi-builder-workspace/.derivedData/ModuleCache.noindex/XPC-E02RA42V5WX3OGIG16YQ1Y7QR.pcm
SwiftExplicitDependencyGeneratePcm armv7k /Users/admin/builder/spi-builder-workspace/.derivedData/ModuleCache.noindex/CoreFoundation-BTFE75LD5OCTC057V5S85YIYO.pcm
SwiftExplicitDependencyGeneratePcm arm64 /Users/admin/builder/spi-builder-workspace/.derivedData/ModuleCache.noindex/Dispatch-CRGXH1IATECPMP3G8FEPG1NIT.pcm
SwiftExplicitDependencyGeneratePcm arm64_32 /Users/admin/builder/spi-builder-workspace/.derivedData/ModuleCache.noindex/Dispatch-A02SSMS2JBGHOSUC3OD8BH8SZ.pcm
SwiftExplicitDependencyGeneratePcm armv7k /Users/admin/builder/spi-builder-workspace/.derivedData/ModuleCache.noindex/os-9300DNQ6QU5EWBGBPV0B8GBWY.pcm
SwiftExplicitDependencyGeneratePcm arm64 /Users/admin/builder/spi-builder-workspace/.derivedData/ModuleCache.noindex/CoreFoundation-BRWCSK5B7QKM2VJU39HAKYWNY.pcm
SwiftExplicitDependencyGeneratePcm arm64 /Users/admin/builder/spi-builder-workspace/.derivedData/ModuleCache.noindex/XPC-8KX8CNN5YR9516EZ6KJ4WRO0.pcm
SwiftExplicitDependencyGeneratePcm arm64_32 /Users/admin/builder/spi-builder-workspace/.derivedData/ModuleCache.noindex/XPC-5WXLZUXWADUX6QGCUNJNMLMBN.pcm
SwiftExplicitDependencyGeneratePcm arm64_32 /Users/admin/builder/spi-builder-workspace/.derivedData/ModuleCache.noindex/CoreFoundation-DD1XZD6BVLMD6XYTVU72T1HSW.pcm
SwiftExplicitDependencyGeneratePcm armv7k /Users/admin/builder/spi-builder-workspace/.derivedData/ModuleCache.noindex/Security-5S473XEN72XJK8GXE9AM1PMX8.pcm
SwiftExplicitDependencyGeneratePcm arm64 /Users/admin/builder/spi-builder-workspace/.derivedData/ModuleCache.noindex/os-7CNOEJV2C3FKDO5FOM8SJ613C.pcm
SwiftExplicitDependencyGeneratePcm arm64_32 /Users/admin/builder/spi-builder-workspace/.derivedData/ModuleCache.noindex/os-C0MX9TM09DUTHNLPAUH177VUS.pcm
SwiftExplicitDependencyGeneratePcm armv7k /Users/admin/builder/spi-builder-workspace/.derivedData/ModuleCache.noindex/Foundation-8ABBH198ONYC0P7PTS9VDZZG2.pcm
SwiftExplicitDependencyGeneratePcm arm64 /Users/admin/builder/spi-builder-workspace/.derivedData/ModuleCache.noindex/Security-CFR0WEFRRR7SKK31ZDTCM9YEM.pcm
SwiftExplicitDependencyGeneratePcm arm64_32 /Users/admin/builder/spi-builder-workspace/.derivedData/ModuleCache.noindex/Security-DRFNZQ73ADY1KPAAA36MF3770.pcm
SwiftExplicitDependencyGeneratePcm arm64_32 /Users/admin/builder/spi-builder-workspace/.derivedData/ModuleCache.noindex/Foundation-E3OHXW3JFBDTOGH7UVPJMLO48.pcm
SwiftExplicitDependencyGeneratePcm arm64 /Users/admin/builder/spi-builder-workspace/.derivedData/ModuleCache.noindex/Foundation-4ZX5UQAQAK0CJIE6HI2MO8A7P.pcm
SwiftCompile normal armv7k Compiling\ URLHelpers.swift,\ URLSessionHelpers.swift /Users/admin/builder/spi-builder-workspace/AdyenNetworking/Helpers/URLHelpers.swift /Users/admin/builder/spi-builder-workspace/AdyenNetworking/Helpers/URLSessionHelpers.swift (in target 'AdyenNetworking' from project 'AdyenNetworking')
SwiftCompile normal armv7k /Users/admin/builder/spi-builder-workspace/AdyenNetworking/Helpers/URLHelpers.swift (in target 'AdyenNetworking' from project 'AdyenNetworking')
    cd /Users/admin/builder/spi-builder-workspace/.swiftpm/xcode

SwiftCompile normal armv7k /Users/admin/builder/spi-builder-workspace/AdyenNetworking/Helpers/URLSessionHelpers.swift (in target 'AdyenNetworking' from project 'AdyenNetworking')
    cd /Users/admin/builder/spi-builder-workspace/.swiftpm/xcode

SwiftCompile normal armv7k Compiling\ Errors.swift,\ HTTPResponse.swift /Users/admin/builder/spi-builder-workspace/AdyenNetworking/APIClient/Errors.swift /Users/admin/builder/spi-builder-workspace/AdyenNetworking/APIClient/HTTPResponse.swift (in target 'AdyenNetworking' from project 'AdyenNetworking')
SwiftCompile normal armv7k /Users/admin/builder/spi-builder-workspace/AdyenNetworking/APIClient/Errors.swift (in target 'AdyenNetworking' from project 'AdyenNetworking')
    cd /Users/admin/builder/spi-builder-workspace/.swiftpm/xcode

SwiftCompile normal armv7k /Users/admin/builder/spi-builder-workspace/AdyenNetworking/APIClient/HTTPResponse.swift (in target 'AdyenNetworking' from project 'AdyenNetworking')
    cd /Users/admin/builder/spi-builder-workspace/.swiftpm/xcode

SwiftCompile normal armv7k Compiling\ APIClient.swift,\ AnyAPIContext.swift /Users/admin/builder/spi-builder-workspace/AdyenNetworking/APIClient/APIClient.swift /Users/admin/builder/spi-builder-workspace/AdyenNetworking/APIClient/AnyAPIContext.swift (in target 'AdyenNetworking' from project 'AdyenNetworking')
SwiftCompile normal armv7k /Users/admin/builder/spi-builder-workspace/AdyenNetworking/APIClient/APIClient.swift (in target 'AdyenNetworking' from project 'AdyenNetworking')
    cd /Users/admin/builder/spi-builder-workspace/.swiftpm/xcode

SwiftCompile normal armv7k /Users/admin/builder/spi-builder-workspace/AdyenNetworking/APIClient/AnyAPIContext.swift (in target 'AdyenNetworking' from project 'AdyenNetworking')
    cd /Users/admin/builder/spi-builder-workspace/.swiftpm/xcode

SwiftCompile normal armv7k Compiling\ Request.swift,\ RetryAPIClient.swift /Users/admin/builder/spi-builder-workspace/AdyenNetworking/APIClient/Request.swift /Users/admin/builder/spi-builder-workspace/AdyenNetworking/APIClient/RetryAPIClient.swift (in target 'AdyenNetworking' from project 'AdyenNetworking')
SwiftCompile normal armv7k /Users/admin/builder/spi-builder-workspace/AdyenNetworking/APIClient/Request.swift (in target 'AdyenNetworking' from project 'AdyenNetworking')
    cd /Users/admin/builder/spi-builder-workspace/.swiftpm/xcode

SwiftCompile normal armv7k /Users/admin/builder/spi-builder-workspace/AdyenNetworking/APIClient/RetryAPIClient.swift (in target 'AdyenNetworking' from project 'AdyenNetworking')
    cd /Users/admin/builder/spi-builder-workspace/.swiftpm/xcode

SwiftCompile normal armv7k Compiling\ AnyAPIEnvironment.swift,\ AnyCoder.swift /Users/admin/builder/spi-builder-workspace/AdyenNetworking/APIClient/AnyAPIEnvironment.swift /Users/admin/builder/spi-builder-workspace/AdyenNetworking/APIClient/AnyCoder.swift (in target 'AdyenNetworking' from project 'AdyenNetworking')
SwiftCompile normal armv7k /Users/admin/builder/spi-builder-workspace/AdyenNetworking/APIClient/AnyAPIEnvironment.swift (in target 'AdyenNetworking' from project 'AdyenNetworking')
    cd /Users/admin/builder/spi-builder-workspace/.swiftpm/xcode

SwiftCompile normal armv7k /Users/admin/builder/spi-builder-workspace/AdyenNetworking/APIClient/AnyCoder.swift (in target 'AdyenNetworking' from project 'AdyenNetworking')
    cd /Users/admin/builder/spi-builder-workspace/.swiftpm/xcode

SwiftEmitModule normal armv7k Emitting\ module\ for\ AdyenNetworking (in target 'AdyenNetworking' from project 'AdyenNetworking')
Failed frontend command:
/Applications/Xcode-26.5.0.app/Contents/Developer/Toolchains/XcodeDefault.xctoolchain/usr/bin/swift-frontend -frontend -emit-module -experimental-skip-non-inlinable-function-bodies-without-types /Users/admin/builder/spi-builder-workspace/AdyenNetworking/APIClient/APIClient.swift /Users/admin/builder/spi-builder-workspace/AdyenNetworking/APIClient/AnyAPIContext.swift /Users/admin/builder/spi-builder-workspace/AdyenNetworking/APIClient/AnyAPIEnvironment.swift /Users/admin/builder/spi-builder-workspace/AdyenNetworking/APIClient/AnyCoder.swift /Users/admin/builder/spi-builder-workspace/AdyenNetworking/APIClient/AnyResponseValidator.swift /Users/admin/builder/spi-builder-workspace/AdyenNetworking/APIClient/BackoffScheduler.swift /Users/admin/builder/spi-builder-workspace/AdyenNetworking/APIClient/Errors.swift /Users/admin/builder/spi-builder-workspace/AdyenNetworking/APIClient/HTTPResponse.swift /Users/admin/builder/spi-builder-workspace/AdyenNetworking/APIClient/Request.swift /Users/admin/builder/spi-builder-workspace/AdyenNetworking/APIClient/RetryAPIClient.swift /Users/admin/builder/spi-builder-workspace/AdyenNetworking/APIClient/RetryOnErrorAPIClient.swift /Users/admin/builder/spi-builder-workspace/AdyenNetworking/APIClient/Scheduler.swift /Users/admin/builder/spi-builder-workspace/AdyenNetworking/APIClient/SimpleScheduler.swift /Users/admin/builder/spi-builder-workspace/AdyenNetworking/APIClient/UniqueAssetAPIClient.swift /Users/admin/builder/spi-builder-workspace/AdyenNetworking/Helpers/Coder.swift /Users/admin/builder/spi-builder-workspace/AdyenNetworking/Helpers/Logging/DebugLogger.swift /Users/admin/builder/spi-builder-workspace/AdyenNetworking/Helpers/Logging/DebugLogging.swift /Users/admin/builder/spi-builder-workspace/AdyenNetworking/Helpers/Logging/Logging.swift /Users/admin/builder/spi-builder-workspace/AdyenNetworking/Helpers/URLHelpers.swift /Users/admin/builder/spi-builder-workspace/AdyenNetworking/Helpers/URLSessionHelpers.swift -target armv7k-apple-watchos5.0 -load-resolved-plugin /Applications/Xcode-26.5.0.app/Contents/Developer/Platforms/WatchOS.platform/Developer/usr/lib/swift/host/plugins/libFoundationMacros.dylib\#/Applications/Xcode-26.5.0.app/Contents/Developer/Platforms/WatchOS.platform/Developer/usr/bin/swift-plugin-server\#FoundationMacros -load-resolved-plugin /Applications/Xcode-26.5.0.app/Contents/Developer/Platforms/WatchOS.platform/Developer/usr/lib/swift/host/plugins/libObservationMacros.dylib\#/Applications/Xcode-26.5.0.app/Contents/Developer/Platforms/WatchOS.platform/Developer/usr/bin/swift-plugin-server\#ObservationMacros -load-resolved-plugin /Applications/Xcode-26.5.0.app/Contents/Developer/Platforms/WatchOS.platform/Developer/usr/lib/swift/host/plugins/libSwiftMacros.dylib\#/Applications/Xcode-26.5.0.app/Contents/Developer/Platforms/WatchOS.platform/Developer/usr/bin/swift-plugin-server\#SwiftMacros -disable-implicit-swift-modules -Xcc -fno-implicit-modules -Xcc -fno-implicit-module-maps -explicit-swift-module-map-file /Users/admin/builder/spi-builder-workspace/.derivedData/Build/Intermediates.noindex/AdyenNetworking.build/Debug-watchos/AdyenNetworking.build/Objects-normal/armv7k/AdyenNetworking-dependencies-1.json -enable-objc-interop -sdk /Applications/Xcode-26.5.0.app/Contents/Developer/Platforms/WatchOS.platform/Developer/SDKs/WatchOS26.5.sdk -I /Users/admin/builder/spi-builder-workspace/.derivedData/Build/Products/Debug-watchos -Isystem /Applications/Xcode-26.5.0.app/Contents/Developer/Platforms/WatchOS.platform/Developer/usr/lib -F /Users/admin/builder/spi-builder-workspace/.derivedData/Build/Products/Debug-watchos -F /Applications/Xcode-26.5.0.app/Contents/Developer/Platforms/WatchOS.platform/Developer/Library/Frameworks -F /Applications/Xcode-26.5.0.app/Contents/Developer/Platforms/WatchOS.platform/Developer/SDKs/WatchOS26.5.sdk/Developer/Library/Frameworks -no-color-diagnostics -Xcc -fno-color-diagnostics -enable-testing -g -debug-info-format\=dwarf -dwarf-version\=4 -module-cache-path /Users/admin/builder/spi-builder-workspace/.derivedData/Build/Intermediates.noindex/SwiftExplicitPrecompiledModules -swift-version 5 -Onone -D SWIFT_PACKAGE -D DEBUG -D SWIFT_MODULE_RESOURCE_BUNDLE_UNAVAILABLE -D Xcode -serialize-debugging-options -const-gather-protocols-file /Users/admin/builder/spi-builder-workspace/.derivedData/Build/Intermediates.noindex/AdyenNetworking.build/Debug-watchos/AdyenNetworking.build/Objects-normal/armv7k/AdyenNetworking_const_extract_protocols.json -enable-experimental-feature DebugDescriptionMacro -empty-abi-descriptor -validate-clang-modules-once -clang-build-session-file /Users/admin/builder/spi-builder-workspace/.derivedData/ModuleCache.noindex/Session.modulevalidation -Xcc -working-directory -Xcc /Users/admin/builder/spi-builder-workspace/.swiftpm/xcode -enable-anonymous-context-mangled-names -file-compilation-dir /Users/admin/builder/spi-builder-workspace/.swiftpm/xcode -Xcc -D_LIBCPP_HARDENING_MODE\=_LIBCPP_HARDENING_MODE_DEBUG -Xcc -ivfsstatcache -Xcc /Users/admin/builder/spi-builder-workspace/.derivedData/SDKStatCaches.noindex/watchos26.5-23T570-688ef53f1462e2c8f657fdc38a81448f7931b973dfc65d9472806dbbc3af9379.sdkstatcache -Xcc -I/Users/admin/builder/spi-builder-workspace/.derivedData/Build/Intermediates.noindex/AdyenNetworking.build/Debug-watchos/AdyenNetworking.build/swift-overrides.hmap -Xcc -I/Users/admin/builder/spi-builder-workspace/.derivedData/Build/Products/Debug-watchos/include -Xcc -I/Users/admin/builder/spi-builder-workspace/.derivedData/Build/Intermediates.noindex/AdyenNetworking.build/Debug-watchos/AdyenNetworking.build/DerivedSources-normal/armv7k -Xcc -I/Users/admin/builder/spi-builder-workspace/.derivedData/Build/Intermediates.noindex/AdyenNetworking.build/Debug-watchos/AdyenNetworking.build/DerivedSources/armv7k -Xcc -I/Users/admin/builder/spi-builder-workspace/.derivedData/Build/Intermediates.noindex/AdyenNetworking.build/Debug-watchos/AdyenNetworking.build/DerivedSources -Xcc -DSWIFT_PACKAGE -Xcc -DDEBUG\=1 -no-auto-bridging-header-chaining -module-name AdyenNetworking -frontend-parseable-output -disable-clang-spi -clang-target armv7k-apple-watchos26.5 -target-sdk-version 26.5 -target-sdk-name watchos26.5 -in-process-plugin-server-path /Applications/Xcode-26.5.0.app/Contents/Developer/Toolchains/XcodeDefault.xctoolchain/usr/lib/swift/host/libSwiftInProcPluginServer.dylib -emit-module-doc-path /Users/admin/builder/spi-builder-workspace/.derivedData/Build/Intermediates.noindex/AdyenNetworking.build/Debug-watchos/AdyenNetworking.build/Objects-normal/armv7k/AdyenNetworking.swiftdoc -emit-module-source-info-path /Users/admin/builder/spi-builder-workspace/.derivedData/Build/Intermediates.noindex/AdyenNetworking.build/Debug-watchos/AdyenNetworking.build/Objects-normal/armv7k/AdyenNetworking.swiftsourceinfo -emit-objc-header-path /Users/admin/builder/spi-builder-workspace/.derivedData/Build/Intermediates.noindex/AdyenNetworking.build/Debug-watchos/AdyenNetworking.build/Objects-normal/armv7k/AdyenNetworking-Swift.h -serialize-diagnostics-path /Users/admin/builder/spi-builder-workspace/.derivedData/Build/Intermediates.noindex/AdyenNetworking.build/Debug-watchos/AdyenNetworking.build/Objects-normal/armv7k/AdyenNetworking-primary-emit-module.dia -emit-dependencies-path /Users/admin/builder/spi-builder-workspace/.derivedData/Build/Intermediates.noindex/AdyenNetworking.build/Debug-watchos/AdyenNetworking.build/Objects-normal/armv7k/AdyenNetworking-primary-emit-module.d -o /Users/admin/builder/spi-builder-workspace/.derivedData/Build/Intermediates.noindex/AdyenNetworking.build/Debug-watchos/AdyenNetworking.build/Objects-normal/armv7k/AdyenNetworking.swiftmodule -emit-abi-descriptor-path /Users/admin/builder/spi-builder-workspace/.derivedData/Build/Intermediates.noindex/AdyenNetworking.build/Debug-watchos/AdyenNetworking.build/Objects-normal/armv7k/AdyenNetworking.abi.json
EmitSwiftModule normal armv7k (in target 'AdyenNetworking' from project 'AdyenNetworking')
    cd /Users/admin/builder/spi-builder-workspace/.swiftpm/xcode

/Users/admin/builder/spi-builder-workspace/AdyenNetworking/APIClient/APIClient.swift:38:35: error: concurrency is only available in watchOS 6.0.0 or newer
    func perform<R>(_ request: R) async throws -> HTTPResponse<R.ResponseType> where R: Request
                                  ^
/Users/admin/builder/spi-builder-workspace/AdyenNetworking/APIClient/APIClient.swift:38:10: note: add '@available' attribute to enclosing instance method
    func perform<R>(_ request: R) async throws -> HTTPResponse<R.ResponseType> where R: Request
         ^
/Users/admin/builder/spi-builder-workspace/AdyenNetworking/APIClient/APIClient.swift:31:17: note: add '@available' attribute to enclosing protocol
public protocol AsyncAPIClientProtocol: AnyObject {
                ^
/Users/admin/builder/spi-builder-workspace/AdyenNetworking/APIClient/APIClient.swift:47:35: error: concurrency is only available in watchOS 6.0.0 or newer
    func perform<R>(_ request: R) async throws -> HTTPResponse<R.ResponseType> where R: Request, R.ResponseType == DownloadResponse
                                  ^
/Users/admin/builder/spi-builder-workspace/AdyenNetworking/APIClient/APIClient.swift:47:10: note: add '@available' attribute to enclosing instance method
    func perform<R>(_ request: R) async throws -> HTTPResponse<R.ResponseType> where R: Request, R.ResponseType == DownloadResponse
         ^
/Users/admin/builder/spi-builder-workspace/AdyenNetworking/APIClient/APIClient.swift:31:17: note: add '@available' attribute to enclosing protocol
public protocol AsyncAPIClientProtocol: AnyObject {
                ^
/Users/admin/builder/spi-builder-workspace/AdyenNetworking/APIClient/APIClient.swift:56:35: error: concurrency is only available in watchOS 6.0.0 or newer
    func perform<R>(_ request: R) async throws -> HTTPResponse<R.ResponseType> where R: AsyncDownloadRequest, R.ResponseType == DownloadResponse
                                  ^
/Users/admin/builder/spi-builder-workspace/AdyenNetworking/APIClient/APIClient.swift:56:10: note: add '@available' attribute to enclosing instance method
    func perform<R>(_ request: R) async throws -> HTTPResponse<R.ResponseType> where R: AsyncDownloadRequest, R.ResponseType == DownloadResponse
         ^
/Users/admin/builder/spi-builder-workspace/AdyenNetworking/APIClient/APIClient.swift:31:17: note: add '@available' attribute to enclosing protocol
public protocol AsyncAPIClientProtocol: AnyObject {
                ^
/Users/admin/builder/spi-builder-workspace/AdyenNetworking/APIClient/APIClient.swift:370:42: error: concurrency is only available in watchOS 6.0.0 or newer
    public func perform<R>(_ request: R) async throws -> HTTPResponse<R.ResponseType> where R: Request {
                                         ^
/Users/admin/builder/spi-builder-workspace/AdyenNetworking/APIClient/APIClient.swift:370:17: note: add '@available' attribute to enclosing instance method
    public func perform<R>(_ request: R) async throws -> HTTPResponse<R.ResponseType> where R: Request {
                ^
/Users/admin/builder/spi-builder-workspace/AdyenNetworking/APIClient/APIClient.swift:368:1: note: add '@available' attribute to enclosing extension
extension APIClient: AsyncAPIClientProtocol {
^
/Users/admin/builder/spi-builder-workspace/AdyenNetworking/APIClient/APIClient.swift:381:7: error: concurrency is only available in watchOS 6.0.0 or newer
    ) async throws -> HTTPResponse<R.ResponseType> where R: Request, R.ResponseType == DownloadResponse {
      ^
/Users/admin/builder/spi-builder-workspace/AdyenNetworking/APIClient/APIClient.swift:379:17: note: add '@available' attribute to enclosing instance method
    public func perform<R>(
                ^
/Users/admin/builder/spi-builder-workspace/AdyenNetworking/APIClient/APIClient.swift:368:1: note: add '@available' attribute to enclosing extension
extension APIClient: AsyncAPIClientProtocol {
^
/Users/admin/builder/spi-builder-workspace/AdyenNetworking/APIClient/APIClient.swift:396:7: error: concurrency is only available in watchOS 6.0.0 or newer
    ) async throws -> HTTPResponse<R.ResponseType> where R: AsyncDownloadRequest, R.ResponseType == DownloadResponse {
      ^
/Users/admin/builder/spi-builder-workspace/AdyenNetworking/APIClient/APIClient.swift:394:17: note: add '@available' attribute to enclosing instance method
    public func perform<R>(
                ^
/Users/admin/builder/spi-builder-workspace/AdyenNetworking/APIClient/APIClient.swift:368:1: note: add '@available' attribute to enclosing extension
extension APIClient: AsyncAPIClientProtocol {
^
SwiftCompile normal armv7k Compiling\ Coder.swift,\ DebugLogger.swift /Users/admin/builder/spi-builder-workspace/AdyenNetworking/Helpers/Coder.swift /Users/admin/builder/spi-builder-workspace/AdyenNetworking/Helpers/Logging/DebugLogger.swift (in target 'AdyenNetworking' from project 'AdyenNetworking')
SwiftCompile normal armv7k /Users/admin/builder/spi-builder-workspace/AdyenNetworking/Helpers/Coder.swift (in target 'AdyenNetworking' from project 'AdyenNetworking')
    cd /Users/admin/builder/spi-builder-workspace/.swiftpm/xcode

SwiftCompile normal armv7k /Users/admin/builder/spi-builder-workspace/AdyenNetworking/Helpers/Logging/DebugLogger.swift (in target 'AdyenNetworking' from project 'AdyenNetworking')
    cd /Users/admin/builder/spi-builder-workspace/.swiftpm/xcode

SwiftCompile normal armv7k Compiling\ AnyResponseValidator.swift,\ BackoffScheduler.swift /Users/admin/builder/spi-builder-workspace/AdyenNetworking/APIClient/AnyResponseValidator.swift /Users/admin/builder/spi-builder-workspace/AdyenNetworking/APIClient/BackoffScheduler.swift (in target 'AdyenNetworking' from project 'AdyenNetworking')
SwiftCompile normal armv7k /Users/admin/builder/spi-builder-workspace/AdyenNetworking/APIClient/AnyResponseValidator.swift (in target 'AdyenNetworking' from project 'AdyenNetworking')
    cd /Users/admin/builder/spi-builder-workspace/.swiftpm/xcode

SwiftCompile normal armv7k /Users/admin/builder/spi-builder-workspace/AdyenNetworking/APIClient/BackoffScheduler.swift (in target 'AdyenNetworking' from project 'AdyenNetworking')
    cd /Users/admin/builder/spi-builder-workspace/.swiftpm/xcode

SwiftCompile normal armv7k Compiling\ DebugLogging.swift,\ Logging.swift /Users/admin/builder/spi-builder-workspace/AdyenNetworking/Helpers/Logging/DebugLogging.swift /Users/admin/builder/spi-builder-workspace/AdyenNetworking/Helpers/Logging/Logging.swift (in target 'AdyenNetworking' from project 'AdyenNetworking')
SwiftCompile normal armv7k /Users/admin/builder/spi-builder-workspace/AdyenNetworking/Helpers/Logging/DebugLogging.swift (in target 'AdyenNetworking' from project 'AdyenNetworking')
    cd /Users/admin/builder/spi-builder-workspace/.swiftpm/xcode

SwiftCompile normal armv7k /Users/admin/builder/spi-builder-workspace/AdyenNetworking/Helpers/Logging/Logging.swift (in target 'AdyenNetworking' from project 'AdyenNetworking')
    cd /Users/admin/builder/spi-builder-workspace/.swiftpm/xcode

SwiftEmitModule normal arm64 Emitting\ module\ for\ AdyenNetworking (in target 'AdyenNetworking' from project 'AdyenNetworking')
EmitSwiftModule normal arm64 (in target 'AdyenNetworking' from project 'AdyenNetworking')
    cd /Users/admin/builder/spi-builder-workspace/.swiftpm/xcode

SwiftEmitModule normal arm64_32 Emitting\ module\ for\ AdyenNetworking (in target 'AdyenNetworking' from project 'AdyenNetworking')
2026-09-11 21:28:04.577 xcodebuild[659:4024] [MT] IDERunDestination: Supported platforms for the buildables in the current scheme is empty.
** BUILD FAILED **
The following build commands failed:
	SwiftEmitModule normal armv7k Emitting\ module\ for\ AdyenNetworking (in target 'AdyenNetworking' from project 'AdyenNetworking')
	EmitSwiftModule normal armv7k (in target 'AdyenNetworking' from project 'AdyenNetworking')
	Building workspace spi-builder-workspace with scheme AdyenNetworking
(3 failures)
Command line invocation:
    /Applications/Xcode-26.5.0.app/Contents/Developer/usr/bin/xcodebuild -IDEClonedSourcePackagesDirPathOverride=/Users/admin/builder/spi-builder-workspace/.dependencies -resolvePackageDependencies
Resolve Package Graph
Resolved source packages:
  AdyenNetworking: /Users/admin/builder/spi-builder-workspace
resolved source packages: AdyenNetworking
2026-09-11 21:28:09.953 xcodebuild[770:4453] [MT] IDERunDestination: Supported platforms for the buildables in the current scheme is empty.
{
  "default_localization" : "en-us",
  "dependencies" : [
  ],
  "manifest_display_name" : "AdyenNetworking",
  "name" : "AdyenNetworking",
  "path" : "/Users/admin/builder/spi-builder-workspace",
  "platforms" : [
    {
      "name" : "ios",
      "version" : "12.0"
    },
    {
      "name" : "macos",
      "version" : "10.15"
    }
  ],
  "products" : [
    {
      "name" : "AdyenNetworking",
      "targets" : [
        "AdyenNetworking"
      ],
      "type" : {
        "library" : [
          "automatic"
        ]
      }
    }
  ],
  "targets" : [
    {
      "c99name" : "AdyenNetworking",
      "module_type" : "SwiftTarget",
      "name" : "AdyenNetworking",
      "path" : "AdyenNetworking",
      "product_memberships" : [
        "AdyenNetworking"
      ],
      "sources" : [
        "APIClient/APIClient.swift",
        "APIClient/AnyAPIContext.swift",
        "APIClient/AnyAPIEnvironment.swift",
        "APIClient/AnyCoder.swift",
        "APIClient/AnyResponseValidator.swift",
        "APIClient/BackoffScheduler.swift",
        "APIClient/Errors.swift",
        "APIClient/HTTPResponse.swift",
        "APIClient/Request.swift",
        "APIClient/RetryAPIClient.swift",
        "APIClient/RetryOnErrorAPIClient.swift",
        "APIClient/Scheduler.swift",
        "APIClient/SimpleScheduler.swift",
        "APIClient/UniqueAssetAPIClient.swift",
        "Helpers/Coder.swift",
        "Helpers/Logging/DebugLogger.swift",
        "Helpers/Logging/DebugLogging.swift",
        "Helpers/Logging/Logging.swift",
        "Helpers/URLHelpers.swift",
        "Helpers/URLSessionHelpers.swift"
      ],
      "type" : "library"
    }
  ],
  "tools_version" : "5.3"
}
{
  "workspace" : {
    "name" : "spi-builder-workspace",
    "schemes" : [
      "AdyenNetworking"
    ]
  }
}
2026-09-11 21:28:11.068 xcodebuild[780:4526] [MT] IDERunDestination: Supported platforms for the buildables in the current scheme is empty.
Running build ...
env DEVELOPER_DIR=/Applications/Xcode-26.5.0.app xcrun xcodebuild -IDEClonedSourcePackagesDirPathOverride=$PWD/.dependencies -skipMacroValidation -skipPackagePluginValidation -derivedDataPath $PWD/.derivedData build -scheme AdyenNetworking -destination generic/platform=watchOS
Command line invocation:
    /Applications/Xcode-26.5.0.app/Contents/Developer/usr/bin/xcodebuild -IDEClonedSourcePackagesDirPathOverride=/Users/admin/builder/spi-builder-workspace/.dependencies -skipMacroValidation -skipPackagePluginValidation -derivedDataPath /Users/admin/builder/spi-builder-workspace/.derivedData build -scheme AdyenNetworking -destination generic/platform=watchOS
Resolve Package Graph
Resolved source packages:
  AdyenNetworking: /Users/admin/builder/spi-builder-workspace
ComputePackagePrebuildTargetDependencyGraph
Prepare packages
CreateBuildRequest
SendProjectDescription
CreateBuildOperation
ComputeTargetDependencyGraph
note: Building targets in dependency order
note: Target dependency graph (2 targets)
    Target 'AdyenNetworking' in project 'AdyenNetworking'
        ➜ Explicit dependency on target 'AdyenNetworking' in project 'AdyenNetworking'
    Target 'AdyenNetworking' in project 'AdyenNetworking' (no dependencies)
GatherProvisioningInputs
CreateBuildDescription
ClangStatCache /Applications/Xcode-26.5.0.app/Contents/Developer/Toolchains/XcodeDefault.xctoolchain/usr/bin/clang-stat-cache /Applications/Xcode-26.5.0.app/Contents/Developer/Platforms/WatchOS.platform/Developer/SDKs/WatchOS26.5.sdk /Users/admin/builder/spi-builder-workspace/.derivedData/SDKStatCaches.noindex/watchos26.5-23T570-688ef53f1462e2c8f657fdc38a81448f7931b973dfc65d9472806dbbc3af9379.sdkstatcache
    cd /Users/admin/builder/spi-builder-workspace/.swiftpm/xcode
    /Applications/Xcode-26.5.0.app/Contents/Developer/Toolchains/XcodeDefault.xctoolchain/usr/bin/clang-stat-cache /Applications/Xcode-26.5.0.app/Contents/Developer/Platforms/WatchOS.platform/Developer/SDKs/WatchOS26.5.sdk -o /Users/admin/builder/spi-builder-workspace/.derivedData/SDKStatCaches.noindex/watchos26.5-23T570-688ef53f1462e2c8f657fdc38a81448f7931b973dfc65d9472806dbbc3af9379.sdkstatcache
SwiftDriver AdyenNetworking normal arm64_32 com.apple.xcode.tools.swift.compiler (in target 'AdyenNetworking' from project 'AdyenNetworking')
    cd /Users/admin/builder/spi-builder-workspace/.swiftpm/xcode
    builtin-SwiftDriver -- /Applications/Xcode-26.5.0.app/Contents/Developer/Toolchains/XcodeDefault.xctoolchain/usr/bin/swiftc -module-name AdyenNetworking -Onone @/Users/admin/builder/spi-builder-workspace/.derivedData/Build/Intermediates.noindex/AdyenNetworking.build/Debug-watchos/AdyenNetworking.build/Objects-normal/arm64_32/AdyenNetworking.SwiftFileList -DSWIFT_PACKAGE -DDEBUG -DSWIFT_MODULE_RESOURCE_BUNDLE_UNAVAILABLE -DXcode -plugin-path /Applications/Xcode-26.5.0.app/Contents/Developer/Toolchains/XcodeDefault.xctoolchain/usr/lib/swift/host/plugins/testing -enable-experimental-feature DebugDescriptionMacro -sdk /Applications/Xcode-26.5.0.app/Contents/Developer/Platforms/WatchOS.platform/Developer/SDKs/WatchOS26.5.sdk -target arm64_32-apple-watchos5.0 -g -module-cache-path /Users/admin/builder/spi-builder-workspace/.derivedData/ModuleCache.noindex -Xfrontend -serialize-debugging-options -enable-testing -index-store-path /Users/admin/builder/spi-builder-workspace/.derivedData/Index.noindex/DataStore -Xcc -D_LIBCPP_HARDENING_MODE\=_LIBCPP_HARDENING_MODE_DEBUG -swift-version 5 -I /Users/admin/builder/spi-builder-workspace/.derivedData/Build/Products/Debug-watchos -Isystem /Applications/Xcode-26.5.0.app/Contents/Developer/Platforms/WatchOS.platform/Developer/usr/lib -F /Users/admin/builder/spi-builder-workspace/.derivedData/Build/Products/Debug-watchos -F /Applications/Xcode-26.5.0.app/Contents/Developer/Platforms/WatchOS.platform/Developer/Library/Frameworks -F /Applications/Xcode-26.5.0.app/Contents/Developer/Platforms/WatchOS.platform/Developer/SDKs/WatchOS26.5.sdk/Developer/Library/Frameworks -emit-localized-strings -emit-localized-strings-path /Users/admin/builder/spi-builder-workspace/.derivedData/Build/Intermediates.noindex/AdyenNetworking.build/Debug-watchos/AdyenNetworking.build/Objects-normal/arm64_32 -c -j10 -enable-batch-mode -incremental -Xcc -ivfsstatcache -Xcc /Users/admin/builder/spi-builder-workspace/.derivedData/SDKStatCaches.noindex/watchos26.5-23T570-688ef53f1462e2c8f657fdc38a81448f7931b973dfc65d9472806dbbc3af9379.sdkstatcache -output-file-map /Users/admin/builder/spi-builder-workspace/.derivedData/Build/Intermediates.noindex/AdyenNetworking.build/Debug-watchos/AdyenNetworking.build/Objects-normal/arm64_32/AdyenNetworking-OutputFileMap.json -use-frontend-parseable-output -save-temps -no-color-diagnostics -explicit-module-build -module-cache-path /Users/admin/builder/spi-builder-workspace/.derivedData/Build/Intermediates.noindex/SwiftExplicitPrecompiledModules -clang-scanner-module-cache-path /Users/admin/builder/spi-builder-workspace/.derivedData/ModuleCache.noindex -sdk-module-cache-path /Users/admin/builder/spi-builder-workspace/.derivedData/ModuleCache.noindex -serialize-diagnostics -emit-dependencies -emit-module -emit-module-path /Users/admin/builder/spi-builder-workspace/.derivedData/Build/Intermediates.noindex/AdyenNetworking.build/Debug-watchos/AdyenNetworking.build/Objects-normal/arm64_32/AdyenNetworking.swiftmodule -validate-clang-modules-once -clang-build-session-file /Users/admin/builder/spi-builder-workspace/.derivedData/ModuleCache.noindex/Session.modulevalidation -Xcc -I/Users/admin/builder/spi-builder-workspace/.derivedData/Build/Intermediates.noindex/AdyenNetworking.build/Debug-watchos/AdyenNetworking.build/swift-overrides.hmap -emit-const-values -Xfrontend -const-gather-protocols-file -Xfrontend /Users/admin/builder/spi-builder-workspace/.derivedData/Build/Intermediates.noindex/AdyenNetworking.build/Debug-watchos/AdyenNetworking.build/Objects-normal/arm64_32/AdyenNetworking_const_extract_protocols.json -Xcc -I/Users/admin/builder/spi-builder-workspace/.derivedData/Build/Products/Debug-watchos/include -Xcc -I/Users/admin/builder/spi-builder-workspace/.derivedData/Build/Intermediates.noindex/AdyenNetworking.build/Debug-watchos/AdyenNetworking.build/DerivedSources-normal/arm64_32 -Xcc -I/Users/admin/builder/spi-builder-workspace/.derivedData/Build/Intermediates.noindex/AdyenNetworking.build/Debug-watchos/AdyenNetworking.build/DerivedSources/arm64_32 -Xcc -I/Users/admin/builder/spi-builder-workspace/.derivedData/Build/Intermediates.noindex/AdyenNetworking.build/Debug-watchos/AdyenNetworking.build/DerivedSources -Xcc -DSWIFT_PACKAGE -Xcc -DDEBUG\=1 -emit-objc-header -emit-objc-header-path /Users/admin/builder/spi-builder-workspace/.derivedData/Build/Intermediates.noindex/AdyenNetworking.build/Debug-watchos/AdyenNetworking.build/Objects-normal/arm64_32/AdyenNetworking-Swift.h -working-directory /Users/admin/builder/spi-builder-workspace/.swiftpm/xcode -experimental-emit-module-separately -disable-cmo
SwiftDriver AdyenNetworking normal arm64 com.apple.xcode.tools.swift.compiler (in target 'AdyenNetworking' from project 'AdyenNetworking')
    cd /Users/admin/builder/spi-builder-workspace/.swiftpm/xcode
    builtin-SwiftDriver -- /Applications/Xcode-26.5.0.app/Contents/Developer/Toolchains/XcodeDefault.xctoolchain/usr/bin/swiftc -module-name AdyenNetworking -Onone @/Users/admin/builder/spi-builder-workspace/.derivedData/Build/Intermediates.noindex/AdyenNetworking.build/Debug-watchos/AdyenNetworking.build/Objects-normal/arm64/AdyenNetworking.SwiftFileList -DSWIFT_PACKAGE -DDEBUG -DSWIFT_MODULE_RESOURCE_BUNDLE_UNAVAILABLE -DXcode -plugin-path /Applications/Xcode-26.5.0.app/Contents/Developer/Toolchains/XcodeDefault.xctoolchain/usr/lib/swift/host/plugins/testing -enable-experimental-feature DebugDescriptionMacro -sdk /Applications/Xcode-26.5.0.app/Contents/Developer/Platforms/WatchOS.platform/Developer/SDKs/WatchOS26.5.sdk -target arm64-apple-watchos5.0 -g -module-cache-path /Users/admin/builder/spi-builder-workspace/.derivedData/ModuleCache.noindex -Xfrontend -serialize-debugging-options -enable-testing -index-store-path /Users/admin/builder/spi-builder-workspace/.derivedData/Index.noindex/DataStore -Xcc -D_LIBCPP_HARDENING_MODE\=_LIBCPP_HARDENING_MODE_DEBUG -swift-version 5 -I /Users/admin/builder/spi-builder-workspace/.derivedData/Build/Products/Debug-watchos -Isystem /Applications/Xcode-26.5.0.app/Contents/Developer/Platforms/WatchOS.platform/Developer/usr/lib -F /Users/admin/builder/spi-builder-workspace/.derivedData/Build/Products/Debug-watchos -F /Applications/Xcode-26.5.0.app/Contents/Developer/Platforms/WatchOS.platform/Developer/Library/Frameworks -F /Applications/Xcode-26.5.0.app/Contents/Developer/Platforms/WatchOS.platform/Developer/SDKs/WatchOS26.5.sdk/Developer/Library/Frameworks -emit-localized-strings -emit-localized-strings-path /Users/admin/builder/spi-builder-workspace/.derivedData/Build/Intermediates.noindex/AdyenNetworking.build/Debug-watchos/AdyenNetworking.build/Objects-normal/arm64 -c -j10 -enable-batch-mode -incremental -Xcc -ivfsstatcache -Xcc /Users/admin/builder/spi-builder-workspace/.derivedData/SDKStatCaches.noindex/watchos26.5-23T570-688ef53f1462e2c8f657fdc38a81448f7931b973dfc65d9472806dbbc3af9379.sdkstatcache -output-file-map /Users/admin/builder/spi-builder-workspace/.derivedData/Build/Intermediates.noindex/AdyenNetworking.build/Debug-watchos/AdyenNetworking.build/Objects-normal/arm64/AdyenNetworking-OutputFileMap.json -use-frontend-parseable-output -save-temps -no-color-diagnostics -explicit-module-build -module-cache-path /Users/admin/builder/spi-builder-workspace/.derivedData/Build/Intermediates.noindex/SwiftExplicitPrecompiledModules -clang-scanner-module-cache-path /Users/admin/builder/spi-builder-workspace/.derivedData/ModuleCache.noindex -sdk-module-cache-path /Users/admin/builder/spi-builder-workspace/.derivedData/ModuleCache.noindex -serialize-diagnostics -emit-dependencies -emit-module -emit-module-path /Users/admin/builder/spi-builder-workspace/.derivedData/Build/Intermediates.noindex/AdyenNetworking.build/Debug-watchos/AdyenNetworking.build/Objects-normal/arm64/AdyenNetworking.swiftmodule -validate-clang-modules-once -clang-build-session-file /Users/admin/builder/spi-builder-workspace/.derivedData/ModuleCache.noindex/Session.modulevalidation -Xcc -I/Users/admin/builder/spi-builder-workspace/.derivedData/Build/Intermediates.noindex/AdyenNetworking.build/Debug-watchos/AdyenNetworking.build/swift-overrides.hmap -emit-const-values -Xfrontend -const-gather-protocols-file -Xfrontend /Users/admin/builder/spi-builder-workspace/.derivedData/Build/Intermediates.noindex/AdyenNetworking.build/Debug-watchos/AdyenNetworking.build/Objects-normal/arm64/AdyenNetworking_const_extract_protocols.json -Xcc -I/Users/admin/builder/spi-builder-workspace/.derivedData/Build/Products/Debug-watchos/include -Xcc -I/Users/admin/builder/spi-builder-workspace/.derivedData/Build/Intermediates.noindex/AdyenNetworking.build/Debug-watchos/AdyenNetworking.build/DerivedSources-normal/arm64 -Xcc -I/Users/admin/builder/spi-builder-workspace/.derivedData/Build/Intermediates.noindex/AdyenNetworking.build/Debug-watchos/AdyenNetworking.build/DerivedSources/arm64 -Xcc -I/Users/admin/builder/spi-builder-workspace/.derivedData/Build/Intermediates.noindex/AdyenNetworking.build/Debug-watchos/AdyenNetworking.build/DerivedSources -Xcc -DSWIFT_PACKAGE -Xcc -DDEBUG\=1 -emit-objc-header -emit-objc-header-path /Users/admin/builder/spi-builder-workspace/.derivedData/Build/Intermediates.noindex/AdyenNetworking.build/Debug-watchos/AdyenNetworking.build/Objects-normal/arm64/AdyenNetworking-Swift.h -working-directory /Users/admin/builder/spi-builder-workspace/.swiftpm/xcode -experimental-emit-module-separately -disable-cmo
SwiftDriver AdyenNetworking normal armv7k com.apple.xcode.tools.swift.compiler (in target 'AdyenNetworking' from project 'AdyenNetworking')
    cd /Users/admin/builder/spi-builder-workspace/.swiftpm/xcode
    builtin-SwiftDriver -- /Applications/Xcode-26.5.0.app/Contents/Developer/Toolchains/XcodeDefault.xctoolchain/usr/bin/swiftc -module-name AdyenNetworking -Onone @/Users/admin/builder/spi-builder-workspace/.derivedData/Build/Intermediates.noindex/AdyenNetworking.build/Debug-watchos/AdyenNetworking.build/Objects-normal/armv7k/AdyenNetworking.SwiftFileList -DSWIFT_PACKAGE -DDEBUG -DSWIFT_MODULE_RESOURCE_BUNDLE_UNAVAILABLE -DXcode -plugin-path /Applications/Xcode-26.5.0.app/Contents/Developer/Toolchains/XcodeDefault.xctoolchain/usr/lib/swift/host/plugins/testing -enable-experimental-feature DebugDescriptionMacro -sdk /Applications/Xcode-26.5.0.app/Contents/Developer/Platforms/WatchOS.platform/Developer/SDKs/WatchOS26.5.sdk -target armv7k-apple-watchos5.0 -g -module-cache-path /Users/admin/builder/spi-builder-workspace/.derivedData/ModuleCache.noindex -Xfrontend -serialize-debugging-options -enable-testing -index-store-path /Users/admin/builder/spi-builder-workspace/.derivedData/Index.noindex/DataStore -Xcc -D_LIBCPP_HARDENING_MODE\=_LIBCPP_HARDENING_MODE_DEBUG -swift-version 5 -I /Users/admin/builder/spi-builder-workspace/.derivedData/Build/Products/Debug-watchos -Isystem /Applications/Xcode-26.5.0.app/Contents/Developer/Platforms/WatchOS.platform/Developer/usr/lib -F /Users/admin/builder/spi-builder-workspace/.derivedData/Build/Products/Debug-watchos -F /Applications/Xcode-26.5.0.app/Contents/Developer/Platforms/WatchOS.platform/Developer/Library/Frameworks -F /Applications/Xcode-26.5.0.app/Contents/Developer/Platforms/WatchOS.platform/Developer/SDKs/WatchOS26.5.sdk/Developer/Library/Frameworks -emit-localized-strings -emit-localized-strings-path /Users/admin/builder/spi-builder-workspace/.derivedData/Build/Intermediates.noindex/AdyenNetworking.build/Debug-watchos/AdyenNetworking.build/Objects-normal/armv7k -c -j10 -enable-batch-mode -incremental -Xcc -ivfsstatcache -Xcc /Users/admin/builder/spi-builder-workspace/.derivedData/SDKStatCaches.noindex/watchos26.5-23T570-688ef53f1462e2c8f657fdc38a81448f7931b973dfc65d9472806dbbc3af9379.sdkstatcache -output-file-map /Users/admin/builder/spi-builder-workspace/.derivedData/Build/Intermediates.noindex/AdyenNetworking.build/Debug-watchos/AdyenNetworking.build/Objects-normal/armv7k/AdyenNetworking-OutputFileMap.json -use-frontend-parseable-output -save-temps -no-color-diagnostics -explicit-module-build -module-cache-path /Users/admin/builder/spi-builder-workspace/.derivedData/Build/Intermediates.noindex/SwiftExplicitPrecompiledModules -clang-scanner-module-cache-path /Users/admin/builder/spi-builder-workspace/.derivedData/ModuleCache.noindex -sdk-module-cache-path /Users/admin/builder/spi-builder-workspace/.derivedData/ModuleCache.noindex -serialize-diagnostics -emit-dependencies -emit-module -emit-module-path /Users/admin/builder/spi-builder-workspace/.derivedData/Build/Intermediates.noindex/AdyenNetworking.build/Debug-watchos/AdyenNetworking.build/Objects-normal/armv7k/AdyenNetworking.swiftmodule -validate-clang-modules-once -clang-build-session-file /Users/admin/builder/spi-builder-workspace/.derivedData/ModuleCache.noindex/Session.modulevalidation -Xcc -I/Users/admin/builder/spi-builder-workspace/.derivedData/Build/Intermediates.noindex/AdyenNetworking.build/Debug-watchos/AdyenNetworking.build/swift-overrides.hmap -emit-const-values -Xfrontend -const-gather-protocols-file -Xfrontend /Users/admin/builder/spi-builder-workspace/.derivedData/Build/Intermediates.noindex/AdyenNetworking.build/Debug-watchos/AdyenNetworking.build/Objects-normal/armv7k/AdyenNetworking_const_extract_protocols.json -Xcc -I/Users/admin/builder/spi-builder-workspace/.derivedData/Build/Products/Debug-watchos/include -Xcc -I/Users/admin/builder/spi-builder-workspace/.derivedData/Build/Intermediates.noindex/AdyenNetworking.build/Debug-watchos/AdyenNetworking.build/DerivedSources-normal/armv7k -Xcc -I/Users/admin/builder/spi-builder-workspace/.derivedData/Build/Intermediates.noindex/AdyenNetworking.build/Debug-watchos/AdyenNetworking.build/DerivedSources/armv7k -Xcc -I/Users/admin/builder/spi-builder-workspace/.derivedData/Build/Intermediates.noindex/AdyenNetworking.build/Debug-watchos/AdyenNetworking.build/DerivedSources -Xcc -DSWIFT_PACKAGE -Xcc -DDEBUG\=1 -emit-objc-header -emit-objc-header-path /Users/admin/builder/spi-builder-workspace/.derivedData/Build/Intermediates.noindex/AdyenNetworking.build/Debug-watchos/AdyenNetworking.build/Objects-normal/armv7k/AdyenNetworking-Swift.h -working-directory /Users/admin/builder/spi-builder-workspace/.swiftpm/xcode -experimental-emit-module-separately -disable-cmo
SwiftEmitModule normal arm64_32 Emitting\ module\ for\ AdyenNetworking (in target 'AdyenNetworking' from project 'AdyenNetworking')
EmitSwiftModule normal arm64_32 (in target 'AdyenNetworking' from project 'AdyenNetworking')
    cd /Users/admin/builder/spi-builder-workspace/.swiftpm/xcode

/Users/admin/builder/spi-builder-workspace/AdyenNetworking/APIClient/APIClient.swift:38:35: error: concurrency is only available in watchOS 6.0.0 or newer
    func perform<R>(_ request: R) async throws -> HTTPResponse<R.ResponseType> where R: Request
                                  ^
/Users/admin/builder/spi-builder-workspace/AdyenNetworking/APIClient/APIClient.swift:38:10: note: add '@available' attribute to enclosing instance method
    func perform<R>(_ request: R) async throws -> HTTPResponse<R.ResponseType> where R: Request
         ^
/Users/admin/builder/spi-builder-workspace/AdyenNetworking/APIClient/APIClient.swift:31:17: note: add '@available' attribute to enclosing protocol
public protocol AsyncAPIClientProtocol: AnyObject {
                ^
/Users/admin/builder/spi-builder-workspace/AdyenNetworking/APIClient/APIClient.swift:47:35: error: concurrency is only available in watchOS 6.0.0 or newer
    func perform<R>(_ request: R) async throws -> HTTPResponse<R.ResponseType> where R: Request, R.ResponseType == DownloadResponse
                                  ^
/Users/admin/builder/spi-builder-workspace/AdyenNetworking/APIClient/APIClient.swift:47:10: note: add '@available' attribute to enclosing instance method
    func perform<R>(_ request: R) async throws -> HTTPResponse<R.ResponseType> where R: Request, R.ResponseType == DownloadResponse
         ^
/Users/admin/builder/spi-builder-workspace/AdyenNetworking/APIClient/APIClient.swift:31:17: note: add '@available' attribute to enclosing protocol
public protocol AsyncAPIClientProtocol: AnyObject {
                ^
/Users/admin/builder/spi-builder-workspace/AdyenNetworking/APIClient/APIClient.swift:56:35: error: concurrency is only available in watchOS 6.0.0 or newer
    func perform<R>(_ request: R) async throws -> HTTPResponse<R.ResponseType> where R: AsyncDownloadRequest, R.ResponseType == DownloadResponse
                                  ^
/Users/admin/builder/spi-builder-workspace/AdyenNetworking/APIClient/APIClient.swift:56:10: note: add '@available' attribute to enclosing instance method
    func perform<R>(_ request: R) async throws -> HTTPResponse<R.ResponseType> where R: AsyncDownloadRequest, R.ResponseType == DownloadResponse
         ^
/Users/admin/builder/spi-builder-workspace/AdyenNetworking/APIClient/APIClient.swift:31:17: note: add '@available' attribute to enclosing protocol
public protocol AsyncAPIClientProtocol: AnyObject {
                ^
/Users/admin/builder/spi-builder-workspace/AdyenNetworking/APIClient/APIClient.swift:370:42: error: concurrency is only available in watchOS 6.0.0 or newer
    public func perform<R>(_ request: R) async throws -> HTTPResponse<R.ResponseType> where R: Request {
                                         ^
/Users/admin/builder/spi-builder-workspace/AdyenNetworking/APIClient/APIClient.swift:370:17: note: add '@available' attribute to enclosing instance method
    public func perform<R>(_ request: R) async throws -> HTTPResponse<R.ResponseType> where R: Request {
                ^
/Users/admin/builder/spi-builder-workspace/AdyenNetworking/APIClient/APIClient.swift:368:1: note: add '@available' attribute to enclosing extension
extension APIClient: AsyncAPIClientProtocol {
^
/Users/admin/builder/spi-builder-workspace/AdyenNetworking/APIClient/APIClient.swift:381:7: error: concurrency is only available in watchOS 6.0.0 or newer
    ) async throws -> HTTPResponse<R.ResponseType> where R: Request, R.ResponseType == DownloadResponse {
      ^
/Users/admin/builder/spi-builder-workspace/AdyenNetworking/APIClient/APIClient.swift:379:17: note: add '@available' attribute to enclosing instance method
    public func perform<R>(
                ^
/Users/admin/builder/spi-builder-workspace/AdyenNetworking/APIClient/APIClient.swift:368:1: note: add '@available' attribute to enclosing extension
extension APIClient: AsyncAPIClientProtocol {
^
/Users/admin/builder/spi-builder-workspace/AdyenNetworking/APIClient/APIClient.swift:396:7: error: concurrency is only available in watchOS 6.0.0 or newer
    ) async throws -> HTTPResponse<R.ResponseType> where R: AsyncDownloadRequest, R.ResponseType == DownloadResponse {
      ^
/Users/admin/builder/spi-builder-workspace/AdyenNetworking/APIClient/APIClient.swift:394:17: note: add '@available' attribute to enclosing instance method
    public func perform<R>(
                ^
/Users/admin/builder/spi-builder-workspace/AdyenNetworking/APIClient/APIClient.swift:368:1: note: add '@available' attribute to enclosing extension
extension APIClient: AsyncAPIClientProtocol {
^
Failed frontend command:
/Applications/Xcode-26.5.0.app/Contents/Developer/Toolchains/XcodeDefault.xctoolchain/usr/bin/swift-frontend -frontend -emit-module -experimental-skip-non-inlinable-function-bodies-without-types /Users/admin/builder/spi-builder-workspace/AdyenNetworking/APIClient/APIClient.swift /Users/admin/builder/spi-builder-workspace/AdyenNetworking/APIClient/AnyAPIContext.swift /Users/admin/builder/spi-builder-workspace/AdyenNetworking/APIClient/AnyAPIEnvironment.swift /Users/admin/builder/spi-builder-workspace/AdyenNetworking/APIClient/AnyCoder.swift /Users/admin/builder/spi-builder-workspace/AdyenNetworking/APIClient/AnyResponseValidator.swift /Users/admin/builder/spi-builder-workspace/AdyenNetworking/APIClient/BackoffScheduler.swift /Users/admin/builder/spi-builder-workspace/AdyenNetworking/APIClient/Errors.swift /Users/admin/builder/spi-builder-workspace/AdyenNetworking/APIClient/HTTPResponse.swift /Users/admin/builder/spi-builder-workspace/AdyenNetworking/APIClient/Request.swift /Users/admin/builder/spi-builder-workspace/AdyenNetworking/APIClient/RetryAPIClient.swift /Users/admin/builder/spi-builder-workspace/AdyenNetworking/APIClient/RetryOnErrorAPIClient.swift /Users/admin/builder/spi-builder-workspace/AdyenNetworking/APIClient/Scheduler.swift /Users/admin/builder/spi-builder-workspace/AdyenNetworking/APIClient/SimpleScheduler.swift /Users/admin/builder/spi-builder-workspace/AdyenNetworking/APIClient/UniqueAssetAPIClient.swift /Users/admin/builder/spi-builder-workspace/AdyenNetworking/Helpers/Coder.swift /Users/admin/builder/spi-builder-workspace/AdyenNetworking/Helpers/Logging/DebugLogger.swift /Users/admin/builder/spi-builder-workspace/AdyenNetworking/Helpers/Logging/DebugLogging.swift /Users/admin/builder/spi-builder-workspace/AdyenNetworking/Helpers/Logging/Logging.swift /Users/admin/builder/spi-builder-workspace/AdyenNetworking/Helpers/URLHelpers.swift /Users/admin/builder/spi-builder-workspace/AdyenNetworking/Helpers/URLSessionHelpers.swift -target arm64_32-apple-watchos5.0 -load-resolved-plugin /Applications/Xcode-26.5.0.app/Contents/Developer/Platforms/WatchOS.platform/Developer/usr/lib/swift/host/plugins/libFoundationMacros.dylib\#/Applications/Xcode-26.5.0.app/Contents/Developer/Platforms/WatchOS.platform/Developer/usr/bin/swift-plugin-server\#FoundationMacros -load-resolved-plugin /Applications/Xcode-26.5.0.app/Contents/Developer/Platforms/WatchOS.platform/Developer/usr/lib/swift/host/plugins/libObservationMacros.dylib\#/Applications/Xcode-26.5.0.app/Contents/Developer/Platforms/WatchOS.platform/Developer/usr/bin/swift-plugin-server\#ObservationMacros -load-resolved-plugin /Applications/Xcode-26.5.0.app/Contents/Developer/Platforms/WatchOS.platform/Developer/usr/lib/swift/host/plugins/libSwiftMacros.dylib\#/Applications/Xcode-26.5.0.app/Contents/Developer/Platforms/WatchOS.platform/Developer/usr/bin/swift-plugin-server\#SwiftMacros -disable-implicit-swift-modules -Xcc -fno-implicit-modules -Xcc -fno-implicit-module-maps -explicit-swift-module-map-file /Users/admin/builder/spi-builder-workspace/.derivedData/Build/Intermediates.noindex/AdyenNetworking.build/Debug-watchos/AdyenNetworking.build/Objects-normal/arm64_32/AdyenNetworking-dependencies-1.json -enable-objc-interop -sdk /Applications/Xcode-26.5.0.app/Contents/Developer/Platforms/WatchOS.platform/Developer/SDKs/WatchOS26.5.sdk -I /Users/admin/builder/spi-builder-workspace/.derivedData/Build/Products/Debug-watchos -Isystem /Applications/Xcode-26.5.0.app/Contents/Developer/Platforms/WatchOS.platform/Developer/usr/lib -F /Users/admin/builder/spi-builder-workspace/.derivedData/Build/Products/Debug-watchos -F /Applications/Xcode-26.5.0.app/Contents/Developer/Platforms/WatchOS.platform/Developer/Library/Frameworks -F /Applications/Xcode-26.5.0.app/Contents/Developer/Platforms/WatchOS.platform/Developer/SDKs/WatchOS26.5.sdk/Developer/Library/Frameworks -no-color-diagnostics -Xcc -fno-color-diagnostics -enable-testing -g -debug-info-format\=dwarf -dwarf-version\=4 -module-cache-path /Users/admin/builder/spi-builder-workspace/.derivedData/Build/Intermediates.noindex/SwiftExplicitPrecompiledModules -swift-version 5 -Onone -D SWIFT_PACKAGE -D DEBUG -D SWIFT_MODULE_RESOURCE_BUNDLE_UNAVAILABLE -D Xcode -serialize-debugging-options -const-gather-protocols-file /Users/admin/builder/spi-builder-workspace/.derivedData/Build/Intermediates.noindex/AdyenNetworking.build/Debug-watchos/AdyenNetworking.build/Objects-normal/arm64_32/AdyenNetworking_const_extract_protocols.json -enable-experimental-feature DebugDescriptionMacro -empty-abi-descriptor -validate-clang-modules-once -clang-build-session-file /Users/admin/builder/spi-builder-workspace/.derivedData/ModuleCache.noindex/Session.modulevalidation -Xcc -working-directory -Xcc /Users/admin/builder/spi-builder-workspace/.swiftpm/xcode -enable-anonymous-context-mangled-names -file-compilation-dir /Users/admin/builder/spi-builder-workspace/.swiftpm/xcode -Xcc -D_LIBCPP_HARDENING_MODE\=_LIBCPP_HARDENING_MODE_DEBUG -Xcc -ivfsstatcache -Xcc /Users/admin/builder/spi-builder-workspace/.derivedData/SDKStatCaches.noindex/watchos26.5-23T570-688ef53f1462e2c8f657fdc38a81448f7931b973dfc65d9472806dbbc3af9379.sdkstatcache -Xcc -I/Users/admin/builder/spi-builder-workspace/.derivedData/Build/Intermediates.noindex/AdyenNetworking.build/Debug-watchos/AdyenNetworking.build/swift-overrides.hmap -Xcc -I/Users/admin/builder/spi-builder-workspace/.derivedData/Build/Products/Debug-watchos/include -Xcc -I/Users/admin/builder/spi-builder-workspace/.derivedData/Build/Intermediates.noindex/AdyenNetworking.build/Debug-watchos/AdyenNetworking.build/DerivedSources-normal/arm64_32 -Xcc -I/Users/admin/builder/spi-builder-workspace/.derivedData/Build/Intermediates.noindex/AdyenNetworking.build/Debug-watchos/AdyenNetworking.build/DerivedSources/arm64_32 -Xcc -I/Users/admin/builder/spi-builder-workspace/.derivedData/Build/Intermediates.noindex/AdyenNetworking.build/Debug-watchos/AdyenNetworking.build/DerivedSources -Xcc -DSWIFT_PACKAGE -Xcc -DDEBUG\=1 -no-auto-bridging-header-chaining -module-name AdyenNetworking -frontend-parseable-output -disable-clang-spi -clang-target arm64_32-apple-watchos26.5 -target-sdk-version 26.5 -target-sdk-name watchos26.5 -in-process-plugin-server-path /Applications/Xcode-26.5.0.app/Contents/Developer/Toolchains/XcodeDefault.xctoolchain/usr/lib/swift/host/libSwiftInProcPluginServer.dylib -emit-module-doc-path /Users/admin/builder/spi-builder-workspace/.derivedData/Build/Intermediates.noindex/AdyenNetworking.build/Debug-watchos/AdyenNetworking.build/Objects-normal/arm64_32/AdyenNetworking.swiftdoc -emit-module-source-info-path /Users/admin/builder/spi-builder-workspace/.derivedData/Build/Intermediates.noindex/AdyenNetworking.build/Debug-watchos/AdyenNetworking.build/Objects-normal/arm64_32/AdyenNetworking.swiftsourceinfo -emit-objc-header-path /Users/admin/builder/spi-builder-workspace/.derivedData/Build/Intermediates.noindex/AdyenNetworking.build/Debug-watchos/AdyenNetworking.build/Objects-normal/arm64_32/AdyenNetworking-Swift.h -serialize-diagnostics-path /Users/admin/builder/spi-builder-workspace/.derivedData/Build/Intermediates.noindex/AdyenNetworking.build/Debug-watchos/AdyenNetworking.build/Objects-normal/arm64_32/AdyenNetworking-primary-emit-module.dia -emit-dependencies-path /Users/admin/builder/spi-builder-workspace/.derivedData/Build/Intermediates.noindex/AdyenNetworking.build/Debug-watchos/AdyenNetworking.build/Objects-normal/arm64_32/AdyenNetworking-primary-emit-module.d -o /Users/admin/builder/spi-builder-workspace/.derivedData/Build/Intermediates.noindex/AdyenNetworking.build/Debug-watchos/AdyenNetworking.build/Objects-normal/arm64_32/AdyenNetworking.swiftmodule -emit-abi-descriptor-path /Users/admin/builder/spi-builder-workspace/.derivedData/Build/Intermediates.noindex/AdyenNetworking.build/Debug-watchos/AdyenNetworking.build/Objects-normal/arm64_32/AdyenNetworking.abi.json
SwiftCompile normal arm64_32 Compiling\ Errors.swift,\ HTTPResponse.swift /Users/admin/builder/spi-builder-workspace/AdyenNetworking/APIClient/Errors.swift /Users/admin/builder/spi-builder-workspace/AdyenNetworking/APIClient/HTTPResponse.swift (in target 'AdyenNetworking' from project 'AdyenNetworking')
SwiftCompile normal arm64_32 /Users/admin/builder/spi-builder-workspace/AdyenNetworking/APIClient/Errors.swift (in target 'AdyenNetworking' from project 'AdyenNetworking')
    cd /Users/admin/builder/spi-builder-workspace/.swiftpm/xcode

SwiftCompile normal arm64_32 /Users/admin/builder/spi-builder-workspace/AdyenNetworking/APIClient/HTTPResponse.swift (in target 'AdyenNetworking' from project 'AdyenNetworking')
    cd /Users/admin/builder/spi-builder-workspace/.swiftpm/xcode

SwiftCompile normal arm64_32 Compiling\ RetryOnErrorAPIClient.swift,\ Scheduler.swift /Users/admin/builder/spi-builder-workspace/AdyenNetworking/APIClient/RetryOnErrorAPIClient.swift /Users/admin/builder/spi-builder-workspace/AdyenNetworking/APIClient/Scheduler.swift (in target 'AdyenNetworking' from project 'AdyenNetworking')
SwiftCompile normal arm64_32 /Users/admin/builder/spi-builder-workspace/AdyenNetworking/APIClient/RetryOnErrorAPIClient.swift (in target 'AdyenNetworking' from project 'AdyenNetworking')
    cd /Users/admin/builder/spi-builder-workspace/.swiftpm/xcode

SwiftCompile normal arm64_32 /Users/admin/builder/spi-builder-workspace/AdyenNetworking/APIClient/Scheduler.swift (in target 'AdyenNetworking' from project 'AdyenNetworking')
    cd /Users/admin/builder/spi-builder-workspace/.swiftpm/xcode

SwiftCompile normal arm64_32 Compiling\ SimpleScheduler.swift,\ UniqueAssetAPIClient.swift /Users/admin/builder/spi-builder-workspace/AdyenNetworking/APIClient/SimpleScheduler.swift /Users/admin/builder/spi-builder-workspace/AdyenNetworking/APIClient/UniqueAssetAPIClient.swift (in target 'AdyenNetworking' from project 'AdyenNetworking')
SwiftCompile normal arm64_32 /Users/admin/builder/spi-builder-workspace/AdyenNetworking/APIClient/SimpleScheduler.swift (in target 'AdyenNetworking' from project 'AdyenNetworking')
    cd /Users/admin/builder/spi-builder-workspace/.swiftpm/xcode

SwiftCompile normal arm64_32 /Users/admin/builder/spi-builder-workspace/AdyenNetworking/APIClient/UniqueAssetAPIClient.swift (in target 'AdyenNetworking' from project 'AdyenNetworking')
    cd /Users/admin/builder/spi-builder-workspace/.swiftpm/xcode

SwiftCompile normal arm64_32 Compiling\ Request.swift,\ RetryAPIClient.swift /Users/admin/builder/spi-builder-workspace/AdyenNetworking/APIClient/Request.swift /Users/admin/builder/spi-builder-workspace/AdyenNetworking/APIClient/RetryAPIClient.swift (in target 'AdyenNetworking' from project 'AdyenNetworking')
SwiftCompile normal arm64_32 /Users/admin/builder/spi-builder-workspace/AdyenNetworking/APIClient/Request.swift (in target 'AdyenNetworking' from project 'AdyenNetworking')
    cd /Users/admin/builder/spi-builder-workspace/.swiftpm/xcode

SwiftCompile normal arm64_32 /Users/admin/builder/spi-builder-workspace/AdyenNetworking/APIClient/RetryAPIClient.swift (in target 'AdyenNetworking' from project 'AdyenNetworking')
    cd /Users/admin/builder/spi-builder-workspace/.swiftpm/xcode

SwiftCompile normal arm64_32 Compiling\ APIClient.swift,\ AnyAPIContext.swift /Users/admin/builder/spi-builder-workspace/AdyenNetworking/APIClient/APIClient.swift /Users/admin/builder/spi-builder-workspace/AdyenNetworking/APIClient/AnyAPIContext.swift (in target 'AdyenNetworking' from project 'AdyenNetworking')
SwiftCompile normal arm64_32 /Users/admin/builder/spi-builder-workspace/AdyenNetworking/APIClient/APIClient.swift (in target 'AdyenNetworking' from project 'AdyenNetworking')
    cd /Users/admin/builder/spi-builder-workspace/.swiftpm/xcode

SwiftCompile normal arm64_32 /Users/admin/builder/spi-builder-workspace/AdyenNetworking/APIClient/AnyAPIContext.swift (in target 'AdyenNetworking' from project 'AdyenNetworking')
    cd /Users/admin/builder/spi-builder-workspace/.swiftpm/xcode

SwiftCompile normal arm64_32 Compiling\ AnyAPIEnvironment.swift,\ AnyCoder.swift /Users/admin/builder/spi-builder-workspace/AdyenNetworking/APIClient/AnyAPIEnvironment.swift /Users/admin/builder/spi-builder-workspace/AdyenNetworking/APIClient/AnyCoder.swift (in target 'AdyenNetworking' from project 'AdyenNetworking')
SwiftCompile normal arm64_32 /Users/admin/builder/spi-builder-workspace/AdyenNetworking/APIClient/AnyAPIEnvironment.swift (in target 'AdyenNetworking' from project 'AdyenNetworking')
    cd /Users/admin/builder/spi-builder-workspace/.swiftpm/xcode

SwiftCompile normal arm64_32 /Users/admin/builder/spi-builder-workspace/AdyenNetworking/APIClient/AnyCoder.swift (in target 'AdyenNetworking' from project 'AdyenNetworking')
    cd /Users/admin/builder/spi-builder-workspace/.swiftpm/xcode

SwiftCompile normal arm64_32 Compiling\ AnyResponseValidator.swift,\ BackoffScheduler.swift /Users/admin/builder/spi-builder-workspace/AdyenNetworking/APIClient/AnyResponseValidator.swift /Users/admin/builder/spi-builder-workspace/AdyenNetworking/APIClient/BackoffScheduler.swift (in target 'AdyenNetworking' from project 'AdyenNetworking')
SwiftCompile normal arm64_32 /Users/admin/builder/spi-builder-workspace/AdyenNetworking/APIClient/AnyResponseValidator.swift (in target 'AdyenNetworking' from project 'AdyenNetworking')
    cd /Users/admin/builder/spi-builder-workspace/.swiftpm/xcode

SwiftCompile normal arm64_32 /Users/admin/builder/spi-builder-workspace/AdyenNetworking/APIClient/BackoffScheduler.swift (in target 'AdyenNetworking' from project 'AdyenNetworking')
    cd /Users/admin/builder/spi-builder-workspace/.swiftpm/xcode

SwiftCompile normal arm64_32 Compiling\ URLHelpers.swift,\ URLSessionHelpers.swift /Users/admin/builder/spi-builder-workspace/AdyenNetworking/Helpers/URLHelpers.swift /Users/admin/builder/spi-builder-workspace/AdyenNetworking/Helpers/URLSessionHelpers.swift (in target 'AdyenNetworking' from project 'AdyenNetworking')
SwiftCompile normal arm64_32 /Users/admin/builder/spi-builder-workspace/AdyenNetworking/Helpers/URLHelpers.swift (in target 'AdyenNetworking' from project 'AdyenNetworking')
    cd /Users/admin/builder/spi-builder-workspace/.swiftpm/xcode

SwiftCompile normal arm64_32 /Users/admin/builder/spi-builder-workspace/AdyenNetworking/Helpers/URLSessionHelpers.swift (in target 'AdyenNetworking' from project 'AdyenNetworking')
    cd /Users/admin/builder/spi-builder-workspace/.swiftpm/xcode

SwiftCompile normal arm64_32 Compiling\ Coder.swift,\ DebugLogger.swift /Users/admin/builder/spi-builder-workspace/AdyenNetworking/Helpers/Coder.swift /Users/admin/builder/spi-builder-workspace/AdyenNetworking/Helpers/Logging/DebugLogger.swift (in target 'AdyenNetworking' from project 'AdyenNetworking')
SwiftCompile normal arm64_32 /Users/admin/builder/spi-builder-workspace/AdyenNetworking/Helpers/Coder.swift (in target 'AdyenNetworking' from project 'AdyenNetworking')
    cd /Users/admin/builder/spi-builder-workspace/.swiftpm/xcode

SwiftCompile normal arm64_32 /Users/admin/builder/spi-builder-workspace/AdyenNetworking/Helpers/Logging/DebugLogger.swift (in target 'AdyenNetworking' from project 'AdyenNetworking')
    cd /Users/admin/builder/spi-builder-workspace/.swiftpm/xcode

SwiftEmitModule normal arm64 Emitting\ module\ for\ AdyenNetworking (in target 'AdyenNetworking' from project 'AdyenNetworking')
2026-09-11 21:28:11.925 xcodebuild[783:4558] [MT] IDERunDestination: Supported platforms for the buildables in the current scheme is empty.
** BUILD FAILED **
The following build commands failed:
	EmitSwiftModule normal arm64_32 (in target 'AdyenNetworking' from project 'AdyenNetworking')
	SwiftEmitModule normal arm64_32 Emitting\ module\ for\ AdyenNetworking (in target 'AdyenNetworking' from project 'AdyenNetworking')
	Building workspace spi-builder-workspace with scheme AdyenNetworking
(3 failures)
BUILD FAILURE 6.3 watchOS