Build Information
Failed to build WWSwiftUI_Charts, reference main (a9d7ea), with Swift 6.4 for tvOS using Xcode 27.0 on 23 Sep 2026 22:12:55 UTC.
Build Command
env DEVELOPER_DIR=/Applications/Xcode-27.0.0-Release.Candidate.app xcrun xcodebuild -IDEClonedSourcePackagesDirPathOverride=$PWD/.dependencies -skipMacroValidation -skipPackagePluginValidation -derivedDataPath $PWD/.derivedData build -scheme WWSwiftUI_Charts -destination generic/platform=tvOSBuild Log
========================================
RunAll
========================================
Builder version: 5.1.0
Interrupt handler set up.
========================================
Checkout
========================================
Clone URL: https://github.com/William-Weng/WWSwiftUI_Charts.git
Reference: main
Initialized empty Git repository in /Users/admin/builder/spi-builder-workspace/.git/
From https://github.com/William-Weng/WWSwiftUI_Charts
* branch main -> FETCH_HEAD
* [new branch] main -> origin/main
HEAD is now at a9d7ea9 - update ReadMe
Cloned https://github.com/William-Weng/WWSwiftUI_Charts.git
Revision (git rev-parse @):
a9d7ea9ac7d6c1aa731d73f50d4753a117c38932
SUCCESS checkout https://github.com/William-Weng/WWSwiftUI_Charts.git at main
========================================
Build
========================================
Selected platform: tvOS
Swift version: 6.4
Building package at path: $PWD
https://github.com/William-Weng/WWSwiftUI_Charts.git
Command line invocation:
/Applications/Xcode-27.0.0-Release.Candidate.app/Contents/Developer/usr/bin/xcodebuild -IDEClonedSourcePackagesDirPathOverride=/Users/admin/builder/spi-builder-workspace/.dependencies -resolvePackageDependencies
Resolve Package Graph
Fetching from https://github.com/William-Weng/WWSwiftUI_MultiDatePicker
Creating working copy of package ‘WWSwiftUI_MultiDatePicker’
Checking out 1.2.3 of package ‘WWSwiftUI_MultiDatePicker’
Resolve Package Graph
Resolved source packages:
WWSwiftUI_Charts: /Users/admin/builder/spi-builder-workspace
WWSwiftUI_MultiDatePicker: https://github.com/William-Weng/WWSwiftUI_MultiDatePicker @ 1.2.3
resolved source packages: WWSwiftUI_Charts, WWSwiftUI_MultiDatePicker
2026-09-23 18:12:00.583 xcodebuild[529:3035] [MT] IDERunDestination: Supported platforms for the buildables in the current scheme is empty.
{
"dependencies" : [
{
"identity" : "wwswiftui_multidatepicker",
"requirement" : {
"range" : [
{
"lower_bound" : "1.2.2",
"upper_bound" : "2.0.0"
}
]
},
"type" : "sourceControl",
"url" : "https://github.com/William-Weng/WWSwiftUI_MultiDatePicker"
}
],
"manifest_display_name" : "WWSwiftUI_Charts",
"name" : "WWSwiftUI_Charts",
"path" : "/Users/admin/builder/spi-builder-workspace",
"platforms" : [
{
"name" : "ios",
"version" : "16.0"
}
],
"products" : [
{
"name" : "WWSwiftUI_Charts",
"targets" : [
"WWSwiftUI_Charts"
],
"type" : {
"library" : [
"automatic"
]
}
}
],
"swift_languages_versions" : [
"5"
],
"targets" : [
{
"c99name" : "WWSwiftUI_Charts",
"module_type" : "SwiftTarget",
"name" : "WWSwiftUI_Charts",
"path" : "Sources/WWSwiftUI_Charts",
"product_dependencies" : [
"WWSwiftUI_MultiDatePicker"
],
"product_memberships" : [
"WWSwiftUI_Charts"
],
"resources" : [
{
"path" : "/Users/admin/builder/spi-builder-workspace/Sources/WWSwiftUI_Charts/Privacy",
"rule" : {
"copy" : {
}
}
}
],
"sources" : [
"BarMark.swift",
"LineMark.swift",
"PointMark.swift",
"SwiftUI/BarMarkView.swift",
"SwiftUI/LineMarkView.swift",
"SwiftUI/PointMarkView.swift",
"Utility/Constant.swift",
"Utility/Extension.swift",
"Utility/Model.swift",
"Utility/Modifier.swift",
"Utility/Protocol.swift",
"Utility/Utility.swift"
],
"type" : "library"
}
],
"tools_version" : "5.7"
}
{
"workspace" : {
"name" : "WWSwiftUI_Charts",
"schemes" : [
"WWSwiftUI_Charts"
]
}
}
2026-09-23 18:12:42.421 xcodebuild[689:4342] [MT] IDERunDestination: Supported platforms for the buildables in the current scheme is empty.
Running build ...
env DEVELOPER_DIR=/Applications/Xcode-27.0.0-Release.Candidate.app xcrun xcodebuild -IDEClonedSourcePackagesDirPathOverride=$PWD/.dependencies -skipMacroValidation -skipPackagePluginValidation -derivedDataPath $PWD/.derivedData build -scheme WWSwiftUI_Charts -destination generic/platform=tvOS
Command line invocation:
/Applications/Xcode-27.0.0-Release.Candidate.app/Contents/Developer/usr/bin/xcodebuild -IDEClonedSourcePackagesDirPathOverride=/Users/admin/builder/spi-builder-workspace/.dependencies -skipMacroValidation -skipPackagePluginValidation -derivedDataPath /Users/admin/builder/spi-builder-workspace/.derivedData build -scheme WWSwiftUI_Charts -destination generic/platform=tvOS
Resolve Package Graph
Resolve Package Graph
Resolved source packages:
WWSwiftUI_MultiDatePicker: https://github.com/William-Weng/WWSwiftUI_MultiDatePicker @ 1.2.3
WWSwiftUI_Charts: /Users/admin/builder/spi-builder-workspace
ComputePackagePrebuildTargetDependencyGraph
Prepare packages
CreateBuildRequest
SendProjectDescription
CreateBuildOperation
ComputeTargetDependencyGraph
note: Building targets in dependency order
note: Target dependency graph (6 targets)
Target 'WWSwiftUI_Charts-product' in project 'WWSwiftUI_Charts'
➜ Explicit dependency on target 'WWSwiftUI_Charts' in project 'WWSwiftUI_Charts'
➜ Explicit dependency on target 'WWSwiftUI_Charts_WWSwiftUI_Charts' in project 'WWSwiftUI_Charts'
➜ Explicit dependency on target 'WWSwiftUI_MultiDatePicker-product' in project 'WWSwiftUI_MultiDatePicker'
Target 'WWSwiftUI_Charts' in project 'WWSwiftUI_Charts'
➜ Explicit dependency on target 'WWSwiftUI_Charts_WWSwiftUI_Charts' in project 'WWSwiftUI_Charts'
➜ Explicit dependency on target 'WWSwiftUI_MultiDatePicker-product' in project 'WWSwiftUI_MultiDatePicker'
Target 'WWSwiftUI_MultiDatePicker-product' in project 'WWSwiftUI_MultiDatePicker'
➜ Explicit dependency on target 'WWSwiftUI_MultiDatePicker' in project 'WWSwiftUI_MultiDatePicker'
➜ Explicit dependency on target 'WWSwiftUI_MultiDatePicker_WWSwiftUI_MultiDatePicker' in project 'WWSwiftUI_MultiDatePicker'
Target 'WWSwiftUI_MultiDatePicker' in project 'WWSwiftUI_MultiDatePicker'
➜ Explicit dependency on target 'WWSwiftUI_MultiDatePicker_WWSwiftUI_MultiDatePicker' in project 'WWSwiftUI_MultiDatePicker'
Target 'WWSwiftUI_MultiDatePicker_WWSwiftUI_MultiDatePicker' in project 'WWSwiftUI_MultiDatePicker' (no dependencies)
Target 'WWSwiftUI_Charts_WWSwiftUI_Charts' in project 'WWSwiftUI_Charts' (no dependencies)
GatherProvisioningInputs
CreateBuildDescription
ExecuteExternalTool /Applications/Xcode-27.0.0-Release.Candidate.app/Contents/Developer/Toolchains/XcodeDefault.xctoolchain/usr/bin/clang -v -E -dM -isysroot /Applications/Xcode-27.0.0-Release.Candidate.app/Contents/Developer/Platforms/AppleTVOS.platform/Developer/SDKs/AppleTVOS27.0.sdk -x c -c /dev/null
ExecuteExternalTool /Applications/Xcode-27.0.0-Release.Candidate.app/Contents/Developer/Toolchains/XcodeDefault.xctoolchain/usr/bin/swiftc --version
ExecuteExternalTool /Applications/Xcode-27.0.0-Release.Candidate.app/Contents/Developer/Toolchains/XcodeDefault.xctoolchain/usr/bin/ld -version_details
Build description signature: e275f702c461c87f2b4b72644627e955
Build description path: /Users/admin/builder/spi-builder-workspace/.derivedData/Build/Intermediates.noindex/XCBuildData/e275f702c461c87f2b4b72644627e955.xcbuilddata
CreateBuildDirectory /Users/admin/builder/spi-builder-workspace/.derivedData/ModuleCache.noindex
cd /Users/admin/builder/spi-builder-workspace/.swiftpm/xcode
builtin-create-build-directory /Users/admin/builder/spi-builder-workspace/.derivedData/ModuleCache.noindex
CreateBuildDirectory /Users/admin/builder/spi-builder-workspace/.derivedData/SDKExplicitPrecompiledModules
cd /Users/admin/builder/spi-builder-workspace/.swiftpm/xcode
builtin-create-build-directory /Users/admin/builder/spi-builder-workspace/.derivedData/SDKExplicitPrecompiledModules
CreateBuildDirectory /Users/admin/builder/spi-builder-workspace/.derivedData/CompilationCache.noindex
cd /Users/admin/builder/spi-builder-workspace/.swiftpm/xcode
builtin-create-build-directory /Users/admin/builder/spi-builder-workspace/.derivedData/CompilationCache.noindex
ClangStatCache /Applications/Xcode-27.0.0-Release.Candidate.app/Contents/Developer/Toolchains/XcodeDefault.xctoolchain/usr/bin/clang-stat-cache /Applications/Xcode-27.0.0-Release.Candidate.app/Contents/Developer/Platforms/AppleTVOS.platform/Developer/SDKs/AppleTVOS27.0.sdk /Users/admin/builder/spi-builder-workspace/.derivedData/SDKStatCaches.noindex/appletvos27.0-24J360-e829b21a6f8c9b70876ba0858053c044b32bfd8d43560033f8d89884cdb90028.sdkstatcache
cd /Users/admin/builder/spi-builder-workspace/.swiftpm/xcode
/Applications/Xcode-27.0.0-Release.Candidate.app/Contents/Developer/Toolchains/XcodeDefault.xctoolchain/usr/bin/clang-stat-cache /Applications/Xcode-27.0.0-Release.Candidate.app/Contents/Developer/Platforms/AppleTVOS.platform/Developer/SDKs/AppleTVOS27.0.sdk -o /Users/admin/builder/spi-builder-workspace/.derivedData/SDKStatCaches.noindex/appletvos27.0-24J360-e829b21a6f8c9b70876ba0858053c044b32bfd8d43560033f8d89884cdb90028.sdkstatcache
CreateBuildDirectory /Users/admin/builder/spi-builder-workspace/.derivedData/Build/Products
cd /Users/admin/builder/spi-builder-workspace/.swiftpm/xcode
builtin-create-build-directory /Users/admin/builder/spi-builder-workspace/.derivedData/Build/Products
CreateBuildDirectory /Users/admin/builder/spi-builder-workspace/.derivedData/Build/Intermediates.noindex
cd /Users/admin/builder/spi-builder-workspace/.swiftpm/xcode
builtin-create-build-directory /Users/admin/builder/spi-builder-workspace/.derivedData/Build/Intermediates.noindex
CreateBuildDirectory /Users/admin/builder/spi-builder-workspace/.derivedData/Build/Intermediates.noindex/SwiftExplicitPrecompiledModules
cd /Users/admin/builder/spi-builder-workspace/.swiftpm/xcode
builtin-create-build-directory /Users/admin/builder/spi-builder-workspace/.derivedData/Build/Intermediates.noindex/SwiftExplicitPrecompiledModules
CreateBuildDirectory /Users/admin/builder/spi-builder-workspace/.derivedData/Build/Intermediates.noindex/PrecompiledHeaders
cd /Users/admin/builder/spi-builder-workspace/.swiftpm/xcode
builtin-create-build-directory /Users/admin/builder/spi-builder-workspace/.derivedData/Build/Intermediates.noindex/PrecompiledHeaders
CreateBuildDirectory /Users/admin/builder/spi-builder-workspace/.derivedData/Build/Intermediates.noindex/ExplicitPrecompiledModules
cd /Users/admin/builder/spi-builder-workspace/.swiftpm/xcode
builtin-create-build-directory /Users/admin/builder/spi-builder-workspace/.derivedData/Build/Intermediates.noindex/ExplicitPrecompiledModules
CreateBuildDirectory /Users/admin/builder/spi-builder-workspace/.derivedData/Build/Intermediates.noindex/EagerLinkingTBDs/Debug-appletvos
cd /Users/admin/builder/spi-builder-workspace/.swiftpm/xcode
builtin-create-build-directory /Users/admin/builder/spi-builder-workspace/.derivedData/Build/Intermediates.noindex/EagerLinkingTBDs/Debug-appletvos
CreateBuildDirectory /Users/admin/builder/spi-builder-workspace/.derivedData/Build/Products/Debug-appletvos
cd /Users/admin/builder/spi-builder-workspace/.swiftpm/xcode
builtin-create-build-directory /Users/admin/builder/spi-builder-workspace/.derivedData/Build/Products/Debug-appletvos
CreateBuildDirectory /Users/admin/builder/spi-builder-workspace/.derivedData/Build/Products/Debug-appletvos/PackageFrameworks
cd /Users/admin/builder/spi-builder-workspace/.swiftpm/xcode
builtin-create-build-directory /Users/admin/builder/spi-builder-workspace/.derivedData/Build/Products/Debug-appletvos/PackageFrameworks
MkDir /Users/admin/builder/spi-builder-workspace/.derivedData/Build/Products/Debug-appletvos/WWSwiftUI_MultiDatePicker_WWSwiftUI_MultiDatePicker.bundle (in target 'WWSwiftUI_MultiDatePicker_WWSwiftUI_MultiDatePicker' from project 'WWSwiftUI_MultiDatePicker')
cd /Users/admin/builder/spi-builder-workspace/.dependencies/checkouts/WWSwiftUI_MultiDatePicker
/bin/mkdir -p /Users/admin/builder/spi-builder-workspace/.derivedData/Build/Products/Debug-appletvos/WWSwiftUI_MultiDatePicker_WWSwiftUI_MultiDatePicker.bundle
WriteAuxiliaryFile /Users/admin/builder/spi-builder-workspace/.derivedData/Build/Intermediates.noindex/WWSwiftUI_MultiDatePicker.build/Debug-appletvos/WWSwiftUI_MultiDatePicker-t.build/WWSwiftUI_MultiDatePicker.DependencyStaticMetadataFileList (in target 'WWSwiftUI_MultiDatePicker' from project 'WWSwiftUI_MultiDatePicker')
cd /Users/admin/builder/spi-builder-workspace/.dependencies/checkouts/WWSwiftUI_MultiDatePicker
write-file /Users/admin/builder/spi-builder-workspace/.derivedData/Build/Intermediates.noindex/WWSwiftUI_MultiDatePicker.build/Debug-appletvos/WWSwiftUI_MultiDatePicker-t.build/WWSwiftUI_MultiDatePicker.DependencyStaticMetadataFileList
WriteAuxiliaryFile /Users/admin/builder/spi-builder-workspace/.derivedData/Build/Intermediates.noindex/WWSwiftUI_MultiDatePicker.build/Debug-appletvos/WWSwiftUI_MultiDatePicker-t.build/WWSwiftUI_MultiDatePicker.modulemap (in target 'WWSwiftUI_MultiDatePicker' from project 'WWSwiftUI_MultiDatePicker')
cd /Users/admin/builder/spi-builder-workspace/.dependencies/checkouts/WWSwiftUI_MultiDatePicker
write-file /Users/admin/builder/spi-builder-workspace/.derivedData/Build/Intermediates.noindex/WWSwiftUI_MultiDatePicker.build/Debug-appletvos/WWSwiftUI_MultiDatePicker-t.build/WWSwiftUI_MultiDatePicker.modulemap
WriteAuxiliaryFile /Users/admin/builder/spi-builder-workspace/.derivedData/Build/Intermediates.noindex/WWSwiftUI_MultiDatePicker.build/Debug-appletvos/WWSwiftUI_MultiDatePicker_WWSwiftUI_MultiDatePicker-b.build/WWSwiftUI_MultiDatePicker_WWSwiftUI_MultiDatePicker.DependencyStaticMetadataFileList (in target 'WWSwiftUI_MultiDatePicker_WWSwiftUI_MultiDatePicker' from project 'WWSwiftUI_MultiDatePicker')
cd /Users/admin/builder/spi-builder-workspace/.dependencies/checkouts/WWSwiftUI_MultiDatePicker
write-file /Users/admin/builder/spi-builder-workspace/.derivedData/Build/Intermediates.noindex/WWSwiftUI_MultiDatePicker.build/Debug-appletvos/WWSwiftUI_MultiDatePicker_WWSwiftUI_MultiDatePicker-b.build/WWSwiftUI_MultiDatePicker_WWSwiftUI_MultiDatePicker.DependencyStaticMetadataFileList
WriteAuxiliaryFile /Users/admin/builder/spi-builder-workspace/.derivedData/Build/Intermediates.noindex/WWSwiftUI_MultiDatePicker.build/Debug-appletvos/WWSwiftUI_MultiDatePicker_WWSwiftUI_MultiDatePicker-b.build/empty-WWSwiftUI_MultiDatePicker_WWSwiftUI_MultiDatePicker.plist (in target 'WWSwiftUI_MultiDatePicker_WWSwiftUI_MultiDatePicker' from project 'WWSwiftUI_MultiDatePicker')
cd /Users/admin/builder/spi-builder-workspace/.dependencies/checkouts/WWSwiftUI_MultiDatePicker
write-file /Users/admin/builder/spi-builder-workspace/.derivedData/Build/Intermediates.noindex/WWSwiftUI_MultiDatePicker.build/Debug-appletvos/WWSwiftUI_MultiDatePicker_WWSwiftUI_MultiDatePicker-b.build/empty-WWSwiftUI_MultiDatePicker_WWSwiftUI_MultiDatePicker.plist
WriteAuxiliaryFile /Users/admin/builder/spi-builder-workspace/.derivedData/Build/Intermediates.noindex/WWSwiftUI_MultiDatePicker.build/Debug-appletvos/WWSwiftUI_MultiDatePicker-t.build/WWSwiftUI_MultiDatePicker.DependencyMetadataFileList (in target 'WWSwiftUI_MultiDatePicker' from project 'WWSwiftUI_MultiDatePicker')
cd /Users/admin/builder/spi-builder-workspace/.dependencies/checkouts/WWSwiftUI_MultiDatePicker
write-file /Users/admin/builder/spi-builder-workspace/.derivedData/Build/Intermediates.noindex/WWSwiftUI_MultiDatePicker.build/Debug-appletvos/WWSwiftUI_MultiDatePicker-t.build/WWSwiftUI_MultiDatePicker.DependencyMetadataFileList
WriteAuxiliaryFile /Users/admin/builder/spi-builder-workspace/.derivedData/Build/Intermediates.noindex/WWSwiftUI_MultiDatePicker.build/Debug-appletvos/WWSwiftUI_MultiDatePicker_WWSwiftUI_MultiDatePicker-b.build/WWSwiftUI_MultiDatePicker_WWSwiftUI_MultiDatePicker.DependencyMetadataFileList (in target 'WWSwiftUI_MultiDatePicker_WWSwiftUI_MultiDatePicker' from project 'WWSwiftUI_MultiDatePicker')
cd /Users/admin/builder/spi-builder-workspace/.dependencies/checkouts/WWSwiftUI_MultiDatePicker
write-file /Users/admin/builder/spi-builder-workspace/.derivedData/Build/Intermediates.noindex/WWSwiftUI_MultiDatePicker.build/Debug-appletvos/WWSwiftUI_MultiDatePicker_WWSwiftUI_MultiDatePicker-b.build/WWSwiftUI_MultiDatePicker_WWSwiftUI_MultiDatePicker.DependencyMetadataFileList
WriteAuxiliaryFile /Users/admin/builder/spi-builder-workspace/.derivedData/Build/Intermediates.noindex/WWSwiftUI_MultiDatePicker.build/Debug-appletvos/WWSwiftUI_MultiDatePicker-t.build/Objects-normal/arm64/WWSwiftUI_MultiDatePicker_const_extract_protocols.json (in target 'WWSwiftUI_MultiDatePicker' from project 'WWSwiftUI_MultiDatePicker')
cd /Users/admin/builder/spi-builder-workspace/.dependencies/checkouts/WWSwiftUI_MultiDatePicker
write-file /Users/admin/builder/spi-builder-workspace/.derivedData/Build/Intermediates.noindex/WWSwiftUI_MultiDatePicker.build/Debug-appletvos/WWSwiftUI_MultiDatePicker-t.build/Objects-normal/arm64/WWSwiftUI_MultiDatePicker_const_extract_protocols.json
WriteAuxiliaryFile /Users/admin/builder/spi-builder-workspace/.derivedData/Build/Intermediates.noindex/WWSwiftUI_MultiDatePicker.build/Debug-appletvos/WWSwiftUI_MultiDatePicker-t.build/Objects-normal/arm64/WWSwiftUI_MultiDatePicker.SwiftFileList (in target 'WWSwiftUI_MultiDatePicker' from project 'WWSwiftUI_MultiDatePicker')
cd /Users/admin/builder/spi-builder-workspace/.dependencies/checkouts/WWSwiftUI_MultiDatePicker
write-file /Users/admin/builder/spi-builder-workspace/.derivedData/Build/Intermediates.noindex/WWSwiftUI_MultiDatePicker.build/Debug-appletvos/WWSwiftUI_MultiDatePicker-t.build/Objects-normal/arm64/WWSwiftUI_MultiDatePicker.SwiftFileList
WriteAuxiliaryFile /Users/admin/builder/spi-builder-workspace/.derivedData/Build/Intermediates.noindex/WWSwiftUI_MultiDatePicker.build/Debug-appletvos/WWSwiftUI_MultiDatePicker-t.build/Objects-normal/arm64/WWSwiftUI_MultiDatePicker.SwiftConstValuesFileList (in target 'WWSwiftUI_MultiDatePicker' from project 'WWSwiftUI_MultiDatePicker')
cd /Users/admin/builder/spi-builder-workspace/.dependencies/checkouts/WWSwiftUI_MultiDatePicker
write-file /Users/admin/builder/spi-builder-workspace/.derivedData/Build/Intermediates.noindex/WWSwiftUI_MultiDatePicker.build/Debug-appletvos/WWSwiftUI_MultiDatePicker-t.build/Objects-normal/arm64/WWSwiftUI_MultiDatePicker.SwiftConstValuesFileList
WriteAuxiliaryFile /Users/admin/builder/spi-builder-workspace/.derivedData/Build/Intermediates.noindex/WWSwiftUI_MultiDatePicker.build/Debug-appletvos/WWSwiftUI_MultiDatePicker-t.build/Objects-normal/arm64/WWSwiftUI_MultiDatePicker.LinkFileList (in target 'WWSwiftUI_MultiDatePicker' from project 'WWSwiftUI_MultiDatePicker')
cd /Users/admin/builder/spi-builder-workspace/.dependencies/checkouts/WWSwiftUI_MultiDatePicker
write-file /Users/admin/builder/spi-builder-workspace/.derivedData/Build/Intermediates.noindex/WWSwiftUI_MultiDatePicker.build/Debug-appletvos/WWSwiftUI_MultiDatePicker-t.build/Objects-normal/arm64/WWSwiftUI_MultiDatePicker.LinkFileList
WriteAuxiliaryFile /Users/admin/builder/spi-builder-workspace/.derivedData/Build/Intermediates.noindex/WWSwiftUI_MultiDatePicker.build/Debug-appletvos/WWSwiftUI_MultiDatePicker-t.build/Objects-normal/arm64/WWSwiftUI_MultiDatePicker-OutputFileMap.json (in target 'WWSwiftUI_MultiDatePicker' from project 'WWSwiftUI_MultiDatePicker')
cd /Users/admin/builder/spi-builder-workspace/.dependencies/checkouts/WWSwiftUI_MultiDatePicker
write-file /Users/admin/builder/spi-builder-workspace/.derivedData/Build/Intermediates.noindex/WWSwiftUI_MultiDatePicker.build/Debug-appletvos/WWSwiftUI_MultiDatePicker-t.build/Objects-normal/arm64/WWSwiftUI_MultiDatePicker-OutputFileMap.json
WriteAuxiliaryFile /Users/admin/builder/spi-builder-workspace/.derivedData/Build/Intermediates.noindex/WWSwiftUI_MultiDatePicker.build/Debug-appletvos/WWSwiftUI_MultiDatePicker-t.build/DerivedSources/resource_bundle_accessor.swift (in target 'WWSwiftUI_MultiDatePicker' from project 'WWSwiftUI_MultiDatePicker')
cd /Users/admin/builder/spi-builder-workspace/.dependencies/checkouts/WWSwiftUI_MultiDatePicker
write-file /Users/admin/builder/spi-builder-workspace/.derivedData/Build/Intermediates.noindex/WWSwiftUI_MultiDatePicker.build/Debug-appletvos/WWSwiftUI_MultiDatePicker-t.build/DerivedSources/resource_bundle_accessor.swift
Copy /Users/admin/builder/spi-builder-workspace/.derivedData/Build/Intermediates.noindex/GeneratedModuleMaps-appletvos/WWSwiftUI_MultiDatePicker.modulemap /Users/admin/builder/spi-builder-workspace/.derivedData/Build/Intermediates.noindex/WWSwiftUI_MultiDatePicker.build/Debug-appletvos/WWSwiftUI_MultiDatePicker-t.build/WWSwiftUI_MultiDatePicker.modulemap (in target 'WWSwiftUI_MultiDatePicker' from project 'WWSwiftUI_MultiDatePicker')
cd /Users/admin/builder/spi-builder-workspace/.dependencies/checkouts/WWSwiftUI_MultiDatePicker
builtin-copy -exclude .DS_Store -exclude CVS -exclude .svn -exclude .git -exclude .hg -resolve-src-symlinks /Users/admin/builder/spi-builder-workspace/.derivedData/Build/Intermediates.noindex/WWSwiftUI_MultiDatePicker.build/Debug-appletvos/WWSwiftUI_MultiDatePicker-t.build/WWSwiftUI_MultiDatePicker.modulemap /Users/admin/builder/spi-builder-workspace/.derivedData/Build/Intermediates.noindex/GeneratedModuleMaps-appletvos
WriteAuxiliaryFile /Users/admin/builder/spi-builder-workspace/.derivedData/Build/Intermediates.noindex/WWSwiftUI_Charts.build/Debug-appletvos/WWSwiftUI_Charts_WWSwiftUI_Charts-b.build/empty-WWSwiftUI_Charts_WWSwiftUI_Charts.plist (in target 'WWSwiftUI_Charts_WWSwiftUI_Charts' from project 'WWSwiftUI_Charts')
cd /Users/admin/builder/spi-builder-workspace
write-file /Users/admin/builder/spi-builder-workspace/.derivedData/Build/Intermediates.noindex/WWSwiftUI_Charts.build/Debug-appletvos/WWSwiftUI_Charts_WWSwiftUI_Charts-b.build/empty-WWSwiftUI_Charts_WWSwiftUI_Charts.plist
WriteAuxiliaryFile /Users/admin/builder/spi-builder-workspace/.derivedData/Build/Intermediates.noindex/WWSwiftUI_Charts.build/Debug-appletvos/WWSwiftUI_Charts_WWSwiftUI_Charts-b.build/WWSwiftUI_Charts_WWSwiftUI_Charts.DependencyStaticMetadataFileList (in target 'WWSwiftUI_Charts_WWSwiftUI_Charts' from project 'WWSwiftUI_Charts')
cd /Users/admin/builder/spi-builder-workspace
write-file /Users/admin/builder/spi-builder-workspace/.derivedData/Build/Intermediates.noindex/WWSwiftUI_Charts.build/Debug-appletvos/WWSwiftUI_Charts_WWSwiftUI_Charts-b.build/WWSwiftUI_Charts_WWSwiftUI_Charts.DependencyStaticMetadataFileList
WriteAuxiliaryFile /Users/admin/builder/spi-builder-workspace/.derivedData/Build/Intermediates.noindex/WWSwiftUI_Charts.build/Debug-appletvos/WWSwiftUI_Charts_WWSwiftUI_Charts-b.build/WWSwiftUI_Charts_WWSwiftUI_Charts.DependencyMetadataFileList (in target 'WWSwiftUI_Charts_WWSwiftUI_Charts' from project 'WWSwiftUI_Charts')
cd /Users/admin/builder/spi-builder-workspace
write-file /Users/admin/builder/spi-builder-workspace/.derivedData/Build/Intermediates.noindex/WWSwiftUI_Charts.build/Debug-appletvos/WWSwiftUI_Charts_WWSwiftUI_Charts-b.build/WWSwiftUI_Charts_WWSwiftUI_Charts.DependencyMetadataFileList
WriteAuxiliaryFile /Users/admin/builder/spi-builder-workspace/.derivedData/Build/Intermediates.noindex/WWSwiftUI_Charts.build/Debug-appletvos/WWSwiftUI_Charts-t.build/WWSwiftUI_Charts.modulemap (in target 'WWSwiftUI_Charts' from project 'WWSwiftUI_Charts')
cd /Users/admin/builder/spi-builder-workspace
write-file /Users/admin/builder/spi-builder-workspace/.derivedData/Build/Intermediates.noindex/WWSwiftUI_Charts.build/Debug-appletvos/WWSwiftUI_Charts-t.build/WWSwiftUI_Charts.modulemap
WriteAuxiliaryFile /Users/admin/builder/spi-builder-workspace/.derivedData/Build/Intermediates.noindex/WWSwiftUI_Charts.build/Debug-appletvos/WWSwiftUI_Charts-t.build/WWSwiftUI_Charts.DependencyStaticMetadataFileList (in target 'WWSwiftUI_Charts' from project 'WWSwiftUI_Charts')
cd /Users/admin/builder/spi-builder-workspace
write-file /Users/admin/builder/spi-builder-workspace/.derivedData/Build/Intermediates.noindex/WWSwiftUI_Charts.build/Debug-appletvos/WWSwiftUI_Charts-t.build/WWSwiftUI_Charts.DependencyStaticMetadataFileList
WriteAuxiliaryFile /Users/admin/builder/spi-builder-workspace/.derivedData/Build/Intermediates.noindex/WWSwiftUI_Charts.build/Debug-appletvos/WWSwiftUI_Charts-t.build/WWSwiftUI_Charts.DependencyMetadataFileList (in target 'WWSwiftUI_Charts' from project 'WWSwiftUI_Charts')
cd /Users/admin/builder/spi-builder-workspace
write-file /Users/admin/builder/spi-builder-workspace/.derivedData/Build/Intermediates.noindex/WWSwiftUI_Charts.build/Debug-appletvos/WWSwiftUI_Charts-t.build/WWSwiftUI_Charts.DependencyMetadataFileList
WriteAuxiliaryFile /Users/admin/builder/spi-builder-workspace/.derivedData/Build/Intermediates.noindex/WWSwiftUI_Charts.build/Debug-appletvos/WWSwiftUI_Charts-t.build/Objects-normal/arm64/WWSwiftUI_Charts_const_extract_protocols.json (in target 'WWSwiftUI_Charts' from project 'WWSwiftUI_Charts')
cd /Users/admin/builder/spi-builder-workspace
write-file /Users/admin/builder/spi-builder-workspace/.derivedData/Build/Intermediates.noindex/WWSwiftUI_Charts.build/Debug-appletvos/WWSwiftUI_Charts-t.build/Objects-normal/arm64/WWSwiftUI_Charts_const_extract_protocols.json
WriteAuxiliaryFile /Users/admin/builder/spi-builder-workspace/.derivedData/Build/Intermediates.noindex/WWSwiftUI_Charts.build/Debug-appletvos/WWSwiftUI_Charts-t.build/Objects-normal/arm64/WWSwiftUI_Charts.SwiftFileList (in target 'WWSwiftUI_Charts' from project 'WWSwiftUI_Charts')
cd /Users/admin/builder/spi-builder-workspace
write-file /Users/admin/builder/spi-builder-workspace/.derivedData/Build/Intermediates.noindex/WWSwiftUI_Charts.build/Debug-appletvos/WWSwiftUI_Charts-t.build/Objects-normal/arm64/WWSwiftUI_Charts.SwiftFileList
WriteAuxiliaryFile /Users/admin/builder/spi-builder-workspace/.derivedData/Build/Intermediates.noindex/WWSwiftUI_Charts.build/Debug-appletvos/WWSwiftUI_Charts-t.build/Objects-normal/arm64/WWSwiftUI_Charts.SwiftConstValuesFileList (in target 'WWSwiftUI_Charts' from project 'WWSwiftUI_Charts')
cd /Users/admin/builder/spi-builder-workspace
write-file /Users/admin/builder/spi-builder-workspace/.derivedData/Build/Intermediates.noindex/WWSwiftUI_Charts.build/Debug-appletvos/WWSwiftUI_Charts-t.build/Objects-normal/arm64/WWSwiftUI_Charts.SwiftConstValuesFileList
WriteAuxiliaryFile /Users/admin/builder/spi-builder-workspace/.derivedData/Build/Intermediates.noindex/WWSwiftUI_Charts.build/Debug-appletvos/WWSwiftUI_Charts-t.build/Objects-normal/arm64/WWSwiftUI_Charts.LinkFileList (in target 'WWSwiftUI_Charts' from project 'WWSwiftUI_Charts')
cd /Users/admin/builder/spi-builder-workspace
write-file /Users/admin/builder/spi-builder-workspace/.derivedData/Build/Intermediates.noindex/WWSwiftUI_Charts.build/Debug-appletvos/WWSwiftUI_Charts-t.build/Objects-normal/arm64/WWSwiftUI_Charts.LinkFileList
WriteAuxiliaryFile /Users/admin/builder/spi-builder-workspace/.derivedData/Build/Intermediates.noindex/WWSwiftUI_Charts.build/Debug-appletvos/WWSwiftUI_Charts-t.build/Objects-normal/arm64/WWSwiftUI_Charts-OutputFileMap.json (in target 'WWSwiftUI_Charts' from project 'WWSwiftUI_Charts')
cd /Users/admin/builder/spi-builder-workspace
write-file /Users/admin/builder/spi-builder-workspace/.derivedData/Build/Intermediates.noindex/WWSwiftUI_Charts.build/Debug-appletvos/WWSwiftUI_Charts-t.build/Objects-normal/arm64/WWSwiftUI_Charts-OutputFileMap.json
WriteAuxiliaryFile /Users/admin/builder/spi-builder-workspace/.derivedData/Build/Intermediates.noindex/WWSwiftUI_Charts.build/Debug-appletvos/WWSwiftUI_Charts-t.build/DerivedSources/resource_bundle_accessor.swift (in target 'WWSwiftUI_Charts' from project 'WWSwiftUI_Charts')
cd /Users/admin/builder/spi-builder-workspace
write-file /Users/admin/builder/spi-builder-workspace/.derivedData/Build/Intermediates.noindex/WWSwiftUI_Charts.build/Debug-appletvos/WWSwiftUI_Charts-t.build/DerivedSources/resource_bundle_accessor.swift
Copy /Users/admin/builder/spi-builder-workspace/.derivedData/Build/Intermediates.noindex/GeneratedModuleMaps-appletvos/WWSwiftUI_Charts.modulemap /Users/admin/builder/spi-builder-workspace/.derivedData/Build/Intermediates.noindex/WWSwiftUI_Charts.build/Debug-appletvos/WWSwiftUI_Charts-t.build/WWSwiftUI_Charts.modulemap (in target 'WWSwiftUI_Charts' from project 'WWSwiftUI_Charts')
cd /Users/admin/builder/spi-builder-workspace
builtin-copy -exclude .DS_Store -exclude CVS -exclude .svn -exclude .git -exclude .hg -resolve-src-symlinks /Users/admin/builder/spi-builder-workspace/.derivedData/Build/Intermediates.noindex/WWSwiftUI_Charts.build/Debug-appletvos/WWSwiftUI_Charts-t.build/WWSwiftUI_Charts.modulemap /Users/admin/builder/spi-builder-workspace/.derivedData/Build/Intermediates.noindex/GeneratedModuleMaps-appletvos
MkDir /Users/admin/builder/spi-builder-workspace/.derivedData/Build/Products/Debug-appletvos/WWSwiftUI_Charts_WWSwiftUI_Charts.bundle (in target 'WWSwiftUI_Charts_WWSwiftUI_Charts' from project 'WWSwiftUI_Charts')
cd /Users/admin/builder/spi-builder-workspace
/bin/mkdir -p /Users/admin/builder/spi-builder-workspace/.derivedData/Build/Products/Debug-appletvos/WWSwiftUI_Charts_WWSwiftUI_Charts.bundle
CpResource /Users/admin/builder/spi-builder-workspace/.derivedData/Build/Products/Debug-appletvos/WWSwiftUI_MultiDatePicker_WWSwiftUI_MultiDatePicker.bundle/Privacy /Users/admin/builder/spi-builder-workspace/.dependencies/checkouts/WWSwiftUI_MultiDatePicker/Sources/WWSwiftUI_MultiDatePicker/Privacy (in target 'WWSwiftUI_MultiDatePicker_WWSwiftUI_MultiDatePicker' from project 'WWSwiftUI_MultiDatePicker')
cd /Users/admin/builder/spi-builder-workspace/.dependencies/checkouts/WWSwiftUI_MultiDatePicker
builtin-copy -exclude .DS_Store -exclude CVS -exclude .svn -exclude .git -exclude .hg -resolve-src-symlinks /Users/admin/builder/spi-builder-workspace/.dependencies/checkouts/WWSwiftUI_MultiDatePicker/Sources/WWSwiftUI_MultiDatePicker/Privacy /Users/admin/builder/spi-builder-workspace/.derivedData/Build/Products/Debug-appletvos/WWSwiftUI_MultiDatePicker_WWSwiftUI_MultiDatePicker.bundle
ProcessInfoPlistFile /Users/admin/builder/spi-builder-workspace/.derivedData/Build/Products/Debug-appletvos/WWSwiftUI_MultiDatePicker_WWSwiftUI_MultiDatePicker.bundle/Info.plist /Users/admin/builder/spi-builder-workspace/.derivedData/Build/Intermediates.noindex/WWSwiftUI_MultiDatePicker.build/Debug-appletvos/WWSwiftUI_MultiDatePicker_WWSwiftUI_MultiDatePicker-b.build/empty-WWSwiftUI_MultiDatePicker_WWSwiftUI_MultiDatePicker.plist (in target 'WWSwiftUI_MultiDatePicker_WWSwiftUI_MultiDatePicker' from project 'WWSwiftUI_MultiDatePicker')
cd /Users/admin/builder/spi-builder-workspace/.dependencies/checkouts/WWSwiftUI_MultiDatePicker
builtin-infoPlistUtility /Users/admin/builder/spi-builder-workspace/.derivedData/Build/Intermediates.noindex/WWSwiftUI_MultiDatePicker.build/Debug-appletvos/WWSwiftUI_MultiDatePicker_WWSwiftUI_MultiDatePicker-b.build/empty-WWSwiftUI_MultiDatePicker_WWSwiftUI_MultiDatePicker.plist -producttype com.apple.product-type.bundle -expandbuildsettings -format binary -platform appletvos -o /Users/admin/builder/spi-builder-workspace/.derivedData/Build/Products/Debug-appletvos/WWSwiftUI_MultiDatePicker_WWSwiftUI_MultiDatePicker.bundle/Info.plist
ProcessInfoPlistFile /Users/admin/builder/spi-builder-workspace/.derivedData/Build/Products/Debug-appletvos/WWSwiftUI_Charts_WWSwiftUI_Charts.bundle/Info.plist /Users/admin/builder/spi-builder-workspace/.derivedData/Build/Intermediates.noindex/WWSwiftUI_Charts.build/Debug-appletvos/WWSwiftUI_Charts_WWSwiftUI_Charts-b.build/empty-WWSwiftUI_Charts_WWSwiftUI_Charts.plist (in target 'WWSwiftUI_Charts_WWSwiftUI_Charts' from project 'WWSwiftUI_Charts')
cd /Users/admin/builder/spi-builder-workspace
builtin-infoPlistUtility /Users/admin/builder/spi-builder-workspace/.derivedData/Build/Intermediates.noindex/WWSwiftUI_Charts.build/Debug-appletvos/WWSwiftUI_Charts_WWSwiftUI_Charts-b.build/empty-WWSwiftUI_Charts_WWSwiftUI_Charts.plist -producttype com.apple.product-type.bundle -expandbuildsettings -format binary -platform appletvos -o /Users/admin/builder/spi-builder-workspace/.derivedData/Build/Products/Debug-appletvos/WWSwiftUI_Charts_WWSwiftUI_Charts.bundle/Info.plist
CpResource /Users/admin/builder/spi-builder-workspace/.derivedData/Build/Products/Debug-appletvos/WWSwiftUI_Charts_WWSwiftUI_Charts.bundle/Privacy /Users/admin/builder/spi-builder-workspace/Sources/WWSwiftUI_Charts/Privacy (in target 'WWSwiftUI_Charts_WWSwiftUI_Charts' from project 'WWSwiftUI_Charts')
cd /Users/admin/builder/spi-builder-workspace
builtin-copy -exclude .DS_Store -exclude CVS -exclude .svn -exclude .git -exclude .hg -resolve-src-symlinks /Users/admin/builder/spi-builder-workspace/Sources/WWSwiftUI_Charts/Privacy /Users/admin/builder/spi-builder-workspace/.derivedData/Build/Products/Debug-appletvos/WWSwiftUI_Charts_WWSwiftUI_Charts.bundle
RegisterExecutionPolicyException /Users/admin/builder/spi-builder-workspace/.derivedData/Build/Products/Debug-appletvos/WWSwiftUI_Charts_WWSwiftUI_Charts.bundle (in target 'WWSwiftUI_Charts_WWSwiftUI_Charts' from project 'WWSwiftUI_Charts')
cd /Users/admin/builder/spi-builder-workspace
builtin-RegisterExecutionPolicyException /Users/admin/builder/spi-builder-workspace/.derivedData/Build/Products/Debug-appletvos/WWSwiftUI_Charts_WWSwiftUI_Charts.bundle
RegisterExecutionPolicyException /Users/admin/builder/spi-builder-workspace/.derivedData/Build/Products/Debug-appletvos/WWSwiftUI_MultiDatePicker_WWSwiftUI_MultiDatePicker.bundle (in target 'WWSwiftUI_MultiDatePicker_WWSwiftUI_MultiDatePicker' from project 'WWSwiftUI_MultiDatePicker')
cd /Users/admin/builder/spi-builder-workspace/.dependencies/checkouts/WWSwiftUI_MultiDatePicker
builtin-RegisterExecutionPolicyException /Users/admin/builder/spi-builder-workspace/.derivedData/Build/Products/Debug-appletvos/WWSwiftUI_MultiDatePicker_WWSwiftUI_MultiDatePicker.bundle
Touch /Users/admin/builder/spi-builder-workspace/.derivedData/Build/Products/Debug-appletvos/WWSwiftUI_Charts_WWSwiftUI_Charts.bundle (in target 'WWSwiftUI_Charts_WWSwiftUI_Charts' from project 'WWSwiftUI_Charts')
cd /Users/admin/builder/spi-builder-workspace
/usr/bin/touch -c /Users/admin/builder/spi-builder-workspace/.derivedData/Build/Products/Debug-appletvos/WWSwiftUI_Charts_WWSwiftUI_Charts.bundle
Touch /Users/admin/builder/spi-builder-workspace/.derivedData/Build/Products/Debug-appletvos/WWSwiftUI_MultiDatePicker_WWSwiftUI_MultiDatePicker.bundle (in target 'WWSwiftUI_MultiDatePicker_WWSwiftUI_MultiDatePicker' from project 'WWSwiftUI_MultiDatePicker')
cd /Users/admin/builder/spi-builder-workspace/.dependencies/checkouts/WWSwiftUI_MultiDatePicker
/usr/bin/touch -c /Users/admin/builder/spi-builder-workspace/.derivedData/Build/Products/Debug-appletvos/WWSwiftUI_MultiDatePicker_WWSwiftUI_MultiDatePicker.bundle
SwiftDriver WWSwiftUI_MultiDatePicker normal arm64 com.apple.xcode.tools.swift.compiler (in target 'WWSwiftUI_MultiDatePicker' from project 'WWSwiftUI_MultiDatePicker')
cd /Users/admin/builder/spi-builder-workspace/.swiftpm/xcode
builtin-SwiftDriver -- /Applications/Xcode-27.0.0-Release.Candidate.app/Contents/Developer/Toolchains/XcodeDefault.xctoolchain/usr/bin/swiftc -parse-as-library -module-name WWSwiftUI_MultiDatePicker -Onone @/Users/admin/builder/spi-builder-workspace/.derivedData/Build/Intermediates.noindex/WWSwiftUI_MultiDatePicker.build/Debug-appletvos/WWSwiftUI_MultiDatePicker-t.build/Objects-normal/arm64/WWSwiftUI_MultiDatePicker.SwiftFileList -DSWIFT_PACKAGE -DDEBUG -DSWIFT_MODULE_RESOURCE_BUNDLE_AVAILABLE -DXcode -plugin-path /Applications/Xcode-27.0.0-Release.Candidate.app/Contents/Developer/Toolchains/XcodeDefault.xctoolchain/usr/lib/swift/host/plugins/testing -enable-experimental-feature DebugDescriptionMacro -sdk /Applications/Xcode-27.0.0-Release.Candidate.app/Contents/Developer/Platforms/AppleTVOS.platform/Developer/SDKs/AppleTVOS27.0.sdk -target arm64-apple-tvos16.0 -g -module-cache-path /Users/admin/builder/spi-builder-workspace/.derivedData/ModuleCache.noindex -Xfrontend -serialize-debugging-options -enable-testing -suppress-warnings -index-store-path /Users/admin/builder/spi-builder-workspace/.derivedData/Index.noindex/DataStore -Xcc -D_LIBCPP_HARDENING_MODE\=_LIBCPP_HARDENING_MODE_DEBUG -swift-version 5 -I /Users/admin/builder/spi-builder-workspace/.derivedData/Build/Products/Debug-appletvos -Isystem /Applications/Xcode-27.0.0-Release.Candidate.app/Contents/Developer/Platforms/AppleTVOS.platform/Developer/usr/lib -F /Users/admin/builder/spi-builder-workspace/.derivedData/Build/Products/Debug-appletvos -F /Applications/Xcode-27.0.0-Release.Candidate.app/Contents/Developer/Platforms/AppleTVOS.platform/Developer/Library/Frameworks -F /Applications/Xcode-27.0.0-Release.Candidate.app/Contents/Developer/Platforms/AppleTVOS.platform/Developer/SDKs/AppleTVOS27.0.sdk/Developer/Library/Frameworks -c -j10 -enable-batch-mode -incremental -Xcc -ivfsstatcache -Xcc /Users/admin/builder/spi-builder-workspace/.derivedData/SDKStatCaches.noindex/appletvos27.0-24J360-e829b21a6f8c9b70876ba0858053c044b32bfd8d43560033f8d89884cdb90028.sdkstatcache -output-file-map /Users/admin/builder/spi-builder-workspace/.derivedData/Build/Intermediates.noindex/WWSwiftUI_MultiDatePicker.build/Debug-appletvos/WWSwiftUI_MultiDatePicker-t.build/Objects-normal/arm64/WWSwiftUI_MultiDatePicker-OutputFileMap.json -save-temps -no-color-diagnostics -explicit-module-build -module-cache-path /Users/admin/builder/spi-builder-workspace/.derivedData/Build/Intermediates.noindex/SwiftExplicitPrecompiledModules -clang-scanner-module-cache-path /Users/admin/builder/spi-builder-workspace/.derivedData/ModuleCache.noindex -sdk-module-cache-path /Users/admin/builder/spi-builder-workspace/.derivedData/SDKExplicitPrecompiledModules -emit-dependencies -emit-module -emit-module-path /Users/admin/builder/spi-builder-workspace/.derivedData/Build/Intermediates.noindex/WWSwiftUI_MultiDatePicker.build/Debug-appletvos/WWSwiftUI_MultiDatePicker-t.build/Objects-normal/arm64/WWSwiftUI_MultiDatePicker.swiftmodule -serialize-diagnostics -dependency-scan-serialize-diagnostics-path /Users/admin/builder/spi-builder-workspace/.derivedData/Build/Intermediates.noindex/WWSwiftUI_MultiDatePicker.build/Debug-appletvos/WWSwiftUI_MultiDatePicker-t.build/Objects-normal/arm64/WWSwiftUI_MultiDatePicker-dependency-scan.dia -validate-clang-modules-once -clang-build-session-file /Users/admin/builder/spi-builder-workspace/.derivedData/ModuleCache.noindex/Session.modulevalidation -Xcc -fmodules-prune-interval\=86400 -Xcc -fmodules-prune-after\=345600 -emit-const-values -const-gather-protocols-list /Users/admin/builder/spi-builder-workspace/.derivedData/Build/Intermediates.noindex/WWSwiftUI_MultiDatePicker.build/Debug-appletvos/WWSwiftUI_MultiDatePicker-t.build/Objects-normal/arm64/WWSwiftUI_MultiDatePicker_const_extract_protocols.json -Xcc -I/Users/admin/builder/spi-builder-workspace/.derivedData/Build/Products/Debug-appletvos/include -Xcc -I/Users/admin/builder/spi-builder-workspace/.derivedData/Build/Intermediates.noindex/WWSwiftUI_MultiDatePicker.build/Debug-appletvos/WWSwiftUI_MultiDatePicker-t.build/DerivedSources-normal/arm64 -Xcc -I/Users/admin/builder/spi-builder-workspace/.derivedData/Build/Intermediates.noindex/WWSwiftUI_MultiDatePicker.build/Debug-appletvos/WWSwiftUI_MultiDatePicker-t.build/DerivedSources/arm64 -Xcc -I/Users/admin/builder/spi-builder-workspace/.derivedData/Build/Intermediates.noindex/WWSwiftUI_MultiDatePicker.build/Debug-appletvos/WWSwiftUI_MultiDatePicker-t.build/DerivedSources -Xcc -DSWIFT_PACKAGE -Xcc -DDEBUG\=1 -emit-objc-header -emit-objc-header-path /Users/admin/builder/spi-builder-workspace/.derivedData/Build/Intermediates.noindex/WWSwiftUI_MultiDatePicker.build/Debug-appletvos/WWSwiftUI_MultiDatePicker-t.build/Objects-normal/arm64/WWSwiftUI_MultiDatePicker-Swift.h -working-directory /Users/admin/builder/spi-builder-workspace/.swiftpm/xcode -experimental-emit-module-separately -disable-cmo
SwiftExplicitDependencyGeneratePcm arm64 /Users/admin/builder/spi-builder-workspace/.derivedData/SDKExplicitPrecompiledModules/ptrauth-8X2KEPL7CTRPS40TUB9APHPK6.pcm
SwiftExplicitDependencyGeneratePcm arm64 /Users/admin/builder/spi-builder-workspace/.derivedData/SDKExplicitPrecompiledModules/_AvailabilityInternal-BV2EDDP0MI5QJDDPEEV4D9D3V.pcm
SwiftExplicitDependencyGeneratePcm arm64 /Users/admin/builder/spi-builder-workspace/.derivedData/SDKExplicitPrecompiledModules/_SwiftConcurrencyShims-BY5PD8KF1L5KF6F4Q69HE3TJ4.pcm
SwiftExplicitDependencyGeneratePcm arm64 /Users/admin/builder/spi-builder-workspace/.derivedData/SDKExplicitPrecompiledModules/_Builtin_stddef-9ZJZ6FDEZNKTZU8YLPMFT9RAQ.pcm
SwiftExplicitDependencyGeneratePcm arm64 /Users/admin/builder/spi-builder-workspace/.derivedData/SDKExplicitPrecompiledModules/DeveloperToolsSupport-B1X8RI63V48AJRTH2RK6JAARV.pcm
SwiftExplicitDependencyGeneratePcm arm64 /Users/admin/builder/spi-builder-workspace/.derivedData/SDKExplicitPrecompiledModules/SwiftShims-8N4EXJ4RUJTR8K9OO3CMOH1EP.pcm
SwiftExplicitDependencyGeneratePcm arm64 /Users/admin/builder/spi-builder-workspace/.derivedData/SDKExplicitPrecompiledModules/_Builtin_stdbool-AHRDH5EKLY6D04C5E42F3VCQI.pcm
SwiftExplicitDependencyGeneratePcm arm64 /Users/admin/builder/spi-builder-workspace/.derivedData/SDKExplicitPrecompiledModules/_Builtin_float-8ZJAYZ85YBOAOP52Y9H6IUNP3.pcm
SwiftExplicitDependencyGeneratePcm arm64 /Users/admin/builder/spi-builder-workspace/.derivedData/SDKExplicitPrecompiledModules/_Builtin_stdarg-BO2OCAUYVAXDRVQWQ8ISKGNUQ.pcm
SwiftExplicitDependencyGeneratePcm arm64 /Users/admin/builder/spi-builder-workspace/.derivedData/SDKExplicitPrecompiledModules/ptrcheck-2AZ6B5IBYD3RRRTFWN2ONASY3.pcm
SwiftExplicitDependencyGeneratePcm arm64 /Users/admin/builder/spi-builder-workspace/.derivedData/SDKExplicitPrecompiledModules/_DarwinFoundation1-JOTYMOA1YZCIJ2NON6FQ848O.pcm
SwiftExplicitDependencyGeneratePcm arm64 /Users/admin/builder/spi-builder-workspace/.derivedData/SDKExplicitPrecompiledModules/_Builtin_limits-7JU2HP127LIT1X9E2V3D8WZ1.pcm
SwiftExplicitDependencyGeneratePcm arm64 /Users/admin/builder/spi-builder-workspace/.derivedData/SDKExplicitPrecompiledModules/_DarwinFoundation2-AOGAN1O02NKXRJN5V73AV3V3M.pcm
SwiftExplicitDependencyGeneratePcm arm64 /Users/admin/builder/spi-builder-workspace/.derivedData/SDKExplicitPrecompiledModules/_Builtin_tgmath-7ULT1EUHDHW4OZPSTT33H6QGE.pcm
SwiftExplicitDependencyGeneratePcm arm64 /Users/admin/builder/spi-builder-workspace/.derivedData/SDKExplicitPrecompiledModules/_Builtin_stdint-6NFTB6IBKS143IVPGT1EKB7HO.pcm
SwiftExplicitDependencyGeneratePcm arm64 /Users/admin/builder/spi-builder-workspace/.derivedData/SDKExplicitPrecompiledModules/string_h-6EVHP7A717OUS5DMC78F79HWO.pcm
SwiftExplicitDependencyGeneratePcm arm64 /Users/admin/builder/spi-builder-workspace/.derivedData/SDKExplicitPrecompiledModules/sys_types-8GCAV1YMG5UUGHUID3CA20TCH.pcm
SwiftExplicitDependencyGeneratePcm arm64 /Users/admin/builder/spi-builder-workspace/.derivedData/SDKExplicitPrecompiledModules/_Builtin_stdatomic-3YXHN678NGYM3NL9POJ2HVEIF.pcm
SwiftExplicitDependencyGeneratePcm arm64 /Users/admin/builder/spi-builder-workspace/.derivedData/SDKExplicitPrecompiledModules/_Builtin_intrinsics-437O2R2NID4WAQVENR63GR82C.pcm
SwiftExplicitDependencyGeneratePcm arm64 /Users/admin/builder/spi-builder-workspace/.derivedData/SDKExplicitPrecompiledModules/_DarwinFoundation3-8SR3855WDFHQPR6G9GHOI2C07.pcm
SwiftExplicitDependencyGeneratePcm arm64 /Users/admin/builder/spi-builder-workspace/.derivedData/SDKExplicitPrecompiledModules/_Builtin_inttypes-6X1IQ3QK9KEVKXOK9Y79EW7J3.pcm
SwiftExplicitDependencyGeneratePcm arm64 /Users/admin/builder/spi-builder-workspace/.derivedData/SDKExplicitPrecompiledModules/Darwin-DBSQAVBBPC3D2OMU5ZI2RXMST.pcm
SwiftExplicitDependencyGeneratePcm arm64 /Users/admin/builder/spi-builder-workspace/.derivedData/SDKExplicitPrecompiledModules/simd-117QUXEUT3Z7UQCUYWV2UA228.pcm
SwiftExplicitDependencyGeneratePcm arm64 /Users/admin/builder/spi-builder-workspace/.derivedData/SDKExplicitPrecompiledModules/ObjectiveC-5250FDCE56N8508OR6XUYDKZM.pcm
SwiftExplicitDependencyGeneratePcm arm64 /Users/admin/builder/spi-builder-workspace/.derivedData/SDKExplicitPrecompiledModules/MachO-EH3F5PJCIZG05NO51CEFSZYPW.pcm
SwiftExplicitDependencyGeneratePcm arm64 /Users/admin/builder/spi-builder-workspace/.derivedData/SDKExplicitPrecompiledModules/os_object-E2DGZ0SX0TULQHULZRPO6OKNW.pcm
SwiftExplicitDependencyGeneratePcm arm64 /Users/admin/builder/spi-builder-workspace/.derivedData/SDKExplicitPrecompiledModules/os_workgroup-DBUFF7811DKMX7VPBOJPGGF1U.pcm
SwiftExplicitDependencyGeneratePcm arm64 /Users/admin/builder/spi-builder-workspace/.derivedData/SDKExplicitPrecompiledModules/Dispatch-1QL58A0V50C39KVAIC6C38SHL.pcm
SwiftExplicitDependencyGeneratePcm arm64 /Users/admin/builder/spi-builder-workspace/.derivedData/SDKExplicitPrecompiledModules/Spatial-7U8NLEFXSB8BR7PJQGVMF5A4Q.pcm
SwiftExplicitDependencyGeneratePcm arm64 /Users/admin/builder/spi-builder-workspace/.derivedData/SDKExplicitPrecompiledModules/XPC-6O2DJFT3QUJ7QKTD3SNUB6PCR.pcm
SwiftExplicitDependencyGeneratePcm arm64 /Users/admin/builder/spi-builder-workspace/.derivedData/SDKExplicitPrecompiledModules/CoreFoundation-7TPJ7ENDC4L1A1ESHYI9TXS0D.pcm
SwiftExplicitDependencyGeneratePcm arm64 /Users/admin/builder/spi-builder-workspace/.derivedData/SDKExplicitPrecompiledModules/os-3GJI8H0BNAEZPQPQ1V0VVY3FY.pcm
SwiftExplicitDependencyGeneratePcm arm64 /Users/admin/builder/spi-builder-workspace/.derivedData/SDKExplicitPrecompiledModules/CoreGraphics-CWSP3J98S2658BYCVL6RP99T3.pcm
SwiftExplicitDependencyGeneratePcm arm64 /Users/admin/builder/spi-builder-workspace/.derivedData/SDKExplicitPrecompiledModules/CoreAudioTypes-E7EH96HAL3G83QSWLT7VWYIP4.pcm
SwiftExplicitDependencyGeneratePcm arm64 /Users/admin/builder/spi-builder-workspace/.derivedData/SDKExplicitPrecompiledModules/CFNetwork-2CUR2VK9S3S3WPFXPNXNUWYGN.pcm
SwiftExplicitDependencyGeneratePcm arm64 /Users/admin/builder/spi-builder-workspace/.derivedData/SDKExplicitPrecompiledModules/Security-8VMXEKVDA3MHUH9AOTP905DID.pcm
SwiftExplicitDependencyGeneratePcm arm64 /Users/admin/builder/spi-builder-workspace/.derivedData/SDKExplicitPrecompiledModules/CoreAudio-6IR1XRM0Q9YQZMFW89F3H4V3X.pcm
SwiftExplicitDependencyGeneratePcm arm64 /Users/admin/builder/spi-builder-workspace/.derivedData/SDKExplicitPrecompiledModules/Foundation-BSSIP64DIGUKMAYJOG1WPQ78X.pcm
SwiftExplicitDependencyGeneratePcm arm64 /Users/admin/builder/spi-builder-workspace/.derivedData/SDKExplicitPrecompiledModules/ImageIO-88D4CLEBD4CLWQKT78PZ6H1O8.pcm
SwiftExplicitDependencyGeneratePcm arm64 /Users/admin/builder/spi-builder-workspace/.derivedData/SDKExplicitPrecompiledModules/CoreText-59NY7PABM0I4V978161FOC04A.pcm
SwiftExplicitDependencyGeneratePcm arm64 /Users/admin/builder/spi-builder-workspace/.derivedData/SDKExplicitPrecompiledModules/UIUtilities-6ZFJ1AK4H8IBGEBMYQBWGBYLK.pcm
SwiftExplicitDependencyGeneratePcm arm64 /Users/admin/builder/spi-builder-workspace/.derivedData/SDKExplicitPrecompiledModules/Accessibility-B6BODGZ4MQQTY0PBC4SHRP009.pcm
SwiftExplicitDependencyGeneratePcm arm64 /Users/admin/builder/spi-builder-workspace/.derivedData/SDKExplicitPrecompiledModules/Symbols-B5AU9VM9Y7NU79RLMH13Z4IFM.pcm
SwiftExplicitDependencyGeneratePcm arm64 /Users/admin/builder/spi-builder-workspace/.derivedData/SDKExplicitPrecompiledModules/_LocationEssentials-ETSJ65FELPWR8WH8G49R1DF2E.pcm
SwiftExplicitDependencyGeneratePcm arm64 /Users/admin/builder/spi-builder-workspace/.derivedData/SDKExplicitPrecompiledModules/DataDetection-37JIYZ2GWDA1L166PP1D9JKAF.pcm
SwiftExplicitDependencyGeneratePcm arm64 /Users/admin/builder/spi-builder-workspace/.derivedData/SDKExplicitPrecompiledModules/UniformTypeIdentifiers-95CC8U42ZA9STP5K6GP9ZVJS5.pcm
SwiftExplicitDependencyGeneratePcm arm64 /Users/admin/builder/spi-builder-workspace/.derivedData/SDKExplicitPrecompiledModules/IOSurface-38FJ1CKX9FV2RD97O64Z7QB17.pcm
SwiftExplicitDependencyGeneratePcm arm64 /Users/admin/builder/spi-builder-workspace/.derivedData/SDKExplicitPrecompiledModules/CoreTransferable-7V4O8DATEQ9F7SDNTCW8YWLG3.pcm
SwiftExplicitDependencyGeneratePcm arm64 /Users/admin/builder/spi-builder-workspace/.derivedData/SDKExplicitPrecompiledModules/OSLog-7OT6HHTMY0ZFEQJ095LJZ6NLC.pcm
SwiftExplicitDependencyGeneratePcm arm64 /Users/admin/builder/spi-builder-workspace/.derivedData/SDKExplicitPrecompiledModules/CoreData-DYMPHH3PH8AX9I1FHA4VFJ675.pcm
SwiftExplicitDependencyGeneratePcm arm64 /Users/admin/builder/spi-builder-workspace/.derivedData/SDKExplicitPrecompiledModules/UserNotifications-E9ZW5TH066WIJWH9080RC5NG4.pcm
SwiftExplicitDependencyGeneratePcm arm64 /Users/admin/builder/spi-builder-workspace/.derivedData/SDKExplicitPrecompiledModules/CoreLocation-YVXXAOMVX0JH2KO1XTTKTY51.pcm
SwiftExplicitDependencyGeneratePcm arm64 /Users/admin/builder/spi-builder-workspace/.derivedData/SDKExplicitPrecompiledModules/OpenGLES-4NY99CNDU9WUNUYEIXSS1QFGE.pcm
SwiftExplicitDependencyGeneratePcm arm64 /Users/admin/builder/spi-builder-workspace/.derivedData/SDKExplicitPrecompiledModules/Metal-2KYBS7IML1SD788M91YV7Q0CC.pcm
SwiftExplicitDependencyGeneratePcm arm64 /Users/admin/builder/spi-builder-workspace/.derivedData/SDKExplicitPrecompiledModules/CoreVideo-DPU0PB5X0XLSVA2ETRGI6FJBM.pcm
SwiftExplicitDependencyGeneratePcm arm64 /Users/admin/builder/spi-builder-workspace/.derivedData/SDKExplicitPrecompiledModules/CoreMedia-4OUKVT03LV547KZJDPPJRJ4F8.pcm
SwiftExplicitDependencyGeneratePcm arm64 /Users/admin/builder/spi-builder-workspace/.derivedData/SDKExplicitPrecompiledModules/QuartzCore-DJSYAWKXFGVSAK5CQMOB3JSR.pcm
SwiftExplicitDependencyGeneratePcm arm64 /Users/admin/builder/spi-builder-workspace/.derivedData/SDKExplicitPrecompiledModules/CoreImage-7S2AFJ8EIY3DUFYLEAX1JR1QV.pcm
SwiftExplicitDependencyGeneratePcm arm64 /Users/admin/builder/spi-builder-workspace/.derivedData/SDKExplicitPrecompiledModules/SwiftUICore-543QU5V2NHKUFCYFJDKUJ7NYG.pcm
SwiftExplicitDependencyGeneratePcm arm64 /Users/admin/builder/spi-builder-workspace/.derivedData/SDKExplicitPrecompiledModules/UIKit-1TKWN7VC2X6N3ITMRVA2G0EB2.pcm
SwiftExplicitDependencyGeneratePcm arm64 /Users/admin/builder/spi-builder-workspace/.derivedData/SDKExplicitPrecompiledModules/SwiftUI-7BV1YDT6IZWW6B8OC6ENV0Y0F.pcm
SwiftEmitModule normal arm64 Emitting\ module\ for\ WWSwiftUI_MultiDatePicker (in target 'WWSwiftUI_MultiDatePicker' from project 'WWSwiftUI_MultiDatePicker')
SwiftCompile normal arm64 (in target 'WWSwiftUI_MultiDatePicker' from project 'WWSwiftUI_MultiDatePicker')
cd /Users/admin/builder/spi-builder-workspace/.swiftpm/xcode
SwiftCompile normal arm64 Compiling\ ViewModel.swift /Users/admin/builder/spi-builder-workspace/.dependencies/checkouts/WWSwiftUI_MultiDatePicker/Sources/WWSwiftUI_MultiDatePicker/Utility/ViewModel.swift (in target 'WWSwiftUI_MultiDatePicker' from project 'WWSwiftUI_MultiDatePicker')
SwiftCompile normal arm64 /Users/admin/builder/spi-builder-workspace/.dependencies/checkouts/WWSwiftUI_MultiDatePicker/Sources/WWSwiftUI_MultiDatePicker/Utility/ViewModel.swift (in target 'WWSwiftUI_MultiDatePicker' from project 'WWSwiftUI_MultiDatePicker')
cd /Users/admin/builder/spi-builder-workspace/.swiftpm/xcode
builtin-SwiftPerFileCompile ViewModel.swift
SwiftCompile normal arm64 Compiling\ Protocol.swift /Users/admin/builder/spi-builder-workspace/.dependencies/checkouts/WWSwiftUI_MultiDatePicker/Sources/WWSwiftUI_MultiDatePicker/Utility/Protocol.swift (in target 'WWSwiftUI_MultiDatePicker' from project 'WWSwiftUI_MultiDatePicker')
SwiftCompile normal arm64 /Users/admin/builder/spi-builder-workspace/.dependencies/checkouts/WWSwiftUI_MultiDatePicker/Sources/WWSwiftUI_MultiDatePicker/Utility/Protocol.swift (in target 'WWSwiftUI_MultiDatePicker' from project 'WWSwiftUI_MultiDatePicker')
cd /Users/admin/builder/spi-builder-workspace/.swiftpm/xcode
builtin-SwiftPerFileCompile Protocol.swift
SwiftCompile normal arm64 Compiling\ Extension+Public.swift /Users/admin/builder/spi-builder-workspace/.dependencies/checkouts/WWSwiftUI_MultiDatePicker/Sources/WWSwiftUI_MultiDatePicker/Utility/Extension+Public.swift (in target 'WWSwiftUI_MultiDatePicker' from project 'WWSwiftUI_MultiDatePicker')
SwiftCompile normal arm64 /Users/admin/builder/spi-builder-workspace/.dependencies/checkouts/WWSwiftUI_MultiDatePicker/Sources/WWSwiftUI_MultiDatePicker/Utility/Extension+Public.swift (in target 'WWSwiftUI_MultiDatePicker' from project 'WWSwiftUI_MultiDatePicker')
cd /Users/admin/builder/spi-builder-workspace/.swiftpm/xcode
builtin-SwiftPerFileCompile Extension+Public.swift
SwiftCompile normal arm64 Compiling\ MultiDatePickerView.swift /Users/admin/builder/spi-builder-workspace/.dependencies/checkouts/WWSwiftUI_MultiDatePicker/Sources/WWSwiftUI_MultiDatePicker/Utility/MultiDatePickerView.swift (in target 'WWSwiftUI_MultiDatePicker' from project 'WWSwiftUI_MultiDatePicker')
/Users/admin/builder/spi-builder-workspace/.dependencies/checkouts/WWSwiftUI_MultiDatePicker/Sources/WWSwiftUI_MultiDatePicker/Utility/MultiDatePickerView.swift:37:25: error: 'MultiDatePicker' is unavailable in tvOS
35 | )
36 |
37 | SwiftUI.MultiDatePicker(model.title, selection: binding)
| `- error: 'MultiDatePicker' is unavailable in tvOS
38 | .background(.clear)
39 | }
SwiftUI.MultiDatePicker:5:27: note: 'MultiDatePicker' has been explicitly marked unavailable here
3 | @available(tvOS, unavailable)
4 | @available(watchOS, unavailable)
5 | nonisolated public struct MultiDatePicker<Label> : View, ~Sendable where Label : View {
| `- note: 'MultiDatePicker' has been explicitly marked unavailable here
6 | nonisolated public var body: some View { get }
7 | @available(iOS 16.0, *)
SwiftCompile normal arm64 /Users/admin/builder/spi-builder-workspace/.dependencies/checkouts/WWSwiftUI_MultiDatePicker/Sources/WWSwiftUI_MultiDatePicker/Utility/MultiDatePickerView.swift (in target 'WWSwiftUI_MultiDatePicker' from project 'WWSwiftUI_MultiDatePicker')
cd /Users/admin/builder/spi-builder-workspace/.swiftpm/xcode
builtin-SwiftPerFileCompile MultiDatePickerView.swift
SwiftCompile normal arm64 Compiling\ WWSwiftUI.swift /Users/admin/builder/spi-builder-workspace/.dependencies/checkouts/WWSwiftUI_MultiDatePicker/Sources/WWSwiftUI_MultiDatePicker/WWSwiftUI.swift (in target 'WWSwiftUI_MultiDatePicker' from project 'WWSwiftUI_MultiDatePicker')
SwiftCompile normal arm64 /Users/admin/builder/spi-builder-workspace/.dependencies/checkouts/WWSwiftUI_MultiDatePicker/Sources/WWSwiftUI_MultiDatePicker/WWSwiftUI.swift (in target 'WWSwiftUI_MultiDatePicker' from project 'WWSwiftUI_MultiDatePicker')
cd /Users/admin/builder/spi-builder-workspace/.swiftpm/xcode
builtin-SwiftPerFileCompile WWSwiftUI.swift
SwiftCompile normal arm64 Compiling\ Extension.swift /Users/admin/builder/spi-builder-workspace/.dependencies/checkouts/WWSwiftUI_MultiDatePicker/Sources/WWSwiftUI_MultiDatePicker/Utility/Extension.swift (in target 'WWSwiftUI_MultiDatePicker' from project 'WWSwiftUI_MultiDatePicker')
SwiftCompile normal arm64 /Users/admin/builder/spi-builder-workspace/.dependencies/checkouts/WWSwiftUI_MultiDatePicker/Sources/WWSwiftUI_MultiDatePicker/Utility/Extension.swift (in target 'WWSwiftUI_MultiDatePicker' from project 'WWSwiftUI_MultiDatePicker')
cd /Users/admin/builder/spi-builder-workspace/.swiftpm/xcode
builtin-SwiftPerFileCompile Extension.swift
SwiftCompile normal arm64 Compiling\ Constant.swift /Users/admin/builder/spi-builder-workspace/.dependencies/checkouts/WWSwiftUI_MultiDatePicker/Sources/WWSwiftUI_MultiDatePicker/Utility/Constant.swift (in target 'WWSwiftUI_MultiDatePicker' from project 'WWSwiftUI_MultiDatePicker')
SwiftCompile normal arm64 /Users/admin/builder/spi-builder-workspace/.dependencies/checkouts/WWSwiftUI_MultiDatePicker/Sources/WWSwiftUI_MultiDatePicker/Utility/Constant.swift (in target 'WWSwiftUI_MultiDatePicker' from project 'WWSwiftUI_MultiDatePicker')
cd /Users/admin/builder/spi-builder-workspace/.swiftpm/xcode
builtin-SwiftPerFileCompile Constant.swift
SwiftCompile normal arm64 Compiling\ resource_bundle_accessor.swift /Users/admin/builder/spi-builder-workspace/.derivedData/Build/Intermediates.noindex/WWSwiftUI_MultiDatePicker.build/Debug-appletvos/WWSwiftUI_MultiDatePicker-t.build/DerivedSources/resource_bundle_accessor.swift (in target 'WWSwiftUI_MultiDatePicker' from project 'WWSwiftUI_MultiDatePicker')
SwiftCompile normal arm64 /Users/admin/builder/spi-builder-workspace/.derivedData/Build/Intermediates.noindex/WWSwiftUI_MultiDatePicker.build/Debug-appletvos/WWSwiftUI_MultiDatePicker-t.build/DerivedSources/resource_bundle_accessor.swift (in target 'WWSwiftUI_MultiDatePicker' from project 'WWSwiftUI_MultiDatePicker')
cd /Users/admin/builder/spi-builder-workspace/.swiftpm/xcode
builtin-SwiftPerFileCompile resource_bundle_accessor.swift
SwiftCompile normal arm64 Compiling\ MultiDatePicker.swift /Users/admin/builder/spi-builder-workspace/.dependencies/checkouts/WWSwiftUI_MultiDatePicker/Sources/WWSwiftUI_MultiDatePicker/MultiDatePicker.swift (in target 'WWSwiftUI_MultiDatePicker' from project 'WWSwiftUI_MultiDatePicker')
SwiftCompile normal arm64 /Users/admin/builder/spi-builder-workspace/.dependencies/checkouts/WWSwiftUI_MultiDatePicker/Sources/WWSwiftUI_MultiDatePicker/MultiDatePicker.swift (in target 'WWSwiftUI_MultiDatePicker' from project 'WWSwiftUI_MultiDatePicker')
cd /Users/admin/builder/spi-builder-workspace/.swiftpm/xcode
builtin-SwiftPerFileCompile MultiDatePicker.swift
SwiftDriverJobDiscovery normal arm64 Emitting module for WWSwiftUI_MultiDatePicker (in target 'WWSwiftUI_MultiDatePicker' from project 'WWSwiftUI_MultiDatePicker')
SwiftDriver\ Compilation\ Requirements WWSwiftUI_MultiDatePicker normal arm64 com.apple.xcode.tools.swift.compiler (in target 'WWSwiftUI_MultiDatePicker' from project 'WWSwiftUI_MultiDatePicker')
cd /Users/admin/builder/spi-builder-workspace/.swiftpm/xcode
builtin-Swift-Compilation-Requirements -- /Applications/Xcode-27.0.0-Release.Candidate.app/Contents/Developer/Toolchains/XcodeDefault.xctoolchain/usr/bin/swiftc -parse-as-library -module-name WWSwiftUI_MultiDatePicker -Onone @/Users/admin/builder/spi-builder-workspace/.derivedData/Build/Intermediates.noindex/WWSwiftUI_MultiDatePicker.build/Debug-appletvos/WWSwiftUI_MultiDatePicker-t.build/Objects-normal/arm64/WWSwiftUI_MultiDatePicker.SwiftFileList -DSWIFT_PACKAGE -DDEBUG -DSWIFT_MODULE_RESOURCE_BUNDLE_AVAILABLE -DXcode -plugin-path /Applications/Xcode-27.0.0-Release.Candidate.app/Contents/Developer/Toolchains/XcodeDefault.xctoolchain/usr/lib/swift/host/plugins/testing -enable-experimental-feature DebugDescriptionMacro -sdk /Applications/Xcode-27.0.0-Release.Candidate.app/Contents/Developer/Platforms/AppleTVOS.platform/Developer/SDKs/AppleTVOS27.0.sdk -target arm64-apple-tvos16.0 -g -module-cache-path /Users/admin/builder/spi-builder-workspace/.derivedData/ModuleCache.noindex -Xfrontend -serialize-debugging-options -enable-testing -suppress-warnings -index-store-path /Users/admin/builder/spi-builder-workspace/.derivedData/Index.noindex/DataStore -Xcc -D_LIBCPP_HARDENING_MODE\=_LIBCPP_HARDENING_MODE_DEBUG -swift-version 5 -I /Users/admin/builder/spi-builder-workspace/.derivedData/Build/Products/Debug-appletvos -Isystem /Applications/Xcode-27.0.0-Release.Candidate.app/Contents/Developer/Platforms/AppleTVOS.platform/Developer/usr/lib -F /Users/admin/builder/spi-builder-workspace/.derivedData/Build/Products/Debug-appletvos -F /Applications/Xcode-27.0.0-Release.Candidate.app/Contents/Developer/Platforms/AppleTVOS.platform/Developer/Library/Frameworks -F /Applications/Xcode-27.0.0-Release.Candidate.app/Contents/Developer/Platforms/AppleTVOS.platform/Developer/SDKs/AppleTVOS27.0.sdk/Developer/Library/Frameworks -c -j10 -enable-batch-mode -incremental -Xcc -ivfsstatcache -Xcc /Users/admin/builder/spi-builder-workspace/.derivedData/SDKStatCaches.noindex/appletvos27.0-24J360-e829b21a6f8c9b70876ba0858053c044b32bfd8d43560033f8d89884cdb90028.sdkstatcache -output-file-map /Users/admin/builder/spi-builder-workspace/.derivedData/Build/Intermediates.noindex/WWSwiftUI_MultiDatePicker.build/Debug-appletvos/WWSwiftUI_MultiDatePicker-t.build/Objects-normal/arm64/WWSwiftUI_MultiDatePicker-OutputFileMap.json -save-temps -no-color-diagnostics -explicit-module-build -module-cache-path /Users/admin/builder/spi-builder-workspace/.derivedData/Build/Intermediates.noindex/SwiftExplicitPrecompiledModules -clang-scanner-module-cache-path /Users/admin/builder/spi-builder-workspace/.derivedData/ModuleCache.noindex -sdk-module-cache-path /Users/admin/builder/spi-builder-workspace/.derivedData/SDKExplicitPrecompiledModules -emit-dependencies -emit-module -emit-module-path /Users/admin/builder/spi-builder-workspace/.derivedData/Build/Intermediates.noindex/WWSwiftUI_MultiDatePicker.build/Debug-appletvos/WWSwiftUI_MultiDatePicker-t.build/Objects-normal/arm64/WWSwiftUI_MultiDatePicker.swiftmodule -serialize-diagnostics -dependency-scan-serialize-diagnostics-path /Users/admin/builder/spi-builder-workspace/.derivedData/Build/Intermediates.noindex/WWSwiftUI_MultiDatePicker.build/Debug-appletvos/WWSwiftUI_MultiDatePicker-t.build/Objects-normal/arm64/WWSwiftUI_MultiDatePicker-dependency-scan.dia -validate-clang-modules-once -clang-build-session-file /Users/admin/builder/spi-builder-workspace/.derivedData/ModuleCache.noindex/Session.modulevalidation -Xcc -fmodules-prune-interval\=86400 -Xcc -fmodules-prune-after\=345600 -emit-const-values -const-gather-protocols-list /Users/admin/builder/spi-builder-workspace/.derivedData/Build/Intermediates.noindex/WWSwiftUI_MultiDatePicker.build/Debug-appletvos/WWSwiftUI_MultiDatePicker-t.build/Objects-normal/arm64/WWSwiftUI_MultiDatePicker_const_extract_protocols.json -Xcc -I/Users/admin/builder/spi-builder-workspace/.derivedData/Build/Products/Debug-appletvos/include -Xcc -I/Users/admin/builder/spi-builder-workspace/.derivedData/Build/Intermediates.noindex/WWSwiftUI_MultiDatePicker.build/Debug-appletvos/WWSwiftUI_MultiDatePicker-t.build/DerivedSources-normal/arm64 -Xcc -I/Users/admin/builder/spi-builder-workspace/.derivedData/Build/Intermediates.noindex/WWSwiftUI_MultiDatePicker.build/Debug-appletvos/WWSwiftUI_MultiDatePicker-t.build/DerivedSources/arm64 -Xcc -I/Users/admin/builder/spi-builder-workspace/.derivedData/Build/Intermediates.noindex/WWSwiftUI_MultiDatePicker.build/Debug-appletvos/WWSwiftUI_MultiDatePicker-t.build/DerivedSources -Xcc -DSWIFT_PACKAGE -Xcc -DDEBUG\=1 -emit-objc-header -emit-objc-header-path /Users/admin/builder/spi-builder-workspace/.derivedData/Build/Intermediates.noindex/WWSwiftUI_MultiDatePicker.build/Debug-appletvos/WWSwiftUI_MultiDatePicker-t.build/Objects-normal/arm64/WWSwiftUI_MultiDatePicker-Swift.h -working-directory /Users/admin/builder/spi-builder-workspace/.swiftpm/xcode -experimental-emit-module-separately -disable-cmo
SwiftMergeGeneratedHeaders /Users/admin/builder/spi-builder-workspace/.derivedData/Build/Intermediates.noindex/GeneratedModuleMaps-appletvos/WWSwiftUI_MultiDatePicker-Swift.h /Users/admin/builder/spi-builder-workspace/.derivedData/Build/Intermediates.noindex/WWSwiftUI_MultiDatePicker.build/Debug-appletvos/WWSwiftUI_MultiDatePicker-t.build/Objects-normal/arm64/WWSwiftUI_MultiDatePicker-Swift.h (in target 'WWSwiftUI_MultiDatePicker' from project 'WWSwiftUI_MultiDatePicker')
cd /Users/admin/builder/spi-builder-workspace/.dependencies/checkouts/WWSwiftUI_MultiDatePicker
builtin-swiftHeaderTool -arch arm64 /Users/admin/builder/spi-builder-workspace/.derivedData/Build/Intermediates.noindex/WWSwiftUI_MultiDatePicker.build/Debug-appletvos/WWSwiftUI_MultiDatePicker-t.build/Objects-normal/arm64/WWSwiftUI_MultiDatePicker-Swift.h -o /Users/admin/builder/spi-builder-workspace/.derivedData/Build/Intermediates.noindex/GeneratedModuleMaps-appletvos/WWSwiftUI_MultiDatePicker-Swift.h
Copy /Users/admin/builder/spi-builder-workspace/.derivedData/Build/Products/Debug-appletvos/WWSwiftUI_MultiDatePicker.swiftmodule/arm64-apple-tvos.swiftmodule /Users/admin/builder/spi-builder-workspace/.derivedData/Build/Intermediates.noindex/WWSwiftUI_MultiDatePicker.build/Debug-appletvos/WWSwiftUI_MultiDatePicker-t.build/Objects-normal/arm64/WWSwiftUI_MultiDatePicker.swiftmodule (in target 'WWSwiftUI_MultiDatePicker' from project 'WWSwiftUI_MultiDatePicker')
cd /Users/admin/builder/spi-builder-workspace/.dependencies/checkouts/WWSwiftUI_MultiDatePicker
builtin-copy -exclude .DS_Store -exclude CVS -exclude .svn -exclude .git -exclude .hg -resolve-src-symlinks -rename /Users/admin/builder/spi-builder-workspace/.derivedData/Build/Intermediates.noindex/WWSwiftUI_MultiDatePicker.build/Debug-appletvos/WWSwiftUI_MultiDatePicker-t.build/Objects-normal/arm64/WWSwiftUI_MultiDatePicker.swiftmodule /Users/admin/builder/spi-builder-workspace/.derivedData/Build/Products/Debug-appletvos/WWSwiftUI_MultiDatePicker.swiftmodule/arm64-apple-tvos.swiftmodule
Copy /Users/admin/builder/spi-builder-workspace/.derivedData/Build/Products/Debug-appletvos/WWSwiftUI_MultiDatePicker.swiftmodule/arm64-apple-tvos.swiftdoc /Users/admin/builder/spi-builder-workspace/.derivedData/Build/Intermediates.noindex/WWSwiftUI_MultiDatePicker.build/Debug-appletvos/WWSwiftUI_MultiDatePicker-t.build/Objects-normal/arm64/WWSwiftUI_MultiDatePicker.swiftdoc (in target 'WWSwiftUI_MultiDatePicker' from project 'WWSwiftUI_MultiDatePicker')
cd /Users/admin/builder/spi-builder-workspace/.dependencies/checkouts/WWSwiftUI_MultiDatePicker
builtin-copy -exclude .DS_Store -exclude CVS -exclude .svn -exclude .git -exclude .hg -resolve-src-symlinks -rename /Users/admin/builder/spi-builder-workspace/.derivedData/Build/Intermediates.noindex/WWSwiftUI_MultiDatePicker.build/Debug-appletvos/WWSwiftUI_MultiDatePicker-t.build/Objects-normal/arm64/WWSwiftUI_MultiDatePicker.swiftdoc /Users/admin/builder/spi-builder-workspace/.derivedData/Build/Products/Debug-appletvos/WWSwiftUI_MultiDatePicker.swiftmodule/arm64-apple-tvos.swiftdoc
Copy /Users/admin/builder/spi-builder-workspace/.derivedData/Build/Products/Debug-appletvos/WWSwiftUI_MultiDatePicker.swiftmodule/arm64-apple-tvos.abi.json /Users/admin/builder/spi-builder-workspace/.derivedData/Build/Intermediates.noindex/WWSwiftUI_MultiDatePicker.build/Debug-appletvos/WWSwiftUI_MultiDatePicker-t.build/Objects-normal/arm64/WWSwiftUI_MultiDatePicker.abi.json (in target 'WWSwiftUI_MultiDatePicker' from project 'WWSwiftUI_MultiDatePicker')
cd /Users/admin/builder/spi-builder-workspace/.dependencies/checkouts/WWSwiftUI_MultiDatePicker
builtin-copy -exclude .DS_Store -exclude CVS -exclude .svn -exclude .git -exclude .hg -resolve-src-symlinks -rename /Users/admin/builder/spi-builder-workspace/.derivedData/Build/Intermediates.noindex/WWSwiftUI_MultiDatePicker.build/Debug-appletvos/WWSwiftUI_MultiDatePicker-t.build/Objects-normal/arm64/WWSwiftUI_MultiDatePicker.abi.json /Users/admin/builder/spi-builder-workspace/.derivedData/Build/Products/Debug-appletvos/WWSwiftUI_MultiDatePicker.swiftmodule/arm64-apple-tvos.abi.json
Copy /Users/admin/builder/spi-builder-workspace/.derivedData/Build/Products/Debug-appletvos/WWSwiftUI_MultiDatePicker.swiftmodule/Project/arm64-apple-tvos.swiftsourceinfo /Users/admin/builder/spi-builder-workspace/.derivedData/Build/Intermediates.noindex/WWSwiftUI_MultiDatePicker.build/Debug-appletvos/WWSwiftUI_MultiDatePicker-t.build/Objects-normal/arm64/WWSwiftUI_MultiDatePicker.swiftsourceinfo (in target 'WWSwiftUI_MultiDatePicker' from project 'WWSwiftUI_MultiDatePicker')
cd /Users/admin/builder/spi-builder-workspace/.dependencies/checkouts/WWSwiftUI_MultiDatePicker
builtin-copy -exclude .DS_Store -exclude CVS -exclude .svn -exclude .git -exclude .hg -resolve-src-symlinks -rename /Users/admin/builder/spi-builder-workspace/.derivedData/Build/Intermediates.noindex/WWSwiftUI_MultiDatePicker.build/Debug-appletvos/WWSwiftUI_MultiDatePicker-t.build/Objects-normal/arm64/WWSwiftUI_MultiDatePicker.swiftsourceinfo /Users/admin/builder/spi-builder-workspace/.derivedData/Build/Products/Debug-appletvos/WWSwiftUI_MultiDatePicker.swiftmodule/Project/arm64-apple-tvos.swiftsourceinfo
SwiftDriver WWSwiftUI_Charts normal arm64 com.apple.xcode.tools.swift.compiler (in target 'WWSwiftUI_Charts' from project 'WWSwiftUI_Charts')
cd /Users/admin/builder/spi-builder-workspace/.swiftpm/xcode
builtin-SwiftDriver -- /Applications/Xcode-27.0.0-Release.Candidate.app/Contents/Developer/Toolchains/XcodeDefault.xctoolchain/usr/bin/swiftc -parse-as-library -module-name WWSwiftUI_Charts -Onone @/Users/admin/builder/spi-builder-workspace/.derivedData/Build/Intermediates.noindex/WWSwiftUI_Charts.build/Debug-appletvos/WWSwiftUI_Charts-t.build/Objects-normal/arm64/WWSwiftUI_Charts.SwiftFileList -DSWIFT_PACKAGE -DDEBUG -DSWIFT_MODULE_RESOURCE_BUNDLE_AVAILABLE -DXcode -plugin-path /Applications/Xcode-27.0.0-Release.Candidate.app/Contents/Developer/Toolchains/XcodeDefault.xctoolchain/usr/lib/swift/host/plugins/testing -enable-experimental-feature DebugDescriptionMacro -sdk /Applications/Xcode-27.0.0-Release.Candidate.app/Contents/Developer/Platforms/AppleTVOS.platform/Developer/SDKs/AppleTVOS27.0.sdk -target arm64-apple-tvos16.0 -g -module-cache-path /Users/admin/builder/spi-builder-workspace/.derivedData/ModuleCache.noindex -Xfrontend -serialize-debugging-options -enable-testing -index-store-path /Users/admin/builder/spi-builder-workspace/.derivedData/Index.noindex/DataStore -Xcc -D_LIBCPP_HARDENING_MODE\=_LIBCPP_HARDENING_MODE_DEBUG -swift-version 5 -I /Users/admin/builder/spi-builder-workspace/.derivedData/Build/Products/Debug-appletvos -Isystem /Applications/Xcode-27.0.0-Release.Candidate.app/Contents/Developer/Platforms/AppleTVOS.platform/Developer/usr/lib -F /Users/admin/builder/spi-builder-workspace/.derivedData/Build/Products/Debug-appletvos/PackageFrameworks -F /Users/admin/builder/spi-builder-workspace/.derivedData/Build/Products/Debug-appletvos -F /Applications/Xcode-27.0.0-Release.Candidate.app/Contents/Developer/Platforms/AppleTVOS.platform/Developer/Library/Frameworks -F /Applications/Xcode-27.0.0-Release.Candidate.app/Contents/Developer/Platforms/AppleTVOS.platform/Developer/SDKs/AppleTVOS27.0.sdk/Developer/Library/Frameworks -c -j10 -enable-batch-mode -incremental -Xcc -ivfsstatcache -Xcc /Users/admin/builder/spi-builder-workspace/.derivedData/SDKStatCaches.noindex/appletvos27.0-24J360-e829b21a6f8c9b70876ba0858053c044b32bfd8d43560033f8d89884cdb90028.sdkstatcache -output-file-map /Users/admin/builder/spi-builder-workspace/.derivedData/Build/Intermediates.noindex/WWSwiftUI_Charts.build/Debug-appletvos/WWSwiftUI_Charts-t.build/Objects-normal/arm64/WWSwiftUI_Charts-OutputFileMap.json -save-temps -no-color-diagnostics -explicit-module-build -module-cache-path /Users/admin/builder/spi-builder-workspace/.derivedData/Build/Intermediates.noindex/SwiftExplicitPrecompiledModules -clang-scanner-module-cache-path /Users/admin/builder/spi-builder-workspace/.derivedData/ModuleCache.noindex -sdk-module-cache-path /Users/admin/builder/spi-builder-workspace/.derivedData/SDKExplicitPrecompiledModules -emit-dependencies -emit-module -emit-module-path /Users/admin/builder/spi-builder-workspace/.derivedData/Build/Intermediates.noindex/WWSwiftUI_Charts.build/Debug-appletvos/WWSwiftUI_Charts-t.build/Objects-normal/arm64/WWSwiftUI_Charts.swiftmodule -serialize-diagnostics -dependency-scan-serialize-diagnostics-path /Users/admin/builder/spi-builder-workspace/.derivedData/Build/Intermediates.noindex/WWSwiftUI_Charts.build/Debug-appletvos/WWSwiftUI_Charts-t.build/Objects-normal/arm64/WWSwiftUI_Charts-dependency-scan.dia -validate-clang-modules-once -clang-build-session-file /Users/admin/builder/spi-builder-workspace/.derivedData/ModuleCache.noindex/Session.modulevalidation -Xcc -fmodules-prune-interval\=86400 -Xcc -fmodules-prune-after\=345600 -emit-const-values -const-gather-protocols-list /Users/admin/builder/spi-builder-workspace/.derivedData/Build/Intermediates.noindex/WWSwiftUI_Charts.build/Debug-appletvos/WWSwiftUI_Charts-t.build/Objects-normal/arm64/WWSwiftUI_Charts_const_extract_protocols.json -Xcc -I/Users/admin/builder/spi-builder-workspace/.derivedData/Build/Products/Debug-appletvos/include -Xcc -I/Users/admin/builder/spi-builder-workspace/.derivedData/Build/Intermediates.noindex/WWSwiftUI_Charts.build/Debug-appletvos/WWSwiftUI_Charts-t.build/DerivedSources-normal/arm64 -Xcc -I/Users/admin/builder/spi-builder-workspace/.derivedData/Build/Intermediates.noindex/WWSwiftUI_Charts.build/Debug-appletvos/WWSwiftUI_Charts-t.build/DerivedSources/arm64 -Xcc -I/Users/admin/builder/spi-builder-workspace/.derivedData/Build/Intermediates.noindex/WWSwiftUI_Charts.build/Debug-appletvos/WWSwiftUI_Charts-t.build/DerivedSources -Xcc -DSWIFT_PACKAGE -Xcc -DDEBUG\=1 -emit-objc-header -emit-objc-header-path /Users/admin/builder/spi-builder-workspace/.derivedData/Build/Intermediates.noindex/WWSwiftUI_Charts.build/Debug-appletvos/WWSwiftUI_Charts-t.build/Objects-normal/arm64/WWSwiftUI_Charts-Swift.h -working-directory /Users/admin/builder/spi-builder-workspace/.swiftpm/xcode -experimental-emit-module-separately -disable-cmo
/Users/admin/builder/spi-builder-workspace/Sources/WWSwiftUI_Charts/Utility/Model.swift:10:8: warning: File 'Model.swift' is part of module 'WWSwiftUI_Charts'; ignoring import (in target 'WWSwiftUI_Charts' from project 'WWSwiftUI_Charts')
/Users/admin/builder/spi-builder-workspace/Sources/WWSwiftUI_Charts/Utility/Utility.swift:12:8: warning: File 'Utility.swift' is part of module 'WWSwiftUI_Charts'; ignoring import (in target 'WWSwiftUI_Charts' from project 'WWSwiftUI_Charts')
SwiftEmitModule normal arm64 Emitting\ module\ for\ WWSwiftUI_Charts (in target 'WWSwiftUI_Charts' from project 'WWSwiftUI_Charts')
/Users/admin/builder/spi-builder-workspace/Sources/WWSwiftUI_Charts/Utility/Model.swift:10:8: warning: file 'Model.swift' is part of module 'WWSwiftUI_Charts'; ignoring import [#ModuleSelfImport]
8 | import SwiftUI
9 | import WWSwiftUI_MultiDatePicker
10 | import WWSwiftUI_Charts
| `- warning: file 'Model.swift' is part of module 'WWSwiftUI_Charts'; ignoring import [#ModuleSelfImport]
11 | import Charts
12 |
/Users/admin/builder/spi-builder-workspace/Sources/WWSwiftUI_Charts/Utility/Utility.swift:12:8: warning: file 'Utility.swift' is part of module 'WWSwiftUI_Charts'; ignoring import [#ModuleSelfImport]
10 | import Charts
11 | import WWSwiftUI_MultiDatePicker
12 | import WWSwiftUI_Charts
| `- warning: file 'Utility.swift' is part of module 'WWSwiftUI_Charts'; ignoring import [#ModuleSelfImport]
13 |
14 | // MARK: - 共用工具
/Users/admin/builder/spi-builder-workspace/Sources/WWSwiftUI_Charts/BarMark.swift:32:21: warning: generic parameter 'T' shadows generic parameter from outer scope with the same name; this is an error in the Swift 6 language mode
14 | public extension WWSwiftUI {
15 |
16 | class BarMark<T: BarMarkValueProtocol>: WWSwiftUI.`Protocol` {
| `- note: 'T' previously declared here
17 |
18 | public let hostingController: UIHostingController<AnyView>
:
30 | /// - useAnnotation: 是否顯示數值文字
31 | /// - orientation: 方向 (水平 / 垂直)
32 | public init<T>(model: BarMarkViewModel<T>, barWidth: MarkDimension = .automatic, barColors: [Color] = [], useAnnotation: Bool = false, orientation: NSLayoutConstraint.Axis = .vertical) {
| `- warning: generic parameter 'T' shadows generic parameter from outer scope with the same name; this is an error in the Swift 6 language mode
33 |
34 | let rootView = WWSwiftUI.BarMarkView(model: model, viewDelegateModel: viewDelegateModel, barWidth: barWidth, barColors: barColors, useAnnotation: useAnnotation, orientation: orientation)
/Users/admin/builder/spi-builder-workspace/Sources/WWSwiftUI_Charts/BarMark.swift:79:22: warning: generic parameter 'T' shadows generic parameter from outer scope with the same name; this is an error in the Swift 6 language mode
14 | public extension WWSwiftUI {
15 |
16 | class BarMark<T: BarMarkValueProtocol>: WWSwiftUI.`Protocol` {
| `- note: 'T' previously declared here
17 |
18 | public let hostingController: UIHostingController<AnyView>
:
77 | extension WWSwiftUI.BarMark: WWSwiftUI.BarMarkViewDelegate {
78 |
79 | func barMarkView<T: WWSwiftUI.BarMarkValueProtocol>(_ barMarkView: WWSwiftUI.BarMarkView<T>, proxy: ChartProxy, didSelected location: CGPoint) {
| `- warning: generic parameter 'T' shadows generic parameter from outer scope with the same name; this is an error in the Swift 6 language mode
80 | delegate?.barMark(self, proxy: proxy, didSelected: location)
81 | }
/Users/admin/builder/spi-builder-workspace/Sources/WWSwiftUI_Charts/LineMark.swift:33:21: warning: generic parameter 'T' shadows generic parameter from outer scope with the same name; this is an error in the Swift 6 language mode
14 | public extension WWSwiftUI {
15 |
16 | class LineMark<T: LineMarkDataProtocol>: WWSwiftUI.`Protocol` {
| `- note: 'T' previously declared here
17 |
18 | public let hostingController: UIHostingController<AnyView>
:
31 | /// - orientation: 方向 (水平 / 垂直)
32 | /// - interpolationMethod: 設定曲線插值選項 (產生平滑曲線效果)
33 | public init<T>(model: LineMarkViewModel<T>, lineWidth: CGFloat = 1, lineColors: [Color] = [], useAnnotation: Bool = false, unit: Calendar.Component = .day, orientation: NSLayoutConstraint.Axis = .vertical, interpolationMethod: InterpolationMethod = .linear) {
| `- warning: generic parameter 'T' shadows generic parameter from outer scope with the same name; this is an error in the Swift 6 language mode
34 |
35 | let rootView = WWSwiftUI.LineMarkView(model: model, viewDelegateModel: viewDelegateModel, lineWidth: lineWidth, lineColors: lineColors, useAnnotation: useAnnotation, unit: unit, orientation: orientation)
/Users/admin/builder/spi-builder-workspace/Sources/WWSwiftUI_Charts/LineMark.swift:81:23: warning: generic parameter 'T' shadows generic parameter from outer scope with the same name; this is an error in the Swift 6 language mode
14 | public extension WWSwiftUI {
15 |
16 | class LineMark<T: LineMarkDataProtocol>: WWSwiftUI.`Protocol` {
| `- note: 'T' previously declared here
17 |
18 | public let hostingController: UIHostingController<AnyView>
:
79 | extension WWSwiftUI.LineMark: WWSwiftUI.LineMarkViewDelegate {
80 |
81 | func lineMarkView<T: WWSwiftUI.LineMarkDataProtocol>(_ lineMarkView: WWSwiftUI.LineMarkView<T>, proxy: ChartProxy, didSelected location: CGPoint) {
| `- warning: generic parameter 'T' shadows generic parameter from outer scope with the same name; this is an error in the Swift 6 language mode
82 | delegate?.lineMark(self, proxy: proxy, didSelected: location)
83 | }
/Users/admin/builder/spi-builder-workspace/Sources/WWSwiftUI_Charts/PointMark.swift:32:21: warning: generic parameter 'T' shadows generic parameter from outer scope with the same name; this is an error in the Swift 6 language mode
14 | public extension WWSwiftUI {
15 |
16 | class PointMark<T: PointMarkValueProtocol>: WWSwiftUI.`Protocol` {
| `- note: 'T' previously declared here
17 |
18 | public let hostingController: UIHostingController<AnyView>
:
30 | /// - useAnnotation: 是否顯示數值文字
31 | /// - displayMode: 顯示模式
32 | public init<T>(model: PointMarkViewModel<T>, symbolSize: CGFloat = 100, pointColors: [Color] = [], useAnnotation: Bool = false, displayMode: WWSwiftUI.PointMarkDisplayMode = .full) {
| `- warning: generic parameter 'T' shadows generic parameter from outer scope with the same name; this is an error in the Swift 6 language mode
33 |
34 | let rootView = WWSwiftUI.PointMarkView(model: model, viewDelegateModel: viewDelegateModel, symbolSize: symbolSize, pointColors: pointColors, useAnnotation: useAnnotation)
/Users/admin/builder/spi-builder-workspace/Sources/WWSwiftUI_Charts/PointMark.swift:81:24: warning: generic parameter 'T' shadows generic parameter from outer scope with the same name; this is an error in the Swift 6 language mode
14 | public extension WWSwiftUI {
15 |
16 | class PointMark<T: PointMarkValueProtocol>: WWSwiftUI.`Protocol` {
| `- note: 'T' previously declared here
17 |
18 | public let hostingController: UIHostingController<AnyView>
:
79 | extension WWSwiftUI.PointMark: WWSwiftUI.PointMarkViewDelegate {
80 |
81 | func pointMarkView<T: WWSwiftUI.PointMarkValueProtocol>(_ pointMarkView: WWSwiftUI.PointMarkView<T>, proxy: ChartProxy, didSelected location: CGPoint) {
| `- warning: generic parameter 'T' shadows generic parameter from outer scope with the same name; this is an error in the Swift 6 language mode
82 | delegate?.pointMark(self, proxy: proxy, didSelected: location)
83 | }
/Users/admin/builder/spi-builder-workspace/Sources/WWSwiftUI_Charts/SwiftUI/BarMarkView.swift:86:23: warning: generic parameter 'T' shadows generic parameter from outer scope with the same name; this is an error in the Swift 6 language mode
13 | public extension WWSwiftUI {
14 |
15 | struct BarMarkView<T: BarMarkValueProtocol>: View {
| `- note: 'T' previously declared here
16 |
17 | @ObservedObject var model: BarMarkViewModel<T>
:
84 | /// - orientation: 方向 (水平 / 垂直)
85 | /// - Returns: BarMark
86 | func barMarkMaker<T: WWSwiftUI.BarMarkValueProtocol>(item: T, progress: Double, orientation: NSLayoutConstraint.Axis) -> BarMark {
| `- warning: generic parameter 'T' shadows generic parameter from outer scope with the same name; this is an error in the Swift 6 language mode
87 |
88 | let value = item.value._animatedValue(progress: progress)
/Users/admin/builder/spi-builder-workspace/Sources/WWSwiftUI_Charts/SwiftUI/LineMarkView.swift:100:24: warning: generic parameter 'T' shadows generic parameter from outer scope with the same name; this is an error in the Swift 6 language mode
13 | public extension WWSwiftUI {
14 |
15 | struct LineMarkView<T: LineMarkDataProtocol>: View {
| `- note: 'T' previously declared here
16 |
17 | @ObservedObject var model: LineMarkViewModel<T>
:
98 | /// - unit: 日期單位
99 | /// - Returns: BarMark
100 | func lineMarkMaker<T: WWSwiftUI.LineMarkValueProtocol>(item: T, progress: Double, orientation: NSLayoutConstraint.Axis, unit: Calendar.Component) -> LineMark {
| `- warning: generic parameter 'T' shadows generic parameter from outer scope with the same name; this is an error in the Swift 6 language mode
101 |
102 | let value = item.value._animatedValue(progress: progress)
/Users/admin/builder/spi-builder-workspace/Sources/WWSwiftUI_Charts/SwiftUI/LineMarkView.swift:117:25: warning: generic parameter 'T' shadows generic parameter from outer scope with the same name; this is an error in the Swift 6 language mode
13 | public extension WWSwiftUI {
14 |
15 | struct LineMarkView<T: LineMarkDataProtocol>: View {
| `- note: 'T' previously declared here
16 |
17 | @ObservedObject var model: LineMarkViewModel<T>
:
115 | /// - unit: 日期單位
116 | /// - Returns: some ChartContent
117 | func pointMarkMaker<T: WWSwiftUI.LineMarkValueProtocol>(item: T, progress: Double, orientation: NSLayoutConstraint.Axis, unit: Calendar.Component) -> some ChartContent {
| `- warning: generic parameter 'T' shadows generic parameter from outer scope with the same name; this is an error in the Swift 6 language mode
118 |
119 | let pointMark: PointMark
/Users/admin/builder/spi-builder-workspace/Sources/WWSwiftUI_Charts/SwiftUI/PointMarkView.swift:82:25: warning: generic parameter 'T' shadows generic parameter from outer scope with the same name; this is an error in the Swift 6 language mode
13 | public extension WWSwiftUI {
14 |
15 | struct PointMarkView<T: PointMarkValueProtocol>: View {
| `- note: 'T' previously declared here
16 |
17 | @ObservedObject var model: PointMarkViewModel<T>
:
80 | /// - progress: 進度動畫 (0% ~ 100%)
81 | /// - Returns: BarMark
82 | func pointMarkMaker<T: WWSwiftUI.PointMarkValueProtocol>(point: T, progress: Double) -> PointMark {
| `- warning: generic parameter 'T' shadows generic parameter from outer scope with the same name; this is an error in the Swift 6 language mode
83 |
84 | let xValue = point.xValue._animatedValue(progress: progress)
/Users/admin/builder/spi-builder-workspace/Sources/WWSwiftUI_Charts/Utility/Constant.swift:10:8: error: module 'SwiftUICore' is an implementation detail of 'SwiftUI'; import 'SwiftUI' instead
8 | import Foundation
9 | import WWSwiftUI_MultiDatePicker
10 | import SwiftUICore
| `- error: module 'SwiftUICore' is an implementation detail of 'SwiftUI'; import 'SwiftUI' instead
11 |
12 | // MARK: - WWSwiftUI
/Users/admin/builder/spi-builder-workspace/Sources/WWSwiftUI_Charts/Utility/Model.swift:66:34: warning: use of protocol 'WWSwiftUI.BarMarkViewDelegate' as a type must be written 'any WWSwiftUI.BarMarkViewDelegate'; this will be an error in a future Swift language mode [#ExistentialAny]
64 | class BarMarkViewDelegateModel: BaseViewDelegateModel {
65 |
66 | @Published var delegate: BarMarkViewDelegate?
| `- warning: use of protocol 'WWSwiftUI.BarMarkViewDelegate' as a type must be written 'any WWSwiftUI.BarMarkViewDelegate'; this will be an error in a future Swift language mode [#ExistentialAny]
67 | @Published var maxScale: Int?
68 |
/Users/admin/builder/spi-builder-workspace/Sources/WWSwiftUI_Charts/Utility/Model.swift:71:38: warning: use of protocol 'WWSwiftUI.BarMarkViewDelegate' as a type must be written 'any WWSwiftUI.BarMarkViewDelegate'; this will be an error in a future Swift language mode [#ExistentialAny]
69 | /// 設定Delegate (觸發 @ObservedObject)
70 | /// - Parameter delegate: BarMarkViewDelegate?
71 | func setDelegate(_ delegate: BarMarkViewDelegate?) {
| `- warning: use of protocol 'WWSwiftUI.BarMarkViewDelegate' as a type must be written 'any WWSwiftUI.BarMarkViewDelegate'; this will be an error in a future Swift language mode [#ExistentialAny]
72 | self.delegate = delegate
73 | objectWillChange.send()
/Users/admin/builder/spi-builder-workspace/Sources/WWSwiftUI_Charts/Utility/Model.swift:93:34: warning: use of protocol 'WWSwiftUI.LineMarkViewDelegate' as a type must be written 'any WWSwiftUI.LineMarkViewDelegate'; this will be an error in a future Swift language mode [#ExistentialAny]
91 | class LineMarkViewDelegateModel: BaseViewDelegateModel {
92 |
93 | @Published var delegate: LineMarkViewDelegate?
| `- warning: use of protocol 'WWSwiftUI.LineMarkViewDelegate' as a type must be written 'any WWSwiftUI.LineMarkViewDelegate'; this will be an error in a future Swift language mode [#ExistentialAny]
94 | @Published var interpolationMethod: InterpolationMethod = .linear
95 | @Published var maxScale: Int?
/Users/admin/builder/spi-builder-workspace/Sources/WWSwiftUI_Charts/Utility/Model.swift:99:38: warning: use of protocol 'WWSwiftUI.LineMarkViewDelegate' as a type must be written 'any WWSwiftUI.LineMarkViewDelegate'; this will be an error in a future Swift language mode [#ExistentialAny]
97 | /// 設定Delegate (觸發 @ObservedObject)
98 | /// - Parameter delegate: LineMarkViewDelegate?
99 | func setDelegate(_ delegate: LineMarkViewDelegate?) {
| `- warning: use of protocol 'WWSwiftUI.LineMarkViewDelegate' as a type must be written 'any WWSwiftUI.LineMarkViewDelegate'; this will be an error in a future Swift language mode [#ExistentialAny]
100 | self.delegate = delegate
101 | objectWillChange.send()
/Users/admin/builder/spi-builder-workspace/Sources/WWSwiftUI_Charts/Utility/Model.swift:128:34: warning: use of protocol 'WWSwiftUI.PointMarkViewDelegate' as a type must be written 'any WWSwiftUI.PointMarkViewDelegate'; this will be an error in a future Swift language mode [#ExistentialAny]
126 | class PointMarkViewDelegateModel: BaseViewDelegateModel {
127 |
128 | @Published var delegate: PointMarkViewDelegate?
| `- warning: use of protocol 'WWSwiftUI.PointMarkViewDelegate' as a type must be written 'any WWSwiftUI.PointMarkViewDelegate'; this will be an error in a future Swift language mode [#ExistentialAny]
129 | @Published var displayMode: PointMarkDisplayMode = .full
130 | @Published var orientation: NSLayoutConstraint.Axis = .vertical
/Users/admin/builder/spi-builder-workspace/Sources/WWSwiftUI_Charts/Utility/Model.swift:135:38: warning: use of protocol 'WWSwiftUI.PointMarkViewDelegate' as a type must be written 'any WWSwiftUI.PointMarkViewDelegate'; this will be an error in a future Swift language mode [#ExistentialAny]
133 | /// 設定Delegate (觸發 @ObservedObject)
134 | /// - Parameter delegate: PointMarkViewDelegate?
135 | func setDelegate(_ delegate: PointMarkViewDelegate?) {
| `- warning: use of protocol 'WWSwiftUI.PointMarkViewDelegate' as a type must be written 'any WWSwiftUI.PointMarkViewDelegate'; this will be an error in a future Swift language mode [#ExistentialAny]
136 | self.delegate = delegate
137 | objectWillChange.send()
[#ExistentialAny]: <https://docs.swift.org/compiler/documentation/diagnostics/existential-any>
[#ModuleSelfImport]: <https://docs.swift.org/compiler/documentation/diagnostics/module-self-import>
Failed frontend command:
/Applications/Xcode-27.0.0-Release.Candidate.app/Contents/Developer/Toolchains/XcodeDefault.xctoolchain/usr/bin/swift-frontend -frontend -emit-module -experimental-skip-non-inlinable-function-bodies-without-types /Users/admin/builder/spi-builder-workspace/.derivedData/Build/Intermediates.noindex/WWSwiftUI_Charts.build/Debug-appletvos/WWSwiftUI_Charts-t.build/DerivedSources/resource_bundle_accessor.swift /Users/admin/builder/spi-builder-workspace/Sources/WWSwiftUI_Charts/BarMark.swift /Users/admin/builder/spi-builder-workspace/Sources/WWSwiftUI_Charts/LineMark.swift /Users/admin/builder/spi-builder-workspace/Sources/WWSwiftUI_Charts/PointMark.swift /Users/admin/builder/spi-builder-workspace/Sources/WWSwiftUI_Charts/SwiftUI/BarMarkView.swift /Users/admin/builder/spi-builder-workspace/Sources/WWSwiftUI_Charts/SwiftUI/LineMarkView.swift /Users/admin/builder/spi-builder-workspace/Sources/WWSwiftUI_Charts/SwiftUI/PointMarkView.swift /Users/admin/builder/spi-builder-workspace/Sources/WWSwiftUI_Charts/Utility/Constant.swift /Users/admin/builder/spi-builder-workspace/Sources/WWSwiftUI_Charts/Utility/Extension.swift /Users/admin/builder/spi-builder-workspace/Sources/WWSwiftUI_Charts/Utility/Model.swift /Users/admin/builder/spi-builder-workspace/Sources/WWSwiftUI_Charts/Utility/Modifier.swift /Users/admin/builder/spi-builder-workspace/Sources/WWSwiftUI_Charts/Utility/Protocol.swift /Users/admin/builder/spi-builder-workspace/Sources/WWSwiftUI_Charts/Utility/Utility.swift -target arm64-apple-tvos16.0 -disable-cross-import-overlay-search -load-resolved-plugin /Applications/Xcode-27.0.0-Release.Candidate.app/Contents/Developer/Platforms/AppleTVOS.platform/Developer/usr/lib/swift/host/plugins/libFoundationMacros.dylib\#/Applications/Xcode-27.0.0-Release.Candidate.app/Contents/Developer/Platforms/AppleTVOS.platform/Developer/usr/bin/swift-plugin-server\#FoundationMacros -load-resolved-plugin /Applications/Xcode-27.0.0-Release.Candidate.app/Contents/Developer/Platforms/AppleTVOS.platform/Developer/usr/lib/swift/host/plugins/libObservationMacros.dylib\#/Applications/Xcode-27.0.0-Release.Candidate.app/Contents/Developer/Platforms/AppleTVOS.platform/Developer/usr/bin/swift-plugin-server\#ObservationMacros -load-resolved-plugin /Applications/Xcode-27.0.0-Release.Candidate.app/Contents/Developer/Platforms/AppleTVOS.platform/Developer/usr/lib/swift/host/plugins/libPreviewsMacros.dylib\#/Applications/Xcode-27.0.0-Release.Candidate.app/Contents/Developer/Platforms/AppleTVOS.platform/Developer/usr/bin/swift-plugin-server\#PreviewsMacros -load-resolved-plugin /Applications/Xcode-27.0.0-Release.Candidate.app/Contents/Developer/Platforms/AppleTVOS.platform/Developer/usr/lib/swift/host/plugins/libSwiftMacros.dylib\#/Applications/Xcode-27.0.0-Release.Candidate.app/Contents/Developer/Platforms/AppleTVOS.platform/Developer/usr/bin/swift-plugin-server\#SwiftMacros -load-resolved-plugin /Applications/Xcode-27.0.0-Release.Candidate.app/Contents/Developer/Platforms/AppleTVOS.platform/Developer/usr/lib/swift/host/plugins/libSwiftUIMacros.dylib\#/Applications/Xcode-27.0.0-Release.Candidate.app/Contents/Developer/Platforms/AppleTVOS.platform/Developer/usr/bin/swift-plugin-server\#SwiftUIMacros -disable-implicit-swift-modules -Xcc -fno-implicit-modules -Xcc -fno-implicit-module-maps -explicit-swift-module-map-file /Users/admin/builder/spi-builder-workspace/.derivedData/Build/Intermediates.noindex/WWSwiftUI_Charts.build/Debug-appletvos/WWSwiftUI_Charts-t.build/Objects-normal/arm64/WWSwiftUI_Charts-dependencies-1.json -Xllvm -aarch64-use-tbi -enable-objc-interop -stack-check -sdk /Applications/Xcode-27.0.0-Release.Candidate.app/Contents/Developer/Platforms/AppleTVOS.platform/Developer/SDKs/AppleTVOS27.0.sdk -I /Users/admin/builder/spi-builder-workspace/.derivedData/Build/Products/Debug-appletvos -Isystem /Applications/Xcode-27.0.0-Release.Candidate.app/Contents/Developer/Platforms/AppleTVOS.platform/Developer/usr/lib -F /Users/admin/builder/spi-builder-workspace/.derivedData/Build/Products/Debug-appletvos/PackageFrameworks -F /Users/admin/builder/spi-builder-workspace/.derivedData/Build/Products/Debug-appletvos -F /Applications/Xcode-27.0.0-Release.Candidate.app/Contents/Developer/Platforms/AppleTVOS.platform/Developer/Library/Frameworks -F /Applications/Xcode-27.0.0-Release.Candidate.app/Contents/Developer/Platforms/AppleTVOS.platform/Developer/SDKs/AppleTVOS27.0.sdk/Developer/Library/Frameworks -module-cache-path /Users/admin/builder/spi-builder-workspace/.derivedData/Build/Intermediates.noindex/SwiftExplicitPrecompiledModules -no-color-diagnostics -Xcc -fno-color-diagnostics -enable-testing -g -debug-info-format\=dwarf -dwarf-version\=4 -swift-version 5 -Onone -D SWIFT_PACKAGE -D DEBUG -D SWIFT_MODULE_RESOURCE_BUNDLE_AVAILABLE -D Xcode -serialize-debugging-options -enable-experimental-feature DebugDescriptionMacro -empty-abi-descriptor -validate-clang-modules-once -clang-build-session-file /Users/admin/builder/spi-builder-workspace/.derivedData/ModuleCache.noindex/Session.modulevalidation -Xcc -working-directory -Xcc /Users/admin/builder/spi-builder-workspace/.swiftpm/xcode -enable-anonymous-context-mangled-names -file-compilation-dir /Users/admin/builder/spi-builder-workspace/.swiftpm/xcode -Xcc -D_LIBCPP_HARDENING_MODE\=_LIBCPP_HARDENING_MODE_DEBUG -Xcc -ivfsstatcache -Xcc /Users/admin/builder/spi-builder-workspace/.derivedData/SDKStatCaches.noindex/appletvos27.0-24J360-e829b21a6f8c9b70876ba0858053c044b32bfd8d43560033f8d89884cdb90028.sdkstatcache -Xcc -fmodules-prune-interval\=86400 -Xcc -fmodules-prune-after\=345600 -Xcc -I/Users/admin/builder/spi-builder-workspace/.derivedData/Build/Products/Debug-appletvos/include -Xcc -I/Users/admin/builder/spi-builder-workspace/.derivedData/Build/Intermediates.noindex/WWSwiftUI_Charts.build/Debug-appletvos/WWSwiftUI_Charts-t.build/DerivedSources-normal/arm64 -Xcc -I/Users/admin/builder/spi-builder-workspace/.derivedData/Build/Intermediates.noindex/WWSwiftUI_Charts.build/Debug-appletvos/WWSwiftUI_Charts-t.build/DerivedSources/arm64 -Xcc -I/Users/admin/builder/spi-builder-workspace/.derivedData/Build/Intermediates.noindex/WWSwiftUI_Charts.build/Debug-appletvos/WWSwiftUI_Charts-t.build/DerivedSources -Xcc -DSWIFT_PACKAGE -Xcc -DDEBUG\=1 -no-auto-bridging-header-chaining -module-name WWSwiftUI_Charts -const-gather-protocols-file /Users/admin/builder/spi-builder-workspace/.derivedData/Build/Intermediates.noindex/WWSwiftUI_Charts.build/Debug-appletvos/WWSwiftUI_Charts-t.build/Objects-normal/arm64/WWSwiftUI_Charts_const_extract_protocols.json -disable-clang-spi -clang-target arm64-apple-tvos27.0 -target-sdk-version 27.0 -target-sdk-name appletvos27.0 -in-process-plugin-server-path /Applications/Xcode-27.0.0-Release.Candidate.app/Contents/Developer/Toolchains/XcodeDefault.xctoolchain/usr/lib/swift/host/libSwiftInProcPluginServer.dylib -emit-module-doc-path /Users/admin/builder/spi-builder-workspace/.derivedData/Build/Intermediates.noindex/WWSwiftUI_Charts.build/Debug-appletvos/WWSwiftUI_Charts-t.build/Objects-normal/arm64/WWSwiftUI_Charts.swiftdoc -emit-module-source-info-path /Users/admin/builder/spi-builder-workspace/.derivedData/Build/Intermediates.noindex/WWSwiftUI_Charts.build/Debug-appletvos/WWSwiftUI_Charts-t.build/Objects-normal/arm64/WWSwiftUI_Charts.swiftsourceinfo -emit-objc-header-path /Users/admin/builder/spi-builder-workspace/.derivedData/Build/Intermediates.noindex/WWSwiftUI_Charts.build/Debug-appletvos/WWSwiftUI_Charts-t.build/Objects-normal/arm64/WWSwiftUI_Charts-Swift.h -serialize-diagnostics-path /Users/admin/builder/spi-builder-workspace/.derivedData/Build/Intermediates.noindex/WWSwiftUI_Charts.build/Debug-appletvos/WWSwiftUI_Charts-t.build/Objects-normal/arm64/WWSwiftUI_Charts-primary-emit-module.dia -emit-dependencies-path /Users/admin/builder/spi-builder-workspace/.derivedData/Build/Intermediates.noindex/WWSwiftUI_Charts.build/Debug-appletvos/WWSwiftUI_Charts-t.build/Objects-normal/arm64/WWSwiftUI_Charts-primary-emit-module.d -parse-as-library -o /Users/admin/builder/spi-builder-workspace/.derivedData/Build/Intermediates.noindex/WWSwiftUI_Charts.build/Debug-appletvos/WWSwiftUI_Charts-t.build/Objects-normal/arm64/WWSwiftUI_Charts.swiftmodule -emit-abi-descriptor-path /Users/admin/builder/spi-builder-workspace/.derivedData/Build/Intermediates.noindex/WWSwiftUI_Charts.build/Debug-appletvos/WWSwiftUI_Charts-t.build/Objects-normal/arm64/WWSwiftUI_Charts.abi.json
SwiftCompile normal arm64 (in target 'WWSwiftUI_Charts' from project 'WWSwiftUI_Charts')
cd /Users/admin/builder/spi-builder-workspace/.swiftpm/xcode
SwiftCompile normal arm64 Compiling\ PointMarkView.swift /Users/admin/builder/spi-builder-workspace/Sources/WWSwiftUI_Charts/SwiftUI/PointMarkView.swift (in target 'WWSwiftUI_Charts' from project 'WWSwiftUI_Charts')
SwiftCompile normal arm64 /Users/admin/builder/spi-builder-workspace/Sources/WWSwiftUI_Charts/SwiftUI/PointMarkView.swift (in target 'WWSwiftUI_Charts' from project 'WWSwiftUI_Charts')
cd /Users/admin/builder/spi-builder-workspace/.swiftpm/xcode
builtin-SwiftPerFileCompile PointMarkView.swift
PruneExplicitPrecompiledModules /Users/admin/builder/spi-builder-workspace/.derivedData/Build/Intermediates.noindex/ExplicitPrecompiledModules
PruneExplicitPrecompiledModules /Users/admin/builder/spi-builder-workspace/.derivedData/Build/Intermediates.noindex/SwiftExplicitPrecompiledModules
PruneExplicitPrecompiledModules /Users/admin/builder/spi-builder-workspace/.derivedData/SDKExplicitPrecompiledModules
2026-09-23 18:12:44.625 xcodebuild[690:4390] [MT] IDERunDestination: Supported platforms for the buildables in the current scheme is empty.
** BUILD FAILED **
The following build commands failed:
SwiftEmitModule normal arm64 Emitting\ module\ for\ WWSwiftUI_Charts (in target 'WWSwiftUI_Charts' from project 'WWSwiftUI_Charts')
SwiftCompile normal arm64 (in target 'WWSwiftUI_Charts' from project 'WWSwiftUI_Charts')
Building workspace WWSwiftUI_Charts with scheme WWSwiftUI_Charts
(3 failures)
Command line invocation:
/Applications/Xcode-27.0.0-Release.Candidate.app/Contents/Developer/usr/bin/xcodebuild -IDEClonedSourcePackagesDirPathOverride=/Users/admin/builder/spi-builder-workspace/.dependencies -resolvePackageDependencies
Resolve Package Graph
Resolved source packages:
WWSwiftUI_Charts: /Users/admin/builder/spi-builder-workspace
WWSwiftUI_MultiDatePicker: https://github.com/William-Weng/WWSwiftUI_MultiDatePicker @ 1.2.3
resolved source packages: WWSwiftUI_Charts, WWSwiftUI_MultiDatePicker
2026-09-23 18:12:51.700 xcodebuild[790:4881] [MT] IDERunDestination: Supported platforms for the buildables in the current scheme is empty.
{
"dependencies" : [
{
"identity" : "wwswiftui_multidatepicker",
"requirement" : {
"range" : [
{
"lower_bound" : "1.2.2",
"upper_bound" : "2.0.0"
}
]
},
"type" : "sourceControl",
"url" : "https://github.com/William-Weng/WWSwiftUI_MultiDatePicker"
}
],
"manifest_display_name" : "WWSwiftUI_Charts",
"name" : "WWSwiftUI_Charts",
"path" : "/Users/admin/builder/spi-builder-workspace",
"platforms" : [
{
"name" : "ios",
"version" : "16.0"
}
],
"products" : [
{
"name" : "WWSwiftUI_Charts",
"targets" : [
"WWSwiftUI_Charts"
],
"type" : {
"library" : [
"automatic"
]
}
}
],
"swift_languages_versions" : [
"5"
],
"targets" : [
{
"c99name" : "WWSwiftUI_Charts",
"module_type" : "SwiftTarget",
"name" : "WWSwiftUI_Charts",
"path" : "Sources/WWSwiftUI_Charts",
"product_dependencies" : [
"WWSwiftUI_MultiDatePicker"
],
"product_memberships" : [
"WWSwiftUI_Charts"
],
"resources" : [
{
"path" : "/Users/admin/builder/spi-builder-workspace/Sources/WWSwiftUI_Charts/Privacy",
"rule" : {
"copy" : {
}
}
}
],
"sources" : [
"BarMark.swift",
"LineMark.swift",
"PointMark.swift",
"SwiftUI/BarMarkView.swift",
"SwiftUI/LineMarkView.swift",
"SwiftUI/PointMarkView.swift",
"Utility/Constant.swift",
"Utility/Extension.swift",
"Utility/Model.swift",
"Utility/Modifier.swift",
"Utility/Protocol.swift",
"Utility/Utility.swift"
],
"type" : "library"
}
],
"tools_version" : "5.7"
}
{
"workspace" : {
"name" : "WWSwiftUI_Charts",
"schemes" : [
"WWSwiftUI_Charts"
]
}
}
2026-09-23 18:12:52.903 xcodebuild[798:4947] [MT] IDERunDestination: Supported platforms for the buildables in the current scheme is empty.
Running build ...
env DEVELOPER_DIR=/Applications/Xcode-27.0.0-Release.Candidate.app xcrun xcodebuild -IDEClonedSourcePackagesDirPathOverride=$PWD/.dependencies -skipMacroValidation -skipPackagePluginValidation -derivedDataPath $PWD/.derivedData build -scheme WWSwiftUI_Charts -destination generic/platform=tvOS
Command line invocation:
/Applications/Xcode-27.0.0-Release.Candidate.app/Contents/Developer/usr/bin/xcodebuild -IDEClonedSourcePackagesDirPathOverride=/Users/admin/builder/spi-builder-workspace/.dependencies -skipMacroValidation -skipPackagePluginValidation -derivedDataPath /Users/admin/builder/spi-builder-workspace/.derivedData build -scheme WWSwiftUI_Charts -destination generic/platform=tvOS
Resolve Package Graph
Resolved source packages:
WWSwiftUI_MultiDatePicker: https://github.com/William-Weng/WWSwiftUI_MultiDatePicker @ 1.2.3
WWSwiftUI_Charts: /Users/admin/builder/spi-builder-workspace
ComputePackagePrebuildTargetDependencyGraph
Prepare packages
CreateBuildRequest
SendProjectDescription
CreateBuildOperation
ComputeTargetDependencyGraph
note: Building targets in dependency order
note: Target dependency graph (6 targets)
Target 'WWSwiftUI_Charts-product' in project 'WWSwiftUI_Charts'
➜ Explicit dependency on target 'WWSwiftUI_Charts' in project 'WWSwiftUI_Charts'
➜ Explicit dependency on target 'WWSwiftUI_Charts_WWSwiftUI_Charts' in project 'WWSwiftUI_Charts'
➜ Explicit dependency on target 'WWSwiftUI_MultiDatePicker-product' in project 'WWSwiftUI_MultiDatePicker'
Target 'WWSwiftUI_Charts' in project 'WWSwiftUI_Charts'
➜ Explicit dependency on target 'WWSwiftUI_Charts_WWSwiftUI_Charts' in project 'WWSwiftUI_Charts'
➜ Explicit dependency on target 'WWSwiftUI_MultiDatePicker-product' in project 'WWSwiftUI_MultiDatePicker'
Target 'WWSwiftUI_MultiDatePicker-product' in project 'WWSwiftUI_MultiDatePicker'
➜ Explicit dependency on target 'WWSwiftUI_MultiDatePicker' in project 'WWSwiftUI_MultiDatePicker'
➜ Explicit dependency on target 'WWSwiftUI_MultiDatePicker_WWSwiftUI_MultiDatePicker' in project 'WWSwiftUI_MultiDatePicker'
Target 'WWSwiftUI_MultiDatePicker' in project 'WWSwiftUI_MultiDatePicker'
➜ Explicit dependency on target 'WWSwiftUI_MultiDatePicker_WWSwiftUI_MultiDatePicker' in project 'WWSwiftUI_MultiDatePicker'
Target 'WWSwiftUI_MultiDatePicker_WWSwiftUI_MultiDatePicker' in project 'WWSwiftUI_MultiDatePicker' (no dependencies)
Target 'WWSwiftUI_Charts_WWSwiftUI_Charts' in project 'WWSwiftUI_Charts' (no dependencies)
GatherProvisioningInputs
CreateBuildDescription
ClangStatCache /Applications/Xcode-27.0.0-Release.Candidate.app/Contents/Developer/Toolchains/XcodeDefault.xctoolchain/usr/bin/clang-stat-cache /Applications/Xcode-27.0.0-Release.Candidate.app/Contents/Developer/Platforms/AppleTVOS.platform/Developer/SDKs/AppleTVOS27.0.sdk /Users/admin/builder/spi-builder-workspace/.derivedData/SDKStatCaches.noindex/appletvos27.0-24J360-e829b21a6f8c9b70876ba0858053c044b32bfd8d43560033f8d89884cdb90028.sdkstatcache
cd /Users/admin/builder/spi-builder-workspace/.swiftpm/xcode
/Applications/Xcode-27.0.0-Release.Candidate.app/Contents/Developer/Toolchains/XcodeDefault.xctoolchain/usr/bin/clang-stat-cache /Applications/Xcode-27.0.0-Release.Candidate.app/Contents/Developer/Platforms/AppleTVOS.platform/Developer/SDKs/AppleTVOS27.0.sdk -o /Users/admin/builder/spi-builder-workspace/.derivedData/SDKStatCaches.noindex/appletvos27.0-24J360-e829b21a6f8c9b70876ba0858053c044b32bfd8d43560033f8d89884cdb90028.sdkstatcache
SwiftDriver WWSwiftUI_Charts normal arm64 com.apple.xcode.tools.swift.compiler (in target 'WWSwiftUI_Charts' from project 'WWSwiftUI_Charts')
cd /Users/admin/builder/spi-builder-workspace/.swiftpm/xcode
builtin-SwiftDriver -- /Applications/Xcode-27.0.0-Release.Candidate.app/Contents/Developer/Toolchains/XcodeDefault.xctoolchain/usr/bin/swiftc -parse-as-library -module-name WWSwiftUI_Charts -Onone @/Users/admin/builder/spi-builder-workspace/.derivedData/Build/Intermediates.noindex/WWSwiftUI_Charts.build/Debug-appletvos/WWSwiftUI_Charts-t.build/Objects-normal/arm64/WWSwiftUI_Charts.SwiftFileList -DSWIFT_PACKAGE -DDEBUG -DSWIFT_MODULE_RESOURCE_BUNDLE_AVAILABLE -DXcode -plugin-path /Applications/Xcode-27.0.0-Release.Candidate.app/Contents/Developer/Toolchains/XcodeDefault.xctoolchain/usr/lib/swift/host/plugins/testing -enable-experimental-feature DebugDescriptionMacro -sdk /Applications/Xcode-27.0.0-Release.Candidate.app/Contents/Developer/Platforms/AppleTVOS.platform/Developer/SDKs/AppleTVOS27.0.sdk -target arm64-apple-tvos16.0 -g -module-cache-path /Users/admin/builder/spi-builder-workspace/.derivedData/ModuleCache.noindex -Xfrontend -serialize-debugging-options -enable-testing -index-store-path /Users/admin/builder/spi-builder-workspace/.derivedData/Index.noindex/DataStore -Xcc -D_LIBCPP_HARDENING_MODE\=_LIBCPP_HARDENING_MODE_DEBUG -swift-version 5 -I /Users/admin/builder/spi-builder-workspace/.derivedData/Build/Products/Debug-appletvos -Isystem /Applications/Xcode-27.0.0-Release.Candidate.app/Contents/Developer/Platforms/AppleTVOS.platform/Developer/usr/lib -F /Users/admin/builder/spi-builder-workspace/.derivedData/Build/Products/Debug-appletvos/PackageFrameworks -F /Users/admin/builder/spi-builder-workspace/.derivedData/Build/Products/Debug-appletvos -F /Applications/Xcode-27.0.0-Release.Candidate.app/Contents/Developer/Platforms/AppleTVOS.platform/Developer/Library/Frameworks -F /Applications/Xcode-27.0.0-Release.Candidate.app/Contents/Developer/Platforms/AppleTVOS.platform/Developer/SDKs/AppleTVOS27.0.sdk/Developer/Library/Frameworks -c -j10 -enable-batch-mode -incremental -Xcc -ivfsstatcache -Xcc /Users/admin/builder/spi-builder-workspace/.derivedData/SDKStatCaches.noindex/appletvos27.0-24J360-e829b21a6f8c9b70876ba0858053c044b32bfd8d43560033f8d89884cdb90028.sdkstatcache -output-file-map /Users/admin/builder/spi-builder-workspace/.derivedData/Build/Intermediates.noindex/WWSwiftUI_Charts.build/Debug-appletvos/WWSwiftUI_Charts-t.build/Objects-normal/arm64/WWSwiftUI_Charts-OutputFileMap.json -save-temps -no-color-diagnostics -explicit-module-build -module-cache-path /Users/admin/builder/spi-builder-workspace/.derivedData/Build/Intermediates.noindex/SwiftExplicitPrecompiledModules -clang-scanner-module-cache-path /Users/admin/builder/spi-builder-workspace/.derivedData/ModuleCache.noindex -sdk-module-cache-path /Users/admin/builder/spi-builder-workspace/.derivedData/SDKExplicitPrecompiledModules -emit-dependencies -emit-module -emit-module-path /Users/admin/builder/spi-builder-workspace/.derivedData/Build/Intermediates.noindex/WWSwiftUI_Charts.build/Debug-appletvos/WWSwiftUI_Charts-t.build/Objects-normal/arm64/WWSwiftUI_Charts.swiftmodule -serialize-diagnostics -dependency-scan-serialize-diagnostics-path /Users/admin/builder/spi-builder-workspace/.derivedData/Build/Intermediates.noindex/WWSwiftUI_Charts.build/Debug-appletvos/WWSwiftUI_Charts-t.build/Objects-normal/arm64/WWSwiftUI_Charts-dependency-scan.dia -validate-clang-modules-once -clang-build-session-file /Users/admin/builder/spi-builder-workspace/.derivedData/ModuleCache.noindex/Session.modulevalidation -Xcc -fmodules-prune-interval\=86400 -Xcc -fmodules-prune-after\=345600 -emit-const-values -const-gather-protocols-list /Users/admin/builder/spi-builder-workspace/.derivedData/Build/Intermediates.noindex/WWSwiftUI_Charts.build/Debug-appletvos/WWSwiftUI_Charts-t.build/Objects-normal/arm64/WWSwiftUI_Charts_const_extract_protocols.json -Xcc -I/Users/admin/builder/spi-builder-workspace/.derivedData/Build/Products/Debug-appletvos/include -Xcc -I/Users/admin/builder/spi-builder-workspace/.derivedData/Build/Intermediates.noindex/WWSwiftUI_Charts.build/Debug-appletvos/WWSwiftUI_Charts-t.build/DerivedSources-normal/arm64 -Xcc -I/Users/admin/builder/spi-builder-workspace/.derivedData/Build/Intermediates.noindex/WWSwiftUI_Charts.build/Debug-appletvos/WWSwiftUI_Charts-t.build/DerivedSources/arm64 -Xcc -I/Users/admin/builder/spi-builder-workspace/.derivedData/Build/Intermediates.noindex/WWSwiftUI_Charts.build/Debug-appletvos/WWSwiftUI_Charts-t.build/DerivedSources -Xcc -DSWIFT_PACKAGE -Xcc -DDEBUG\=1 -emit-objc-header -emit-objc-header-path /Users/admin/builder/spi-builder-workspace/.derivedData/Build/Intermediates.noindex/WWSwiftUI_Charts.build/Debug-appletvos/WWSwiftUI_Charts-t.build/Objects-normal/arm64/WWSwiftUI_Charts-Swift.h -working-directory /Users/admin/builder/spi-builder-workspace/.swiftpm/xcode -experimental-emit-module-separately -disable-cmo
/Users/admin/builder/spi-builder-workspace/Sources/WWSwiftUI_Charts/Utility/Model.swift:10:8: warning: File 'Model.swift' is part of module 'WWSwiftUI_Charts'; ignoring import (in target 'WWSwiftUI_Charts' from project 'WWSwiftUI_Charts')
/Users/admin/builder/spi-builder-workspace/Sources/WWSwiftUI_Charts/Utility/Utility.swift:12:8: warning: File 'Utility.swift' is part of module 'WWSwiftUI_Charts'; ignoring import (in target 'WWSwiftUI_Charts' from project 'WWSwiftUI_Charts')
SwiftDriver WWSwiftUI_MultiDatePicker normal arm64 com.apple.xcode.tools.swift.compiler (in target 'WWSwiftUI_MultiDatePicker' from project 'WWSwiftUI_MultiDatePicker')
cd /Users/admin/builder/spi-builder-workspace/.swiftpm/xcode
builtin-SwiftDriver -- /Applications/Xcode-27.0.0-Release.Candidate.app/Contents/Developer/Toolchains/XcodeDefault.xctoolchain/usr/bin/swiftc -parse-as-library -module-name WWSwiftUI_MultiDatePicker -Onone @/Users/admin/builder/spi-builder-workspace/.derivedData/Build/Intermediates.noindex/WWSwiftUI_MultiDatePicker.build/Debug-appletvos/WWSwiftUI_MultiDatePicker-t.build/Objects-normal/arm64/WWSwiftUI_MultiDatePicker.SwiftFileList -DSWIFT_PACKAGE -DDEBUG -DSWIFT_MODULE_RESOURCE_BUNDLE_AVAILABLE -DXcode -plugin-path /Applications/Xcode-27.0.0-Release.Candidate.app/Contents/Developer/Toolchains/XcodeDefault.xctoolchain/usr/lib/swift/host/plugins/testing -enable-experimental-feature DebugDescriptionMacro -sdk /Applications/Xcode-27.0.0-Release.Candidate.app/Contents/Developer/Platforms/AppleTVOS.platform/Developer/SDKs/AppleTVOS27.0.sdk -target arm64-apple-tvos16.0 -g -module-cache-path /Users/admin/builder/spi-builder-workspace/.derivedData/ModuleCache.noindex -Xfrontend -serialize-debugging-options -enable-testing -suppress-warnings -index-store-path /Users/admin/builder/spi-builder-workspace/.derivedData/Index.noindex/DataStore -Xcc -D_LIBCPP_HARDENING_MODE\=_LIBCPP_HARDENING_MODE_DEBUG -swift-version 5 -I /Users/admin/builder/spi-builder-workspace/.derivedData/Build/Products/Debug-appletvos -Isystem /Applications/Xcode-27.0.0-Release.Candidate.app/Contents/Developer/Platforms/AppleTVOS.platform/Developer/usr/lib -F /Users/admin/builder/spi-builder-workspace/.derivedData/Build/Products/Debug-appletvos -F /Applications/Xcode-27.0.0-Release.Candidate.app/Contents/Developer/Platforms/AppleTVOS.platform/Developer/Library/Frameworks -F /Applications/Xcode-27.0.0-Release.Candidate.app/Contents/Developer/Platforms/AppleTVOS.platform/Developer/SDKs/AppleTVOS27.0.sdk/Developer/Library/Frameworks -c -j10 -enable-batch-mode -incremental -Xcc -ivfsstatcache -Xcc /Users/admin/builder/spi-builder-workspace/.derivedData/SDKStatCaches.noindex/appletvos27.0-24J360-e829b21a6f8c9b70876ba0858053c044b32bfd8d43560033f8d89884cdb90028.sdkstatcache -output-file-map /Users/admin/builder/spi-builder-workspace/.derivedData/Build/Intermediates.noindex/WWSwiftUI_MultiDatePicker.build/Debug-appletvos/WWSwiftUI_MultiDatePicker-t.build/Objects-normal/arm64/WWSwiftUI_MultiDatePicker-OutputFileMap.json -save-temps -no-color-diagnostics -explicit-module-build -module-cache-path /Users/admin/builder/spi-builder-workspace/.derivedData/Build/Intermediates.noindex/SwiftExplicitPrecompiledModules -clang-scanner-module-cache-path /Users/admin/builder/spi-builder-workspace/.derivedData/ModuleCache.noindex -sdk-module-cache-path /Users/admin/builder/spi-builder-workspace/.derivedData/SDKExplicitPrecompiledModules -emit-dependencies -emit-module -emit-module-path /Users/admin/builder/spi-builder-workspace/.derivedData/Build/Intermediates.noindex/WWSwiftUI_MultiDatePicker.build/Debug-appletvos/WWSwiftUI_MultiDatePicker-t.build/Objects-normal/arm64/WWSwiftUI_MultiDatePicker.swiftmodule -serialize-diagnostics -dependency-scan-serialize-diagnostics-path /Users/admin/builder/spi-builder-workspace/.derivedData/Build/Intermediates.noindex/WWSwiftUI_MultiDatePicker.build/Debug-appletvos/WWSwiftUI_MultiDatePicker-t.build/Objects-normal/arm64/WWSwiftUI_MultiDatePicker-dependency-scan.dia -validate-clang-modules-once -clang-build-session-file /Users/admin/builder/spi-builder-workspace/.derivedData/ModuleCache.noindex/Session.modulevalidation -Xcc -fmodules-prune-interval\=86400 -Xcc -fmodules-prune-after\=345600 -emit-const-values -const-gather-protocols-list /Users/admin/builder/spi-builder-workspace/.derivedData/Build/Intermediates.noindex/WWSwiftUI_MultiDatePicker.build/Debug-appletvos/WWSwiftUI_MultiDatePicker-t.build/Objects-normal/arm64/WWSwiftUI_MultiDatePicker_const_extract_protocols.json -Xcc -I/Users/admin/builder/spi-builder-workspace/.derivedData/Build/Products/Debug-appletvos/include -Xcc -I/Users/admin/builder/spi-builder-workspace/.derivedData/Build/Intermediates.noindex/WWSwiftUI_MultiDatePicker.build/Debug-appletvos/WWSwiftUI_MultiDatePicker-t.build/DerivedSources-normal/arm64 -Xcc -I/Users/admin/builder/spi-builder-workspace/.derivedData/Build/Intermediates.noindex/WWSwiftUI_MultiDatePicker.build/Debug-appletvos/WWSwiftUI_MultiDatePicker-t.build/DerivedSources/arm64 -Xcc -I/Users/admin/builder/spi-builder-workspace/.derivedData/Build/Intermediates.noindex/WWSwiftUI_MultiDatePicker.build/Debug-appletvos/WWSwiftUI_MultiDatePicker-t.build/DerivedSources -Xcc -DSWIFT_PACKAGE -Xcc -DDEBUG\=1 -emit-objc-header -emit-objc-header-path /Users/admin/builder/spi-builder-workspace/.derivedData/Build/Intermediates.noindex/WWSwiftUI_MultiDatePicker.build/Debug-appletvos/WWSwiftUI_MultiDatePicker-t.build/Objects-normal/arm64/WWSwiftUI_MultiDatePicker-Swift.h -working-directory /Users/admin/builder/spi-builder-workspace/.swiftpm/xcode -experimental-emit-module-separately -disable-cmo
SwiftCompile normal arm64 Compiling\ Constant.swift /Users/admin/builder/spi-builder-workspace/.dependencies/checkouts/WWSwiftUI_MultiDatePicker/Sources/WWSwiftUI_MultiDatePicker/Utility/Constant.swift (in target 'WWSwiftUI_MultiDatePicker' from project 'WWSwiftUI_MultiDatePicker')
SwiftCompile normal arm64 /Users/admin/builder/spi-builder-workspace/.dependencies/checkouts/WWSwiftUI_MultiDatePicker/Sources/WWSwiftUI_MultiDatePicker/Utility/Constant.swift (in target 'WWSwiftUI_MultiDatePicker' from project 'WWSwiftUI_MultiDatePicker')
cd /Users/admin/builder/spi-builder-workspace/.swiftpm/xcode
builtin-SwiftPerFileCompile Constant.swift
SwiftCompile normal arm64 Compiling\ Extension.swift /Users/admin/builder/spi-builder-workspace/.dependencies/checkouts/WWSwiftUI_MultiDatePicker/Sources/WWSwiftUI_MultiDatePicker/Utility/Extension.swift (in target 'WWSwiftUI_MultiDatePicker' from project 'WWSwiftUI_MultiDatePicker')
SwiftCompile normal arm64 /Users/admin/builder/spi-builder-workspace/.dependencies/checkouts/WWSwiftUI_MultiDatePicker/Sources/WWSwiftUI_MultiDatePicker/Utility/Extension.swift (in target 'WWSwiftUI_MultiDatePicker' from project 'WWSwiftUI_MultiDatePicker')
cd /Users/admin/builder/spi-builder-workspace/.swiftpm/xcode
builtin-SwiftPerFileCompile Extension.swift
SwiftCompile normal arm64 Compiling\ MultiDatePickerView.swift /Users/admin/builder/spi-builder-workspace/.dependencies/checkouts/WWSwiftUI_MultiDatePicker/Sources/WWSwiftUI_MultiDatePicker/Utility/MultiDatePickerView.swift (in target 'WWSwiftUI_MultiDatePicker' from project 'WWSwiftUI_MultiDatePicker')
/Users/admin/builder/spi-builder-workspace/.dependencies/checkouts/WWSwiftUI_MultiDatePicker/Sources/WWSwiftUI_MultiDatePicker/Utility/MultiDatePickerView.swift:37:25: error: 'MultiDatePicker' is unavailable in tvOS
35 | )
36 |
37 | SwiftUI.MultiDatePicker(model.title, selection: binding)
| `- error: 'MultiDatePicker' is unavailable in tvOS
38 | .background(.clear)
39 | }
SwiftUI.MultiDatePicker:5:27: note: 'MultiDatePicker' has been explicitly marked unavailable here
3 | @available(tvOS, unavailable)
4 | @available(watchOS, unavailable)
5 | nonisolated public struct MultiDatePicker<Label> : View, ~Sendable where Label : View {
| `- note: 'MultiDatePicker' has been explicitly marked unavailable here
6 | nonisolated public var body: some View { get }
7 | @available(iOS 16.0, *)
SwiftCompile normal arm64 /Users/admin/builder/spi-builder-workspace/.dependencies/checkouts/WWSwiftUI_MultiDatePicker/Sources/WWSwiftUI_MultiDatePicker/Utility/MultiDatePickerView.swift (in target 'WWSwiftUI_MultiDatePicker' from project 'WWSwiftUI_MultiDatePicker')
cd /Users/admin/builder/spi-builder-workspace/.swiftpm/xcode
builtin-SwiftPerFileCompile MultiDatePickerView.swift
SwiftCompile normal arm64 Compiling\ Extension+Public.swift /Users/admin/builder/spi-builder-workspace/.dependencies/checkouts/WWSwiftUI_MultiDatePicker/Sources/WWSwiftUI_MultiDatePicker/Utility/Extension+Public.swift (in target 'WWSwiftUI_MultiDatePicker' from project 'WWSwiftUI_MultiDatePicker')
SwiftCompile normal arm64 /Users/admin/builder/spi-builder-workspace/.dependencies/checkouts/WWSwiftUI_MultiDatePicker/Sources/WWSwiftUI_MultiDatePicker/Utility/Extension+Public.swift (in target 'WWSwiftUI_MultiDatePicker' from project 'WWSwiftUI_MultiDatePicker')
cd /Users/admin/builder/spi-builder-workspace/.swiftpm/xcode
builtin-SwiftPerFileCompile Extension+Public.swift
SwiftCompile normal arm64 Compiling\ resource_bundle_accessor.swift /Users/admin/builder/spi-builder-workspace/.derivedData/Build/Intermediates.noindex/WWSwiftUI_MultiDatePicker.build/Debug-appletvos/WWSwiftUI_MultiDatePicker-t.build/DerivedSources/resource_bundle_accessor.swift (in target 'WWSwiftUI_MultiDatePicker' from project 'WWSwiftUI_MultiDatePicker')
SwiftCompile normal arm64 /Users/admin/builder/spi-builder-workspace/.derivedData/Build/Intermediates.noindex/WWSwiftUI_MultiDatePicker.build/Debug-appletvos/WWSwiftUI_MultiDatePicker-t.build/DerivedSources/resource_bundle_accessor.swift (in target 'WWSwiftUI_MultiDatePicker' from project 'WWSwiftUI_MultiDatePicker')
cd /Users/admin/builder/spi-builder-workspace/.swiftpm/xcode
builtin-SwiftPerFileCompile resource_bundle_accessor.swift
SwiftCompile normal arm64 Compiling\ ViewModel.swift /Users/admin/builder/spi-builder-workspace/.dependencies/checkouts/WWSwiftUI_MultiDatePicker/Sources/WWSwiftUI_MultiDatePicker/Utility/ViewModel.swift (in target 'WWSwiftUI_MultiDatePicker' from project 'WWSwiftUI_MultiDatePicker')
SwiftCompile normal arm64 /Users/admin/builder/spi-builder-workspace/.dependencies/checkouts/WWSwiftUI_MultiDatePicker/Sources/WWSwiftUI_MultiDatePicker/Utility/ViewModel.swift (in target 'WWSwiftUI_MultiDatePicker' from project 'WWSwiftUI_MultiDatePicker')
cd /Users/admin/builder/spi-builder-workspace/.swiftpm/xcode
builtin-SwiftPerFileCompile ViewModel.swift
SwiftCompile normal arm64 Compiling\ WWSwiftUI.swift /Users/admin/builder/spi-builder-workspace/.dependencies/checkouts/WWSwiftUI_MultiDatePicker/Sources/WWSwiftUI_MultiDatePicker/WWSwiftUI.swift (in target 'WWSwiftUI_MultiDatePicker' from project 'WWSwiftUI_MultiDatePicker')
SwiftCompile normal arm64 /Users/admin/builder/spi-builder-workspace/.dependencies/checkouts/WWSwiftUI_MultiDatePicker/Sources/WWSwiftUI_MultiDatePicker/WWSwiftUI.swift (in target 'WWSwiftUI_MultiDatePicker' from project 'WWSwiftUI_MultiDatePicker')
cd /Users/admin/builder/spi-builder-workspace/.swiftpm/xcode
builtin-SwiftPerFileCompile WWSwiftUI.swift
SwiftEmitModule normal arm64 Emitting\ module\ for\ WWSwiftUI_MultiDatePicker (in target 'WWSwiftUI_MultiDatePicker' from project 'WWSwiftUI_MultiDatePicker')
SwiftCompile normal arm64 (in target 'WWSwiftUI_MultiDatePicker' from project 'WWSwiftUI_MultiDatePicker')
cd /Users/admin/builder/spi-builder-workspace/.swiftpm/xcode
SwiftCompile normal arm64 Compiling\ MultiDatePicker.swift /Users/admin/builder/spi-builder-workspace/.dependencies/checkouts/WWSwiftUI_MultiDatePicker/Sources/WWSwiftUI_MultiDatePicker/MultiDatePicker.swift (in target 'WWSwiftUI_MultiDatePicker' from project 'WWSwiftUI_MultiDatePicker')
SwiftCompile normal arm64 /Users/admin/builder/spi-builder-workspace/.dependencies/checkouts/WWSwiftUI_MultiDatePicker/Sources/WWSwiftUI_MultiDatePicker/MultiDatePicker.swift (in target 'WWSwiftUI_MultiDatePicker' from project 'WWSwiftUI_MultiDatePicker')
cd /Users/admin/builder/spi-builder-workspace/.swiftpm/xcode
builtin-SwiftPerFileCompile MultiDatePicker.swift
SwiftCompile normal arm64 Compiling\ Protocol.swift /Users/admin/builder/spi-builder-workspace/.dependencies/checkouts/WWSwiftUI_MultiDatePicker/Sources/WWSwiftUI_MultiDatePicker/Utility/Protocol.swift (in target 'WWSwiftUI_MultiDatePicker' from project 'WWSwiftUI_MultiDatePicker')
SwiftCompile normal arm64 /Users/admin/builder/spi-builder-workspace/.dependencies/checkouts/WWSwiftUI_MultiDatePicker/Sources/WWSwiftUI_MultiDatePicker/Utility/Protocol.swift (in target 'WWSwiftUI_MultiDatePicker' from project 'WWSwiftUI_MultiDatePicker')
cd /Users/admin/builder/spi-builder-workspace/.swiftpm/xcode
builtin-SwiftPerFileCompile Protocol.swift
SwiftEmitModule normal arm64 Emitting\ module\ for\ WWSwiftUI_Charts (in target 'WWSwiftUI_Charts' from project 'WWSwiftUI_Charts')
/Users/admin/builder/spi-builder-workspace/Sources/WWSwiftUI_Charts/Utility/Model.swift:10:8: warning: file 'Model.swift' is part of module 'WWSwiftUI_Charts'; ignoring import [#ModuleSelfImport]
8 | import SwiftUI
9 | import WWSwiftUI_MultiDatePicker
10 | import WWSwiftUI_Charts
| `- warning: file 'Model.swift' is part of module 'WWSwiftUI_Charts'; ignoring import [#ModuleSelfImport]
11 | import Charts
12 |
/Users/admin/builder/spi-builder-workspace/Sources/WWSwiftUI_Charts/Utility/Utility.swift:12:8: warning: file 'Utility.swift' is part of module 'WWSwiftUI_Charts'; ignoring import [#ModuleSelfImport]
10 | import Charts
11 | import WWSwiftUI_MultiDatePicker
12 | import WWSwiftUI_Charts
| `- warning: file 'Utility.swift' is part of module 'WWSwiftUI_Charts'; ignoring import [#ModuleSelfImport]
13 |
14 | // MARK: - 共用工具
/Users/admin/builder/spi-builder-workspace/Sources/WWSwiftUI_Charts/BarMark.swift:32:21: warning: generic parameter 'T' shadows generic parameter from outer scope with the same name; this is an error in the Swift 6 language mode
14 | public extension WWSwiftUI {
15 |
16 | class BarMark<T: BarMarkValueProtocol>: WWSwiftUI.`Protocol` {
| `- note: 'T' previously declared here
17 |
18 | public let hostingController: UIHostingController<AnyView>
:
30 | /// - useAnnotation: 是否顯示數值文字
31 | /// - orientation: 方向 (水平 / 垂直)
32 | public init<T>(model: BarMarkViewModel<T>, barWidth: MarkDimension = .automatic, barColors: [Color] = [], useAnnotation: Bool = false, orientation: NSLayoutConstraint.Axis = .vertical) {
| `- warning: generic parameter 'T' shadows generic parameter from outer scope with the same name; this is an error in the Swift 6 language mode
33 |
34 | let rootView = WWSwiftUI.BarMarkView(model: model, viewDelegateModel: viewDelegateModel, barWidth: barWidth, barColors: barColors, useAnnotation: useAnnotation, orientation: orientation)
/Users/admin/builder/spi-builder-workspace/Sources/WWSwiftUI_Charts/BarMark.swift:79:22: warning: generic parameter 'T' shadows generic parameter from outer scope with the same name; this is an error in the Swift 6 language mode
14 | public extension WWSwiftUI {
15 |
16 | class BarMark<T: BarMarkValueProtocol>: WWSwiftUI.`Protocol` {
| `- note: 'T' previously declared here
17 |
18 | public let hostingController: UIHostingController<AnyView>
:
77 | extension WWSwiftUI.BarMark: WWSwiftUI.BarMarkViewDelegate {
78 |
79 | func barMarkView<T: WWSwiftUI.BarMarkValueProtocol>(_ barMarkView: WWSwiftUI.BarMarkView<T>, proxy: ChartProxy, didSelected location: CGPoint) {
| `- warning: generic parameter 'T' shadows generic parameter from outer scope with the same name; this is an error in the Swift 6 language mode
80 | delegate?.barMark(self, proxy: proxy, didSelected: location)
81 | }
/Users/admin/builder/spi-builder-workspace/Sources/WWSwiftUI_Charts/LineMark.swift:33:21: warning: generic parameter 'T' shadows generic parameter from outer scope with the same name; this is an error in the Swift 6 language mode
14 | public extension WWSwiftUI {
15 |
16 | class LineMark<T: LineMarkDataProtocol>: WWSwiftUI.`Protocol` {
| `- note: 'T' previously declared here
17 |
18 | public let hostingController: UIHostingController<AnyView>
:
31 | /// - orientation: 方向 (水平 / 垂直)
32 | /// - interpolationMethod: 設定曲線插值選項 (產生平滑曲線效果)
33 | public init<T>(model: LineMarkViewModel<T>, lineWidth: CGFloat = 1, lineColors: [Color] = [], useAnnotation: Bool = false, unit: Calendar.Component = .day, orientation: NSLayoutConstraint.Axis = .vertical, interpolationMethod: InterpolationMethod = .linear) {
| `- warning: generic parameter 'T' shadows generic parameter from outer scope with the same name; this is an error in the Swift 6 language mode
34 |
35 | let rootView = WWSwiftUI.LineMarkView(model: model, viewDelegateModel: viewDelegateModel, lineWidth: lineWidth, lineColors: lineColors, useAnnotation: useAnnotation, unit: unit, orientation: orientation)
/Users/admin/builder/spi-builder-workspace/Sources/WWSwiftUI_Charts/LineMark.swift:81:23: warning: generic parameter 'T' shadows generic parameter from outer scope with the same name; this is an error in the Swift 6 language mode
14 | public extension WWSwiftUI {
15 |
16 | class LineMark<T: LineMarkDataProtocol>: WWSwiftUI.`Protocol` {
| `- note: 'T' previously declared here
17 |
18 | public let hostingController: UIHostingController<AnyView>
:
79 | extension WWSwiftUI.LineMark: WWSwiftUI.LineMarkViewDelegate {
80 |
81 | func lineMarkView<T: WWSwiftUI.LineMarkDataProtocol>(_ lineMarkView: WWSwiftUI.LineMarkView<T>, proxy: ChartProxy, didSelected location: CGPoint) {
| `- warning: generic parameter 'T' shadows generic parameter from outer scope with the same name; this is an error in the Swift 6 language mode
82 | delegate?.lineMark(self, proxy: proxy, didSelected: location)
83 | }
/Users/admin/builder/spi-builder-workspace/Sources/WWSwiftUI_Charts/PointMark.swift:32:21: warning: generic parameter 'T' shadows generic parameter from outer scope with the same name; this is an error in the Swift 6 language mode
14 | public extension WWSwiftUI {
15 |
16 | class PointMark<T: PointMarkValueProtocol>: WWSwiftUI.`Protocol` {
| `- note: 'T' previously declared here
17 |
18 | public let hostingController: UIHostingController<AnyView>
:
30 | /// - useAnnotation: 是否顯示數值文字
31 | /// - displayMode: 顯示模式
32 | public init<T>(model: PointMarkViewModel<T>, symbolSize: CGFloat = 100, pointColors: [Color] = [], useAnnotation: Bool = false, displayMode: WWSwiftUI.PointMarkDisplayMode = .full) {
| `- warning: generic parameter 'T' shadows generic parameter from outer scope with the same name; this is an error in the Swift 6 language mode
33 |
34 | let rootView = WWSwiftUI.PointMarkView(model: model, viewDelegateModel: viewDelegateModel, symbolSize: symbolSize, pointColors: pointColors, useAnnotation: useAnnotation)
/Users/admin/builder/spi-builder-workspace/Sources/WWSwiftUI_Charts/PointMark.swift:81:24: warning: generic parameter 'T' shadows generic parameter from outer scope with the same name; this is an error in the Swift 6 language mode
14 | public extension WWSwiftUI {
15 |
16 | class PointMark<T: PointMarkValueProtocol>: WWSwiftUI.`Protocol` {
| `- note: 'T' previously declared here
17 |
18 | public let hostingController: UIHostingController<AnyView>
:
79 | extension WWSwiftUI.PointMark: WWSwiftUI.PointMarkViewDelegate {
80 |
81 | func pointMarkView<T: WWSwiftUI.PointMarkValueProtocol>(_ pointMarkView: WWSwiftUI.PointMarkView<T>, proxy: ChartProxy, didSelected location: CGPoint) {
| `- warning: generic parameter 'T' shadows generic parameter from outer scope with the same name; this is an error in the Swift 6 language mode
82 | delegate?.pointMark(self, proxy: proxy, didSelected: location)
83 | }
/Users/admin/builder/spi-builder-workspace/Sources/WWSwiftUI_Charts/SwiftUI/BarMarkView.swift:86:23: warning: generic parameter 'T' shadows generic parameter from outer scope with the same name; this is an error in the Swift 6 language mode
13 | public extension WWSwiftUI {
14 |
15 | struct BarMarkView<T: BarMarkValueProtocol>: View {
| `- note: 'T' previously declared here
16 |
17 | @ObservedObject var model: BarMarkViewModel<T>
:
84 | /// - orientation: 方向 (水平 / 垂直)
85 | /// - Returns: BarMark
86 | func barMarkMaker<T: WWSwiftUI.BarMarkValueProtocol>(item: T, progress: Double, orientation: NSLayoutConstraint.Axis) -> BarMark {
| `- warning: generic parameter 'T' shadows generic parameter from outer scope with the same name; this is an error in the Swift 6 language mode
87 |
88 | let value = item.value._animatedValue(progress: progress)
/Users/admin/builder/spi-builder-workspace/Sources/WWSwiftUI_Charts/SwiftUI/LineMarkView.swift:100:24: warning: generic parameter 'T' shadows generic parameter from outer scope with the same name; this is an error in the Swift 6 language mode
13 | public extension WWSwiftUI {
14 |
15 | struct LineMarkView<T: LineMarkDataProtocol>: View {
| `- note: 'T' previously declared here
16 |
17 | @ObservedObject var model: LineMarkViewModel<T>
:
98 | /// - unit: 日期單位
99 | /// - Returns: BarMark
100 | func lineMarkMaker<T: WWSwiftUI.LineMarkValueProtocol>(item: T, progress: Double, orientation: NSLayoutConstraint.Axis, unit: Calendar.Component) -> LineMark {
| `- warning: generic parameter 'T' shadows generic parameter from outer scope with the same name; this is an error in the Swift 6 language mode
101 |
102 | let value = item.value._animatedValue(progress: progress)
/Users/admin/builder/spi-builder-workspace/Sources/WWSwiftUI_Charts/SwiftUI/LineMarkView.swift:117:25: warning: generic parameter 'T' shadows generic parameter from outer scope with the same name; this is an error in the Swift 6 language mode
13 | public extension WWSwiftUI {
14 |
15 | struct LineMarkView<T: LineMarkDataProtocol>: View {
| `- note: 'T' previously declared here
16 |
17 | @ObservedObject var model: LineMarkViewModel<T>
:
115 | /// - unit: 日期單位
116 | /// - Returns: some ChartContent
117 | func pointMarkMaker<T: WWSwiftUI.LineMarkValueProtocol>(item: T, progress: Double, orientation: NSLayoutConstraint.Axis, unit: Calendar.Component) -> some ChartContent {
| `- warning: generic parameter 'T' shadows generic parameter from outer scope with the same name; this is an error in the Swift 6 language mode
118 |
119 | let pointMark: PointMark
/Users/admin/builder/spi-builder-workspace/Sources/WWSwiftUI_Charts/SwiftUI/PointMarkView.swift:82:25: warning: generic parameter 'T' shadows generic parameter from outer scope with the same name; this is an error in the Swift 6 language mode
13 | public extension WWSwiftUI {
14 |
15 | struct PointMarkView<T: PointMarkValueProtocol>: View {
| `- note: 'T' previously declared here
16 |
17 | @ObservedObject var model: PointMarkViewModel<T>
:
80 | /// - progress: 進度動畫 (0% ~ 100%)
81 | /// - Returns: BarMark
82 | func pointMarkMaker<T: WWSwiftUI.PointMarkValueProtocol>(point: T, progress: Double) -> PointMark {
| `- warning: generic parameter 'T' shadows generic parameter from outer scope with the same name; this is an error in the Swift 6 language mode
83 |
84 | let xValue = point.xValue._animatedValue(progress: progress)
/Users/admin/builder/spi-builder-workspace/Sources/WWSwiftUI_Charts/Utility/Constant.swift:10:8: error: module 'SwiftUICore' is an implementation detail of 'SwiftUI'; import 'SwiftUI' instead
8 | import Foundation
9 | import WWSwiftUI_MultiDatePicker
10 | import SwiftUICore
| `- error: module 'SwiftUICore' is an implementation detail of 'SwiftUI'; import 'SwiftUI' instead
11 |
12 | // MARK: - WWSwiftUI
/Users/admin/builder/spi-builder-workspace/Sources/WWSwiftUI_Charts/Utility/Model.swift:66:34: warning: use of protocol 'WWSwiftUI.BarMarkViewDelegate' as a type must be written 'any WWSwiftUI.BarMarkViewDelegate'; this will be an error in a future Swift language mode [#ExistentialAny]
64 | class BarMarkViewDelegateModel: BaseViewDelegateModel {
65 |
66 | @Published var delegate: BarMarkViewDelegate?
| `- warning: use of protocol 'WWSwiftUI.BarMarkViewDelegate' as a type must be written 'any WWSwiftUI.BarMarkViewDelegate'; this will be an error in a future Swift language mode [#ExistentialAny]
67 | @Published var maxScale: Int?
68 |
/Users/admin/builder/spi-builder-workspace/Sources/WWSwiftUI_Charts/Utility/Model.swift:71:38: warning: use of protocol 'WWSwiftUI.BarMarkViewDelegate' as a type must be written 'any WWSwiftUI.BarMarkViewDelegate'; this will be an error in a future Swift language mode [#ExistentialAny]
69 | /// 設定Delegate (觸發 @ObservedObject)
70 | /// - Parameter delegate: BarMarkViewDelegate?
71 | func setDelegate(_ delegate: BarMarkViewDelegate?) {
| `- warning: use of protocol 'WWSwiftUI.BarMarkViewDelegate' as a type must be written 'any WWSwiftUI.BarMarkViewDelegate'; this will be an error in a future Swift language mode [#ExistentialAny]
72 | self.delegate = delegate
73 | objectWillChange.send()
/Users/admin/builder/spi-builder-workspace/Sources/WWSwiftUI_Charts/Utility/Model.swift:93:34: warning: use of protocol 'WWSwiftUI.LineMarkViewDelegate' as a type must be written 'any WWSwiftUI.LineMarkViewDelegate'; this will be an error in a future Swift language mode [#ExistentialAny]
91 | class LineMarkViewDelegateModel: BaseViewDelegateModel {
92 |
93 | @Published var delegate: LineMarkViewDelegate?
| `- warning: use of protocol 'WWSwiftUI.LineMarkViewDelegate' as a type must be written 'any WWSwiftUI.LineMarkViewDelegate'; this will be an error in a future Swift language mode [#ExistentialAny]
94 | @Published var interpolationMethod: InterpolationMethod = .linear
95 | @Published var maxScale: Int?
/Users/admin/builder/spi-builder-workspace/Sources/WWSwiftUI_Charts/Utility/Model.swift:99:38: warning: use of protocol 'WWSwiftUI.LineMarkViewDelegate' as a type must be written 'any WWSwiftUI.LineMarkViewDelegate'; this will be an error in a future Swift language mode [#ExistentialAny]
97 | /// 設定Delegate (觸發 @ObservedObject)
98 | /// - Parameter delegate: LineMarkViewDelegate?
99 | func setDelegate(_ delegate: LineMarkViewDelegate?) {
| `- warning: use of protocol 'WWSwiftUI.LineMarkViewDelegate' as a type must be written 'any WWSwiftUI.LineMarkViewDelegate'; this will be an error in a future Swift language mode [#ExistentialAny]
100 | self.delegate = delegate
101 | objectWillChange.send()
/Users/admin/builder/spi-builder-workspace/Sources/WWSwiftUI_Charts/Utility/Model.swift:128:34: warning: use of protocol 'WWSwiftUI.PointMarkViewDelegate' as a type must be written 'any WWSwiftUI.PointMarkViewDelegate'; this will be an error in a future Swift language mode [#ExistentialAny]
126 | class PointMarkViewDelegateModel: BaseViewDelegateModel {
127 |
128 | @Published var delegate: PointMarkViewDelegate?
| `- warning: use of protocol 'WWSwiftUI.PointMarkViewDelegate' as a type must be written 'any WWSwiftUI.PointMarkViewDelegate'; this will be an error in a future Swift language mode [#ExistentialAny]
129 | @Published var displayMode: PointMarkDisplayMode = .full
130 | @Published var orientation: NSLayoutConstraint.Axis = .vertical
/Users/admin/builder/spi-builder-workspace/Sources/WWSwiftUI_Charts/Utility/Model.swift:135:38: warning: use of protocol 'WWSwiftUI.PointMarkViewDelegate' as a type must be written 'any WWSwiftUI.PointMarkViewDelegate'; this will be an error in a future Swift language mode [#ExistentialAny]
133 | /// 設定Delegate (觸發 @ObservedObject)
134 | /// - Parameter delegate: PointMarkViewDelegate?
135 | func setDelegate(_ delegate: PointMarkViewDelegate?) {
| `- warning: use of protocol 'WWSwiftUI.PointMarkViewDelegate' as a type must be written 'any WWSwiftUI.PointMarkViewDelegate'; this will be an error in a future Swift language mode [#ExistentialAny]
136 | self.delegate = delegate
137 | objectWillChange.send()
[#ExistentialAny]: <https://docs.swift.org/compiler/documentation/diagnostics/existential-any>
[#ModuleSelfImport]: <https://docs.swift.org/compiler/documentation/diagnostics/module-self-import>
Failed frontend command:
/Applications/Xcode-27.0.0-Release.Candidate.app/Contents/Developer/Toolchains/XcodeDefault.xctoolchain/usr/bin/swift-frontend -frontend -emit-module -experimental-skip-non-inlinable-function-bodies-without-types /Users/admin/builder/spi-builder-workspace/.derivedData/Build/Intermediates.noindex/WWSwiftUI_Charts.build/Debug-appletvos/WWSwiftUI_Charts-t.build/DerivedSources/resource_bundle_accessor.swift /Users/admin/builder/spi-builder-workspace/Sources/WWSwiftUI_Charts/BarMark.swift /Users/admin/builder/spi-builder-workspace/Sources/WWSwiftUI_Charts/LineMark.swift /Users/admin/builder/spi-builder-workspace/Sources/WWSwiftUI_Charts/PointMark.swift /Users/admin/builder/spi-builder-workspace/Sources/WWSwiftUI_Charts/SwiftUI/BarMarkView.swift /Users/admin/builder/spi-builder-workspace/Sources/WWSwiftUI_Charts/SwiftUI/LineMarkView.swift /Users/admin/builder/spi-builder-workspace/Sources/WWSwiftUI_Charts/SwiftUI/PointMarkView.swift /Users/admin/builder/spi-builder-workspace/Sources/WWSwiftUI_Charts/Utility/Constant.swift /Users/admin/builder/spi-builder-workspace/Sources/WWSwiftUI_Charts/Utility/Extension.swift /Users/admin/builder/spi-builder-workspace/Sources/WWSwiftUI_Charts/Utility/Model.swift /Users/admin/builder/spi-builder-workspace/Sources/WWSwiftUI_Charts/Utility/Modifier.swift /Users/admin/builder/spi-builder-workspace/Sources/WWSwiftUI_Charts/Utility/Protocol.swift /Users/admin/builder/spi-builder-workspace/Sources/WWSwiftUI_Charts/Utility/Utility.swift -target arm64-apple-tvos16.0 -disable-cross-import-overlay-search -load-resolved-plugin /Applications/Xcode-27.0.0-Release.Candidate.app/Contents/Developer/Platforms/AppleTVOS.platform/Developer/usr/lib/swift/host/plugins/libFoundationMacros.dylib\#/Applications/Xcode-27.0.0-Release.Candidate.app/Contents/Developer/Platforms/AppleTVOS.platform/Developer/usr/bin/swift-plugin-server\#FoundationMacros -load-resolved-plugin /Applications/Xcode-27.0.0-Release.Candidate.app/Contents/Developer/Platforms/AppleTVOS.platform/Developer/usr/lib/swift/host/plugins/libObservationMacros.dylib\#/Applications/Xcode-27.0.0-Release.Candidate.app/Contents/Developer/Platforms/AppleTVOS.platform/Developer/usr/bin/swift-plugin-server\#ObservationMacros -load-resolved-plugin /Applications/Xcode-27.0.0-Release.Candidate.app/Contents/Developer/Platforms/AppleTVOS.platform/Developer/usr/lib/swift/host/plugins/libPreviewsMacros.dylib\#/Applications/Xcode-27.0.0-Release.Candidate.app/Contents/Developer/Platforms/AppleTVOS.platform/Developer/usr/bin/swift-plugin-server\#PreviewsMacros -load-resolved-plugin /Applications/Xcode-27.0.0-Release.Candidate.app/Contents/Developer/Platforms/AppleTVOS.platform/Developer/usr/lib/swift/host/plugins/libSwiftMacros.dylib\#/Applications/Xcode-27.0.0-Release.Candidate.app/Contents/Developer/Platforms/AppleTVOS.platform/Developer/usr/bin/swift-plugin-server\#SwiftMacros -load-resolved-plugin /Applications/Xcode-27.0.0-Release.Candidate.app/Contents/Developer/Platforms/AppleTVOS.platform/Developer/usr/lib/swift/host/plugins/libSwiftUIMacros.dylib\#/Applications/Xcode-27.0.0-Release.Candidate.app/Contents/Developer/Platforms/AppleTVOS.platform/Developer/usr/bin/swift-plugin-server\#SwiftUIMacros -disable-implicit-swift-modules -Xcc -fno-implicit-modules -Xcc -fno-implicit-module-maps -explicit-swift-module-map-file /Users/admin/builder/spi-builder-workspace/.derivedData/Build/Intermediates.noindex/WWSwiftUI_Charts.build/Debug-appletvos/WWSwiftUI_Charts-t.build/Objects-normal/arm64/WWSwiftUI_Charts-dependencies-1.json -Xllvm -aarch64-use-tbi -enable-objc-interop -stack-check -sdk /Applications/Xcode-27.0.0-Release.Candidate.app/Contents/Developer/Platforms/AppleTVOS.platform/Developer/SDKs/AppleTVOS27.0.sdk -I /Users/admin/builder/spi-builder-workspace/.derivedData/Build/Products/Debug-appletvos -Isystem /Applications/Xcode-27.0.0-Release.Candidate.app/Contents/Developer/Platforms/AppleTVOS.platform/Developer/usr/lib -F /Users/admin/builder/spi-builder-workspace/.derivedData/Build/Products/Debug-appletvos/PackageFrameworks -F /Users/admin/builder/spi-builder-workspace/.derivedData/Build/Products/Debug-appletvos -F /Applications/Xcode-27.0.0-Release.Candidate.app/Contents/Developer/Platforms/AppleTVOS.platform/Developer/Library/Frameworks -F /Applications/Xcode-27.0.0-Release.Candidate.app/Contents/Developer/Platforms/AppleTVOS.platform/Developer/SDKs/AppleTVOS27.0.sdk/Developer/Library/Frameworks -module-cache-path /Users/admin/builder/spi-builder-workspace/.derivedData/Build/Intermediates.noindex/SwiftExplicitPrecompiledModules -no-color-diagnostics -Xcc -fno-color-diagnostics -enable-testing -g -debug-info-format\=dwarf -dwarf-version\=4 -swift-version 5 -Onone -D SWIFT_PACKAGE -D DEBUG -D SWIFT_MODULE_RESOURCE_BUNDLE_AVAILABLE -D Xcode -serialize-debugging-options -enable-experimental-feature DebugDescriptionMacro -empty-abi-descriptor -validate-clang-modules-once -clang-build-session-file /Users/admin/builder/spi-builder-workspace/.derivedData/ModuleCache.noindex/Session.modulevalidation -Xcc -working-directory -Xcc /Users/admin/builder/spi-builder-workspace/.swiftpm/xcode -enable-anonymous-context-mangled-names -file-compilation-dir /Users/admin/builder/spi-builder-workspace/.swiftpm/xcode -Xcc -D_LIBCPP_HARDENING_MODE\=_LIBCPP_HARDENING_MODE_DEBUG -Xcc -ivfsstatcache -Xcc /Users/admin/builder/spi-builder-workspace/.derivedData/SDKStatCaches.noindex/appletvos27.0-24J360-e829b21a6f8c9b70876ba0858053c044b32bfd8d43560033f8d89884cdb90028.sdkstatcache -Xcc -fmodules-prune-interval\=86400 -Xcc -fmodules-prune-after\=345600 -Xcc -I/Users/admin/builder/spi-builder-workspace/.derivedData/Build/Products/Debug-appletvos/include -Xcc -I/Users/admin/builder/spi-builder-workspace/.derivedData/Build/Intermediates.noindex/WWSwiftUI_Charts.build/Debug-appletvos/WWSwiftUI_Charts-t.build/DerivedSources-normal/arm64 -Xcc -I/Users/admin/builder/spi-builder-workspace/.derivedData/Build/Intermediates.noindex/WWSwiftUI_Charts.build/Debug-appletvos/WWSwiftUI_Charts-t.build/DerivedSources/arm64 -Xcc -I/Users/admin/builder/spi-builder-workspace/.derivedData/Build/Intermediates.noindex/WWSwiftUI_Charts.build/Debug-appletvos/WWSwiftUI_Charts-t.build/DerivedSources -Xcc -DSWIFT_PACKAGE -Xcc -DDEBUG\=1 -no-auto-bridging-header-chaining -module-name WWSwiftUI_Charts -const-gather-protocols-file /Users/admin/builder/spi-builder-workspace/.derivedData/Build/Intermediates.noindex/WWSwiftUI_Charts.build/Debug-appletvos/WWSwiftUI_Charts-t.build/Objects-normal/arm64/WWSwiftUI_Charts_const_extract_protocols.json -disable-clang-spi -clang-target arm64-apple-tvos27.0 -target-sdk-version 27.0 -target-sdk-name appletvos27.0 -in-process-plugin-server-path /Applications/Xcode-27.0.0-Release.Candidate.app/Contents/Developer/Toolchains/XcodeDefault.xctoolchain/usr/lib/swift/host/libSwiftInProcPluginServer.dylib -emit-module-doc-path /Users/admin/builder/spi-builder-workspace/.derivedData/Build/Intermediates.noindex/WWSwiftUI_Charts.build/Debug-appletvos/WWSwiftUI_Charts-t.build/Objects-normal/arm64/WWSwiftUI_Charts.swiftdoc -emit-module-source-info-path /Users/admin/builder/spi-builder-workspace/.derivedData/Build/Intermediates.noindex/WWSwiftUI_Charts.build/Debug-appletvos/WWSwiftUI_Charts-t.build/Objects-normal/arm64/WWSwiftUI_Charts.swiftsourceinfo -emit-objc-header-path /Users/admin/builder/spi-builder-workspace/.derivedData/Build/Intermediates.noindex/WWSwiftUI_Charts.build/Debug-appletvos/WWSwiftUI_Charts-t.build/Objects-normal/arm64/WWSwiftUI_Charts-Swift.h -serialize-diagnostics-path /Users/admin/builder/spi-builder-workspace/.derivedData/Build/Intermediates.noindex/WWSwiftUI_Charts.build/Debug-appletvos/WWSwiftUI_Charts-t.build/Objects-normal/arm64/WWSwiftUI_Charts-primary-emit-module.dia -emit-dependencies-path /Users/admin/builder/spi-builder-workspace/.derivedData/Build/Intermediates.noindex/WWSwiftUI_Charts.build/Debug-appletvos/WWSwiftUI_Charts-t.build/Objects-normal/arm64/WWSwiftUI_Charts-primary-emit-module.d -parse-as-library -o /Users/admin/builder/spi-builder-workspace/.derivedData/Build/Intermediates.noindex/WWSwiftUI_Charts.build/Debug-appletvos/WWSwiftUI_Charts-t.build/Objects-normal/arm64/WWSwiftUI_Charts.swiftmodule -emit-abi-descriptor-path /Users/admin/builder/spi-builder-workspace/.derivedData/Build/Intermediates.noindex/WWSwiftUI_Charts.build/Debug-appletvos/WWSwiftUI_Charts-t.build/Objects-normal/arm64/WWSwiftUI_Charts.abi.json
SwiftCompile normal arm64 (in target 'WWSwiftUI_Charts' from project 'WWSwiftUI_Charts')
cd /Users/admin/builder/spi-builder-workspace/.swiftpm/xcode
SwiftCompile normal arm64 Compiling\ resource_bundle_accessor.swift,\ BarMark.swift /Users/admin/builder/spi-builder-workspace/.derivedData/Build/Intermediates.noindex/WWSwiftUI_Charts.build/Debug-appletvos/WWSwiftUI_Charts-t.build/DerivedSources/resource_bundle_accessor.swift /Users/admin/builder/spi-builder-workspace/Sources/WWSwiftUI_Charts/BarMark.swift (in target 'WWSwiftUI_Charts' from project 'WWSwiftUI_Charts')
SwiftCompile normal arm64 /Users/admin/builder/spi-builder-workspace/.derivedData/Build/Intermediates.noindex/WWSwiftUI_Charts.build/Debug-appletvos/WWSwiftUI_Charts-t.build/DerivedSources/resource_bundle_accessor.swift (in target 'WWSwiftUI_Charts' from project 'WWSwiftUI_Charts')
cd /Users/admin/builder/spi-builder-workspace/.swiftpm/xcode
builtin-SwiftPerFileCompile resource_bundle_accessor.swift
SwiftCompile normal arm64 /Users/admin/builder/spi-builder-workspace/Sources/WWSwiftUI_Charts/BarMark.swift (in target 'WWSwiftUI_Charts' from project 'WWSwiftUI_Charts')
cd /Users/admin/builder/spi-builder-workspace/.swiftpm/xcode
builtin-SwiftPerFileCompile BarMark.swift
PruneExplicitPrecompiledModules /Users/admin/builder/spi-builder-workspace/.derivedData/SDKExplicitPrecompiledModules
PruneExplicitPrecompiledModules /Users/admin/builder/spi-builder-workspace/.derivedData/Build/Intermediates.noindex/ExplicitPrecompiledModules
PruneExplicitPrecompiledModules /Users/admin/builder/spi-builder-workspace/.derivedData/Build/Intermediates.noindex/SwiftExplicitPrecompiledModules
2026-09-23 18:12:53.862 xcodebuild[799:4973] [MT] IDERunDestination: Supported platforms for the buildables in the current scheme is empty.
** BUILD FAILED **
The following build commands failed:
SwiftEmitModule normal arm64 Emitting\ module\ for\ WWSwiftUI_Charts (in target 'WWSwiftUI_Charts' from project 'WWSwiftUI_Charts')
SwiftCompile normal arm64 (in target 'WWSwiftUI_Charts' from project 'WWSwiftUI_Charts')
Building workspace WWSwiftUI_Charts with scheme WWSwiftUI_Charts
(3 failures)
BUILD FAILURE 6.4 tvOS