Build Information
Failed to build PhotoPickerWrapper, reference master (912a96), with Swift 6.1 for watchOS using Xcode 16.3 on 11 Aug 2026 15:30:41 UTC.
Build Command
env DEVELOPER_DIR=/Applications/Xcode-16.3.0.app xcrun xcodebuild -IDEClonedSourcePackagesDirPathOverride=$PWD/.dependencies -skipMacroValidation -skipPackagePluginValidation -derivedDataPath $PWD/.derivedData build -scheme PhotoPickerWrapper -destination generic/platform=watchOSBuild Log
========================================
RunAll
========================================
Builder version: undefined version: run 'make version' to update
Interrupt handler set up.
========================================
Checkout
========================================
Clone URL: https://github.com/moslienko/PhotoPickerWrapper.git
Reference: master
Initialized empty Git repository in /Users/admin/builder/spi-builder-workspace/.git/
From https://github.com/moslienko/PhotoPickerWrapper
* branch master -> FETCH_HEAD
* [new branch] master -> origin/master
HEAD is now at 912a963 Update README.md
Cloned https://github.com/moslienko/PhotoPickerWrapper.git
Revision (git rev-parse @):
912a9632106a1a90d4f04c7b55abc2253dd25a0b
SUCCESS checkout https://github.com/moslienko/PhotoPickerWrapper.git at master
========================================
Build
========================================
Selected platform: watchOS
Swift version: 6.1
Building package at path: $PWD
https://github.com/moslienko/PhotoPickerWrapper.git
https://github.com/moslienko/PhotoPickerWrapper.git
{
"dependencies" : [
],
"manifest_display_name" : "PhotoPickerWrapper",
"name" : "PhotoPickerWrapper",
"path" : "/Users/admin/builder/spi-builder-workspace",
"platforms" : [
{
"name" : "ios",
"version" : "14.0"
}
],
"products" : [
{
"name" : "PhotoPickerWrapper",
"targets" : [
"PhotoPickerWrapper"
],
"type" : {
"library" : [
"automatic"
]
}
}
],
"targets" : [
{
"c99name" : "PhotoPickerWrapper",
"module_type" : "SwiftTarget",
"name" : "PhotoPickerWrapper",
"path" : "Sources/PhotoPickerWrapper",
"product_memberships" : [
"PhotoPickerWrapper"
],
"sources" : [
"Data/AssetData.swift",
"Data/Enum/ImagePickerSourceType.swift",
"Data/ImagePickerLocale.swift",
"Data/ImagePickerParams.swift",
"Extensions/String+Ext.swift",
"Extensions/UIImage+Ext.swift",
"PhotoPickerWrapper.swift",
"SwiftUIPhotoPicker.swift",
"UI/PhotoPickerAlert.swift"
],
"type" : "library"
}
],
"tools_version" : "5.9"
}
Command line invocation:
/Applications/Xcode-16.3.0.app/Contents/Developer/usr/bin/xcodebuild -IDEClonedSourcePackagesDirPathOverride=/Users/admin/builder/spi-builder-workspace/.dependencies -resolvePackageDependencies
Resolve Package Graph
Resolve Package Graph
Resolved source packages:
PhotoPickerWrapper: /Users/admin/builder/spi-builder-workspace
resolved source packages: PhotoPickerWrapper
{
"dependencies" : [
],
"manifest_display_name" : "PhotoPickerWrapper",
"name" : "PhotoPickerWrapper",
"path" : "/Users/admin/builder/spi-builder-workspace",
"platforms" : [
{
"name" : "ios",
"version" : "14.0"
}
],
"products" : [
{
"name" : "PhotoPickerWrapper",
"targets" : [
"PhotoPickerWrapper"
],
"type" : {
"library" : [
"automatic"
]
}
}
],
"targets" : [
{
"c99name" : "PhotoPickerWrapper",
"module_type" : "SwiftTarget",
"name" : "PhotoPickerWrapper",
"path" : "Sources/PhotoPickerWrapper",
"product_memberships" : [
"PhotoPickerWrapper"
],
"sources" : [
"Data/AssetData.swift",
"Data/Enum/ImagePickerSourceType.swift",
"Data/ImagePickerLocale.swift",
"Data/ImagePickerParams.swift",
"Extensions/String+Ext.swift",
"Extensions/UIImage+Ext.swift",
"PhotoPickerWrapper.swift",
"SwiftUIPhotoPicker.swift",
"UI/PhotoPickerAlert.swift"
],
"type" : "library"
}
],
"tools_version" : "5.9"
}
{
"workspace" : {
"name" : "spi-builder-workspace",
"schemes" : [
"PhotoPickerWrapper"
]
}
}
Running build ...
env DEVELOPER_DIR=/Applications/Xcode-16.3.0.app xcrun xcodebuild -IDEClonedSourcePackagesDirPathOverride=$PWD/.dependencies -skipMacroValidation -skipPackagePluginValidation -derivedDataPath $PWD/.derivedData build -scheme PhotoPickerWrapper -destination generic/platform=watchOS OTHER_SWIFT_FLAGS=-stats-output-dir .stats -strict-concurrency=complete -enable-upcoming-feature StrictConcurrency -enable-upcoming-feature DisableOutwardActorInference -enable-upcoming-feature GlobalActorIsolatedTypesUsability -enable-upcoming-feature InferSendableFromCaptures
Command line invocation:
/Applications/Xcode-16.3.0.app/Contents/Developer/usr/bin/xcodebuild -IDEClonedSourcePackagesDirPathOverride=/Users/admin/builder/spi-builder-workspace/.dependencies -skipMacroValidation -skipPackagePluginValidation -derivedDataPath /Users/admin/builder/spi-builder-workspace/.derivedData build -scheme PhotoPickerWrapper -destination generic/platform=watchOS "OTHER_SWIFT_FLAGS=-stats-output-dir .stats -strict-concurrency=complete -enable-upcoming-feature StrictConcurrency -enable-upcoming-feature DisableOutwardActorInference -enable-upcoming-feature GlobalActorIsolatedTypesUsability -enable-upcoming-feature InferSendableFromCaptures"
Build settings from command line:
OTHER_SWIFT_FLAGS = -stats-output-dir .stats -strict-concurrency=complete -enable-upcoming-feature StrictConcurrency -enable-upcoming-feature DisableOutwardActorInference -enable-upcoming-feature GlobalActorIsolatedTypesUsability -enable-upcoming-feature InferSendableFromCaptures
Resolve Package Graph
Resolved source packages:
PhotoPickerWrapper: /Users/admin/builder/spi-builder-workspace
ComputePackagePrebuildTargetDependencyGraph
Prepare packages
CreateBuildRequest
SendProjectDescription
CreateBuildOperation
ComputeTargetDependencyGraph
note: Building targets in dependency order
note: Target dependency graph (2 targets)
Target 'PhotoPickerWrapper' in project 'PhotoPickerWrapper'
➜ Explicit dependency on target 'PhotoPickerWrapper' in project 'PhotoPickerWrapper'
Target 'PhotoPickerWrapper' in project 'PhotoPickerWrapper' (no dependencies)
GatherProvisioningInputs
CreateBuildDescription
ExecuteExternalTool /Applications/Xcode-16.3.0.app/Contents/Developer/Toolchains/XcodeDefault.xctoolchain/usr/bin/clang -v -E -dM -isysroot /Applications/Xcode-16.3.0.app/Contents/Developer/Platforms/WatchOS.platform/Developer/SDKs/WatchOS11.4.sdk -x c -c /dev/null
ExecuteExternalTool /Applications/Xcode-16.3.0.app/Contents/Developer/Toolchains/XcodeDefault.xctoolchain/usr/bin/swiftc --version
ExecuteExternalTool /Applications/Xcode-16.3.0.app/Contents/Developer/Toolchains/XcodeDefault.xctoolchain/usr/bin/ld -version_details
Build description signature: c3f3c7e63a6338f4c7f64e26d35178c0
Build description path: /Users/admin/builder/spi-builder-workspace/.derivedData/Build/Intermediates.noindex/XCBuildData/c3f3c7e63a6338f4c7f64e26d35178c0.xcbuilddata
CreateBuildDirectory /Users/admin/builder/spi-builder-workspace/.derivedData/Build/Products
cd /Users/admin/builder/spi-builder-workspace/.swiftpm/xcode
builtin-create-build-directory /Users/admin/builder/spi-builder-workspace/.derivedData/Build/Products
CreateBuildDirectory /Users/admin/builder/spi-builder-workspace/.derivedData/Build/Intermediates.noindex
cd /Users/admin/builder/spi-builder-workspace/.swiftpm/xcode
builtin-create-build-directory /Users/admin/builder/spi-builder-workspace/.derivedData/Build/Intermediates.noindex
ClangStatCache /Applications/Xcode-16.3.0.app/Contents/Developer/Toolchains/XcodeDefault.xctoolchain/usr/bin/clang-stat-cache /Applications/Xcode-16.3.0.app/Contents/Developer/Platforms/WatchOS.platform/Developer/SDKs/WatchOS11.4.sdk /Users/admin/builder/spi-builder-workspace/.derivedData/SDKStatCaches.noindex/watchos11.4-22T246-43efb940ff07ba2497b70ec94253f576.sdkstatcache
cd /Users/admin/builder/spi-builder-workspace/.swiftpm/xcode
/Applications/Xcode-16.3.0.app/Contents/Developer/Toolchains/XcodeDefault.xctoolchain/usr/bin/clang-stat-cache /Applications/Xcode-16.3.0.app/Contents/Developer/Platforms/WatchOS.platform/Developer/SDKs/WatchOS11.4.sdk -o /Users/admin/builder/spi-builder-workspace/.derivedData/SDKStatCaches.noindex/watchos11.4-22T246-43efb940ff07ba2497b70ec94253f576.sdkstatcache
CreateBuildDirectory /Users/admin/builder/spi-builder-workspace/.derivedData/Build/Intermediates.noindex/EagerLinkingTBDs/Debug-watchos
cd /Users/admin/builder/spi-builder-workspace/.swiftpm/xcode
builtin-create-build-directory /Users/admin/builder/spi-builder-workspace/.derivedData/Build/Intermediates.noindex/EagerLinkingTBDs/Debug-watchos
CreateBuildDirectory /Users/admin/builder/spi-builder-workspace/.derivedData/Build/Products/Debug-watchos
cd /Users/admin/builder/spi-builder-workspace/.swiftpm/xcode
builtin-create-build-directory /Users/admin/builder/spi-builder-workspace/.derivedData/Build/Products/Debug-watchos
CreateBuildDirectory /Users/admin/builder/spi-builder-workspace/.derivedData/Build/Products/Debug-watchos/PackageFrameworks
cd /Users/admin/builder/spi-builder-workspace/.swiftpm/xcode
builtin-create-build-directory /Users/admin/builder/spi-builder-workspace/.derivedData/Build/Products/Debug-watchos/PackageFrameworks
WriteAuxiliaryFile /Users/admin/builder/spi-builder-workspace/.derivedData/Build/Intermediates.noindex/PhotoPickerWrapper.build/Debug-watchos/PhotoPickerWrapper.build/PhotoPickerWrapper.DependencyStaticMetadataFileList (in target 'PhotoPickerWrapper' from project 'PhotoPickerWrapper')
cd /Users/admin/builder/spi-builder-workspace
write-file /Users/admin/builder/spi-builder-workspace/.derivedData/Build/Intermediates.noindex/PhotoPickerWrapper.build/Debug-watchos/PhotoPickerWrapper.build/PhotoPickerWrapper.DependencyStaticMetadataFileList
WriteAuxiliaryFile /Users/admin/builder/spi-builder-workspace/.derivedData/Build/Intermediates.noindex/PhotoPickerWrapper.build/Debug-watchos/PhotoPickerWrapper.build/PhotoPickerWrapper.modulemap (in target 'PhotoPickerWrapper' from project 'PhotoPickerWrapper')
cd /Users/admin/builder/spi-builder-workspace
write-file /Users/admin/builder/spi-builder-workspace/.derivedData/Build/Intermediates.noindex/PhotoPickerWrapper.build/Debug-watchos/PhotoPickerWrapper.build/PhotoPickerWrapper.modulemap
WriteAuxiliaryFile /Users/admin/builder/spi-builder-workspace/.derivedData/Build/Intermediates.noindex/PhotoPickerWrapper.build/Debug-watchos/PhotoPickerWrapper.build/Objects-normal/arm64_32/PhotoPickerWrapper.SwiftConstValuesFileList (in target 'PhotoPickerWrapper' from project 'PhotoPickerWrapper')
cd /Users/admin/builder/spi-builder-workspace
write-file /Users/admin/builder/spi-builder-workspace/.derivedData/Build/Intermediates.noindex/PhotoPickerWrapper.build/Debug-watchos/PhotoPickerWrapper.build/Objects-normal/arm64_32/PhotoPickerWrapper.SwiftConstValuesFileList
WriteAuxiliaryFile /Users/admin/builder/spi-builder-workspace/.derivedData/Build/Intermediates.noindex/PhotoPickerWrapper.build/Debug-watchos/PhotoPickerWrapper.build/Objects-normal/armv7k/PhotoPickerWrapper-OutputFileMap.json (in target 'PhotoPickerWrapper' from project 'PhotoPickerWrapper')
cd /Users/admin/builder/spi-builder-workspace
write-file /Users/admin/builder/spi-builder-workspace/.derivedData/Build/Intermediates.noindex/PhotoPickerWrapper.build/Debug-watchos/PhotoPickerWrapper.build/Objects-normal/armv7k/PhotoPickerWrapper-OutputFileMap.json
WriteAuxiliaryFile /Users/admin/builder/spi-builder-workspace/.derivedData/Build/Intermediates.noindex/PhotoPickerWrapper.build/Debug-watchos/PhotoPickerWrapper.build/Objects-normal/arm64_32/PhotoPickerWrapper_const_extract_protocols.json (in target 'PhotoPickerWrapper' from project 'PhotoPickerWrapper')
cd /Users/admin/builder/spi-builder-workspace
write-file /Users/admin/builder/spi-builder-workspace/.derivedData/Build/Intermediates.noindex/PhotoPickerWrapper.build/Debug-watchos/PhotoPickerWrapper.build/Objects-normal/arm64_32/PhotoPickerWrapper_const_extract_protocols.json
WriteAuxiliaryFile /Users/admin/builder/spi-builder-workspace/.derivedData/Build/Intermediates.noindex/PhotoPickerWrapper.build/Debug-watchos/PhotoPickerWrapper.build/Objects-normal/arm64_32/PhotoPickerWrapper-OutputFileMap.json (in target 'PhotoPickerWrapper' from project 'PhotoPickerWrapper')
cd /Users/admin/builder/spi-builder-workspace
write-file /Users/admin/builder/spi-builder-workspace/.derivedData/Build/Intermediates.noindex/PhotoPickerWrapper.build/Debug-watchos/PhotoPickerWrapper.build/Objects-normal/arm64_32/PhotoPickerWrapper-OutputFileMap.json
WriteAuxiliaryFile /Users/admin/builder/spi-builder-workspace/.derivedData/Build/Intermediates.noindex/PhotoPickerWrapper.build/Debug-watchos/PhotoPickerWrapper.build/Objects-normal/arm64_32/PhotoPickerWrapper.LinkFileList (in target 'PhotoPickerWrapper' from project 'PhotoPickerWrapper')
cd /Users/admin/builder/spi-builder-workspace
write-file /Users/admin/builder/spi-builder-workspace/.derivedData/Build/Intermediates.noindex/PhotoPickerWrapper.build/Debug-watchos/PhotoPickerWrapper.build/Objects-normal/arm64_32/PhotoPickerWrapper.LinkFileList
WriteAuxiliaryFile /Users/admin/builder/spi-builder-workspace/.derivedData/Build/Intermediates.noindex/PhotoPickerWrapper.build/Debug-watchos/PhotoPickerWrapper.build/Objects-normal/armv7k/PhotoPickerWrapper.LinkFileList (in target 'PhotoPickerWrapper' from project 'PhotoPickerWrapper')
cd /Users/admin/builder/spi-builder-workspace
write-file /Users/admin/builder/spi-builder-workspace/.derivedData/Build/Intermediates.noindex/PhotoPickerWrapper.build/Debug-watchos/PhotoPickerWrapper.build/Objects-normal/armv7k/PhotoPickerWrapper.LinkFileList
WriteAuxiliaryFile /Users/admin/builder/spi-builder-workspace/.derivedData/Build/Intermediates.noindex/PhotoPickerWrapper.build/Debug-watchos/PhotoPickerWrapper.build/Objects-normal/armv7k/PhotoPickerWrapper_const_extract_protocols.json (in target 'PhotoPickerWrapper' from project 'PhotoPickerWrapper')
cd /Users/admin/builder/spi-builder-workspace
write-file /Users/admin/builder/spi-builder-workspace/.derivedData/Build/Intermediates.noindex/PhotoPickerWrapper.build/Debug-watchos/PhotoPickerWrapper.build/Objects-normal/armv7k/PhotoPickerWrapper_const_extract_protocols.json
WriteAuxiliaryFile /Users/admin/builder/spi-builder-workspace/.derivedData/Build/Intermediates.noindex/PhotoPickerWrapper.build/Debug-watchos/PhotoPickerWrapper.build/PhotoPickerWrapper.DependencyMetadataFileList (in target 'PhotoPickerWrapper' from project 'PhotoPickerWrapper')
cd /Users/admin/builder/spi-builder-workspace
write-file /Users/admin/builder/spi-builder-workspace/.derivedData/Build/Intermediates.noindex/PhotoPickerWrapper.build/Debug-watchos/PhotoPickerWrapper.build/PhotoPickerWrapper.DependencyMetadataFileList
WriteAuxiliaryFile /Users/admin/builder/spi-builder-workspace/.derivedData/Build/Intermediates.noindex/PhotoPickerWrapper.build/Debug-watchos/PhotoPickerWrapper.build/Objects-normal/armv7k/PhotoPickerWrapper.SwiftFileList (in target 'PhotoPickerWrapper' from project 'PhotoPickerWrapper')
cd /Users/admin/builder/spi-builder-workspace
write-file /Users/admin/builder/spi-builder-workspace/.derivedData/Build/Intermediates.noindex/PhotoPickerWrapper.build/Debug-watchos/PhotoPickerWrapper.build/Objects-normal/armv7k/PhotoPickerWrapper.SwiftFileList
WriteAuxiliaryFile /Users/admin/builder/spi-builder-workspace/.derivedData/Build/Intermediates.noindex/PhotoPickerWrapper.build/Debug-watchos/PhotoPickerWrapper.build/Objects-normal/armv7k/PhotoPickerWrapper.SwiftConstValuesFileList (in target 'PhotoPickerWrapper' from project 'PhotoPickerWrapper')
cd /Users/admin/builder/spi-builder-workspace
write-file /Users/admin/builder/spi-builder-workspace/.derivedData/Build/Intermediates.noindex/PhotoPickerWrapper.build/Debug-watchos/PhotoPickerWrapper.build/Objects-normal/armv7k/PhotoPickerWrapper.SwiftConstValuesFileList
WriteAuxiliaryFile /Users/admin/builder/spi-builder-workspace/.derivedData/Build/Intermediates.noindex/PhotoPickerWrapper.build/Debug-watchos/PhotoPickerWrapper.build/Objects-normal/arm64_32/PhotoPickerWrapper.SwiftFileList (in target 'PhotoPickerWrapper' from project 'PhotoPickerWrapper')
cd /Users/admin/builder/spi-builder-workspace
write-file /Users/admin/builder/spi-builder-workspace/.derivedData/Build/Intermediates.noindex/PhotoPickerWrapper.build/Debug-watchos/PhotoPickerWrapper.build/Objects-normal/arm64_32/PhotoPickerWrapper.SwiftFileList
WriteAuxiliaryFile /Users/admin/builder/spi-builder-workspace/.derivedData/Build/Intermediates.noindex/PhotoPickerWrapper.build/Debug-watchos/PhotoPickerWrapper.build/Objects-normal/arm64/PhotoPickerWrapper.SwiftConstValuesFileList (in target 'PhotoPickerWrapper' from project 'PhotoPickerWrapper')
cd /Users/admin/builder/spi-builder-workspace
write-file /Users/admin/builder/spi-builder-workspace/.derivedData/Build/Intermediates.noindex/PhotoPickerWrapper.build/Debug-watchos/PhotoPickerWrapper.build/Objects-normal/arm64/PhotoPickerWrapper.SwiftConstValuesFileList
WriteAuxiliaryFile /Users/admin/builder/spi-builder-workspace/.derivedData/Build/Intermediates.noindex/PhotoPickerWrapper.build/Debug-watchos/PhotoPickerWrapper.build/Objects-normal/arm64/PhotoPickerWrapper.SwiftFileList (in target 'PhotoPickerWrapper' from project 'PhotoPickerWrapper')
cd /Users/admin/builder/spi-builder-workspace
write-file /Users/admin/builder/spi-builder-workspace/.derivedData/Build/Intermediates.noindex/PhotoPickerWrapper.build/Debug-watchos/PhotoPickerWrapper.build/Objects-normal/arm64/PhotoPickerWrapper.SwiftFileList
WriteAuxiliaryFile /Users/admin/builder/spi-builder-workspace/.derivedData/Build/Intermediates.noindex/PhotoPickerWrapper.build/Debug-watchos/PhotoPickerWrapper.build/Objects-normal/arm64/PhotoPickerWrapper_const_extract_protocols.json (in target 'PhotoPickerWrapper' from project 'PhotoPickerWrapper')
cd /Users/admin/builder/spi-builder-workspace
write-file /Users/admin/builder/spi-builder-workspace/.derivedData/Build/Intermediates.noindex/PhotoPickerWrapper.build/Debug-watchos/PhotoPickerWrapper.build/Objects-normal/arm64/PhotoPickerWrapper_const_extract_protocols.json
WriteAuxiliaryFile /Users/admin/builder/spi-builder-workspace/.derivedData/Build/Intermediates.noindex/PhotoPickerWrapper.build/Debug-watchos/PhotoPickerWrapper.build/Objects-normal/arm64/PhotoPickerWrapper.LinkFileList (in target 'PhotoPickerWrapper' from project 'PhotoPickerWrapper')
cd /Users/admin/builder/spi-builder-workspace
write-file /Users/admin/builder/spi-builder-workspace/.derivedData/Build/Intermediates.noindex/PhotoPickerWrapper.build/Debug-watchos/PhotoPickerWrapper.build/Objects-normal/arm64/PhotoPickerWrapper.LinkFileList
WriteAuxiliaryFile /Users/admin/builder/spi-builder-workspace/.derivedData/Build/Intermediates.noindex/PhotoPickerWrapper.build/Debug-watchos/PhotoPickerWrapper.build/Objects-normal/arm64/PhotoPickerWrapper-OutputFileMap.json (in target 'PhotoPickerWrapper' from project 'PhotoPickerWrapper')
cd /Users/admin/builder/spi-builder-workspace
write-file /Users/admin/builder/spi-builder-workspace/.derivedData/Build/Intermediates.noindex/PhotoPickerWrapper.build/Debug-watchos/PhotoPickerWrapper.build/Objects-normal/arm64/PhotoPickerWrapper-OutputFileMap.json
Copy /Users/admin/builder/spi-builder-workspace/.derivedData/Build/Intermediates.noindex/GeneratedModuleMaps-watchos/PhotoPickerWrapper.modulemap /Users/admin/builder/spi-builder-workspace/.derivedData/Build/Intermediates.noindex/PhotoPickerWrapper.build/Debug-watchos/PhotoPickerWrapper.build/PhotoPickerWrapper.modulemap (in target 'PhotoPickerWrapper' from project 'PhotoPickerWrapper')
cd /Users/admin/builder/spi-builder-workspace
builtin-copy -exclude .DS_Store -exclude CVS -exclude .svn -exclude .git -exclude .hg -resolve-src-symlinks /Users/admin/builder/spi-builder-workspace/.derivedData/Build/Intermediates.noindex/PhotoPickerWrapper.build/Debug-watchos/PhotoPickerWrapper.build/PhotoPickerWrapper.modulemap /Users/admin/builder/spi-builder-workspace/.derivedData/Build/Intermediates.noindex/GeneratedModuleMaps-watchos
SwiftDriver PhotoPickerWrapper normal arm64_32 com.apple.xcode.tools.swift.compiler (in target 'PhotoPickerWrapper' from project 'PhotoPickerWrapper')
cd /Users/admin/builder/spi-builder-workspace/.swiftpm/xcode
builtin-SwiftDriver -- /Applications/Xcode-16.3.0.app/Contents/Developer/Toolchains/XcodeDefault.xctoolchain/usr/bin/swiftc -module-name PhotoPickerWrapper -Onone -enforce-exclusivity\=checked @/Users/admin/builder/spi-builder-workspace/.derivedData/Build/Intermediates.noindex/PhotoPickerWrapper.build/Debug-watchos/PhotoPickerWrapper.build/Objects-normal/arm64_32/PhotoPickerWrapper.SwiftFileList -DSWIFT_PACKAGE -DDEBUG -stats-output-dir .stats -strict-concurrency\=complete -enable-upcoming-feature StrictConcurrency -enable-upcoming-feature DisableOutwardActorInference -enable-upcoming-feature GlobalActorIsolatedTypesUsability -enable-upcoming-feature InferSendableFromCaptures -plugin-path /Applications/Xcode-16.3.0.app/Contents/Developer/Toolchains/XcodeDefault.xctoolchain/usr/lib/swift/host/plugins/testing -enable-experimental-feature DebugDescriptionMacro -sdk /Applications/Xcode-16.3.0.app/Contents/Developer/Platforms/WatchOS.platform/Developer/SDKs/WatchOS11.4.sdk -target arm64_32-apple-watchos7.0 -g -module-cache-path /Users/admin/builder/spi-builder-workspace/.derivedData/ModuleCache.noindex -Xfrontend -serialize-debugging-options -enable-testing -index-store-path /Users/admin/builder/spi-builder-workspace/.derivedData/Index.noindex/DataStore -swift-version 5 -I /Users/admin/builder/spi-builder-workspace/.derivedData/Build/Products/Debug-watchos -I /Applications/Xcode-16.3.0.app/Contents/Developer/Platforms/WatchOS.platform/Developer/usr/lib -F /Users/admin/builder/spi-builder-workspace/.derivedData/Build/Products/Debug-watchos -F /Applications/Xcode-16.3.0.app/Contents/Developer/Platforms/WatchOS.platform/Developer/Library/Frameworks -F /Applications/Xcode-16.3.0.app/Contents/Developer/Platforms/WatchOS.platform/Developer/SDKs/WatchOS11.4.sdk/Developer/Library/Frameworks -c -j10 -enable-batch-mode -incremental -Xcc -ivfsstatcache -Xcc /Users/admin/builder/spi-builder-workspace/.derivedData/SDKStatCaches.noindex/watchos11.4-22T246-43efb940ff07ba2497b70ec94253f576.sdkstatcache -output-file-map /Users/admin/builder/spi-builder-workspace/.derivedData/Build/Intermediates.noindex/PhotoPickerWrapper.build/Debug-watchos/PhotoPickerWrapper.build/Objects-normal/arm64_32/PhotoPickerWrapper-OutputFileMap.json -use-frontend-parseable-output -save-temps -no-color-diagnostics -serialize-diagnostics -emit-dependencies -emit-module -emit-module-path /Users/admin/builder/spi-builder-workspace/.derivedData/Build/Intermediates.noindex/PhotoPickerWrapper.build/Debug-watchos/PhotoPickerWrapper.build/Objects-normal/arm64_32/PhotoPickerWrapper.swiftmodule -validate-clang-modules-once -clang-build-session-file /Users/admin/builder/spi-builder-workspace/.derivedData/ModuleCache.noindex/Session.modulevalidation -package-name spi_builder_workspace -Xcc -I/Users/admin/builder/spi-builder-workspace/.derivedData/Build/Intermediates.noindex/PhotoPickerWrapper.build/Debug-watchos/PhotoPickerWrapper.build/swift-overrides.hmap -emit-const-values -Xfrontend -const-gather-protocols-file -Xfrontend /Users/admin/builder/spi-builder-workspace/.derivedData/Build/Intermediates.noindex/PhotoPickerWrapper.build/Debug-watchos/PhotoPickerWrapper.build/Objects-normal/arm64_32/PhotoPickerWrapper_const_extract_protocols.json -Xcc -I/Users/admin/builder/spi-builder-workspace/.derivedData/Build/Products/Debug-watchos/include -Xcc -I/Users/admin/builder/spi-builder-workspace/.derivedData/Build/Intermediates.noindex/PhotoPickerWrapper.build/Debug-watchos/PhotoPickerWrapper.build/DerivedSources-normal/arm64_32 -Xcc -I/Users/admin/builder/spi-builder-workspace/.derivedData/Build/Intermediates.noindex/PhotoPickerWrapper.build/Debug-watchos/PhotoPickerWrapper.build/DerivedSources/arm64_32 -Xcc -I/Users/admin/builder/spi-builder-workspace/.derivedData/Build/Intermediates.noindex/PhotoPickerWrapper.build/Debug-watchos/PhotoPickerWrapper.build/DerivedSources -Xcc -DSWIFT_PACKAGE -Xcc -DDEBUG\=1 -emit-objc-header -emit-objc-header-path /Users/admin/builder/spi-builder-workspace/.derivedData/Build/Intermediates.noindex/PhotoPickerWrapper.build/Debug-watchos/PhotoPickerWrapper.build/Objects-normal/arm64_32/PhotoPickerWrapper-Swift.h -working-directory /Users/admin/builder/spi-builder-workspace/.swiftpm/xcode -experimental-emit-module-separately -disable-cmo
SwiftDriver PhotoPickerWrapper normal arm64 com.apple.xcode.tools.swift.compiler (in target 'PhotoPickerWrapper' from project 'PhotoPickerWrapper')
cd /Users/admin/builder/spi-builder-workspace/.swiftpm/xcode
builtin-SwiftDriver -- /Applications/Xcode-16.3.0.app/Contents/Developer/Toolchains/XcodeDefault.xctoolchain/usr/bin/swiftc -module-name PhotoPickerWrapper -Onone -enforce-exclusivity\=checked @/Users/admin/builder/spi-builder-workspace/.derivedData/Build/Intermediates.noindex/PhotoPickerWrapper.build/Debug-watchos/PhotoPickerWrapper.build/Objects-normal/arm64/PhotoPickerWrapper.SwiftFileList -DSWIFT_PACKAGE -DDEBUG -stats-output-dir .stats -strict-concurrency\=complete -enable-upcoming-feature StrictConcurrency -enable-upcoming-feature DisableOutwardActorInference -enable-upcoming-feature GlobalActorIsolatedTypesUsability -enable-upcoming-feature InferSendableFromCaptures -plugin-path /Applications/Xcode-16.3.0.app/Contents/Developer/Toolchains/XcodeDefault.xctoolchain/usr/lib/swift/host/plugins/testing -enable-experimental-feature DebugDescriptionMacro -sdk /Applications/Xcode-16.3.0.app/Contents/Developer/Platforms/WatchOS.platform/Developer/SDKs/WatchOS11.4.sdk -target arm64-apple-watchos7.0 -g -module-cache-path /Users/admin/builder/spi-builder-workspace/.derivedData/ModuleCache.noindex -Xfrontend -serialize-debugging-options -enable-testing -index-store-path /Users/admin/builder/spi-builder-workspace/.derivedData/Index.noindex/DataStore -swift-version 5 -I /Users/admin/builder/spi-builder-workspace/.derivedData/Build/Products/Debug-watchos -I /Applications/Xcode-16.3.0.app/Contents/Developer/Platforms/WatchOS.platform/Developer/usr/lib -F /Users/admin/builder/spi-builder-workspace/.derivedData/Build/Products/Debug-watchos -F /Applications/Xcode-16.3.0.app/Contents/Developer/Platforms/WatchOS.platform/Developer/Library/Frameworks -F /Applications/Xcode-16.3.0.app/Contents/Developer/Platforms/WatchOS.platform/Developer/SDKs/WatchOS11.4.sdk/Developer/Library/Frameworks -c -j10 -enable-batch-mode -incremental -Xcc -ivfsstatcache -Xcc /Users/admin/builder/spi-builder-workspace/.derivedData/SDKStatCaches.noindex/watchos11.4-22T246-43efb940ff07ba2497b70ec94253f576.sdkstatcache -output-file-map /Users/admin/builder/spi-builder-workspace/.derivedData/Build/Intermediates.noindex/PhotoPickerWrapper.build/Debug-watchos/PhotoPickerWrapper.build/Objects-normal/arm64/PhotoPickerWrapper-OutputFileMap.json -use-frontend-parseable-output -save-temps -no-color-diagnostics -serialize-diagnostics -emit-dependencies -emit-module -emit-module-path /Users/admin/builder/spi-builder-workspace/.derivedData/Build/Intermediates.noindex/PhotoPickerWrapper.build/Debug-watchos/PhotoPickerWrapper.build/Objects-normal/arm64/PhotoPickerWrapper.swiftmodule -validate-clang-modules-once -clang-build-session-file /Users/admin/builder/spi-builder-workspace/.derivedData/ModuleCache.noindex/Session.modulevalidation -package-name spi_builder_workspace -Xcc -I/Users/admin/builder/spi-builder-workspace/.derivedData/Build/Intermediates.noindex/PhotoPickerWrapper.build/Debug-watchos/PhotoPickerWrapper.build/swift-overrides.hmap -emit-const-values -Xfrontend -const-gather-protocols-file -Xfrontend /Users/admin/builder/spi-builder-workspace/.derivedData/Build/Intermediates.noindex/PhotoPickerWrapper.build/Debug-watchos/PhotoPickerWrapper.build/Objects-normal/arm64/PhotoPickerWrapper_const_extract_protocols.json -Xcc -I/Users/admin/builder/spi-builder-workspace/.derivedData/Build/Products/Debug-watchos/include -Xcc -I/Users/admin/builder/spi-builder-workspace/.derivedData/Build/Intermediates.noindex/PhotoPickerWrapper.build/Debug-watchos/PhotoPickerWrapper.build/DerivedSources-normal/arm64 -Xcc -I/Users/admin/builder/spi-builder-workspace/.derivedData/Build/Intermediates.noindex/PhotoPickerWrapper.build/Debug-watchos/PhotoPickerWrapper.build/DerivedSources/arm64 -Xcc -I/Users/admin/builder/spi-builder-workspace/.derivedData/Build/Intermediates.noindex/PhotoPickerWrapper.build/Debug-watchos/PhotoPickerWrapper.build/DerivedSources -Xcc -DSWIFT_PACKAGE -Xcc -DDEBUG\=1 -emit-objc-header -emit-objc-header-path /Users/admin/builder/spi-builder-workspace/.derivedData/Build/Intermediates.noindex/PhotoPickerWrapper.build/Debug-watchos/PhotoPickerWrapper.build/Objects-normal/arm64/PhotoPickerWrapper-Swift.h -working-directory /Users/admin/builder/spi-builder-workspace/.swiftpm/xcode -experimental-emit-module-separately -disable-cmo
SwiftDriver PhotoPickerWrapper normal armv7k com.apple.xcode.tools.swift.compiler (in target 'PhotoPickerWrapper' from project 'PhotoPickerWrapper')
cd /Users/admin/builder/spi-builder-workspace/.swiftpm/xcode
builtin-SwiftDriver -- /Applications/Xcode-16.3.0.app/Contents/Developer/Toolchains/XcodeDefault.xctoolchain/usr/bin/swiftc -module-name PhotoPickerWrapper -Onone -enforce-exclusivity\=checked @/Users/admin/builder/spi-builder-workspace/.derivedData/Build/Intermediates.noindex/PhotoPickerWrapper.build/Debug-watchos/PhotoPickerWrapper.build/Objects-normal/armv7k/PhotoPickerWrapper.SwiftFileList -DSWIFT_PACKAGE -DDEBUG -stats-output-dir .stats -strict-concurrency\=complete -enable-upcoming-feature StrictConcurrency -enable-upcoming-feature DisableOutwardActorInference -enable-upcoming-feature GlobalActorIsolatedTypesUsability -enable-upcoming-feature InferSendableFromCaptures -plugin-path /Applications/Xcode-16.3.0.app/Contents/Developer/Toolchains/XcodeDefault.xctoolchain/usr/lib/swift/host/plugins/testing -enable-experimental-feature DebugDescriptionMacro -sdk /Applications/Xcode-16.3.0.app/Contents/Developer/Platforms/WatchOS.platform/Developer/SDKs/WatchOS11.4.sdk -target armv7k-apple-watchos7.0 -g -module-cache-path /Users/admin/builder/spi-builder-workspace/.derivedData/ModuleCache.noindex -Xfrontend -serialize-debugging-options -enable-testing -index-store-path /Users/admin/builder/spi-builder-workspace/.derivedData/Index.noindex/DataStore -swift-version 5 -I /Users/admin/builder/spi-builder-workspace/.derivedData/Build/Products/Debug-watchos -I /Applications/Xcode-16.3.0.app/Contents/Developer/Platforms/WatchOS.platform/Developer/usr/lib -F /Users/admin/builder/spi-builder-workspace/.derivedData/Build/Products/Debug-watchos -F /Applications/Xcode-16.3.0.app/Contents/Developer/Platforms/WatchOS.platform/Developer/Library/Frameworks -F /Applications/Xcode-16.3.0.app/Contents/Developer/Platforms/WatchOS.platform/Developer/SDKs/WatchOS11.4.sdk/Developer/Library/Frameworks -c -j10 -enable-batch-mode -incremental -Xcc -ivfsstatcache -Xcc /Users/admin/builder/spi-builder-workspace/.derivedData/SDKStatCaches.noindex/watchos11.4-22T246-43efb940ff07ba2497b70ec94253f576.sdkstatcache -output-file-map /Users/admin/builder/spi-builder-workspace/.derivedData/Build/Intermediates.noindex/PhotoPickerWrapper.build/Debug-watchos/PhotoPickerWrapper.build/Objects-normal/armv7k/PhotoPickerWrapper-OutputFileMap.json -use-frontend-parseable-output -save-temps -no-color-diagnostics -serialize-diagnostics -emit-dependencies -emit-module -emit-module-path /Users/admin/builder/spi-builder-workspace/.derivedData/Build/Intermediates.noindex/PhotoPickerWrapper.build/Debug-watchos/PhotoPickerWrapper.build/Objects-normal/armv7k/PhotoPickerWrapper.swiftmodule -validate-clang-modules-once -clang-build-session-file /Users/admin/builder/spi-builder-workspace/.derivedData/ModuleCache.noindex/Session.modulevalidation -package-name spi_builder_workspace -Xcc -I/Users/admin/builder/spi-builder-workspace/.derivedData/Build/Intermediates.noindex/PhotoPickerWrapper.build/Debug-watchos/PhotoPickerWrapper.build/swift-overrides.hmap -emit-const-values -Xfrontend -const-gather-protocols-file -Xfrontend /Users/admin/builder/spi-builder-workspace/.derivedData/Build/Intermediates.noindex/PhotoPickerWrapper.build/Debug-watchos/PhotoPickerWrapper.build/Objects-normal/armv7k/PhotoPickerWrapper_const_extract_protocols.json -Xcc -I/Users/admin/builder/spi-builder-workspace/.derivedData/Build/Products/Debug-watchos/include -Xcc -I/Users/admin/builder/spi-builder-workspace/.derivedData/Build/Intermediates.noindex/PhotoPickerWrapper.build/Debug-watchos/PhotoPickerWrapper.build/DerivedSources-normal/armv7k -Xcc -I/Users/admin/builder/spi-builder-workspace/.derivedData/Build/Intermediates.noindex/PhotoPickerWrapper.build/Debug-watchos/PhotoPickerWrapper.build/DerivedSources/armv7k -Xcc -I/Users/admin/builder/spi-builder-workspace/.derivedData/Build/Intermediates.noindex/PhotoPickerWrapper.build/Debug-watchos/PhotoPickerWrapper.build/DerivedSources -Xcc -DSWIFT_PACKAGE -Xcc -DDEBUG\=1 -emit-objc-header -emit-objc-header-path /Users/admin/builder/spi-builder-workspace/.derivedData/Build/Intermediates.noindex/PhotoPickerWrapper.build/Debug-watchos/PhotoPickerWrapper.build/Objects-normal/armv7k/PhotoPickerWrapper-Swift.h -working-directory /Users/admin/builder/spi-builder-workspace/.swiftpm/xcode -experimental-emit-module-separately -disable-cmo
SwiftEmitModule normal arm64_32 Emitting\ module\ for\ PhotoPickerWrapper (in target 'PhotoPickerWrapper' from project 'PhotoPickerWrapper')
EmitSwiftModule normal arm64_32 (in target 'PhotoPickerWrapper' from project 'PhotoPickerWrapper')
cd /Users/admin/builder/spi-builder-workspace/.swiftpm/xcode
/Users/admin/builder/spi-builder-workspace/Sources/PhotoPickerWrapper/Data/Enum/ImagePickerSourceType.swift:12:23: error: cannot find type 'UIImagePickerController' in scope
case camera(type: UIImagePickerController.CameraCaptureMode = .photo)
^~~~~~~~~~~~~~~~~~~~~~~
/Users/admin/builder/spi-builder-workspace/Sources/PhotoPickerWrapper/Data/Enum/ImagePickerSourceType.swift:13:31: error: 'PHPickerFilter' is only available in watchOS 9.0 or newer
case photoLibrary(filter: PHPickerFilter? = nil)
^
/Users/admin/builder/spi-builder-workspace/Sources/PhotoPickerWrapper/Data/Enum/ImagePickerSourceType.swift:11:13: note: add @available attribute to enclosing enum
public enum ImagePickerSourceType {
^
/Users/admin/builder/spi-builder-workspace/Sources/PhotoPickerWrapper/Data/ImagePickerParams.swift:19:124: error: type 'UIColor' has no member 'systemBlue'
public init(selectionLimit: Int, sourceType: ImagePickerSourceType, allowsEditing: Bool = false, tintColor: UIColor = .systemBlue) {
~^~~~~~~~~~
/Users/admin/builder/spi-builder-workspace/Sources/PhotoPickerWrapper/PhotoPickerWrapper.swift:32:41: error: cannot find type 'UIViewController' in scope
public func showPicker(on parentVC: UIViewController) {
^~~~~~~~~~~~~~~~
/Users/admin/builder/spi-builder-workspace/Sources/PhotoPickerWrapper/PhotoPickerWrapper.swift:81:30: error: cannot find type 'UIViewController' in scope
func createPickerVC() -> UIViewController {
^~~~~~~~~~~~~~~~
/Users/admin/builder/spi-builder-workspace/Sources/PhotoPickerWrapper/PhotoPickerWrapper.swift:104:57: error: 'PHPickerFilter' is only available in watchOS 9.0 or newer
private func createPhotoPickerConfiguration(filter: PHPickerFilter?) -> PHPickerConfiguration {
^
/Users/admin/builder/spi-builder-workspace/Sources/PhotoPickerWrapper/PhotoPickerWrapper.swift:104:18: note: add @available attribute to enclosing instance method
private func createPhotoPickerConfiguration(filter: PHPickerFilter?) -> PHPickerConfiguration {
^
/Users/admin/builder/spi-builder-workspace/Sources/PhotoPickerWrapper/PhotoPickerWrapper.swift:77:1: note: add @available attribute to enclosing extension
extension PhotoPickerWrapper {
^
/Users/admin/builder/spi-builder-workspace/Sources/PhotoPickerWrapper/PhotoPickerWrapper.swift:104:77: error: 'PHPickerConfiguration' is unavailable in watchOS
private func createPhotoPickerConfiguration(filter: PHPickerFilter?) -> PHPickerConfiguration {
^~~~~~~~~~~~~~~~~~~~~
PhotosUI.PHPickerConfiguration:4:15: note: 'PHPickerConfiguration' has been explicitly marked unavailable here
public struct PHPickerConfiguration : Equatable, Hashable, @unchecked Sendable {
^
/Users/admin/builder/spi-builder-workspace/Sources/PhotoPickerWrapper/PhotoPickerWrapper.swift:116:34: error: 'PHPickerViewController' is unavailable in watchOS
public func picker(_ picker: PHPickerViewController, didFinishPicking results: [PHPickerResult]) {
^~~~~~~~~~~~~~~~~~~~~~
/Applications/Xcode-16.3.0.app/Contents/Developer/Platforms/WatchOS.platform/Developer/SDKs/WatchOS11.4.sdk/System/Library/Frameworks/PhotosUI.framework/Headers/PHPicker.h:236:12: note: 'PHPickerViewController' has been explicitly marked unavailable here
@interface PHPickerViewController : NSObject
^
/Users/admin/builder/spi-builder-workspace/Sources/PhotoPickerWrapper/PhotoPickerWrapper.swift:116:85: error: 'PHPickerResult' is unavailable in watchOS
public func picker(_ picker: PHPickerViewController, didFinishPicking results: [PHPickerResult]) {
^~~~~~~~~~~~~~
PhotosUI.PHPickerResult:4:15: note: 'PHPickerResult' has been explicitly marked unavailable here
public struct PHPickerResult : Equatable, Hashable {
^
/Users/admin/builder/spi-builder-workspace/Sources/PhotoPickerWrapper/PhotoPickerWrapper.swift:114:31: error: 'PHPickerViewControllerDelegate' is unavailable in watchOS
extension PhotoPickerWrapper: PHPickerViewControllerDelegate {
^~~~~~~~~~~~~~~~~~~~~~~~~~~~~~
PhotosUI.PHPickerViewControllerDelegate:4:44: note: 'PHPickerViewControllerDelegate' has been explicitly marked unavailable here
@MainActor @preconcurrency public protocol PHPickerViewControllerDelegate : AnyObject {
^
/Users/admin/builder/spi-builder-workspace/Sources/PhotoPickerWrapper/PhotoPickerWrapper.swift:162:31: error: cannot find type 'UINavigationControllerDelegate' in scope
extension PhotoPickerWrapper: UINavigationControllerDelegate, UIImagePickerControllerDelegate {
^~~~~~~~~~~~~~~~~~~~~~~~~~~~~~
/Users/admin/builder/spi-builder-workspace/Sources/PhotoPickerWrapper/PhotoPickerWrapper.swift:162:63: error: cannot find type 'UIImagePickerControllerDelegate' in scope
extension PhotoPickerWrapper: UINavigationControllerDelegate, UIImagePickerControllerDelegate {
^~~~~~~~~~~~~~~~~~~~~~~~~~~~~~~
/Users/admin/builder/spi-builder-workspace/Sources/PhotoPickerWrapper/PhotoPickerWrapper.swift:164:49: error: cannot find type 'UIImagePickerController' in scope
public func imagePickerController(_ picker: UIImagePickerController, didFinishPickingMediaWithInfo info: [UIImagePickerController.InfoKey: Any]) {
^~~~~~~~~~~~~~~~~~~~~~~
/Users/admin/builder/spi-builder-workspace/Sources/PhotoPickerWrapper/PhotoPickerWrapper.swift:164:111: error: cannot find type 'UIImagePickerController' in scope
public func imagePickerController(_ picker: UIImagePickerController, didFinishPickingMediaWithInfo info: [UIImagePickerController.InfoKey: Any]) {
^~~~~~~~~~~~~~~~~~~~~~~
/Users/admin/builder/spi-builder-workspace/Sources/PhotoPickerWrapper/PhotoPickerWrapper.swift:183:58: error: cannot find type 'UIImagePickerController' in scope
public func imagePickerControllerDidCancel(_ picker: UIImagePickerController) {
^~~~~~~~~~~~~~~~~~~~~~~
/Users/admin/builder/spi-builder-workspace/Sources/PhotoPickerWrapper/SwiftUIPhotoPicker.swift:20:59: error: cannot find type 'UIViewController' in scope
public func makeUIViewController(context: Context) -> UIViewController {
^~~~~~~~~~~~~~~~
/Users/admin/builder/spi-builder-workspace/Sources/PhotoPickerWrapper/SwiftUIPhotoPicker.swift:20:47: error: cannot find type 'Context' in scope
public func makeUIViewController(context: Context) -> UIViewController {
^~~~~~~
/Users/admin/builder/spi-builder-workspace/Sources/PhotoPickerWrapper/SwiftUIPhotoPicker.swift:24:60: error: cannot find type 'UIViewController' in scope
public func updateUIViewController(_ uiViewController: UIViewController, context: Context) {
^~~~~~~~~~~~~~~~
/Users/admin/builder/spi-builder-workspace/Sources/PhotoPickerWrapper/SwiftUIPhotoPicker.swift:24:87: error: cannot find type 'Context' in scope
public func updateUIViewController(_ uiViewController: UIViewController, context: Context) {
^~~~~~~
/Users/admin/builder/spi-builder-workspace/Sources/PhotoPickerWrapper/SwiftUIPhotoPicker.swift:12:35: error: cannot find type 'UIViewControllerRepresentable' in scope
public struct SwiftUIPhotoPicker: UIViewControllerRepresentable {
^~~~~~~~~~~~~~~~~~~~~~~~~~~~~
/Users/admin/builder/spi-builder-workspace/Sources/PhotoPickerWrapper/UI/PhotoPickerAlert.swift:11:82: error: cannot find type 'UIViewController' in scope
static func presentAlert(for type: ImagePickerSourceType, in viewController: UIViewController)
^~~~~~~~~~~~~~~~
/Users/admin/builder/spi-builder-workspace/Sources/PhotoPickerWrapper/UI/PhotoPickerAlert.swift:24:89: error: cannot find type 'UIViewController' in scope
public static func presentAlert(for type: ImagePickerSourceType, in viewController: UIViewController) {
^~~~~~~~~~~~~~~~
Failed frontend command:
/Applications/Xcode-16.3.0.app/Contents/Developer/Toolchains/XcodeDefault.xctoolchain/usr/bin/swift-frontend -frontend -emit-module -experimental-skip-non-inlinable-function-bodies-without-types /Users/admin/builder/spi-builder-workspace/Sources/PhotoPickerWrapper/Data/AssetData.swift /Users/admin/builder/spi-builder-workspace/Sources/PhotoPickerWrapper/Data/Enum/ImagePickerSourceType.swift /Users/admin/builder/spi-builder-workspace/Sources/PhotoPickerWrapper/Data/ImagePickerLocale.swift /Users/admin/builder/spi-builder-workspace/Sources/PhotoPickerWrapper/Data/ImagePickerParams.swift /Users/admin/builder/spi-builder-workspace/Sources/PhotoPickerWrapper/Extensions/String+Ext.swift /Users/admin/builder/spi-builder-workspace/Sources/PhotoPickerWrapper/Extensions/UIImage+Ext.swift /Users/admin/builder/spi-builder-workspace/Sources/PhotoPickerWrapper/PhotoPickerWrapper.swift /Users/admin/builder/spi-builder-workspace/Sources/PhotoPickerWrapper/SwiftUIPhotoPicker.swift /Users/admin/builder/spi-builder-workspace/Sources/PhotoPickerWrapper/UI/PhotoPickerAlert.swift -target arm64_32-apple-watchos7.0 -enable-objc-interop -sdk /Applications/Xcode-16.3.0.app/Contents/Developer/Platforms/WatchOS.platform/Developer/SDKs/WatchOS11.4.sdk -I /Users/admin/builder/spi-builder-workspace/.derivedData/Build/Products/Debug-watchos -I /Applications/Xcode-16.3.0.app/Contents/Developer/Platforms/WatchOS.platform/Developer/usr/lib -F /Users/admin/builder/spi-builder-workspace/.derivedData/Build/Products/Debug-watchos -F /Applications/Xcode-16.3.0.app/Contents/Developer/Platforms/WatchOS.platform/Developer/Library/Frameworks -F /Applications/Xcode-16.3.0.app/Contents/Developer/Platforms/WatchOS.platform/Developer/SDKs/WatchOS11.4.sdk/Developer/Library/Frameworks -no-color-diagnostics -enable-testing -g -debug-info-format\=dwarf -dwarf-version\=4 -module-cache-path /Users/admin/builder/spi-builder-workspace/.derivedData/ModuleCache.noindex -swift-version 5 -enforce-exclusivity\=checked -stats-output-dir /Users/admin/builder/spi-builder-workspace/.swiftpm/xcode/.stats -Onone -D SWIFT_PACKAGE -D DEBUG -serialize-debugging-options -const-gather-protocols-file /Users/admin/builder/spi-builder-workspace/.derivedData/Build/Intermediates.noindex/PhotoPickerWrapper.build/Debug-watchos/PhotoPickerWrapper.build/Objects-normal/arm64_32/PhotoPickerWrapper_const_extract_protocols.json -enable-upcoming-feature StrictConcurrency -enable-upcoming-feature DisableOutwardActorInference -enable-upcoming-feature GlobalActorIsolatedTypesUsability -enable-upcoming-feature InferSendableFromCaptures -enable-experimental-feature DebugDescriptionMacro -strict-concurrency\=complete -empty-abi-descriptor -plugin-path /Applications/Xcode-16.3.0.app/Contents/Developer/Toolchains/XcodeDefault.xctoolchain/usr/lib/swift/host/plugins/testing -validate-clang-modules-once -clang-build-session-file /Users/admin/builder/spi-builder-workspace/.derivedData/ModuleCache.noindex/Session.modulevalidation -Xcc -working-directory -Xcc /Users/admin/builder/spi-builder-workspace/.swiftpm/xcode -resource-dir /Applications/Xcode-16.3.0.app/Contents/Developer/Toolchains/XcodeDefault.xctoolchain/usr/lib/swift -enable-anonymous-context-mangled-names -file-compilation-dir /Users/admin/builder/spi-builder-workspace/.swiftpm/xcode -Xcc -ivfsstatcache -Xcc /Users/admin/builder/spi-builder-workspace/.derivedData/SDKStatCaches.noindex/watchos11.4-22T246-43efb940ff07ba2497b70ec94253f576.sdkstatcache -Xcc -I/Users/admin/builder/spi-builder-workspace/.derivedData/Build/Intermediates.noindex/PhotoPickerWrapper.build/Debug-watchos/PhotoPickerWrapper.build/swift-overrides.hmap -Xcc -I/Users/admin/builder/spi-builder-workspace/.derivedData/Build/Products/Debug-watchos/include -Xcc -I/Users/admin/builder/spi-builder-workspace/.derivedData/Build/Intermediates.noindex/PhotoPickerWrapper.build/Debug-watchos/PhotoPickerWrapper.build/DerivedSources-normal/arm64_32 -Xcc -I/Users/admin/builder/spi-builder-workspace/.derivedData/Build/Intermediates.noindex/PhotoPickerWrapper.build/Debug-watchos/PhotoPickerWrapper.build/DerivedSources/arm64_32 -Xcc -I/Users/admin/builder/spi-builder-workspace/.derivedData/Build/Intermediates.noindex/PhotoPickerWrapper.build/Debug-watchos/PhotoPickerWrapper.build/DerivedSources -Xcc -DSWIFT_PACKAGE -Xcc -DDEBUG\=1 -module-name PhotoPickerWrapper -package-name spi_builder_workspace -frontend-parseable-output -disable-clang-spi -target-sdk-version 11.4 -target-sdk-name watchos11.4 -external-plugin-path /Applications/Xcode-16.3.0.app/Contents/Developer/Platforms/WatchOS.platform/Developer/usr/lib/swift/host/plugins\#/Applications/Xcode-16.3.0.app/Contents/Developer/Platforms/WatchOS.platform/Developer/usr/bin/swift-plugin-server -external-plugin-path /Applications/Xcode-16.3.0.app/Contents/Developer/Platforms/WatchOS.platform/Developer/usr/local/lib/swift/host/plugins\#/Applications/Xcode-16.3.0.app/Contents/Developer/Platforms/WatchOS.platform/Developer/usr/bin/swift-plugin-server -in-process-plugin-server-path /Applications/Xcode-16.3.0.app/Contents/Developer/Toolchains/XcodeDefault.xctoolchain/usr/lib/swift/host/libSwiftInProcPluginServer.dylib -plugin-path /Applications/Xcode-16.3.0.app/Contents/Developer/Toolchains/XcodeDefault.xctoolchain/usr/lib/swift/host/plugins -plugin-path /Applications/Xcode-16.3.0.app/Contents/Developer/Toolchains/XcodeDefault.xctoolchain/usr/local/lib/swift/host/plugins -emit-module-doc-path /Users/admin/builder/spi-builder-workspace/.derivedData/Build/Intermediates.noindex/PhotoPickerWrapper.build/Debug-watchos/PhotoPickerWrapper.build/Objects-normal/arm64_32/PhotoPickerWrapper.swiftdoc -emit-module-source-info-path /Users/admin/builder/spi-builder-workspace/.derivedData/Build/Intermediates.noindex/PhotoPickerWrapper.build/Debug-watchos/PhotoPickerWrapper.build/Objects-normal/arm64_32/PhotoPickerWrapper.swiftsourceinfo -emit-objc-header-path /Users/admin/builder/spi-builder-workspace/.derivedData/Build/Intermediates.noindex/PhotoPickerWrapper.build/Debug-watchos/PhotoPickerWrapper.build/Objects-normal/arm64_32/PhotoPickerWrapper-Swift.h -serialize-diagnostics-path /Users/admin/builder/spi-builder-workspace/.derivedData/Build/Intermediates.noindex/PhotoPickerWrapper.build/Debug-watchos/PhotoPickerWrapper.build/Objects-normal/arm64_32/PhotoPickerWrapper-master-emit-module.dia -emit-dependencies-path /Users/admin/builder/spi-builder-workspace/.derivedData/Build/Intermediates.noindex/PhotoPickerWrapper.build/Debug-watchos/PhotoPickerWrapper.build/Objects-normal/arm64_32/PhotoPickerWrapper-master-emit-module.d -o /Users/admin/builder/spi-builder-workspace/.derivedData/Build/Intermediates.noindex/PhotoPickerWrapper.build/Debug-watchos/PhotoPickerWrapper.build/Objects-normal/arm64_32/PhotoPickerWrapper.swiftmodule -emit-abi-descriptor-path /Users/admin/builder/spi-builder-workspace/.derivedData/Build/Intermediates.noindex/PhotoPickerWrapper.build/Debug-watchos/PhotoPickerWrapper.build/Objects-normal/arm64_32/PhotoPickerWrapper.abi.json
SwiftCompile normal arm64_32 Compiling\ ImagePickerLocale.swift /Users/admin/builder/spi-builder-workspace/Sources/PhotoPickerWrapper/Data/ImagePickerLocale.swift (in target 'PhotoPickerWrapper' from project 'PhotoPickerWrapper')
SwiftCompile normal arm64_32 /Users/admin/builder/spi-builder-workspace/Sources/PhotoPickerWrapper/Data/ImagePickerLocale.swift (in target 'PhotoPickerWrapper' from project 'PhotoPickerWrapper')
cd /Users/admin/builder/spi-builder-workspace/.swiftpm/xcode
SwiftCompile normal arm64_32 Compiling\ String+Ext.swift /Users/admin/builder/spi-builder-workspace/Sources/PhotoPickerWrapper/Extensions/String+Ext.swift (in target 'PhotoPickerWrapper' from project 'PhotoPickerWrapper')
SwiftCompile normal arm64_32 /Users/admin/builder/spi-builder-workspace/Sources/PhotoPickerWrapper/Extensions/String+Ext.swift (in target 'PhotoPickerWrapper' from project 'PhotoPickerWrapper')
cd /Users/admin/builder/spi-builder-workspace/.swiftpm/xcode
SwiftCompile normal arm64_32 Compiling\ ImagePickerSourceType.swift /Users/admin/builder/spi-builder-workspace/Sources/PhotoPickerWrapper/Data/Enum/ImagePickerSourceType.swift (in target 'PhotoPickerWrapper' from project 'PhotoPickerWrapper')
SwiftCompile normal arm64_32 /Users/admin/builder/spi-builder-workspace/Sources/PhotoPickerWrapper/Data/Enum/ImagePickerSourceType.swift (in target 'PhotoPickerWrapper' from project 'PhotoPickerWrapper')
cd /Users/admin/builder/spi-builder-workspace/.swiftpm/xcode
SwiftCompile normal arm64_32 Compiling\ ImagePickerParams.swift /Users/admin/builder/spi-builder-workspace/Sources/PhotoPickerWrapper/Data/ImagePickerParams.swift (in target 'PhotoPickerWrapper' from project 'PhotoPickerWrapper')
SwiftCompile normal arm64_32 /Users/admin/builder/spi-builder-workspace/Sources/PhotoPickerWrapper/Data/ImagePickerParams.swift (in target 'PhotoPickerWrapper' from project 'PhotoPickerWrapper')
cd /Users/admin/builder/spi-builder-workspace/.swiftpm/xcode
SwiftCompile normal arm64_32 Compiling\ AssetData.swift /Users/admin/builder/spi-builder-workspace/Sources/PhotoPickerWrapper/Data/AssetData.swift (in target 'PhotoPickerWrapper' from project 'PhotoPickerWrapper')
SwiftCompile normal arm64_32 /Users/admin/builder/spi-builder-workspace/Sources/PhotoPickerWrapper/Data/AssetData.swift (in target 'PhotoPickerWrapper' from project 'PhotoPickerWrapper')
cd /Users/admin/builder/spi-builder-workspace/.swiftpm/xcode
SwiftCompile normal arm64_32 Compiling\ SwiftUIPhotoPicker.swift /Users/admin/builder/spi-builder-workspace/Sources/PhotoPickerWrapper/SwiftUIPhotoPicker.swift (in target 'PhotoPickerWrapper' from project 'PhotoPickerWrapper')
SwiftCompile normal arm64_32 /Users/admin/builder/spi-builder-workspace/Sources/PhotoPickerWrapper/SwiftUIPhotoPicker.swift (in target 'PhotoPickerWrapper' from project 'PhotoPickerWrapper')
cd /Users/admin/builder/spi-builder-workspace/.swiftpm/xcode
SwiftCompile normal arm64_32 Compiling\ PhotoPickerWrapper.swift /Users/admin/builder/spi-builder-workspace/Sources/PhotoPickerWrapper/PhotoPickerWrapper.swift (in target 'PhotoPickerWrapper' from project 'PhotoPickerWrapper')
SwiftCompile normal arm64_32 /Users/admin/builder/spi-builder-workspace/Sources/PhotoPickerWrapper/PhotoPickerWrapper.swift (in target 'PhotoPickerWrapper' from project 'PhotoPickerWrapper')
cd /Users/admin/builder/spi-builder-workspace/.swiftpm/xcode
SwiftEmitModule normal armv7k Emitting\ module\ for\ PhotoPickerWrapper (in target 'PhotoPickerWrapper' from project 'PhotoPickerWrapper')
Failed frontend command:
/Applications/Xcode-16.3.0.app/Contents/Developer/Toolchains/XcodeDefault.xctoolchain/usr/bin/swift-frontend -frontend -emit-module -experimental-skip-non-inlinable-function-bodies-without-types /Users/admin/builder/spi-builder-workspace/Sources/PhotoPickerWrapper/Data/AssetData.swift /Users/admin/builder/spi-builder-workspace/Sources/PhotoPickerWrapper/Data/Enum/ImagePickerSourceType.swift /Users/admin/builder/spi-builder-workspace/Sources/PhotoPickerWrapper/Data/ImagePickerLocale.swift /Users/admin/builder/spi-builder-workspace/Sources/PhotoPickerWrapper/Data/ImagePickerParams.swift /Users/admin/builder/spi-builder-workspace/Sources/PhotoPickerWrapper/Extensions/String+Ext.swift /Users/admin/builder/spi-builder-workspace/Sources/PhotoPickerWrapper/Extensions/UIImage+Ext.swift /Users/admin/builder/spi-builder-workspace/Sources/PhotoPickerWrapper/PhotoPickerWrapper.swift /Users/admin/builder/spi-builder-workspace/Sources/PhotoPickerWrapper/SwiftUIPhotoPicker.swift /Users/admin/builder/spi-builder-workspace/Sources/PhotoPickerWrapper/UI/PhotoPickerAlert.swift -target armv7k-apple-watchos7.0 -enable-objc-interop -stack-check -sdk /Applications/Xcode-16.3.0.app/Contents/Developer/Platforms/WatchOS.platform/Developer/SDKs/WatchOS11.4.sdk -I /Users/admin/builder/spi-builder-workspace/.derivedData/Build/Products/Debug-watchos -I /Applications/Xcode-16.3.0.app/Contents/Developer/Platforms/WatchOS.platform/Developer/usr/lib -F /Users/admin/builder/spi-builder-workspace/.derivedData/Build/Products/Debug-watchos -F /Applications/Xcode-16.3.0.app/Contents/Developer/Platforms/WatchOS.platform/Developer/Library/Frameworks -F /Applications/Xcode-16.3.0.app/Contents/Developer/Platforms/WatchOS.platform/Developer/SDKs/WatchOS11.4.sdk/Developer/Library/Frameworks -no-color-diagnostics -enable-testing -g -debug-info-format\=dwarf -dwarf-version\=4 -module-cache-path /Users/admin/builder/spi-builder-workspace/.derivedData/ModuleCache.noindex -swift-version 5 -enforce-exclusivity\=checked -stats-output-dir /Users/admin/builder/spi-builder-workspace/.swiftpm/xcode/.stats -Onone -D SWIFT_PACKAGE -D DEBUG -serialize-debugging-options -const-gather-protocols-file /Users/admin/builder/spi-builder-workspace/.derivedData/Build/Intermediates.noindex/PhotoPickerWrapper.build/Debug-watchos/PhotoPickerWrapper.build/Objects-normal/armv7k/PhotoPickerWrapper_const_extract_protocols.json -enable-upcoming-feature StrictConcurrency -enable-upcoming-feature DisableOutwardActorInference -enable-upcoming-feature GlobalActorIsolatedTypesUsability -enable-upcoming-feature InferSendableFromCaptures -enable-experimental-feature DebugDescriptionMacro -strict-concurrency\=complete -empty-abi-descriptor -plugin-path /Applications/Xcode-16.3.0.app/Contents/Developer/Toolchains/XcodeDefault.xctoolchain/usr/lib/swift/host/plugins/testing -validate-clang-modules-once -clang-build-session-file /Users/admin/builder/spi-builder-workspace/.derivedData/ModuleCache.noindex/Session.modulevalidation -Xcc -working-directory -Xcc /Users/admin/builder/spi-builder-workspace/.swiftpm/xcode -resource-dir /Applications/Xcode-16.3.0.app/Contents/Developer/Toolchains/XcodeDefault.xctoolchain/usr/lib/swift -enable-anonymous-context-mangled-names -file-compilation-dir /Users/admin/builder/spi-builder-workspace/.swiftpm/xcode -Xcc -ivfsstatcache -Xcc /Users/admin/builder/spi-builder-workspace/.derivedData/SDKStatCaches.noindex/watchos11.4-22T246-43efb940ff07ba2497b70ec94253f576.sdkstatcache -Xcc -I/Users/admin/builder/spi-builder-workspace/.derivedData/Build/Intermediates.noindex/PhotoPickerWrapper.build/Debug-watchos/PhotoPickerWrapper.build/swift-overrides.hmap -Xcc -I/Users/admin/builder/spi-builder-workspace/.derivedData/Build/Products/Debug-watchos/include -Xcc -I/Users/admin/builder/spi-builder-workspace/.derivedData/Build/Intermediates.noindex/PhotoPickerWrapper.build/Debug-watchos/PhotoPickerWrapper.build/DerivedSources-normal/armv7k -Xcc -I/Users/admin/builder/spi-builder-workspace/.derivedData/Build/Intermediates.noindex/PhotoPickerWrapper.build/Debug-watchos/PhotoPickerWrapper.build/DerivedSources/armv7k -Xcc -I/Users/admin/builder/spi-builder-workspace/.derivedData/Build/Intermediates.noindex/PhotoPickerWrapper.build/Debug-watchos/PhotoPickerWrapper.build/DerivedSources -Xcc -DSWIFT_PACKAGE -Xcc -DDEBUG\=1 -module-name PhotoPickerWrapper -package-name spi_builder_workspace -frontend-parseable-output -disable-clang-spi -target-sdk-version 11.4 -target-sdk-name watchos11.4 -external-plugin-path /Applications/Xcode-16.3.0.app/Contents/Developer/Platforms/WatchOS.platform/Developer/usr/lib/swift/host/plugins\#/Applications/Xcode-16.3.0.app/Contents/Developer/Platforms/WatchOS.platform/Developer/usr/bin/swift-plugin-server -external-plugin-path /Applications/Xcode-16.3.0.app/Contents/Developer/Platforms/WatchOS.platform/Developer/usr/local/lib/swift/host/plugins\#/Applications/Xcode-16.3.0.app/Contents/Developer/Platforms/WatchOS.platform/Developer/usr/bin/swift-plugin-server -in-process-plugin-server-path /Applications/Xcode-16.3.0.app/Contents/Developer/Toolchains/XcodeDefault.xctoolchain/usr/lib/swift/host/libSwiftInProcPluginServer.dylib -plugin-path /Applications/Xcode-16.3.0.app/Contents/Developer/Toolchains/XcodeDefault.xctoolchain/usr/lib/swift/host/plugins -plugin-path /Applications/Xcode-16.3.0.app/Contents/Developer/Toolchains/XcodeDefault.xctoolchain/usr/local/lib/swift/host/plugins -emit-module-doc-path /Users/admin/builder/spi-builder-workspace/.derivedData/Build/Intermediates.noindex/PhotoPickerWrapper.build/Debug-watchos/PhotoPickerWrapper.build/Objects-normal/armv7k/PhotoPickerWrapper.swiftdoc -emit-module-source-info-path /Users/admin/builder/spi-builder-workspace/.derivedData/Build/Intermediates.noindex/PhotoPickerWrapper.build/Debug-watchos/PhotoPickerWrapper.build/Objects-normal/armv7k/PhotoPickerWrapper.swiftsourceinfo -emit-objc-header-path /Users/admin/builder/spi-builder-workspace/.derivedData/Build/Intermediates.noindex/PhotoPickerWrapper.build/Debug-watchos/PhotoPickerWrapper.build/Objects-normal/armv7k/PhotoPickerWrapper-Swift.h -serialize-diagnostics-path /Users/admin/builder/spi-builder-workspace/.derivedData/Build/Intermediates.noindex/PhotoPickerWrapper.build/Debug-watchos/PhotoPickerWrapper.build/Objects-normal/armv7k/PhotoPickerWrapper-master-emit-module.dia -emit-dependencies-path /Users/admin/builder/spi-builder-workspace/.derivedData/Build/Intermediates.noindex/PhotoPickerWrapper.build/Debug-watchos/PhotoPickerWrapper.build/Objects-normal/armv7k/PhotoPickerWrapper-master-emit-module.d -o /Users/admin/builder/spi-builder-workspace/.derivedData/Build/Intermediates.noindex/PhotoPickerWrapper.build/Debug-watchos/PhotoPickerWrapper.build/Objects-normal/armv7k/PhotoPickerWrapper.swiftmodule -emit-abi-descriptor-path /Users/admin/builder/spi-builder-workspace/.derivedData/Build/Intermediates.noindex/PhotoPickerWrapper.build/Debug-watchos/PhotoPickerWrapper.build/Objects-normal/armv7k/PhotoPickerWrapper.abi.json
EmitSwiftModule normal armv7k (in target 'PhotoPickerWrapper' from project 'PhotoPickerWrapper')
cd /Users/admin/builder/spi-builder-workspace/.swiftpm/xcode
/Users/admin/builder/spi-builder-workspace/Sources/PhotoPickerWrapper/Data/Enum/ImagePickerSourceType.swift:12:23: error: cannot find type 'UIImagePickerController' in scope
case camera(type: UIImagePickerController.CameraCaptureMode = .photo)
^~~~~~~~~~~~~~~~~~~~~~~
/Users/admin/builder/spi-builder-workspace/Sources/PhotoPickerWrapper/Data/Enum/ImagePickerSourceType.swift:13:31: error: 'PHPickerFilter' is only available in watchOS 9.0 or newer
case photoLibrary(filter: PHPickerFilter? = nil)
^
/Users/admin/builder/spi-builder-workspace/Sources/PhotoPickerWrapper/Data/Enum/ImagePickerSourceType.swift:11:13: note: add @available attribute to enclosing enum
public enum ImagePickerSourceType {
^
/Users/admin/builder/spi-builder-workspace/Sources/PhotoPickerWrapper/Data/ImagePickerParams.swift:19:124: error: type 'UIColor' has no member 'systemBlue'
public init(selectionLimit: Int, sourceType: ImagePickerSourceType, allowsEditing: Bool = false, tintColor: UIColor = .systemBlue) {
~^~~~~~~~~~
/Users/admin/builder/spi-builder-workspace/Sources/PhotoPickerWrapper/PhotoPickerWrapper.swift:32:41: error: cannot find type 'UIViewController' in scope
public func showPicker(on parentVC: UIViewController) {
^~~~~~~~~~~~~~~~
/Users/admin/builder/spi-builder-workspace/Sources/PhotoPickerWrapper/PhotoPickerWrapper.swift:81:30: error: cannot find type 'UIViewController' in scope
func createPickerVC() -> UIViewController {
^~~~~~~~~~~~~~~~
/Users/admin/builder/spi-builder-workspace/Sources/PhotoPickerWrapper/PhotoPickerWrapper.swift:104:57: error: 'PHPickerFilter' is only available in watchOS 9.0 or newer
private func createPhotoPickerConfiguration(filter: PHPickerFilter?) -> PHPickerConfiguration {
^
/Users/admin/builder/spi-builder-workspace/Sources/PhotoPickerWrapper/PhotoPickerWrapper.swift:104:18: note: add @available attribute to enclosing instance method
private func createPhotoPickerConfiguration(filter: PHPickerFilter?) -> PHPickerConfiguration {
^
/Users/admin/builder/spi-builder-workspace/Sources/PhotoPickerWrapper/PhotoPickerWrapper.swift:77:1: note: add @available attribute to enclosing extension
extension PhotoPickerWrapper {
^
/Users/admin/builder/spi-builder-workspace/Sources/PhotoPickerWrapper/PhotoPickerWrapper.swift:104:77: error: 'PHPickerConfiguration' is unavailable in watchOS
private func createPhotoPickerConfiguration(filter: PHPickerFilter?) -> PHPickerConfiguration {
^~~~~~~~~~~~~~~~~~~~~
PhotosUI.PHPickerConfiguration:4:15: note: 'PHPickerConfiguration' has been explicitly marked unavailable here
public struct PHPickerConfiguration : Equatable, Hashable, @unchecked Sendable {
^
/Users/admin/builder/spi-builder-workspace/Sources/PhotoPickerWrapper/PhotoPickerWrapper.swift:116:34: error: 'PHPickerViewController' is unavailable in watchOS
public func picker(_ picker: PHPickerViewController, didFinishPicking results: [PHPickerResult]) {
^~~~~~~~~~~~~~~~~~~~~~
/Applications/Xcode-16.3.0.app/Contents/Developer/Platforms/WatchOS.platform/Developer/SDKs/WatchOS11.4.sdk/System/Library/Frameworks/PhotosUI.framework/Headers/PHPicker.h:236:12: note: 'PHPickerViewController' has been explicitly marked unavailable here
@interface PHPickerViewController : NSObject
^
/Users/admin/builder/spi-builder-workspace/Sources/PhotoPickerWrapper/PhotoPickerWrapper.swift:116:85: error: 'PHPickerResult' is unavailable in watchOS
public func picker(_ picker: PHPickerViewController, didFinishPicking results: [PHPickerResult]) {
^~~~~~~~~~~~~~
PhotosUI.PHPickerResult:4:15: note: 'PHPickerResult' has been explicitly marked unavailable here
public struct PHPickerResult : Equatable, Hashable {
^
/Users/admin/builder/spi-builder-workspace/Sources/PhotoPickerWrapper/PhotoPickerWrapper.swift:114:31: error: 'PHPickerViewControllerDelegate' is unavailable in watchOS
extension PhotoPickerWrapper: PHPickerViewControllerDelegate {
^~~~~~~~~~~~~~~~~~~~~~~~~~~~~~
PhotosUI.PHPickerViewControllerDelegate:4:44: note: 'PHPickerViewControllerDelegate' has been explicitly marked unavailable here
@MainActor @preconcurrency public protocol PHPickerViewControllerDelegate : AnyObject {
^
/Users/admin/builder/spi-builder-workspace/Sources/PhotoPickerWrapper/PhotoPickerWrapper.swift:162:31: error: cannot find type 'UINavigationControllerDelegate' in scope
extension PhotoPickerWrapper: UINavigationControllerDelegate, UIImagePickerControllerDelegate {
^~~~~~~~~~~~~~~~~~~~~~~~~~~~~~
/Users/admin/builder/spi-builder-workspace/Sources/PhotoPickerWrapper/PhotoPickerWrapper.swift:162:63: error: cannot find type 'UIImagePickerControllerDelegate' in scope
extension PhotoPickerWrapper: UINavigationControllerDelegate, UIImagePickerControllerDelegate {
^~~~~~~~~~~~~~~~~~~~~~~~~~~~~~~
/Users/admin/builder/spi-builder-workspace/Sources/PhotoPickerWrapper/PhotoPickerWrapper.swift:164:49: error: cannot find type 'UIImagePickerController' in scope
public func imagePickerController(_ picker: UIImagePickerController, didFinishPickingMediaWithInfo info: [UIImagePickerController.InfoKey: Any]) {
^~~~~~~~~~~~~~~~~~~~~~~
/Users/admin/builder/spi-builder-workspace/Sources/PhotoPickerWrapper/PhotoPickerWrapper.swift:164:111: error: cannot find type 'UIImagePickerController' in scope
public func imagePickerController(_ picker: UIImagePickerController, didFinishPickingMediaWithInfo info: [UIImagePickerController.InfoKey: Any]) {
^~~~~~~~~~~~~~~~~~~~~~~
/Users/admin/builder/spi-builder-workspace/Sources/PhotoPickerWrapper/PhotoPickerWrapper.swift:183:58: error: cannot find type 'UIImagePickerController' in scope
public func imagePickerControllerDidCancel(_ picker: UIImagePickerController) {
^~~~~~~~~~~~~~~~~~~~~~~
/Users/admin/builder/spi-builder-workspace/Sources/PhotoPickerWrapper/SwiftUIPhotoPicker.swift:20:59: error: cannot find type 'UIViewController' in scope
public func makeUIViewController(context: Context) -> UIViewController {
^~~~~~~~~~~~~~~~
/Users/admin/builder/spi-builder-workspace/Sources/PhotoPickerWrapper/SwiftUIPhotoPicker.swift:20:47: error: cannot find type 'Context' in scope
public func makeUIViewController(context: Context) -> UIViewController {
^~~~~~~
/Users/admin/builder/spi-builder-workspace/Sources/PhotoPickerWrapper/SwiftUIPhotoPicker.swift:24:60: error: cannot find type 'UIViewController' in scope
public func updateUIViewController(_ uiViewController: UIViewController, context: Context) {
^~~~~~~~~~~~~~~~
/Users/admin/builder/spi-builder-workspace/Sources/PhotoPickerWrapper/SwiftUIPhotoPicker.swift:24:87: error: cannot find type 'Context' in scope
public func updateUIViewController(_ uiViewController: UIViewController, context: Context) {
^~~~~~~
/Users/admin/builder/spi-builder-workspace/Sources/PhotoPickerWrapper/SwiftUIPhotoPicker.swift:12:35: error: cannot find type 'UIViewControllerRepresentable' in scope
public struct SwiftUIPhotoPicker: UIViewControllerRepresentable {
^~~~~~~~~~~~~~~~~~~~~~~~~~~~~
/Users/admin/builder/spi-builder-workspace/Sources/PhotoPickerWrapper/UI/PhotoPickerAlert.swift:11:82: error: cannot find type 'UIViewController' in scope
static func presentAlert(for type: ImagePickerSourceType, in viewController: UIViewController)
^~~~~~~~~~~~~~~~
/Users/admin/builder/spi-builder-workspace/Sources/PhotoPickerWrapper/UI/PhotoPickerAlert.swift:24:89: error: cannot find type 'UIViewController' in scope
public static func presentAlert(for type: ImagePickerSourceType, in viewController: UIViewController) {
^~~~~~~~~~~~~~~~
SwiftEmitModule normal arm64 Emitting\ module\ for\ PhotoPickerWrapper (in target 'PhotoPickerWrapper' from project 'PhotoPickerWrapper')
Failed frontend command:
/Applications/Xcode-16.3.0.app/Contents/Developer/Toolchains/XcodeDefault.xctoolchain/usr/bin/swift-frontend -frontend -emit-module -experimental-skip-non-inlinable-function-bodies-without-types /Users/admin/builder/spi-builder-workspace/Sources/PhotoPickerWrapper/Data/AssetData.swift /Users/admin/builder/spi-builder-workspace/Sources/PhotoPickerWrapper/Data/Enum/ImagePickerSourceType.swift /Users/admin/builder/spi-builder-workspace/Sources/PhotoPickerWrapper/Data/ImagePickerLocale.swift /Users/admin/builder/spi-builder-workspace/Sources/PhotoPickerWrapper/Data/ImagePickerParams.swift /Users/admin/builder/spi-builder-workspace/Sources/PhotoPickerWrapper/Extensions/String+Ext.swift /Users/admin/builder/spi-builder-workspace/Sources/PhotoPickerWrapper/Extensions/UIImage+Ext.swift /Users/admin/builder/spi-builder-workspace/Sources/PhotoPickerWrapper/PhotoPickerWrapper.swift /Users/admin/builder/spi-builder-workspace/Sources/PhotoPickerWrapper/SwiftUIPhotoPicker.swift /Users/admin/builder/spi-builder-workspace/Sources/PhotoPickerWrapper/UI/PhotoPickerAlert.swift -target arm64-apple-watchos7.0 -Xllvm -aarch64-use-tbi -enable-objc-interop -stack-check -sdk /Applications/Xcode-16.3.0.app/Contents/Developer/Platforms/WatchOS.platform/Developer/SDKs/WatchOS11.4.sdk -I /Users/admin/builder/spi-builder-workspace/.derivedData/Build/Products/Debug-watchos -I /Applications/Xcode-16.3.0.app/Contents/Developer/Platforms/WatchOS.platform/Developer/usr/lib -F /Users/admin/builder/spi-builder-workspace/.derivedData/Build/Products/Debug-watchos -F /Applications/Xcode-16.3.0.app/Contents/Developer/Platforms/WatchOS.platform/Developer/Library/Frameworks -F /Applications/Xcode-16.3.0.app/Contents/Developer/Platforms/WatchOS.platform/Developer/SDKs/WatchOS11.4.sdk/Developer/Library/Frameworks -no-color-diagnostics -enable-testing -g -debug-info-format\=dwarf -dwarf-version\=4 -module-cache-path /Users/admin/builder/spi-builder-workspace/.derivedData/ModuleCache.noindex -swift-version 5 -enforce-exclusivity\=checked -stats-output-dir /Users/admin/builder/spi-builder-workspace/.swiftpm/xcode/.stats -Onone -D SWIFT_PACKAGE -D DEBUG -serialize-debugging-options -const-gather-protocols-file /Users/admin/builder/spi-builder-workspace/.derivedData/Build/Intermediates.noindex/PhotoPickerWrapper.build/Debug-watchos/PhotoPickerWrapper.build/Objects-normal/arm64/PhotoPickerWrapper_const_extract_protocols.json -enable-upcoming-feature StrictConcurrency -enable-upcoming-feature DisableOutwardActorInference -enable-upcoming-feature GlobalActorIsolatedTypesUsability -enable-upcoming-feature InferSendableFromCaptures -enable-experimental-feature DebugDescriptionMacro -strict-concurrency\=complete -empty-abi-descriptor -plugin-path /Applications/Xcode-16.3.0.app/Contents/Developer/Toolchains/XcodeDefault.xctoolchain/usr/lib/swift/host/plugins/testing -validate-clang-modules-once -clang-build-session-file /Users/admin/builder/spi-builder-workspace/.derivedData/ModuleCache.noindex/Session.modulevalidation -Xcc -working-directory -Xcc /Users/admin/builder/spi-builder-workspace/.swiftpm/xcode -resource-dir /Applications/Xcode-16.3.0.app/Contents/Developer/Toolchains/XcodeDefault.xctoolchain/usr/lib/swift -enable-anonymous-context-mangled-names -file-compilation-dir /Users/admin/builder/spi-builder-workspace/.swiftpm/xcode -Xcc -ivfsstatcache -Xcc /Users/admin/builder/spi-builder-workspace/.derivedData/SDKStatCaches.noindex/watchos11.4-22T246-43efb940ff07ba2497b70ec94253f576.sdkstatcache -Xcc -I/Users/admin/builder/spi-builder-workspace/.derivedData/Build/Intermediates.noindex/PhotoPickerWrapper.build/Debug-watchos/PhotoPickerWrapper.build/swift-overrides.hmap -Xcc -I/Users/admin/builder/spi-builder-workspace/.derivedData/Build/Products/Debug-watchos/include -Xcc -I/Users/admin/builder/spi-builder-workspace/.derivedData/Build/Intermediates.noindex/PhotoPickerWrapper.build/Debug-watchos/PhotoPickerWrapper.build/DerivedSources-normal/arm64 -Xcc -I/Users/admin/builder/spi-builder-workspace/.derivedData/Build/Intermediates.noindex/PhotoPickerWrapper.build/Debug-watchos/PhotoPickerWrapper.build/DerivedSources/arm64 -Xcc -I/Users/admin/builder/spi-builder-workspace/.derivedData/Build/Intermediates.noindex/PhotoPickerWrapper.build/Debug-watchos/PhotoPickerWrapper.build/DerivedSources -Xcc -DSWIFT_PACKAGE -Xcc -DDEBUG\=1 -module-name PhotoPickerWrapper -package-name spi_builder_workspace -frontend-parseable-output -disable-clang-spi -target-sdk-version 11.4 -target-sdk-name watchos11.4 -external-plugin-path /Applications/Xcode-16.3.0.app/Contents/Developer/Platforms/WatchOS.platform/Developer/usr/lib/swift/host/plugins\#/Applications/Xcode-16.3.0.app/Contents/Developer/Platforms/WatchOS.platform/Developer/usr/bin/swift-plugin-server -external-plugin-path /Applications/Xcode-16.3.0.app/Contents/Developer/Platforms/WatchOS.platform/Developer/usr/local/lib/swift/host/plugins\#/Applications/Xcode-16.3.0.app/Contents/Developer/Platforms/WatchOS.platform/Developer/usr/bin/swift-plugin-server -in-process-plugin-server-path /Applications/Xcode-16.3.0.app/Contents/Developer/Toolchains/XcodeDefault.xctoolchain/usr/lib/swift/host/libSwiftInProcPluginServer.dylib -plugin-path /Applications/Xcode-16.3.0.app/Contents/Developer/Toolchains/XcodeDefault.xctoolchain/usr/lib/swift/host/plugins -plugin-path /Applications/Xcode-16.3.0.app/Contents/Developer/Toolchains/XcodeDefault.xctoolchain/usr/local/lib/swift/host/plugins -emit-module-doc-path /Users/admin/builder/spi-builder-workspace/.derivedData/Build/Intermediates.noindex/PhotoPickerWrapper.build/Debug-watchos/PhotoPickerWrapper.build/Objects-normal/arm64/PhotoPickerWrapper.swiftdoc -emit-module-source-info-path /Users/admin/builder/spi-builder-workspace/.derivedData/Build/Intermediates.noindex/PhotoPickerWrapper.build/Debug-watchos/PhotoPickerWrapper.build/Objects-normal/arm64/PhotoPickerWrapper.swiftsourceinfo -emit-objc-header-path /Users/admin/builder/spi-builder-workspace/.derivedData/Build/Intermediates.noindex/PhotoPickerWrapper.build/Debug-watchos/PhotoPickerWrapper.build/Objects-normal/arm64/PhotoPickerWrapper-Swift.h -serialize-diagnostics-path /Users/admin/builder/spi-builder-workspace/.derivedData/Build/Intermediates.noindex/PhotoPickerWrapper.build/Debug-watchos/PhotoPickerWrapper.build/Objects-normal/arm64/PhotoPickerWrapper-master-emit-module.dia -emit-dependencies-path /Users/admin/builder/spi-builder-workspace/.derivedData/Build/Intermediates.noindex/PhotoPickerWrapper.build/Debug-watchos/PhotoPickerWrapper.build/Objects-normal/arm64/PhotoPickerWrapper-master-emit-module.d -o /Users/admin/builder/spi-builder-workspace/.derivedData/Build/Intermediates.noindex/PhotoPickerWrapper.build/Debug-watchos/PhotoPickerWrapper.build/Objects-normal/arm64/PhotoPickerWrapper.swiftmodule -emit-abi-descriptor-path /Users/admin/builder/spi-builder-workspace/.derivedData/Build/Intermediates.noindex/PhotoPickerWrapper.build/Debug-watchos/PhotoPickerWrapper.build/Objects-normal/arm64/PhotoPickerWrapper.abi.json
EmitSwiftModule normal arm64 (in target 'PhotoPickerWrapper' from project 'PhotoPickerWrapper')
cd /Users/admin/builder/spi-builder-workspace/.swiftpm/xcode
/Users/admin/builder/spi-builder-workspace/Sources/PhotoPickerWrapper/Data/Enum/ImagePickerSourceType.swift:12:23: error: cannot find type 'UIImagePickerController' in scope
case camera(type: UIImagePickerController.CameraCaptureMode = .photo)
^~~~~~~~~~~~~~~~~~~~~~~
/Users/admin/builder/spi-builder-workspace/Sources/PhotoPickerWrapper/Data/Enum/ImagePickerSourceType.swift:13:31: error: 'PHPickerFilter' is only available in watchOS 9.0 or newer
case photoLibrary(filter: PHPickerFilter? = nil)
^
/Users/admin/builder/spi-builder-workspace/Sources/PhotoPickerWrapper/Data/Enum/ImagePickerSourceType.swift:11:13: note: add @available attribute to enclosing enum
public enum ImagePickerSourceType {
^
/Users/admin/builder/spi-builder-workspace/Sources/PhotoPickerWrapper/Data/ImagePickerParams.swift:19:124: error: type 'UIColor' has no member 'systemBlue'
public init(selectionLimit: Int, sourceType: ImagePickerSourceType, allowsEditing: Bool = false, tintColor: UIColor = .systemBlue) {
~^~~~~~~~~~
/Users/admin/builder/spi-builder-workspace/Sources/PhotoPickerWrapper/PhotoPickerWrapper.swift:32:41: error: cannot find type 'UIViewController' in scope
public func showPicker(on parentVC: UIViewController) {
^~~~~~~~~~~~~~~~
/Users/admin/builder/spi-builder-workspace/Sources/PhotoPickerWrapper/PhotoPickerWrapper.swift:81:30: error: cannot find type 'UIViewController' in scope
func createPickerVC() -> UIViewController {
^~~~~~~~~~~~~~~~
/Users/admin/builder/spi-builder-workspace/Sources/PhotoPickerWrapper/PhotoPickerWrapper.swift:104:57: error: 'PHPickerFilter' is only available in watchOS 9.0 or newer
private func createPhotoPickerConfiguration(filter: PHPickerFilter?) -> PHPickerConfiguration {
^
/Users/admin/builder/spi-builder-workspace/Sources/PhotoPickerWrapper/PhotoPickerWrapper.swift:104:18: note: add @available attribute to enclosing instance method
private func createPhotoPickerConfiguration(filter: PHPickerFilter?) -> PHPickerConfiguration {
^
/Users/admin/builder/spi-builder-workspace/Sources/PhotoPickerWrapper/PhotoPickerWrapper.swift:77:1: note: add @available attribute to enclosing extension
extension PhotoPickerWrapper {
^
/Users/admin/builder/spi-builder-workspace/Sources/PhotoPickerWrapper/PhotoPickerWrapper.swift:104:77: error: 'PHPickerConfiguration' is unavailable in watchOS
private func createPhotoPickerConfiguration(filter: PHPickerFilter?) -> PHPickerConfiguration {
^~~~~~~~~~~~~~~~~~~~~
PhotosUI.PHPickerConfiguration:4:15: note: 'PHPickerConfiguration' has been explicitly marked unavailable here
public struct PHPickerConfiguration : Equatable, Hashable, @unchecked Sendable {
^
/Users/admin/builder/spi-builder-workspace/Sources/PhotoPickerWrapper/PhotoPickerWrapper.swift:116:34: error: 'PHPickerViewController' is unavailable in watchOS
public func picker(_ picker: PHPickerViewController, didFinishPicking results: [PHPickerResult]) {
^~~~~~~~~~~~~~~~~~~~~~
/Applications/Xcode-16.3.0.app/Contents/Developer/Platforms/WatchOS.platform/Developer/SDKs/WatchOS11.4.sdk/System/Library/Frameworks/PhotosUI.framework/Headers/PHPicker.h:236:12: note: 'PHPickerViewController' has been explicitly marked unavailable here
@interface PHPickerViewController : NSObject
^
/Users/admin/builder/spi-builder-workspace/Sources/PhotoPickerWrapper/PhotoPickerWrapper.swift:116:85: error: 'PHPickerResult' is unavailable in watchOS
public func picker(_ picker: PHPickerViewController, didFinishPicking results: [PHPickerResult]) {
^~~~~~~~~~~~~~
PhotosUI.PHPickerResult:4:15: note: 'PHPickerResult' has been explicitly marked unavailable here
public struct PHPickerResult : Equatable, Hashable {
^
/Users/admin/builder/spi-builder-workspace/Sources/PhotoPickerWrapper/PhotoPickerWrapper.swift:114:31: error: 'PHPickerViewControllerDelegate' is unavailable in watchOS
extension PhotoPickerWrapper: PHPickerViewControllerDelegate {
^~~~~~~~~~~~~~~~~~~~~~~~~~~~~~
PhotosUI.PHPickerViewControllerDelegate:4:44: note: 'PHPickerViewControllerDelegate' has been explicitly marked unavailable here
@MainActor @preconcurrency public protocol PHPickerViewControllerDelegate : AnyObject {
^
/Users/admin/builder/spi-builder-workspace/Sources/PhotoPickerWrapper/PhotoPickerWrapper.swift:162:31: error: cannot find type 'UINavigationControllerDelegate' in scope
extension PhotoPickerWrapper: UINavigationControllerDelegate, UIImagePickerControllerDelegate {
^~~~~~~~~~~~~~~~~~~~~~~~~~~~~~
/Users/admin/builder/spi-builder-workspace/Sources/PhotoPickerWrapper/PhotoPickerWrapper.swift:162:63: error: cannot find type 'UIImagePickerControllerDelegate' in scope
extension PhotoPickerWrapper: UINavigationControllerDelegate, UIImagePickerControllerDelegate {
^~~~~~~~~~~~~~~~~~~~~~~~~~~~~~~
/Users/admin/builder/spi-builder-workspace/Sources/PhotoPickerWrapper/PhotoPickerWrapper.swift:164:49: error: cannot find type 'UIImagePickerController' in scope
public func imagePickerController(_ picker: UIImagePickerController, didFinishPickingMediaWithInfo info: [UIImagePickerController.InfoKey: Any]) {
^~~~~~~~~~~~~~~~~~~~~~~
/Users/admin/builder/spi-builder-workspace/Sources/PhotoPickerWrapper/PhotoPickerWrapper.swift:164:111: error: cannot find type 'UIImagePickerController' in scope
public func imagePickerController(_ picker: UIImagePickerController, didFinishPickingMediaWithInfo info: [UIImagePickerController.InfoKey: Any]) {
^~~~~~~~~~~~~~~~~~~~~~~
/Users/admin/builder/spi-builder-workspace/Sources/PhotoPickerWrapper/PhotoPickerWrapper.swift:183:58: error: cannot find type 'UIImagePickerController' in scope
public func imagePickerControllerDidCancel(_ picker: UIImagePickerController) {
^~~~~~~~~~~~~~~~~~~~~~~
/Users/admin/builder/spi-builder-workspace/Sources/PhotoPickerWrapper/SwiftUIPhotoPicker.swift:20:59: error: cannot find type 'UIViewController' in scope
public func makeUIViewController(context: Context) -> UIViewController {
^~~~~~~~~~~~~~~~
/Users/admin/builder/spi-builder-workspace/Sources/PhotoPickerWrapper/SwiftUIPhotoPicker.swift:20:47: error: cannot find type 'Context' in scope
public func makeUIViewController(context: Context) -> UIViewController {
^~~~~~~
/Users/admin/builder/spi-builder-workspace/Sources/PhotoPickerWrapper/SwiftUIPhotoPicker.swift:24:60: error: cannot find type 'UIViewController' in scope
public func updateUIViewController(_ uiViewController: UIViewController, context: Context) {
^~~~~~~~~~~~~~~~
/Users/admin/builder/spi-builder-workspace/Sources/PhotoPickerWrapper/SwiftUIPhotoPicker.swift:24:87: error: cannot find type 'Context' in scope
public func updateUIViewController(_ uiViewController: UIViewController, context: Context) {
^~~~~~~
/Users/admin/builder/spi-builder-workspace/Sources/PhotoPickerWrapper/SwiftUIPhotoPicker.swift:12:35: error: cannot find type 'UIViewControllerRepresentable' in scope
public struct SwiftUIPhotoPicker: UIViewControllerRepresentable {
^~~~~~~~~~~~~~~~~~~~~~~~~~~~~
/Users/admin/builder/spi-builder-workspace/Sources/PhotoPickerWrapper/UI/PhotoPickerAlert.swift:11:82: error: cannot find type 'UIViewController' in scope
static func presentAlert(for type: ImagePickerSourceType, in viewController: UIViewController)
^~~~~~~~~~~~~~~~
/Users/admin/builder/spi-builder-workspace/Sources/PhotoPickerWrapper/UI/PhotoPickerAlert.swift:24:89: error: cannot find type 'UIViewController' in scope
public static func presentAlert(for type: ImagePickerSourceType, in viewController: UIViewController) {
^~~~~~~~~~~~~~~~
SwiftCompile normal armv7k Compiling\ ImagePickerLocale.swift /Users/admin/builder/spi-builder-workspace/Sources/PhotoPickerWrapper/Data/ImagePickerLocale.swift (in target 'PhotoPickerWrapper' from project 'PhotoPickerWrapper')
Command SwiftCompile failed with a nonzero exit code
** BUILD FAILED **
The following build commands failed:
EmitSwiftModule normal arm64_32 (in target 'PhotoPickerWrapper' from project 'PhotoPickerWrapper')
SwiftEmitModule normal arm64_32 Emitting\ module\ for\ PhotoPickerWrapper (in target 'PhotoPickerWrapper' from project 'PhotoPickerWrapper')
SwiftEmitModule normal armv7k Emitting\ module\ for\ PhotoPickerWrapper (in target 'PhotoPickerWrapper' from project 'PhotoPickerWrapper')
EmitSwiftModule normal armv7k (in target 'PhotoPickerWrapper' from project 'PhotoPickerWrapper')
SwiftEmitModule normal arm64 Emitting\ module\ for\ PhotoPickerWrapper (in target 'PhotoPickerWrapper' from project 'PhotoPickerWrapper')
EmitSwiftModule normal arm64 (in target 'PhotoPickerWrapper' from project 'PhotoPickerWrapper')
SwiftCompile normal armv7k Compiling\ ImagePickerLocale.swift /Users/admin/builder/spi-builder-workspace/Sources/PhotoPickerWrapper/Data/ImagePickerLocale.swift (in target 'PhotoPickerWrapper' from project 'PhotoPickerWrapper')
Building workspace spi-builder-workspace with scheme PhotoPickerWrapper
(8 failures)
Command line invocation:
/Applications/Xcode-16.3.0.app/Contents/Developer/usr/bin/xcodebuild -IDEClonedSourcePackagesDirPathOverride=/Users/admin/builder/spi-builder-workspace/.dependencies -resolvePackageDependencies
Resolve Package Graph
Resolved source packages:
PhotoPickerWrapper: /Users/admin/builder/spi-builder-workspace
resolved source packages: PhotoPickerWrapper
{
"dependencies" : [
],
"manifest_display_name" : "PhotoPickerWrapper",
"name" : "PhotoPickerWrapper",
"path" : "/Users/admin/builder/spi-builder-workspace",
"platforms" : [
{
"name" : "ios",
"version" : "14.0"
}
],
"products" : [
{
"name" : "PhotoPickerWrapper",
"targets" : [
"PhotoPickerWrapper"
],
"type" : {
"library" : [
"automatic"
]
}
}
],
"targets" : [
{
"c99name" : "PhotoPickerWrapper",
"module_type" : "SwiftTarget",
"name" : "PhotoPickerWrapper",
"path" : "Sources/PhotoPickerWrapper",
"product_memberships" : [
"PhotoPickerWrapper"
],
"sources" : [
"Data/AssetData.swift",
"Data/Enum/ImagePickerSourceType.swift",
"Data/ImagePickerLocale.swift",
"Data/ImagePickerParams.swift",
"Extensions/String+Ext.swift",
"Extensions/UIImage+Ext.swift",
"PhotoPickerWrapper.swift",
"SwiftUIPhotoPicker.swift",
"UI/PhotoPickerAlert.swift"
],
"type" : "library"
}
],
"tools_version" : "5.9"
}
{
"workspace" : {
"name" : "spi-builder-workspace",
"schemes" : [
"PhotoPickerWrapper"
]
}
}
Running build ...
env DEVELOPER_DIR=/Applications/Xcode-16.3.0.app xcrun xcodebuild -IDEClonedSourcePackagesDirPathOverride=$PWD/.dependencies -skipMacroValidation -skipPackagePluginValidation -derivedDataPath $PWD/.derivedData build -scheme PhotoPickerWrapper -destination generic/platform=watchOS
Command line invocation:
/Applications/Xcode-16.3.0.app/Contents/Developer/usr/bin/xcodebuild -IDEClonedSourcePackagesDirPathOverride=/Users/admin/builder/spi-builder-workspace/.dependencies -skipMacroValidation -skipPackagePluginValidation -derivedDataPath /Users/admin/builder/spi-builder-workspace/.derivedData build -scheme PhotoPickerWrapper -destination generic/platform=watchOS
Resolve Package Graph
Resolved source packages:
PhotoPickerWrapper: /Users/admin/builder/spi-builder-workspace
ComputePackagePrebuildTargetDependencyGraph
Prepare packages
CreateBuildRequest
SendProjectDescription
CreateBuildOperation
ComputeTargetDependencyGraph
note: Building targets in dependency order
note: Target dependency graph (2 targets)
Target 'PhotoPickerWrapper' in project 'PhotoPickerWrapper'
➜ Explicit dependency on target 'PhotoPickerWrapper' in project 'PhotoPickerWrapper'
Target 'PhotoPickerWrapper' in project 'PhotoPickerWrapper' (no dependencies)
GatherProvisioningInputs
CreateBuildDescription
ExecuteExternalTool /Applications/Xcode-16.3.0.app/Contents/Developer/Toolchains/XcodeDefault.xctoolchain/usr/bin/clang -v -E -dM -isysroot /Applications/Xcode-16.3.0.app/Contents/Developer/Platforms/WatchOS.platform/Developer/SDKs/WatchOS11.4.sdk -x c -c /dev/null
ExecuteExternalTool /Applications/Xcode-16.3.0.app/Contents/Developer/Toolchains/XcodeDefault.xctoolchain/usr/bin/swiftc --version
ExecuteExternalTool /Applications/Xcode-16.3.0.app/Contents/Developer/Toolchains/XcodeDefault.xctoolchain/usr/bin/ld -version_details
Build description signature: 1323900ec658195a78ea8ba0c500bc5e
Build description path: /Users/admin/builder/spi-builder-workspace/.derivedData/Build/Intermediates.noindex/XCBuildData/1323900ec658195a78ea8ba0c500bc5e.xcbuilddata
ClangStatCache /Applications/Xcode-16.3.0.app/Contents/Developer/Toolchains/XcodeDefault.xctoolchain/usr/bin/clang-stat-cache /Applications/Xcode-16.3.0.app/Contents/Developer/Platforms/WatchOS.platform/Developer/SDKs/WatchOS11.4.sdk /Users/admin/builder/spi-builder-workspace/.derivedData/SDKStatCaches.noindex/watchos11.4-22T246-43efb940ff07ba2497b70ec94253f576.sdkstatcache
cd /Users/admin/builder/spi-builder-workspace/.swiftpm/xcode
/Applications/Xcode-16.3.0.app/Contents/Developer/Toolchains/XcodeDefault.xctoolchain/usr/bin/clang-stat-cache /Applications/Xcode-16.3.0.app/Contents/Developer/Platforms/WatchOS.platform/Developer/SDKs/WatchOS11.4.sdk -o /Users/admin/builder/spi-builder-workspace/.derivedData/SDKStatCaches.noindex/watchos11.4-22T246-43efb940ff07ba2497b70ec94253f576.sdkstatcache
SwiftDriver PhotoPickerWrapper normal armv7k com.apple.xcode.tools.swift.compiler (in target 'PhotoPickerWrapper' from project 'PhotoPickerWrapper')
cd /Users/admin/builder/spi-builder-workspace/.swiftpm/xcode
builtin-SwiftDriver -- /Applications/Xcode-16.3.0.app/Contents/Developer/Toolchains/XcodeDefault.xctoolchain/usr/bin/swiftc -module-name PhotoPickerWrapper -Onone -enforce-exclusivity\=checked @/Users/admin/builder/spi-builder-workspace/.derivedData/Build/Intermediates.noindex/PhotoPickerWrapper.build/Debug-watchos/PhotoPickerWrapper.build/Objects-normal/armv7k/PhotoPickerWrapper.SwiftFileList -DSWIFT_PACKAGE -DDEBUG -DXcode -plugin-path /Applications/Xcode-16.3.0.app/Contents/Developer/Toolchains/XcodeDefault.xctoolchain/usr/lib/swift/host/plugins/testing -enable-experimental-feature DebugDescriptionMacro -sdk /Applications/Xcode-16.3.0.app/Contents/Developer/Platforms/WatchOS.platform/Developer/SDKs/WatchOS11.4.sdk -target armv7k-apple-watchos7.0 -g -module-cache-path /Users/admin/builder/spi-builder-workspace/.derivedData/ModuleCache.noindex -Xfrontend -serialize-debugging-options -enable-testing -index-store-path /Users/admin/builder/spi-builder-workspace/.derivedData/Index.noindex/DataStore -swift-version 5 -I /Users/admin/builder/spi-builder-workspace/.derivedData/Build/Products/Debug-watchos -I /Applications/Xcode-16.3.0.app/Contents/Developer/Platforms/WatchOS.platform/Developer/usr/lib -F /Users/admin/builder/spi-builder-workspace/.derivedData/Build/Products/Debug-watchos -F /Applications/Xcode-16.3.0.app/Contents/Developer/Platforms/WatchOS.platform/Developer/Library/Frameworks -F /Applications/Xcode-16.3.0.app/Contents/Developer/Platforms/WatchOS.platform/Developer/SDKs/WatchOS11.4.sdk/Developer/Library/Frameworks -c -j10 -enable-batch-mode -incremental -Xcc -ivfsstatcache -Xcc /Users/admin/builder/spi-builder-workspace/.derivedData/SDKStatCaches.noindex/watchos11.4-22T246-43efb940ff07ba2497b70ec94253f576.sdkstatcache -output-file-map /Users/admin/builder/spi-builder-workspace/.derivedData/Build/Intermediates.noindex/PhotoPickerWrapper.build/Debug-watchos/PhotoPickerWrapper.build/Objects-normal/armv7k/PhotoPickerWrapper-OutputFileMap.json -use-frontend-parseable-output -save-temps -no-color-diagnostics -serialize-diagnostics -emit-dependencies -emit-module -emit-module-path /Users/admin/builder/spi-builder-workspace/.derivedData/Build/Intermediates.noindex/PhotoPickerWrapper.build/Debug-watchos/PhotoPickerWrapper.build/Objects-normal/armv7k/PhotoPickerWrapper.swiftmodule -validate-clang-modules-once -clang-build-session-file /Users/admin/builder/spi-builder-workspace/.derivedData/ModuleCache.noindex/Session.modulevalidation -package-name spi_builder_workspace -Xcc -I/Users/admin/builder/spi-builder-workspace/.derivedData/Build/Intermediates.noindex/PhotoPickerWrapper.build/Debug-watchos/PhotoPickerWrapper.build/swift-overrides.hmap -emit-const-values -Xfrontend -const-gather-protocols-file -Xfrontend /Users/admin/builder/spi-builder-workspace/.derivedData/Build/Intermediates.noindex/PhotoPickerWrapper.build/Debug-watchos/PhotoPickerWrapper.build/Objects-normal/armv7k/PhotoPickerWrapper_const_extract_protocols.json -Xcc -I/Users/admin/builder/spi-builder-workspace/.derivedData/Build/Products/Debug-watchos/include -Xcc -I/Users/admin/builder/spi-builder-workspace/.derivedData/Build/Intermediates.noindex/PhotoPickerWrapper.build/Debug-watchos/PhotoPickerWrapper.build/DerivedSources-normal/armv7k -Xcc -I/Users/admin/builder/spi-builder-workspace/.derivedData/Build/Intermediates.noindex/PhotoPickerWrapper.build/Debug-watchos/PhotoPickerWrapper.build/DerivedSources/armv7k -Xcc -I/Users/admin/builder/spi-builder-workspace/.derivedData/Build/Intermediates.noindex/PhotoPickerWrapper.build/Debug-watchos/PhotoPickerWrapper.build/DerivedSources -Xcc -DSWIFT_PACKAGE -Xcc -DDEBUG\=1 -emit-objc-header -emit-objc-header-path /Users/admin/builder/spi-builder-workspace/.derivedData/Build/Intermediates.noindex/PhotoPickerWrapper.build/Debug-watchos/PhotoPickerWrapper.build/Objects-normal/armv7k/PhotoPickerWrapper-Swift.h -working-directory /Users/admin/builder/spi-builder-workspace/.swiftpm/xcode -experimental-emit-module-separately -disable-cmo
SwiftDriver PhotoPickerWrapper normal arm64 com.apple.xcode.tools.swift.compiler (in target 'PhotoPickerWrapper' from project 'PhotoPickerWrapper')
cd /Users/admin/builder/spi-builder-workspace/.swiftpm/xcode
builtin-SwiftDriver -- /Applications/Xcode-16.3.0.app/Contents/Developer/Toolchains/XcodeDefault.xctoolchain/usr/bin/swiftc -module-name PhotoPickerWrapper -Onone -enforce-exclusivity\=checked @/Users/admin/builder/spi-builder-workspace/.derivedData/Build/Intermediates.noindex/PhotoPickerWrapper.build/Debug-watchos/PhotoPickerWrapper.build/Objects-normal/arm64/PhotoPickerWrapper.SwiftFileList -DSWIFT_PACKAGE -DDEBUG -DXcode -plugin-path /Applications/Xcode-16.3.0.app/Contents/Developer/Toolchains/XcodeDefault.xctoolchain/usr/lib/swift/host/plugins/testing -enable-experimental-feature DebugDescriptionMacro -sdk /Applications/Xcode-16.3.0.app/Contents/Developer/Platforms/WatchOS.platform/Developer/SDKs/WatchOS11.4.sdk -target arm64-apple-watchos7.0 -g -module-cache-path /Users/admin/builder/spi-builder-workspace/.derivedData/ModuleCache.noindex -Xfrontend -serialize-debugging-options -enable-testing -index-store-path /Users/admin/builder/spi-builder-workspace/.derivedData/Index.noindex/DataStore -swift-version 5 -I /Users/admin/builder/spi-builder-workspace/.derivedData/Build/Products/Debug-watchos -I /Applications/Xcode-16.3.0.app/Contents/Developer/Platforms/WatchOS.platform/Developer/usr/lib -F /Users/admin/builder/spi-builder-workspace/.derivedData/Build/Products/Debug-watchos -F /Applications/Xcode-16.3.0.app/Contents/Developer/Platforms/WatchOS.platform/Developer/Library/Frameworks -F /Applications/Xcode-16.3.0.app/Contents/Developer/Platforms/WatchOS.platform/Developer/SDKs/WatchOS11.4.sdk/Developer/Library/Frameworks -c -j10 -enable-batch-mode -incremental -Xcc -ivfsstatcache -Xcc /Users/admin/builder/spi-builder-workspace/.derivedData/SDKStatCaches.noindex/watchos11.4-22T246-43efb940ff07ba2497b70ec94253f576.sdkstatcache -output-file-map /Users/admin/builder/spi-builder-workspace/.derivedData/Build/Intermediates.noindex/PhotoPickerWrapper.build/Debug-watchos/PhotoPickerWrapper.build/Objects-normal/arm64/PhotoPickerWrapper-OutputFileMap.json -use-frontend-parseable-output -save-temps -no-color-diagnostics -serialize-diagnostics -emit-dependencies -emit-module -emit-module-path /Users/admin/builder/spi-builder-workspace/.derivedData/Build/Intermediates.noindex/PhotoPickerWrapper.build/Debug-watchos/PhotoPickerWrapper.build/Objects-normal/arm64/PhotoPickerWrapper.swiftmodule -validate-clang-modules-once -clang-build-session-file /Users/admin/builder/spi-builder-workspace/.derivedData/ModuleCache.noindex/Session.modulevalidation -package-name spi_builder_workspace -Xcc -I/Users/admin/builder/spi-builder-workspace/.derivedData/Build/Intermediates.noindex/PhotoPickerWrapper.build/Debug-watchos/PhotoPickerWrapper.build/swift-overrides.hmap -emit-const-values -Xfrontend -const-gather-protocols-file -Xfrontend /Users/admin/builder/spi-builder-workspace/.derivedData/Build/Intermediates.noindex/PhotoPickerWrapper.build/Debug-watchos/PhotoPickerWrapper.build/Objects-normal/arm64/PhotoPickerWrapper_const_extract_protocols.json -Xcc -I/Users/admin/builder/spi-builder-workspace/.derivedData/Build/Products/Debug-watchos/include -Xcc -I/Users/admin/builder/spi-builder-workspace/.derivedData/Build/Intermediates.noindex/PhotoPickerWrapper.build/Debug-watchos/PhotoPickerWrapper.build/DerivedSources-normal/arm64 -Xcc -I/Users/admin/builder/spi-builder-workspace/.derivedData/Build/Intermediates.noindex/PhotoPickerWrapper.build/Debug-watchos/PhotoPickerWrapper.build/DerivedSources/arm64 -Xcc -I/Users/admin/builder/spi-builder-workspace/.derivedData/Build/Intermediates.noindex/PhotoPickerWrapper.build/Debug-watchos/PhotoPickerWrapper.build/DerivedSources -Xcc -DSWIFT_PACKAGE -Xcc -DDEBUG\=1 -emit-objc-header -emit-objc-header-path /Users/admin/builder/spi-builder-workspace/.derivedData/Build/Intermediates.noindex/PhotoPickerWrapper.build/Debug-watchos/PhotoPickerWrapper.build/Objects-normal/arm64/PhotoPickerWrapper-Swift.h -working-directory /Users/admin/builder/spi-builder-workspace/.swiftpm/xcode -experimental-emit-module-separately -disable-cmo
SwiftDriver PhotoPickerWrapper normal arm64_32 com.apple.xcode.tools.swift.compiler (in target 'PhotoPickerWrapper' from project 'PhotoPickerWrapper')
cd /Users/admin/builder/spi-builder-workspace/.swiftpm/xcode
builtin-SwiftDriver -- /Applications/Xcode-16.3.0.app/Contents/Developer/Toolchains/XcodeDefault.xctoolchain/usr/bin/swiftc -module-name PhotoPickerWrapper -Onone -enforce-exclusivity\=checked @/Users/admin/builder/spi-builder-workspace/.derivedData/Build/Intermediates.noindex/PhotoPickerWrapper.build/Debug-watchos/PhotoPickerWrapper.build/Objects-normal/arm64_32/PhotoPickerWrapper.SwiftFileList -DSWIFT_PACKAGE -DDEBUG -DXcode -plugin-path /Applications/Xcode-16.3.0.app/Contents/Developer/Toolchains/XcodeDefault.xctoolchain/usr/lib/swift/host/plugins/testing -enable-experimental-feature DebugDescriptionMacro -sdk /Applications/Xcode-16.3.0.app/Contents/Developer/Platforms/WatchOS.platform/Developer/SDKs/WatchOS11.4.sdk -target arm64_32-apple-watchos7.0 -g -module-cache-path /Users/admin/builder/spi-builder-workspace/.derivedData/ModuleCache.noindex -Xfrontend -serialize-debugging-options -enable-testing -index-store-path /Users/admin/builder/spi-builder-workspace/.derivedData/Index.noindex/DataStore -swift-version 5 -I /Users/admin/builder/spi-builder-workspace/.derivedData/Build/Products/Debug-watchos -I /Applications/Xcode-16.3.0.app/Contents/Developer/Platforms/WatchOS.platform/Developer/usr/lib -F /Users/admin/builder/spi-builder-workspace/.derivedData/Build/Products/Debug-watchos -F /Applications/Xcode-16.3.0.app/Contents/Developer/Platforms/WatchOS.platform/Developer/Library/Frameworks -F /Applications/Xcode-16.3.0.app/Contents/Developer/Platforms/WatchOS.platform/Developer/SDKs/WatchOS11.4.sdk/Developer/Library/Frameworks -c -j10 -enable-batch-mode -incremental -Xcc -ivfsstatcache -Xcc /Users/admin/builder/spi-builder-workspace/.derivedData/SDKStatCaches.noindex/watchos11.4-22T246-43efb940ff07ba2497b70ec94253f576.sdkstatcache -output-file-map /Users/admin/builder/spi-builder-workspace/.derivedData/Build/Intermediates.noindex/PhotoPickerWrapper.build/Debug-watchos/PhotoPickerWrapper.build/Objects-normal/arm64_32/PhotoPickerWrapper-OutputFileMap.json -use-frontend-parseable-output -save-temps -no-color-diagnostics -serialize-diagnostics -emit-dependencies -emit-module -emit-module-path /Users/admin/builder/spi-builder-workspace/.derivedData/Build/Intermediates.noindex/PhotoPickerWrapper.build/Debug-watchos/PhotoPickerWrapper.build/Objects-normal/arm64_32/PhotoPickerWrapper.swiftmodule -validate-clang-modules-once -clang-build-session-file /Users/admin/builder/spi-builder-workspace/.derivedData/ModuleCache.noindex/Session.modulevalidation -package-name spi_builder_workspace -Xcc -I/Users/admin/builder/spi-builder-workspace/.derivedData/Build/Intermediates.noindex/PhotoPickerWrapper.build/Debug-watchos/PhotoPickerWrapper.build/swift-overrides.hmap -emit-const-values -Xfrontend -const-gather-protocols-file -Xfrontend /Users/admin/builder/spi-builder-workspace/.derivedData/Build/Intermediates.noindex/PhotoPickerWrapper.build/Debug-watchos/PhotoPickerWrapper.build/Objects-normal/arm64_32/PhotoPickerWrapper_const_extract_protocols.json -Xcc -I/Users/admin/builder/spi-builder-workspace/.derivedData/Build/Products/Debug-watchos/include -Xcc -I/Users/admin/builder/spi-builder-workspace/.derivedData/Build/Intermediates.noindex/PhotoPickerWrapper.build/Debug-watchos/PhotoPickerWrapper.build/DerivedSources-normal/arm64_32 -Xcc -I/Users/admin/builder/spi-builder-workspace/.derivedData/Build/Intermediates.noindex/PhotoPickerWrapper.build/Debug-watchos/PhotoPickerWrapper.build/DerivedSources/arm64_32 -Xcc -I/Users/admin/builder/spi-builder-workspace/.derivedData/Build/Intermediates.noindex/PhotoPickerWrapper.build/Debug-watchos/PhotoPickerWrapper.build/DerivedSources -Xcc -DSWIFT_PACKAGE -Xcc -DDEBUG\=1 -emit-objc-header -emit-objc-header-path /Users/admin/builder/spi-builder-workspace/.derivedData/Build/Intermediates.noindex/PhotoPickerWrapper.build/Debug-watchos/PhotoPickerWrapper.build/Objects-normal/arm64_32/PhotoPickerWrapper-Swift.h -working-directory /Users/admin/builder/spi-builder-workspace/.swiftpm/xcode -experimental-emit-module-separately -disable-cmo
SwiftEmitModule normal armv7k Emitting\ module\ for\ PhotoPickerWrapper (in target 'PhotoPickerWrapper' from project 'PhotoPickerWrapper')
EmitSwiftModule normal armv7k (in target 'PhotoPickerWrapper' from project 'PhotoPickerWrapper')
cd /Users/admin/builder/spi-builder-workspace/.swiftpm/xcode
/Users/admin/builder/spi-builder-workspace/Sources/PhotoPickerWrapper/Data/Enum/ImagePickerSourceType.swift:12:23: error: cannot find type 'UIImagePickerController' in scope
case camera(type: UIImagePickerController.CameraCaptureMode = .photo)
^~~~~~~~~~~~~~~~~~~~~~~
/Users/admin/builder/spi-builder-workspace/Sources/PhotoPickerWrapper/Data/Enum/ImagePickerSourceType.swift:13:31: error: 'PHPickerFilter' is only available in watchOS 9.0 or newer
case photoLibrary(filter: PHPickerFilter? = nil)
^
/Users/admin/builder/spi-builder-workspace/Sources/PhotoPickerWrapper/Data/Enum/ImagePickerSourceType.swift:11:13: note: add @available attribute to enclosing enum
public enum ImagePickerSourceType {
^
/Users/admin/builder/spi-builder-workspace/Sources/PhotoPickerWrapper/Data/ImagePickerParams.swift:19:124: error: type 'UIColor' has no member 'systemBlue'
public init(selectionLimit: Int, sourceType: ImagePickerSourceType, allowsEditing: Bool = false, tintColor: UIColor = .systemBlue) {
~^~~~~~~~~~
/Users/admin/builder/spi-builder-workspace/Sources/PhotoPickerWrapper/PhotoPickerWrapper.swift:32:41: error: cannot find type 'UIViewController' in scope
public func showPicker(on parentVC: UIViewController) {
^~~~~~~~~~~~~~~~
/Users/admin/builder/spi-builder-workspace/Sources/PhotoPickerWrapper/PhotoPickerWrapper.swift:81:30: error: cannot find type 'UIViewController' in scope
func createPickerVC() -> UIViewController {
^~~~~~~~~~~~~~~~
/Users/admin/builder/spi-builder-workspace/Sources/PhotoPickerWrapper/PhotoPickerWrapper.swift:104:57: error: 'PHPickerFilter' is only available in watchOS 9.0 or newer
private func createPhotoPickerConfiguration(filter: PHPickerFilter?) -> PHPickerConfiguration {
^
/Users/admin/builder/spi-builder-workspace/Sources/PhotoPickerWrapper/PhotoPickerWrapper.swift:104:18: note: add @available attribute to enclosing instance method
private func createPhotoPickerConfiguration(filter: PHPickerFilter?) -> PHPickerConfiguration {
^
/Users/admin/builder/spi-builder-workspace/Sources/PhotoPickerWrapper/PhotoPickerWrapper.swift:77:1: note: add @available attribute to enclosing extension
extension PhotoPickerWrapper {
^
/Users/admin/builder/spi-builder-workspace/Sources/PhotoPickerWrapper/PhotoPickerWrapper.swift:104:77: error: 'PHPickerConfiguration' is unavailable in watchOS
private func createPhotoPickerConfiguration(filter: PHPickerFilter?) -> PHPickerConfiguration {
^~~~~~~~~~~~~~~~~~~~~
PhotosUI.PHPickerConfiguration:4:15: note: 'PHPickerConfiguration' has been explicitly marked unavailable here
public struct PHPickerConfiguration : Equatable, Hashable, @unchecked Sendable {
^
/Users/admin/builder/spi-builder-workspace/Sources/PhotoPickerWrapper/PhotoPickerWrapper.swift:116:34: error: 'PHPickerViewController' is unavailable in watchOS
public func picker(_ picker: PHPickerViewController, didFinishPicking results: [PHPickerResult]) {
^~~~~~~~~~~~~~~~~~~~~~
/Applications/Xcode-16.3.0.app/Contents/Developer/Platforms/WatchOS.platform/Developer/SDKs/WatchOS11.4.sdk/System/Library/Frameworks/PhotosUI.framework/Headers/PHPicker.h:236:12: note: 'PHPickerViewController' has been explicitly marked unavailable here
@interface PHPickerViewController : NSObject
^
/Users/admin/builder/spi-builder-workspace/Sources/PhotoPickerWrapper/PhotoPickerWrapper.swift:116:85: error: 'PHPickerResult' is unavailable in watchOS
public func picker(_ picker: PHPickerViewController, didFinishPicking results: [PHPickerResult]) {
^~~~~~~~~~~~~~
PhotosUI.PHPickerResult:4:15: note: 'PHPickerResult' has been explicitly marked unavailable here
public struct PHPickerResult : Equatable, Hashable {
^
/Users/admin/builder/spi-builder-workspace/Sources/PhotoPickerWrapper/PhotoPickerWrapper.swift:114:31: error: 'PHPickerViewControllerDelegate' is unavailable in watchOS
extension PhotoPickerWrapper: PHPickerViewControllerDelegate {
^~~~~~~~~~~~~~~~~~~~~~~~~~~~~~
PhotosUI.PHPickerViewControllerDelegate:4:44: note: 'PHPickerViewControllerDelegate' has been explicitly marked unavailable here
@MainActor @preconcurrency public protocol PHPickerViewControllerDelegate : AnyObject {
^
/Users/admin/builder/spi-builder-workspace/Sources/PhotoPickerWrapper/PhotoPickerWrapper.swift:162:31: error: cannot find type 'UINavigationControllerDelegate' in scope
extension PhotoPickerWrapper: UINavigationControllerDelegate, UIImagePickerControllerDelegate {
^~~~~~~~~~~~~~~~~~~~~~~~~~~~~~
/Users/admin/builder/spi-builder-workspace/Sources/PhotoPickerWrapper/PhotoPickerWrapper.swift:162:63: error: cannot find type 'UIImagePickerControllerDelegate' in scope
extension PhotoPickerWrapper: UINavigationControllerDelegate, UIImagePickerControllerDelegate {
^~~~~~~~~~~~~~~~~~~~~~~~~~~~~~~
/Users/admin/builder/spi-builder-workspace/Sources/PhotoPickerWrapper/PhotoPickerWrapper.swift:164:49: error: cannot find type 'UIImagePickerController' in scope
public func imagePickerController(_ picker: UIImagePickerController, didFinishPickingMediaWithInfo info: [UIImagePickerController.InfoKey: Any]) {
^~~~~~~~~~~~~~~~~~~~~~~
/Users/admin/builder/spi-builder-workspace/Sources/PhotoPickerWrapper/PhotoPickerWrapper.swift:164:111: error: cannot find type 'UIImagePickerController' in scope
public func imagePickerController(_ picker: UIImagePickerController, didFinishPickingMediaWithInfo info: [UIImagePickerController.InfoKey: Any]) {
^~~~~~~~~~~~~~~~~~~~~~~
/Users/admin/builder/spi-builder-workspace/Sources/PhotoPickerWrapper/PhotoPickerWrapper.swift:183:58: error: cannot find type 'UIImagePickerController' in scope
public func imagePickerControllerDidCancel(_ picker: UIImagePickerController) {
^~~~~~~~~~~~~~~~~~~~~~~
/Users/admin/builder/spi-builder-workspace/Sources/PhotoPickerWrapper/SwiftUIPhotoPicker.swift:20:59: error: cannot find type 'UIViewController' in scope
public func makeUIViewController(context: Context) -> UIViewController {
^~~~~~~~~~~~~~~~
/Users/admin/builder/spi-builder-workspace/Sources/PhotoPickerWrapper/SwiftUIPhotoPicker.swift:20:47: error: cannot find type 'Context' in scope
public func makeUIViewController(context: Context) -> UIViewController {
^~~~~~~
/Users/admin/builder/spi-builder-workspace/Sources/PhotoPickerWrapper/SwiftUIPhotoPicker.swift:24:60: error: cannot find type 'UIViewController' in scope
public func updateUIViewController(_ uiViewController: UIViewController, context: Context) {
^~~~~~~~~~~~~~~~
/Users/admin/builder/spi-builder-workspace/Sources/PhotoPickerWrapper/SwiftUIPhotoPicker.swift:24:87: error: cannot find type 'Context' in scope
public func updateUIViewController(_ uiViewController: UIViewController, context: Context) {
^~~~~~~
/Users/admin/builder/spi-builder-workspace/Sources/PhotoPickerWrapper/SwiftUIPhotoPicker.swift:12:35: error: cannot find type 'UIViewControllerRepresentable' in scope
public struct SwiftUIPhotoPicker: UIViewControllerRepresentable {
^~~~~~~~~~~~~~~~~~~~~~~~~~~~~
/Users/admin/builder/spi-builder-workspace/Sources/PhotoPickerWrapper/UI/PhotoPickerAlert.swift:11:82: error: cannot find type 'UIViewController' in scope
static func presentAlert(for type: ImagePickerSourceType, in viewController: UIViewController)
^~~~~~~~~~~~~~~~
/Users/admin/builder/spi-builder-workspace/Sources/PhotoPickerWrapper/UI/PhotoPickerAlert.swift:24:89: error: cannot find type 'UIViewController' in scope
public static func presentAlert(for type: ImagePickerSourceType, in viewController: UIViewController) {
^~~~~~~~~~~~~~~~
Failed frontend command:
/Applications/Xcode-16.3.0.app/Contents/Developer/Toolchains/XcodeDefault.xctoolchain/usr/bin/swift-frontend -frontend -emit-module -experimental-skip-non-inlinable-function-bodies-without-types /Users/admin/builder/spi-builder-workspace/Sources/PhotoPickerWrapper/Data/AssetData.swift /Users/admin/builder/spi-builder-workspace/Sources/PhotoPickerWrapper/Data/Enum/ImagePickerSourceType.swift /Users/admin/builder/spi-builder-workspace/Sources/PhotoPickerWrapper/Data/ImagePickerLocale.swift /Users/admin/builder/spi-builder-workspace/Sources/PhotoPickerWrapper/Data/ImagePickerParams.swift /Users/admin/builder/spi-builder-workspace/Sources/PhotoPickerWrapper/Extensions/String+Ext.swift /Users/admin/builder/spi-builder-workspace/Sources/PhotoPickerWrapper/Extensions/UIImage+Ext.swift /Users/admin/builder/spi-builder-workspace/Sources/PhotoPickerWrapper/PhotoPickerWrapper.swift /Users/admin/builder/spi-builder-workspace/Sources/PhotoPickerWrapper/SwiftUIPhotoPicker.swift /Users/admin/builder/spi-builder-workspace/Sources/PhotoPickerWrapper/UI/PhotoPickerAlert.swift -target armv7k-apple-watchos7.0 -enable-objc-interop -stack-check -sdk /Applications/Xcode-16.3.0.app/Contents/Developer/Platforms/WatchOS.platform/Developer/SDKs/WatchOS11.4.sdk -I /Users/admin/builder/spi-builder-workspace/.derivedData/Build/Products/Debug-watchos -I /Applications/Xcode-16.3.0.app/Contents/Developer/Platforms/WatchOS.platform/Developer/usr/lib -F /Users/admin/builder/spi-builder-workspace/.derivedData/Build/Products/Debug-watchos -F /Applications/Xcode-16.3.0.app/Contents/Developer/Platforms/WatchOS.platform/Developer/Library/Frameworks -F /Applications/Xcode-16.3.0.app/Contents/Developer/Platforms/WatchOS.platform/Developer/SDKs/WatchOS11.4.sdk/Developer/Library/Frameworks -no-color-diagnostics -enable-testing -g -debug-info-format\=dwarf -dwarf-version\=4 -module-cache-path /Users/admin/builder/spi-builder-workspace/.derivedData/ModuleCache.noindex -swift-version 5 -enforce-exclusivity\=checked -Onone -D SWIFT_PACKAGE -D DEBUG -D Xcode -serialize-debugging-options -const-gather-protocols-file /Users/admin/builder/spi-builder-workspace/.derivedData/Build/Intermediates.noindex/PhotoPickerWrapper.build/Debug-watchos/PhotoPickerWrapper.build/Objects-normal/armv7k/PhotoPickerWrapper_const_extract_protocols.json -enable-experimental-feature DebugDescriptionMacro -empty-abi-descriptor -plugin-path /Applications/Xcode-16.3.0.app/Contents/Developer/Toolchains/XcodeDefault.xctoolchain/usr/lib/swift/host/plugins/testing -validate-clang-modules-once -clang-build-session-file /Users/admin/builder/spi-builder-workspace/.derivedData/ModuleCache.noindex/Session.modulevalidation -Xcc -working-directory -Xcc /Users/admin/builder/spi-builder-workspace/.swiftpm/xcode -resource-dir /Applications/Xcode-16.3.0.app/Contents/Developer/Toolchains/XcodeDefault.xctoolchain/usr/lib/swift -enable-anonymous-context-mangled-names -file-compilation-dir /Users/admin/builder/spi-builder-workspace/.swiftpm/xcode -Xcc -ivfsstatcache -Xcc /Users/admin/builder/spi-builder-workspace/.derivedData/SDKStatCaches.noindex/watchos11.4-22T246-43efb940ff07ba2497b70ec94253f576.sdkstatcache -Xcc -I/Users/admin/builder/spi-builder-workspace/.derivedData/Build/Intermediates.noindex/PhotoPickerWrapper.build/Debug-watchos/PhotoPickerWrapper.build/swift-overrides.hmap -Xcc -I/Users/admin/builder/spi-builder-workspace/.derivedData/Build/Products/Debug-watchos/include -Xcc -I/Users/admin/builder/spi-builder-workspace/.derivedData/Build/Intermediates.noindex/PhotoPickerWrapper.build/Debug-watchos/PhotoPickerWrapper.build/DerivedSources-normal/armv7k -Xcc -I/Users/admin/builder/spi-builder-workspace/.derivedData/Build/Intermediates.noindex/PhotoPickerWrapper.build/Debug-watchos/PhotoPickerWrapper.build/DerivedSources/armv7k -Xcc -I/Users/admin/builder/spi-builder-workspace/.derivedData/Build/Intermediates.noindex/PhotoPickerWrapper.build/Debug-watchos/PhotoPickerWrapper.build/DerivedSources -Xcc -DSWIFT_PACKAGE -Xcc -DDEBUG\=1 -module-name PhotoPickerWrapper -package-name spi_builder_workspace -frontend-parseable-output -disable-clang-spi -target-sdk-version 11.4 -target-sdk-name watchos11.4 -external-plugin-path /Applications/Xcode-16.3.0.app/Contents/Developer/Platforms/WatchOS.platform/Developer/usr/lib/swift/host/plugins\#/Applications/Xcode-16.3.0.app/Contents/Developer/Platforms/WatchOS.platform/Developer/usr/bin/swift-plugin-server -external-plugin-path /Applications/Xcode-16.3.0.app/Contents/Developer/Platforms/WatchOS.platform/Developer/usr/local/lib/swift/host/plugins\#/Applications/Xcode-16.3.0.app/Contents/Developer/Platforms/WatchOS.platform/Developer/usr/bin/swift-plugin-server -in-process-plugin-server-path /Applications/Xcode-16.3.0.app/Contents/Developer/Toolchains/XcodeDefault.xctoolchain/usr/lib/swift/host/libSwiftInProcPluginServer.dylib -plugin-path /Applications/Xcode-16.3.0.app/Contents/Developer/Toolchains/XcodeDefault.xctoolchain/usr/lib/swift/host/plugins -plugin-path /Applications/Xcode-16.3.0.app/Contents/Developer/Toolchains/XcodeDefault.xctoolchain/usr/local/lib/swift/host/plugins -emit-module-doc-path /Users/admin/builder/spi-builder-workspace/.derivedData/Build/Intermediates.noindex/PhotoPickerWrapper.build/Debug-watchos/PhotoPickerWrapper.build/Objects-normal/armv7k/PhotoPickerWrapper.swiftdoc -emit-module-source-info-path /Users/admin/builder/spi-builder-workspace/.derivedData/Build/Intermediates.noindex/PhotoPickerWrapper.build/Debug-watchos/PhotoPickerWrapper.build/Objects-normal/armv7k/PhotoPickerWrapper.swiftsourceinfo -emit-objc-header-path /Users/admin/builder/spi-builder-workspace/.derivedData/Build/Intermediates.noindex/PhotoPickerWrapper.build/Debug-watchos/PhotoPickerWrapper.build/Objects-normal/armv7k/PhotoPickerWrapper-Swift.h -serialize-diagnostics-path /Users/admin/builder/spi-builder-workspace/.derivedData/Build/Intermediates.noindex/PhotoPickerWrapper.build/Debug-watchos/PhotoPickerWrapper.build/Objects-normal/armv7k/PhotoPickerWrapper-master-emit-module.dia -emit-dependencies-path /Users/admin/builder/spi-builder-workspace/.derivedData/Build/Intermediates.noindex/PhotoPickerWrapper.build/Debug-watchos/PhotoPickerWrapper.build/Objects-normal/armv7k/PhotoPickerWrapper-master-emit-module.d -o /Users/admin/builder/spi-builder-workspace/.derivedData/Build/Intermediates.noindex/PhotoPickerWrapper.build/Debug-watchos/PhotoPickerWrapper.build/Objects-normal/armv7k/PhotoPickerWrapper.swiftmodule -emit-abi-descriptor-path /Users/admin/builder/spi-builder-workspace/.derivedData/Build/Intermediates.noindex/PhotoPickerWrapper.build/Debug-watchos/PhotoPickerWrapper.build/Objects-normal/armv7k/PhotoPickerWrapper.abi.json
SwiftCompile normal armv7k Compiling\ ImagePickerSourceType.swift /Users/admin/builder/spi-builder-workspace/Sources/PhotoPickerWrapper/Data/Enum/ImagePickerSourceType.swift (in target 'PhotoPickerWrapper' from project 'PhotoPickerWrapper')
SwiftCompile normal armv7k /Users/admin/builder/spi-builder-workspace/Sources/PhotoPickerWrapper/Data/Enum/ImagePickerSourceType.swift (in target 'PhotoPickerWrapper' from project 'PhotoPickerWrapper')
cd /Users/admin/builder/spi-builder-workspace/.swiftpm/xcode
SwiftCompile normal armv7k Compiling\ SwiftUIPhotoPicker.swift /Users/admin/builder/spi-builder-workspace/Sources/PhotoPickerWrapper/SwiftUIPhotoPicker.swift (in target 'PhotoPickerWrapper' from project 'PhotoPickerWrapper')
SwiftCompile normal armv7k /Users/admin/builder/spi-builder-workspace/Sources/PhotoPickerWrapper/SwiftUIPhotoPicker.swift (in target 'PhotoPickerWrapper' from project 'PhotoPickerWrapper')
cd /Users/admin/builder/spi-builder-workspace/.swiftpm/xcode
SwiftCompile normal armv7k Compiling\ AssetData.swift /Users/admin/builder/spi-builder-workspace/Sources/PhotoPickerWrapper/Data/AssetData.swift (in target 'PhotoPickerWrapper' from project 'PhotoPickerWrapper')
SwiftCompile normal armv7k /Users/admin/builder/spi-builder-workspace/Sources/PhotoPickerWrapper/Data/AssetData.swift (in target 'PhotoPickerWrapper' from project 'PhotoPickerWrapper')
cd /Users/admin/builder/spi-builder-workspace/.swiftpm/xcode
SwiftCompile normal armv7k Compiling\ UIImage+Ext.swift /Users/admin/builder/spi-builder-workspace/Sources/PhotoPickerWrapper/Extensions/UIImage+Ext.swift (in target 'PhotoPickerWrapper' from project 'PhotoPickerWrapper')
SwiftCompile normal armv7k /Users/admin/builder/spi-builder-workspace/Sources/PhotoPickerWrapper/Extensions/UIImage+Ext.swift (in target 'PhotoPickerWrapper' from project 'PhotoPickerWrapper')
cd /Users/admin/builder/spi-builder-workspace/.swiftpm/xcode
SwiftCompile normal armv7k Compiling\ String+Ext.swift /Users/admin/builder/spi-builder-workspace/Sources/PhotoPickerWrapper/Extensions/String+Ext.swift (in target 'PhotoPickerWrapper' from project 'PhotoPickerWrapper')
SwiftCompile normal armv7k /Users/admin/builder/spi-builder-workspace/Sources/PhotoPickerWrapper/Extensions/String+Ext.swift (in target 'PhotoPickerWrapper' from project 'PhotoPickerWrapper')
cd /Users/admin/builder/spi-builder-workspace/.swiftpm/xcode
SwiftCompile normal armv7k Compiling\ PhotoPickerWrapper.swift /Users/admin/builder/spi-builder-workspace/Sources/PhotoPickerWrapper/PhotoPickerWrapper.swift (in target 'PhotoPickerWrapper' from project 'PhotoPickerWrapper')
SwiftCompile normal armv7k /Users/admin/builder/spi-builder-workspace/Sources/PhotoPickerWrapper/PhotoPickerWrapper.swift (in target 'PhotoPickerWrapper' from project 'PhotoPickerWrapper')
cd /Users/admin/builder/spi-builder-workspace/.swiftpm/xcode
SwiftCompile normal armv7k Compiling\ PhotoPickerAlert.swift /Users/admin/builder/spi-builder-workspace/Sources/PhotoPickerWrapper/UI/PhotoPickerAlert.swift (in target 'PhotoPickerWrapper' from project 'PhotoPickerWrapper')
SwiftCompile normal armv7k /Users/admin/builder/spi-builder-workspace/Sources/PhotoPickerWrapper/UI/PhotoPickerAlert.swift (in target 'PhotoPickerWrapper' from project 'PhotoPickerWrapper')
cd /Users/admin/builder/spi-builder-workspace/.swiftpm/xcode
SwiftCompile normal armv7k Compiling\ ImagePickerParams.swift /Users/admin/builder/spi-builder-workspace/Sources/PhotoPickerWrapper/Data/ImagePickerParams.swift (in target 'PhotoPickerWrapper' from project 'PhotoPickerWrapper')
SwiftCompile normal armv7k /Users/admin/builder/spi-builder-workspace/Sources/PhotoPickerWrapper/Data/ImagePickerParams.swift (in target 'PhotoPickerWrapper' from project 'PhotoPickerWrapper')
cd /Users/admin/builder/spi-builder-workspace/.swiftpm/xcode
SwiftCompile normal armv7k Compiling\ ImagePickerLocale.swift /Users/admin/builder/spi-builder-workspace/Sources/PhotoPickerWrapper/Data/ImagePickerLocale.swift (in target 'PhotoPickerWrapper' from project 'PhotoPickerWrapper')
SwiftCompile normal armv7k /Users/admin/builder/spi-builder-workspace/Sources/PhotoPickerWrapper/Data/ImagePickerLocale.swift (in target 'PhotoPickerWrapper' from project 'PhotoPickerWrapper')
cd /Users/admin/builder/spi-builder-workspace/.swiftpm/xcode
SwiftEmitModule normal arm64_32 Emitting\ module\ for\ PhotoPickerWrapper (in target 'PhotoPickerWrapper' from project 'PhotoPickerWrapper')
Command SwiftEmitModule failed with a nonzero exit code
** BUILD FAILED **
The following build commands failed:
EmitSwiftModule normal armv7k (in target 'PhotoPickerWrapper' from project 'PhotoPickerWrapper')
SwiftEmitModule normal armv7k Emitting\ module\ for\ PhotoPickerWrapper (in target 'PhotoPickerWrapper' from project 'PhotoPickerWrapper')
SwiftEmitModule normal arm64_32 Emitting\ module\ for\ PhotoPickerWrapper (in target 'PhotoPickerWrapper' from project 'PhotoPickerWrapper')
Building workspace spi-builder-workspace with scheme PhotoPickerWrapper
(4 failures)
BUILD FAILURE 6.1 watchOS