The Swift Package Index logo.Swift Package Index

Build Information

Failed to build DocumentScannerView, reference main (b27831), with Swift 6.4 for watchOS using Xcode 27.0 on 20 Sep 2026 17:11:41 UTC.

Build Command

env DEVELOPER_DIR=/Applications/Xcode-27.0.0-Release.Candidate.app xcrun xcodebuild -IDEClonedSourcePackagesDirPathOverride=$PWD/.dependencies -skipMacroValidation -skipPackagePluginValidation -derivedDataPath $PWD/.derivedData build -scheme DocumentScannerView -destination generic/platform=watchOS

Build Log

========================================
RunAll
========================================
Builder version: 5.1.0
Interrupt handler set up.
========================================
Checkout
========================================
Clone URL: https://github.com/edonv/DocumentScannerView.git
Reference: main
Initialized empty Git repository in /Users/admin/builder/spi-builder-workspace/.git/
From https://github.com/edonv/DocumentScannerView
 * branch            main       -> FETCH_HEAD
 * [new branch]      main       -> origin/main
HEAD is now at b278314 Update .spi.yml
Cloned https://github.com/edonv/DocumentScannerView.git
Revision (git rev-parse @):
b278314869450c1ed92d90c5e1f32ddb93673b43
SPI manifest file found: $PWD/.spi.yml
SUCCESS checkout https://github.com/edonv/DocumentScannerView.git at main
========================================
Build
========================================
Selected platform:         watchOS
Swift version:             6.4
Building package at path:  $PWD
https://github.com/edonv/DocumentScannerView.git
Command line invocation:
    /Applications/Xcode-27.0.0-Release.Candidate.app/Contents/Developer/usr/bin/xcodebuild -IDEClonedSourcePackagesDirPathOverride=/Users/admin/builder/spi-builder-workspace/.dependencies -resolvePackageDependencies
Resolve Package Graph
Resolve Package Graph
Resolved source packages:
  DocumentScannerView: /Users/admin/builder/spi-builder-workspace
resolved source packages: DocumentScannerView
2026-09-20 13:11:01.770 xcodebuild[524:3016] [MT] IDERunDestination: Supported platforms for the buildables in the current scheme is empty.
{
  "dependencies" : [
  ],
  "manifest_display_name" : "DocumentScannerView",
  "name" : "DocumentScannerView",
  "path" : "/Users/admin/builder/spi-builder-workspace",
  "platforms" : [
    {
      "name" : "ios",
      "version" : "13.0"
    },
    {
      "name" : "maccatalyst",
      "version" : "13.0"
    },
    {
      "name" : "visionos",
      "version" : "1.0"
    }
  ],
  "products" : [
    {
      "name" : "DocumentScannerView",
      "targets" : [
        "DocumentScannerView"
      ],
      "type" : {
        "library" : [
          "automatic"
        ]
      }
    }
  ],
  "targets" : [
    {
      "c99name" : "DocumentScannerViewTests",
      "module_type" : "SwiftTarget",
      "name" : "DocumentScannerViewTests",
      "path" : "Tests/DocumentScannerViewTests",
      "sources" : [
        "DocumentScanViewTests.swift"
      ],
      "target_dependencies" : [
        "DocumentScannerView"
      ],
      "type" : "test"
    },
    {
      "c99name" : "DocumentScannerView",
      "module_type" : "SwiftTarget",
      "name" : "DocumentScannerView",
      "path" : "Sources/DocumentScannerView",
      "product_memberships" : [
        "DocumentScannerView"
      ],
      "sources" : [
        "DocumentScannerView.swift",
        "FullScreenCoverCompat.swift",
        "PDFDocument+UIImage Init.swift",
        "View+Extensions.swift"
      ],
      "type" : "library"
    }
  ],
  "tools_version" : "5.9"
}
{
  "workspace" : {
    "name" : "DocumentScannerView",
    "schemes" : [
      "DocumentScannerView"
    ]
  }
}
2026-09-20 13:11:34.098 xcodebuild[623:3808] [MT] IDERunDestination: Supported platforms for the buildables in the current scheme is empty.
Running build ...
env DEVELOPER_DIR=/Applications/Xcode-27.0.0-Release.Candidate.app xcrun xcodebuild -IDEClonedSourcePackagesDirPathOverride=$PWD/.dependencies -skipMacroValidation -skipPackagePluginValidation -derivedDataPath $PWD/.derivedData build -scheme DocumentScannerView -destination generic/platform=watchOS
Command line invocation:
    /Applications/Xcode-27.0.0-Release.Candidate.app/Contents/Developer/usr/bin/xcodebuild -IDEClonedSourcePackagesDirPathOverride=/Users/admin/builder/spi-builder-workspace/.dependencies -skipMacroValidation -skipPackagePluginValidation -derivedDataPath /Users/admin/builder/spi-builder-workspace/.derivedData build -scheme DocumentScannerView -destination generic/platform=watchOS
Resolve Package Graph
Resolved source packages:
  DocumentScannerView: /Users/admin/builder/spi-builder-workspace
ComputePackagePrebuildTargetDependencyGraph
Prepare packages
CreateBuildRequest
SendProjectDescription
CreateBuildOperation
ComputeTargetDependencyGraph
note: Building targets in dependency order
note: Target dependency graph (2 targets)
    Target 'DocumentScannerView-product' in project 'DocumentScannerView'
        ➜ Explicit dependency on target 'DocumentScannerView' in project 'DocumentScannerView'
    Target 'DocumentScannerView' in project 'DocumentScannerView' (no dependencies)
GatherProvisioningInputs
CreateBuildDescription
ExecuteExternalTool /Applications/Xcode-27.0.0-Release.Candidate.app/Contents/Developer/Toolchains/XcodeDefault.xctoolchain/usr/bin/clang -v -E -dM -isysroot /Applications/Xcode-27.0.0-Release.Candidate.app/Contents/Developer/Platforms/WatchOS.platform/Developer/SDKs/WatchOS27.0.sdk -x c -c /dev/null
ExecuteExternalTool /Applications/Xcode-27.0.0-Release.Candidate.app/Contents/Developer/Toolchains/XcodeDefault.xctoolchain/usr/bin/swiftc --version
ExecuteExternalTool /Applications/Xcode-27.0.0-Release.Candidate.app/Contents/Developer/Toolchains/XcodeDefault.xctoolchain/usr/bin/ld -version_details
Build description signature: 6b7a63385576dbb1f10aeb61e1270df3
Build description path: /Users/admin/builder/spi-builder-workspace/.derivedData/Build/Intermediates.noindex/XCBuildData/6b7a63385576dbb1f10aeb61e1270df3.xcbuilddata
CreateBuildDirectory /Users/admin/builder/spi-builder-workspace/.derivedData/ModuleCache.noindex
    cd /Users/admin/builder/spi-builder-workspace/.swiftpm/xcode
    builtin-create-build-directory /Users/admin/builder/spi-builder-workspace/.derivedData/ModuleCache.noindex
CreateBuildDirectory /Users/admin/builder/spi-builder-workspace/.derivedData/SDKExplicitPrecompiledModules
    cd /Users/admin/builder/spi-builder-workspace/.swiftpm/xcode
    builtin-create-build-directory /Users/admin/builder/spi-builder-workspace/.derivedData/SDKExplicitPrecompiledModules
CreateBuildDirectory /Users/admin/builder/spi-builder-workspace/.derivedData/CompilationCache.noindex
    cd /Users/admin/builder/spi-builder-workspace/.swiftpm/xcode
    builtin-create-build-directory /Users/admin/builder/spi-builder-workspace/.derivedData/CompilationCache.noindex
CreateBuildDirectory /Users/admin/builder/spi-builder-workspace/.derivedData/Build/Products
    cd /Users/admin/builder/spi-builder-workspace/.swiftpm/xcode
    builtin-create-build-directory /Users/admin/builder/spi-builder-workspace/.derivedData/Build/Products
CreateBuildDirectory /Users/admin/builder/spi-builder-workspace/.derivedData/Build/Intermediates.noindex
    cd /Users/admin/builder/spi-builder-workspace/.swiftpm/xcode
    builtin-create-build-directory /Users/admin/builder/spi-builder-workspace/.derivedData/Build/Intermediates.noindex
ClangStatCache /Applications/Xcode-27.0.0-Release.Candidate.app/Contents/Developer/Toolchains/XcodeDefault.xctoolchain/usr/bin/clang-stat-cache /Applications/Xcode-27.0.0-Release.Candidate.app/Contents/Developer/Platforms/WatchOS.platform/Developer/SDKs/WatchOS27.0.sdk /Users/admin/builder/spi-builder-workspace/.derivedData/SDKStatCaches.noindex/watchos27.0-24R360-e829b21a6f8c9b70876ba0858053c04477534ef55a1706bf4c1112bbb242f0a2.sdkstatcache
    cd /Users/admin/builder/spi-builder-workspace/.swiftpm/xcode
    /Applications/Xcode-27.0.0-Release.Candidate.app/Contents/Developer/Toolchains/XcodeDefault.xctoolchain/usr/bin/clang-stat-cache /Applications/Xcode-27.0.0-Release.Candidate.app/Contents/Developer/Platforms/WatchOS.platform/Developer/SDKs/WatchOS27.0.sdk -o /Users/admin/builder/spi-builder-workspace/.derivedData/SDKStatCaches.noindex/watchos27.0-24R360-e829b21a6f8c9b70876ba0858053c04477534ef55a1706bf4c1112bbb242f0a2.sdkstatcache
CreateBuildDirectory /Users/admin/builder/spi-builder-workspace/.derivedData/Build/Intermediates.noindex/PrecompiledHeaders
    cd /Users/admin/builder/spi-builder-workspace/.swiftpm/xcode
    builtin-create-build-directory /Users/admin/builder/spi-builder-workspace/.derivedData/Build/Intermediates.noindex/PrecompiledHeaders
CreateBuildDirectory /Users/admin/builder/spi-builder-workspace/.derivedData/Build/Intermediates.noindex/SwiftExplicitPrecompiledModules
    cd /Users/admin/builder/spi-builder-workspace/.swiftpm/xcode
    builtin-create-build-directory /Users/admin/builder/spi-builder-workspace/.derivedData/Build/Intermediates.noindex/SwiftExplicitPrecompiledModules
CreateBuildDirectory /Users/admin/builder/spi-builder-workspace/.derivedData/Build/Products/Debug-watchos
    cd /Users/admin/builder/spi-builder-workspace/.swiftpm/xcode
    builtin-create-build-directory /Users/admin/builder/spi-builder-workspace/.derivedData/Build/Products/Debug-watchos
CreateBuildDirectory /Users/admin/builder/spi-builder-workspace/.derivedData/Build/Intermediates.noindex/ExplicitPrecompiledModules
    cd /Users/admin/builder/spi-builder-workspace/.swiftpm/xcode
    builtin-create-build-directory /Users/admin/builder/spi-builder-workspace/.derivedData/Build/Intermediates.noindex/ExplicitPrecompiledModules
CreateBuildDirectory /Users/admin/builder/spi-builder-workspace/.derivedData/Build/Intermediates.noindex/EagerLinkingTBDs/Debug-watchos
    cd /Users/admin/builder/spi-builder-workspace/.swiftpm/xcode
    builtin-create-build-directory /Users/admin/builder/spi-builder-workspace/.derivedData/Build/Intermediates.noindex/EagerLinkingTBDs/Debug-watchos
CreateBuildDirectory /Users/admin/builder/spi-builder-workspace/.derivedData/Build/Products/Debug-watchos/PackageFrameworks
    cd /Users/admin/builder/spi-builder-workspace/.swiftpm/xcode
    builtin-create-build-directory /Users/admin/builder/spi-builder-workspace/.derivedData/Build/Products/Debug-watchos/PackageFrameworks
WriteAuxiliaryFile /Users/admin/builder/spi-builder-workspace/.derivedData/Build/Intermediates.noindex/DocumentScannerView.build/Debug-watchos/DocumentScannerView-t.build/DocumentScannerView.modulemap (in target 'DocumentScannerView' from project 'DocumentScannerView')
    cd /Users/admin/builder/spi-builder-workspace
    write-file /Users/admin/builder/spi-builder-workspace/.derivedData/Build/Intermediates.noindex/DocumentScannerView.build/Debug-watchos/DocumentScannerView-t.build/DocumentScannerView.modulemap
WriteAuxiliaryFile /Users/admin/builder/spi-builder-workspace/.derivedData/Build/Intermediates.noindex/DocumentScannerView.build/Debug-watchos/DocumentScannerView-t.build/Objects-normal/arm64_32/DocumentScannerView.SwiftFileList (in target 'DocumentScannerView' from project 'DocumentScannerView')
    cd /Users/admin/builder/spi-builder-workspace
    write-file /Users/admin/builder/spi-builder-workspace/.derivedData/Build/Intermediates.noindex/DocumentScannerView.build/Debug-watchos/DocumentScannerView-t.build/Objects-normal/arm64_32/DocumentScannerView.SwiftFileList
WriteAuxiliaryFile /Users/admin/builder/spi-builder-workspace/.derivedData/Build/Intermediates.noindex/DocumentScannerView.build/Debug-watchos/DocumentScannerView-t.build/Objects-normal/arm64/DocumentScannerView_const_extract_protocols.json (in target 'DocumentScannerView' from project 'DocumentScannerView')
    cd /Users/admin/builder/spi-builder-workspace
    write-file /Users/admin/builder/spi-builder-workspace/.derivedData/Build/Intermediates.noindex/DocumentScannerView.build/Debug-watchos/DocumentScannerView-t.build/Objects-normal/arm64/DocumentScannerView_const_extract_protocols.json
WriteAuxiliaryFile /Users/admin/builder/spi-builder-workspace/.derivedData/Build/Intermediates.noindex/DocumentScannerView.build/Debug-watchos/DocumentScannerView-t.build/Objects-normal/arm64_32/DocumentScannerView.LinkFileList (in target 'DocumentScannerView' from project 'DocumentScannerView')
    cd /Users/admin/builder/spi-builder-workspace
    write-file /Users/admin/builder/spi-builder-workspace/.derivedData/Build/Intermediates.noindex/DocumentScannerView.build/Debug-watchos/DocumentScannerView-t.build/Objects-normal/arm64_32/DocumentScannerView.LinkFileList
WriteAuxiliaryFile /Users/admin/builder/spi-builder-workspace/.derivedData/Build/Intermediates.noindex/DocumentScannerView.build/Debug-watchos/DocumentScannerView-t.build/Objects-normal/arm64_32/DocumentScannerView-OutputFileMap.json (in target 'DocumentScannerView' from project 'DocumentScannerView')
    cd /Users/admin/builder/spi-builder-workspace
    write-file /Users/admin/builder/spi-builder-workspace/.derivedData/Build/Intermediates.noindex/DocumentScannerView.build/Debug-watchos/DocumentScannerView-t.build/Objects-normal/arm64_32/DocumentScannerView-OutputFileMap.json
WriteAuxiliaryFile /Users/admin/builder/spi-builder-workspace/.derivedData/Build/Intermediates.noindex/DocumentScannerView.build/Debug-watchos/DocumentScannerView-t.build/Objects-normal/arm64_32/DocumentScannerView_const_extract_protocols.json (in target 'DocumentScannerView' from project 'DocumentScannerView')
    cd /Users/admin/builder/spi-builder-workspace
    write-file /Users/admin/builder/spi-builder-workspace/.derivedData/Build/Intermediates.noindex/DocumentScannerView.build/Debug-watchos/DocumentScannerView-t.build/Objects-normal/arm64_32/DocumentScannerView_const_extract_protocols.json
WriteAuxiliaryFile /Users/admin/builder/spi-builder-workspace/.derivedData/Build/Intermediates.noindex/DocumentScannerView.build/Debug-watchos/DocumentScannerView-t.build/Objects-normal/arm64/DocumentScannerView.SwiftConstValuesFileList (in target 'DocumentScannerView' from project 'DocumentScannerView')
    cd /Users/admin/builder/spi-builder-workspace
    write-file /Users/admin/builder/spi-builder-workspace/.derivedData/Build/Intermediates.noindex/DocumentScannerView.build/Debug-watchos/DocumentScannerView-t.build/Objects-normal/arm64/DocumentScannerView.SwiftConstValuesFileList
WriteAuxiliaryFile /Users/admin/builder/spi-builder-workspace/.derivedData/Build/Intermediates.noindex/DocumentScannerView.build/Debug-watchos/DocumentScannerView-t.build/Objects-normal/arm64/DocumentScannerView.SwiftFileList (in target 'DocumentScannerView' from project 'DocumentScannerView')
    cd /Users/admin/builder/spi-builder-workspace
    write-file /Users/admin/builder/spi-builder-workspace/.derivedData/Build/Intermediates.noindex/DocumentScannerView.build/Debug-watchos/DocumentScannerView-t.build/Objects-normal/arm64/DocumentScannerView.SwiftFileList
WriteAuxiliaryFile /Users/admin/builder/spi-builder-workspace/.derivedData/Build/Intermediates.noindex/DocumentScannerView.build/Debug-watchos/DocumentScannerView-t.build/Objects-normal/arm64_32/DocumentScannerView.SwiftConstValuesFileList (in target 'DocumentScannerView' from project 'DocumentScannerView')
    cd /Users/admin/builder/spi-builder-workspace
    write-file /Users/admin/builder/spi-builder-workspace/.derivedData/Build/Intermediates.noindex/DocumentScannerView.build/Debug-watchos/DocumentScannerView-t.build/Objects-normal/arm64_32/DocumentScannerView.SwiftConstValuesFileList
WriteAuxiliaryFile /Users/admin/builder/spi-builder-workspace/.derivedData/Build/Intermediates.noindex/DocumentScannerView.build/Debug-watchos/DocumentScannerView-t.build/Objects-normal/arm64/DocumentScannerView.LinkFileList (in target 'DocumentScannerView' from project 'DocumentScannerView')
    cd /Users/admin/builder/spi-builder-workspace
    write-file /Users/admin/builder/spi-builder-workspace/.derivedData/Build/Intermediates.noindex/DocumentScannerView.build/Debug-watchos/DocumentScannerView-t.build/Objects-normal/arm64/DocumentScannerView.LinkFileList
WriteAuxiliaryFile /Users/admin/builder/spi-builder-workspace/.derivedData/Build/Intermediates.noindex/DocumentScannerView.build/Debug-watchos/DocumentScannerView-t.build/Objects-normal/arm64/DocumentScannerView-OutputFileMap.json (in target 'DocumentScannerView' from project 'DocumentScannerView')
    cd /Users/admin/builder/spi-builder-workspace
    write-file /Users/admin/builder/spi-builder-workspace/.derivedData/Build/Intermediates.noindex/DocumentScannerView.build/Debug-watchos/DocumentScannerView-t.build/Objects-normal/arm64/DocumentScannerView-OutputFileMap.json
WriteAuxiliaryFile /Users/admin/builder/spi-builder-workspace/.derivedData/Build/Intermediates.noindex/DocumentScannerView.build/Debug-watchos/DocumentScannerView-t.build/DocumentScannerView.DependencyStaticMetadataFileList (in target 'DocumentScannerView' from project 'DocumentScannerView')
    cd /Users/admin/builder/spi-builder-workspace
    write-file /Users/admin/builder/spi-builder-workspace/.derivedData/Build/Intermediates.noindex/DocumentScannerView.build/Debug-watchos/DocumentScannerView-t.build/DocumentScannerView.DependencyStaticMetadataFileList
WriteAuxiliaryFile /Users/admin/builder/spi-builder-workspace/.derivedData/Build/Intermediates.noindex/DocumentScannerView.build/Debug-watchos/DocumentScannerView-t.build/DocumentScannerView.DependencyMetadataFileList (in target 'DocumentScannerView' from project 'DocumentScannerView')
    cd /Users/admin/builder/spi-builder-workspace
    write-file /Users/admin/builder/spi-builder-workspace/.derivedData/Build/Intermediates.noindex/DocumentScannerView.build/Debug-watchos/DocumentScannerView-t.build/DocumentScannerView.DependencyMetadataFileList
Copy /Users/admin/builder/spi-builder-workspace/.derivedData/Build/Intermediates.noindex/GeneratedModuleMaps-watchos/DocumentScannerView.modulemap /Users/admin/builder/spi-builder-workspace/.derivedData/Build/Intermediates.noindex/DocumentScannerView.build/Debug-watchos/DocumentScannerView-t.build/DocumentScannerView.modulemap (in target 'DocumentScannerView' from project 'DocumentScannerView')
    cd /Users/admin/builder/spi-builder-workspace
    builtin-copy -exclude .DS_Store -exclude CVS -exclude .svn -exclude .git -exclude .hg -resolve-src-symlinks /Users/admin/builder/spi-builder-workspace/.derivedData/Build/Intermediates.noindex/DocumentScannerView.build/Debug-watchos/DocumentScannerView-t.build/DocumentScannerView.modulemap /Users/admin/builder/spi-builder-workspace/.derivedData/Build/Intermediates.noindex/GeneratedModuleMaps-watchos
SwiftDriver DocumentScannerView normal arm64 com.apple.xcode.tools.swift.compiler (in target 'DocumentScannerView' from project 'DocumentScannerView')
    cd /Users/admin/builder/spi-builder-workspace/.swiftpm/xcode
    builtin-SwiftDriver -- /Applications/Xcode-27.0.0-Release.Candidate.app/Contents/Developer/Toolchains/XcodeDefault.xctoolchain/usr/bin/swiftc -parse-as-library -module-name DocumentScannerView -Onone @/Users/admin/builder/spi-builder-workspace/.derivedData/Build/Intermediates.noindex/DocumentScannerView.build/Debug-watchos/DocumentScannerView-t.build/Objects-normal/arm64/DocumentScannerView.SwiftFileList -DSWIFT_PACKAGE -DDEBUG -DSWIFT_MODULE_RESOURCE_BUNDLE_UNAVAILABLE -DXcode -plugin-path /Applications/Xcode-27.0.0-Release.Candidate.app/Contents/Developer/Toolchains/XcodeDefault.xctoolchain/usr/lib/swift/host/plugins/testing -enable-experimental-feature DebugDescriptionMacro -sdk /Applications/Xcode-27.0.0-Release.Candidate.app/Contents/Developer/Platforms/WatchOS.platform/Developer/SDKs/WatchOS27.0.sdk -target arm64-apple-watchos9.0 -g -module-cache-path /Users/admin/builder/spi-builder-workspace/.derivedData/ModuleCache.noindex -Xfrontend -serialize-debugging-options -profile-coverage-mapping -profile-generate -enable-testing -index-store-path /Users/admin/builder/spi-builder-workspace/.derivedData/Index.noindex/DataStore -Xcc -D_LIBCPP_HARDENING_MODE\=_LIBCPP_HARDENING_MODE_DEBUG -swift-version 5 -I /Users/admin/builder/spi-builder-workspace/.derivedData/Build/Products/Debug-watchos -Isystem /Applications/Xcode-27.0.0-Release.Candidate.app/Contents/Developer/Platforms/WatchOS.platform/Developer/usr/lib -F /Users/admin/builder/spi-builder-workspace/.derivedData/Build/Products/Debug-watchos -F /Applications/Xcode-27.0.0-Release.Candidate.app/Contents/Developer/Platforms/WatchOS.platform/Developer/Library/Frameworks -F /Applications/Xcode-27.0.0-Release.Candidate.app/Contents/Developer/Platforms/WatchOS.platform/Developer/SDKs/WatchOS27.0.sdk/Developer/Library/Frameworks -c -j10 -enable-batch-mode -incremental -Xcc -ivfsstatcache -Xcc /Users/admin/builder/spi-builder-workspace/.derivedData/SDKStatCaches.noindex/watchos27.0-24R360-e829b21a6f8c9b70876ba0858053c04477534ef55a1706bf4c1112bbb242f0a2.sdkstatcache -output-file-map /Users/admin/builder/spi-builder-workspace/.derivedData/Build/Intermediates.noindex/DocumentScannerView.build/Debug-watchos/DocumentScannerView-t.build/Objects-normal/arm64/DocumentScannerView-OutputFileMap.json -save-temps -no-color-diagnostics -explicit-module-build -module-cache-path /Users/admin/builder/spi-builder-workspace/.derivedData/Build/Intermediates.noindex/SwiftExplicitPrecompiledModules -clang-scanner-module-cache-path /Users/admin/builder/spi-builder-workspace/.derivedData/ModuleCache.noindex -sdk-module-cache-path /Users/admin/builder/spi-builder-workspace/.derivedData/SDKExplicitPrecompiledModules -emit-dependencies -emit-module -emit-module-path /Users/admin/builder/spi-builder-workspace/.derivedData/Build/Intermediates.noindex/DocumentScannerView.build/Debug-watchos/DocumentScannerView-t.build/Objects-normal/arm64/DocumentScannerView.swiftmodule -serialize-diagnostics -dependency-scan-serialize-diagnostics-path /Users/admin/builder/spi-builder-workspace/.derivedData/Build/Intermediates.noindex/DocumentScannerView.build/Debug-watchos/DocumentScannerView-t.build/Objects-normal/arm64/DocumentScannerView-dependency-scan.dia -validate-clang-modules-once -clang-build-session-file /Users/admin/builder/spi-builder-workspace/.derivedData/ModuleCache.noindex/Session.modulevalidation -Xcc -fmodules-prune-interval\=86400 -Xcc -fmodules-prune-after\=345600 -package-name spi_builder_workspace -emit-const-values -const-gather-protocols-list /Users/admin/builder/spi-builder-workspace/.derivedData/Build/Intermediates.noindex/DocumentScannerView.build/Debug-watchos/DocumentScannerView-t.build/Objects-normal/arm64/DocumentScannerView_const_extract_protocols.json -Xcc -I/Users/admin/builder/spi-builder-workspace/.derivedData/Build/Products/Debug-watchos/include -Xcc -I/Users/admin/builder/spi-builder-workspace/.derivedData/Build/Intermediates.noindex/DocumentScannerView.build/Debug-watchos/DocumentScannerView-t.build/DerivedSources-normal/arm64 -Xcc -I/Users/admin/builder/spi-builder-workspace/.derivedData/Build/Intermediates.noindex/DocumentScannerView.build/Debug-watchos/DocumentScannerView-t.build/DerivedSources/arm64 -Xcc -I/Users/admin/builder/spi-builder-workspace/.derivedData/Build/Intermediates.noindex/DocumentScannerView.build/Debug-watchos/DocumentScannerView-t.build/DerivedSources -Xcc -DSWIFT_PACKAGE -Xcc -DDEBUG\=1 -emit-objc-header -emit-objc-header-path /Users/admin/builder/spi-builder-workspace/.derivedData/Build/Intermediates.noindex/DocumentScannerView.build/Debug-watchos/DocumentScannerView-t.build/Objects-normal/arm64/DocumentScannerView-Swift.h -working-directory /Users/admin/builder/spi-builder-workspace/.swiftpm/xcode -experimental-emit-module-separately -disable-cmo
/Users/admin/builder/spi-builder-workspace/Sources/DocumentScannerView/DocumentScannerView.swift:9:8: error: Unable to resolve module dependency: 'VisionKit' (in target 'DocumentScannerView' from project 'DocumentScannerView')
    note: A dependency of main module 'DocumentScannerView'
/Users/admin/builder/spi-builder-workspace/Sources/DocumentScannerView/DocumentScannerView.swift:10:8: error: Unable to resolve module dependency: 'PDFKit' (in target 'DocumentScannerView' from project 'DocumentScannerView')
    note: A dependency of main module 'DocumentScannerView'
    /Users/admin/builder/spi-builder-workspace/Sources/DocumentScannerView/PDFDocument+UIImage Init.swift:9:8: note: Also imported here
    /Users/admin/builder/spi-builder-workspace/Sources/DocumentScannerView/View+Extensions.swift:9:8: note: Also imported here
/Users/admin/builder/spi-builder-workspace/Sources/DocumentScannerView/DocumentScannerView.swift:9:8: note: A dependency of main module 'DocumentScannerView'
import VisionKit
       ^ (in target 'DocumentScannerView' from project 'DocumentScannerView')
/Users/admin/builder/spi-builder-workspace/Sources/DocumentScannerView/DocumentScannerView.swift:10:8: note: A dependency of main module 'DocumentScannerView'
import PDFKit
       ^ (in target 'DocumentScannerView' from project 'DocumentScannerView')
/Users/admin/builder/spi-builder-workspace/Sources/DocumentScannerView/PDFDocument+UIImage Init.swift:9:8: note: Also imported here
import PDFKit
       ^ (in target 'DocumentScannerView' from project 'DocumentScannerView')
/Users/admin/builder/spi-builder-workspace/Sources/DocumentScannerView/View+Extensions.swift:9:8: note: Also imported here
import PDFKit
       ^ (in target 'DocumentScannerView' from project 'DocumentScannerView')
SwiftDriver DocumentScannerView normal arm64_32 com.apple.xcode.tools.swift.compiler (in target 'DocumentScannerView' from project 'DocumentScannerView')
    cd /Users/admin/builder/spi-builder-workspace/.swiftpm/xcode
    builtin-SwiftDriver -- /Applications/Xcode-27.0.0-Release.Candidate.app/Contents/Developer/Toolchains/XcodeDefault.xctoolchain/usr/bin/swiftc -parse-as-library -module-name DocumentScannerView -Onone @/Users/admin/builder/spi-builder-workspace/.derivedData/Build/Intermediates.noindex/DocumentScannerView.build/Debug-watchos/DocumentScannerView-t.build/Objects-normal/arm64_32/DocumentScannerView.SwiftFileList -DSWIFT_PACKAGE -DDEBUG -DSWIFT_MODULE_RESOURCE_BUNDLE_UNAVAILABLE -DXcode -plugin-path /Applications/Xcode-27.0.0-Release.Candidate.app/Contents/Developer/Toolchains/XcodeDefault.xctoolchain/usr/lib/swift/host/plugins/testing -enable-experimental-feature DebugDescriptionMacro -sdk /Applications/Xcode-27.0.0-Release.Candidate.app/Contents/Developer/Platforms/WatchOS.platform/Developer/SDKs/WatchOS27.0.sdk -target arm64_32-apple-watchos9.0 -g -module-cache-path /Users/admin/builder/spi-builder-workspace/.derivedData/ModuleCache.noindex -Xfrontend -serialize-debugging-options -profile-coverage-mapping -profile-generate -enable-testing -index-store-path /Users/admin/builder/spi-builder-workspace/.derivedData/Index.noindex/DataStore -Xcc -D_LIBCPP_HARDENING_MODE\=_LIBCPP_HARDENING_MODE_DEBUG -swift-version 5 -I /Users/admin/builder/spi-builder-workspace/.derivedData/Build/Products/Debug-watchos -Isystem /Applications/Xcode-27.0.0-Release.Candidate.app/Contents/Developer/Platforms/WatchOS.platform/Developer/usr/lib -F /Users/admin/builder/spi-builder-workspace/.derivedData/Build/Products/Debug-watchos -F /Applications/Xcode-27.0.0-Release.Candidate.app/Contents/Developer/Platforms/WatchOS.platform/Developer/Library/Frameworks -F /Applications/Xcode-27.0.0-Release.Candidate.app/Contents/Developer/Platforms/WatchOS.platform/Developer/SDKs/WatchOS27.0.sdk/Developer/Library/Frameworks -c -j10 -enable-batch-mode -incremental -Xcc -ivfsstatcache -Xcc /Users/admin/builder/spi-builder-workspace/.derivedData/SDKStatCaches.noindex/watchos27.0-24R360-e829b21a6f8c9b70876ba0858053c04477534ef55a1706bf4c1112bbb242f0a2.sdkstatcache -output-file-map /Users/admin/builder/spi-builder-workspace/.derivedData/Build/Intermediates.noindex/DocumentScannerView.build/Debug-watchos/DocumentScannerView-t.build/Objects-normal/arm64_32/DocumentScannerView-OutputFileMap.json -save-temps -no-color-diagnostics -explicit-module-build -module-cache-path /Users/admin/builder/spi-builder-workspace/.derivedData/Build/Intermediates.noindex/SwiftExplicitPrecompiledModules -clang-scanner-module-cache-path /Users/admin/builder/spi-builder-workspace/.derivedData/ModuleCache.noindex -sdk-module-cache-path /Users/admin/builder/spi-builder-workspace/.derivedData/SDKExplicitPrecompiledModules -emit-dependencies -emit-module -emit-module-path /Users/admin/builder/spi-builder-workspace/.derivedData/Build/Intermediates.noindex/DocumentScannerView.build/Debug-watchos/DocumentScannerView-t.build/Objects-normal/arm64_32/DocumentScannerView.swiftmodule -serialize-diagnostics -dependency-scan-serialize-diagnostics-path /Users/admin/builder/spi-builder-workspace/.derivedData/Build/Intermediates.noindex/DocumentScannerView.build/Debug-watchos/DocumentScannerView-t.build/Objects-normal/arm64_32/DocumentScannerView-dependency-scan.dia -validate-clang-modules-once -clang-build-session-file /Users/admin/builder/spi-builder-workspace/.derivedData/ModuleCache.noindex/Session.modulevalidation -Xcc -fmodules-prune-interval\=86400 -Xcc -fmodules-prune-after\=345600 -package-name spi_builder_workspace -emit-const-values -const-gather-protocols-list /Users/admin/builder/spi-builder-workspace/.derivedData/Build/Intermediates.noindex/DocumentScannerView.build/Debug-watchos/DocumentScannerView-t.build/Objects-normal/arm64_32/DocumentScannerView_const_extract_protocols.json -Xcc -I/Users/admin/builder/spi-builder-workspace/.derivedData/Build/Products/Debug-watchos/include -Xcc -I/Users/admin/builder/spi-builder-workspace/.derivedData/Build/Intermediates.noindex/DocumentScannerView.build/Debug-watchos/DocumentScannerView-t.build/DerivedSources-normal/arm64_32 -Xcc -I/Users/admin/builder/spi-builder-workspace/.derivedData/Build/Intermediates.noindex/DocumentScannerView.build/Debug-watchos/DocumentScannerView-t.build/DerivedSources/arm64_32 -Xcc -I/Users/admin/builder/spi-builder-workspace/.derivedData/Build/Intermediates.noindex/DocumentScannerView.build/Debug-watchos/DocumentScannerView-t.build/DerivedSources -Xcc -DSWIFT_PACKAGE -Xcc -DDEBUG\=1 -emit-objc-header -emit-objc-header-path /Users/admin/builder/spi-builder-workspace/.derivedData/Build/Intermediates.noindex/DocumentScannerView.build/Debug-watchos/DocumentScannerView-t.build/Objects-normal/arm64_32/DocumentScannerView-Swift.h -working-directory /Users/admin/builder/spi-builder-workspace/.swiftpm/xcode -experimental-emit-module-separately -disable-cmo
/Users/admin/builder/spi-builder-workspace/Sources/DocumentScannerView/DocumentScannerView.swift:9:8: error: Unable to resolve module dependency: 'VisionKit' (in target 'DocumentScannerView' from project 'DocumentScannerView')
    note: A dependency of main module 'DocumentScannerView'
/Users/admin/builder/spi-builder-workspace/Sources/DocumentScannerView/DocumentScannerView.swift:10:8: error: Unable to resolve module dependency: 'PDFKit' (in target 'DocumentScannerView' from project 'DocumentScannerView')
    note: A dependency of main module 'DocumentScannerView'
    /Users/admin/builder/spi-builder-workspace/Sources/DocumentScannerView/PDFDocument+UIImage Init.swift:9:8: note: Also imported here
    /Users/admin/builder/spi-builder-workspace/Sources/DocumentScannerView/View+Extensions.swift:9:8: note: Also imported here
/Users/admin/builder/spi-builder-workspace/Sources/DocumentScannerView/DocumentScannerView.swift:9:8: note: A dependency of main module 'DocumentScannerView'
import VisionKit
       ^ (in target 'DocumentScannerView' from project 'DocumentScannerView')
/Users/admin/builder/spi-builder-workspace/Sources/DocumentScannerView/DocumentScannerView.swift:10:8: note: A dependency of main module 'DocumentScannerView'
import PDFKit
       ^ (in target 'DocumentScannerView' from project 'DocumentScannerView')
/Users/admin/builder/spi-builder-workspace/Sources/DocumentScannerView/PDFDocument+UIImage Init.swift:9:8: note: Also imported here
import PDFKit
       ^ (in target 'DocumentScannerView' from project 'DocumentScannerView')
/Users/admin/builder/spi-builder-workspace/Sources/DocumentScannerView/View+Extensions.swift:9:8: note: Also imported here
import PDFKit
       ^ (in target 'DocumentScannerView' from project 'DocumentScannerView')
PruneExplicitPrecompiledModules /Users/admin/builder/spi-builder-workspace/.derivedData/Build/Intermediates.noindex/ExplicitPrecompiledModules
PruneExplicitPrecompiledModules /Users/admin/builder/spi-builder-workspace/.derivedData/SDKExplicitPrecompiledModules
PruneExplicitPrecompiledModules /Users/admin/builder/spi-builder-workspace/.derivedData/Build/Intermediates.noindex/SwiftExplicitPrecompiledModules
2026-09-20 13:11:35.656 xcodebuild[624:3853] [MT] IDERunDestination: Supported platforms for the buildables in the current scheme is empty.
** BUILD FAILED **
The following build commands failed:
	SwiftDriver DocumentScannerView normal arm64 com.apple.xcode.tools.swift.compiler (in target 'DocumentScannerView' from project 'DocumentScannerView')
	SwiftDriver DocumentScannerView normal arm64_32 com.apple.xcode.tools.swift.compiler (in target 'DocumentScannerView' from project 'DocumentScannerView')
	Building workspace DocumentScannerView with scheme DocumentScannerView
(3 failures)
Command line invocation:
    /Applications/Xcode-27.0.0-Release.Candidate.app/Contents/Developer/usr/bin/xcodebuild -IDEClonedSourcePackagesDirPathOverride=/Users/admin/builder/spi-builder-workspace/.dependencies -resolvePackageDependencies
Resolve Package Graph
Resolved source packages:
  DocumentScannerView: /Users/admin/builder/spi-builder-workspace
resolved source packages: DocumentScannerView
2026-09-20 13:11:38.953 xcodebuild[639:4110] [MT] IDERunDestination: Supported platforms for the buildables in the current scheme is empty.
{
  "dependencies" : [
  ],
  "manifest_display_name" : "DocumentScannerView",
  "name" : "DocumentScannerView",
  "path" : "/Users/admin/builder/spi-builder-workspace",
  "platforms" : [
    {
      "name" : "ios",
      "version" : "13.0"
    },
    {
      "name" : "maccatalyst",
      "version" : "13.0"
    },
    {
      "name" : "visionos",
      "version" : "1.0"
    }
  ],
  "products" : [
    {
      "name" : "DocumentScannerView",
      "targets" : [
        "DocumentScannerView"
      ],
      "type" : {
        "library" : [
          "automatic"
        ]
      }
    }
  ],
  "targets" : [
    {
      "c99name" : "DocumentScannerViewTests",
      "module_type" : "SwiftTarget",
      "name" : "DocumentScannerViewTests",
      "path" : "Tests/DocumentScannerViewTests",
      "sources" : [
        "DocumentScanViewTests.swift"
      ],
      "target_dependencies" : [
        "DocumentScannerView"
      ],
      "type" : "test"
    },
    {
      "c99name" : "DocumentScannerView",
      "module_type" : "SwiftTarget",
      "name" : "DocumentScannerView",
      "path" : "Sources/DocumentScannerView",
      "product_memberships" : [
        "DocumentScannerView"
      ],
      "sources" : [
        "DocumentScannerView.swift",
        "FullScreenCoverCompat.swift",
        "PDFDocument+UIImage Init.swift",
        "View+Extensions.swift"
      ],
      "type" : "library"
    }
  ],
  "tools_version" : "5.9"
}
{
  "workspace" : {
    "name" : "DocumentScannerView",
    "schemes" : [
      "DocumentScannerView"
    ]
  }
}
2026-09-20 13:11:40.159 xcodebuild[647:4169] [MT] IDERunDestination: Supported platforms for the buildables in the current scheme is empty.
Running build ...
env DEVELOPER_DIR=/Applications/Xcode-27.0.0-Release.Candidate.app xcrun xcodebuild -IDEClonedSourcePackagesDirPathOverride=$PWD/.dependencies -skipMacroValidation -skipPackagePluginValidation -derivedDataPath $PWD/.derivedData build -scheme DocumentScannerView -destination generic/platform=watchOS
Command line invocation:
    /Applications/Xcode-27.0.0-Release.Candidate.app/Contents/Developer/usr/bin/xcodebuild -IDEClonedSourcePackagesDirPathOverride=/Users/admin/builder/spi-builder-workspace/.dependencies -skipMacroValidation -skipPackagePluginValidation -derivedDataPath /Users/admin/builder/spi-builder-workspace/.derivedData build -scheme DocumentScannerView -destination generic/platform=watchOS
Resolve Package Graph
Resolved source packages:
  DocumentScannerView: /Users/admin/builder/spi-builder-workspace
ComputePackagePrebuildTargetDependencyGraph
Prepare packages
CreateBuildRequest
SendProjectDescription
CreateBuildOperation
ComputeTargetDependencyGraph
note: Building targets in dependency order
note: Target dependency graph (2 targets)
    Target 'DocumentScannerView-product' in project 'DocumentScannerView'
        ➜ Explicit dependency on target 'DocumentScannerView' in project 'DocumentScannerView'
    Target 'DocumentScannerView' in project 'DocumentScannerView' (no dependencies)
GatherProvisioningInputs
CreateBuildDescription
ClangStatCache /Applications/Xcode-27.0.0-Release.Candidate.app/Contents/Developer/Toolchains/XcodeDefault.xctoolchain/usr/bin/clang-stat-cache /Applications/Xcode-27.0.0-Release.Candidate.app/Contents/Developer/Platforms/WatchOS.platform/Developer/SDKs/WatchOS27.0.sdk /Users/admin/builder/spi-builder-workspace/.derivedData/SDKStatCaches.noindex/watchos27.0-24R360-e829b21a6f8c9b70876ba0858053c04477534ef55a1706bf4c1112bbb242f0a2.sdkstatcache
    cd /Users/admin/builder/spi-builder-workspace/.swiftpm/xcode
    /Applications/Xcode-27.0.0-Release.Candidate.app/Contents/Developer/Toolchains/XcodeDefault.xctoolchain/usr/bin/clang-stat-cache /Applications/Xcode-27.0.0-Release.Candidate.app/Contents/Developer/Platforms/WatchOS.platform/Developer/SDKs/WatchOS27.0.sdk -o /Users/admin/builder/spi-builder-workspace/.derivedData/SDKStatCaches.noindex/watchos27.0-24R360-e829b21a6f8c9b70876ba0858053c04477534ef55a1706bf4c1112bbb242f0a2.sdkstatcache
SwiftDriver DocumentScannerView normal arm64_32 com.apple.xcode.tools.swift.compiler (in target 'DocumentScannerView' from project 'DocumentScannerView')
    cd /Users/admin/builder/spi-builder-workspace/.swiftpm/xcode
    builtin-SwiftDriver -- /Applications/Xcode-27.0.0-Release.Candidate.app/Contents/Developer/Toolchains/XcodeDefault.xctoolchain/usr/bin/swiftc -parse-as-library -module-name DocumentScannerView -Onone @/Users/admin/builder/spi-builder-workspace/.derivedData/Build/Intermediates.noindex/DocumentScannerView.build/Debug-watchos/DocumentScannerView-t.build/Objects-normal/arm64_32/DocumentScannerView.SwiftFileList -DSWIFT_PACKAGE -DDEBUG -DSWIFT_MODULE_RESOURCE_BUNDLE_UNAVAILABLE -DXcode -plugin-path /Applications/Xcode-27.0.0-Release.Candidate.app/Contents/Developer/Toolchains/XcodeDefault.xctoolchain/usr/lib/swift/host/plugins/testing -enable-experimental-feature DebugDescriptionMacro -sdk /Applications/Xcode-27.0.0-Release.Candidate.app/Contents/Developer/Platforms/WatchOS.platform/Developer/SDKs/WatchOS27.0.sdk -target arm64_32-apple-watchos9.0 -g -module-cache-path /Users/admin/builder/spi-builder-workspace/.derivedData/ModuleCache.noindex -Xfrontend -serialize-debugging-options -profile-coverage-mapping -profile-generate -enable-testing -index-store-path /Users/admin/builder/spi-builder-workspace/.derivedData/Index.noindex/DataStore -Xcc -D_LIBCPP_HARDENING_MODE\=_LIBCPP_HARDENING_MODE_DEBUG -swift-version 5 -I /Users/admin/builder/spi-builder-workspace/.derivedData/Build/Products/Debug-watchos -Isystem /Applications/Xcode-27.0.0-Release.Candidate.app/Contents/Developer/Platforms/WatchOS.platform/Developer/usr/lib -F /Users/admin/builder/spi-builder-workspace/.derivedData/Build/Products/Debug-watchos -F /Applications/Xcode-27.0.0-Release.Candidate.app/Contents/Developer/Platforms/WatchOS.platform/Developer/Library/Frameworks -F /Applications/Xcode-27.0.0-Release.Candidate.app/Contents/Developer/Platforms/WatchOS.platform/Developer/SDKs/WatchOS27.0.sdk/Developer/Library/Frameworks -c -j10 -enable-batch-mode -incremental -Xcc -ivfsstatcache -Xcc /Users/admin/builder/spi-builder-workspace/.derivedData/SDKStatCaches.noindex/watchos27.0-24R360-e829b21a6f8c9b70876ba0858053c04477534ef55a1706bf4c1112bbb242f0a2.sdkstatcache -output-file-map /Users/admin/builder/spi-builder-workspace/.derivedData/Build/Intermediates.noindex/DocumentScannerView.build/Debug-watchos/DocumentScannerView-t.build/Objects-normal/arm64_32/DocumentScannerView-OutputFileMap.json -save-temps -no-color-diagnostics -explicit-module-build -module-cache-path /Users/admin/builder/spi-builder-workspace/.derivedData/Build/Intermediates.noindex/SwiftExplicitPrecompiledModules -clang-scanner-module-cache-path /Users/admin/builder/spi-builder-workspace/.derivedData/ModuleCache.noindex -sdk-module-cache-path /Users/admin/builder/spi-builder-workspace/.derivedData/SDKExplicitPrecompiledModules -emit-dependencies -emit-module -emit-module-path /Users/admin/builder/spi-builder-workspace/.derivedData/Build/Intermediates.noindex/DocumentScannerView.build/Debug-watchos/DocumentScannerView-t.build/Objects-normal/arm64_32/DocumentScannerView.swiftmodule -serialize-diagnostics -dependency-scan-serialize-diagnostics-path /Users/admin/builder/spi-builder-workspace/.derivedData/Build/Intermediates.noindex/DocumentScannerView.build/Debug-watchos/DocumentScannerView-t.build/Objects-normal/arm64_32/DocumentScannerView-dependency-scan.dia -validate-clang-modules-once -clang-build-session-file /Users/admin/builder/spi-builder-workspace/.derivedData/ModuleCache.noindex/Session.modulevalidation -Xcc -fmodules-prune-interval\=86400 -Xcc -fmodules-prune-after\=345600 -package-name spi_builder_workspace -emit-const-values -const-gather-protocols-list /Users/admin/builder/spi-builder-workspace/.derivedData/Build/Intermediates.noindex/DocumentScannerView.build/Debug-watchos/DocumentScannerView-t.build/Objects-normal/arm64_32/DocumentScannerView_const_extract_protocols.json -Xcc -I/Users/admin/builder/spi-builder-workspace/.derivedData/Build/Products/Debug-watchos/include -Xcc -I/Users/admin/builder/spi-builder-workspace/.derivedData/Build/Intermediates.noindex/DocumentScannerView.build/Debug-watchos/DocumentScannerView-t.build/DerivedSources-normal/arm64_32 -Xcc -I/Users/admin/builder/spi-builder-workspace/.derivedData/Build/Intermediates.noindex/DocumentScannerView.build/Debug-watchos/DocumentScannerView-t.build/DerivedSources/arm64_32 -Xcc -I/Users/admin/builder/spi-builder-workspace/.derivedData/Build/Intermediates.noindex/DocumentScannerView.build/Debug-watchos/DocumentScannerView-t.build/DerivedSources -Xcc -DSWIFT_PACKAGE -Xcc -DDEBUG\=1 -emit-objc-header -emit-objc-header-path /Users/admin/builder/spi-builder-workspace/.derivedData/Build/Intermediates.noindex/DocumentScannerView.build/Debug-watchos/DocumentScannerView-t.build/Objects-normal/arm64_32/DocumentScannerView-Swift.h -working-directory /Users/admin/builder/spi-builder-workspace/.swiftpm/xcode -experimental-emit-module-separately -disable-cmo
/Users/admin/builder/spi-builder-workspace/Sources/DocumentScannerView/DocumentScannerView.swift:9:8: error: Unable to resolve module dependency: 'VisionKit' (in target 'DocumentScannerView' from project 'DocumentScannerView')
    note: A dependency of main module 'DocumentScannerView'
/Users/admin/builder/spi-builder-workspace/Sources/DocumentScannerView/DocumentScannerView.swift:10:8: error: Unable to resolve module dependency: 'PDFKit' (in target 'DocumentScannerView' from project 'DocumentScannerView')
    note: A dependency of main module 'DocumentScannerView'
    /Users/admin/builder/spi-builder-workspace/Sources/DocumentScannerView/PDFDocument+UIImage Init.swift:9:8: note: Also imported here
    /Users/admin/builder/spi-builder-workspace/Sources/DocumentScannerView/View+Extensions.swift:9:8: note: Also imported here
/Users/admin/builder/spi-builder-workspace/Sources/DocumentScannerView/DocumentScannerView.swift:9:8: note: A dependency of main module 'DocumentScannerView'
import VisionKit
       ^ (in target 'DocumentScannerView' from project 'DocumentScannerView')
/Users/admin/builder/spi-builder-workspace/Sources/DocumentScannerView/DocumentScannerView.swift:10:8: note: A dependency of main module 'DocumentScannerView'
import PDFKit
       ^ (in target 'DocumentScannerView' from project 'DocumentScannerView')
/Users/admin/builder/spi-builder-workspace/Sources/DocumentScannerView/PDFDocument+UIImage Init.swift:9:8: note: Also imported here
import PDFKit
       ^ (in target 'DocumentScannerView' from project 'DocumentScannerView')
/Users/admin/builder/spi-builder-workspace/Sources/DocumentScannerView/View+Extensions.swift:9:8: note: Also imported here
import PDFKit
       ^ (in target 'DocumentScannerView' from project 'DocumentScannerView')
SwiftDriver DocumentScannerView normal arm64 com.apple.xcode.tools.swift.compiler (in target 'DocumentScannerView' from project 'DocumentScannerView')
    cd /Users/admin/builder/spi-builder-workspace/.swiftpm/xcode
    builtin-SwiftDriver -- /Applications/Xcode-27.0.0-Release.Candidate.app/Contents/Developer/Toolchains/XcodeDefault.xctoolchain/usr/bin/swiftc -parse-as-library -module-name DocumentScannerView -Onone @/Users/admin/builder/spi-builder-workspace/.derivedData/Build/Intermediates.noindex/DocumentScannerView.build/Debug-watchos/DocumentScannerView-t.build/Objects-normal/arm64/DocumentScannerView.SwiftFileList -DSWIFT_PACKAGE -DDEBUG -DSWIFT_MODULE_RESOURCE_BUNDLE_UNAVAILABLE -DXcode -plugin-path /Applications/Xcode-27.0.0-Release.Candidate.app/Contents/Developer/Toolchains/XcodeDefault.xctoolchain/usr/lib/swift/host/plugins/testing -enable-experimental-feature DebugDescriptionMacro -sdk /Applications/Xcode-27.0.0-Release.Candidate.app/Contents/Developer/Platforms/WatchOS.platform/Developer/SDKs/WatchOS27.0.sdk -target arm64-apple-watchos9.0 -g -module-cache-path /Users/admin/builder/spi-builder-workspace/.derivedData/ModuleCache.noindex -Xfrontend -serialize-debugging-options -profile-coverage-mapping -profile-generate -enable-testing -index-store-path /Users/admin/builder/spi-builder-workspace/.derivedData/Index.noindex/DataStore -Xcc -D_LIBCPP_HARDENING_MODE\=_LIBCPP_HARDENING_MODE_DEBUG -swift-version 5 -I /Users/admin/builder/spi-builder-workspace/.derivedData/Build/Products/Debug-watchos -Isystem /Applications/Xcode-27.0.0-Release.Candidate.app/Contents/Developer/Platforms/WatchOS.platform/Developer/usr/lib -F /Users/admin/builder/spi-builder-workspace/.derivedData/Build/Products/Debug-watchos -F /Applications/Xcode-27.0.0-Release.Candidate.app/Contents/Developer/Platforms/WatchOS.platform/Developer/Library/Frameworks -F /Applications/Xcode-27.0.0-Release.Candidate.app/Contents/Developer/Platforms/WatchOS.platform/Developer/SDKs/WatchOS27.0.sdk/Developer/Library/Frameworks -c -j10 -enable-batch-mode -incremental -Xcc -ivfsstatcache -Xcc /Users/admin/builder/spi-builder-workspace/.derivedData/SDKStatCaches.noindex/watchos27.0-24R360-e829b21a6f8c9b70876ba0858053c04477534ef55a1706bf4c1112bbb242f0a2.sdkstatcache -output-file-map /Users/admin/builder/spi-builder-workspace/.derivedData/Build/Intermediates.noindex/DocumentScannerView.build/Debug-watchos/DocumentScannerView-t.build/Objects-normal/arm64/DocumentScannerView-OutputFileMap.json -save-temps -no-color-diagnostics -explicit-module-build -module-cache-path /Users/admin/builder/spi-builder-workspace/.derivedData/Build/Intermediates.noindex/SwiftExplicitPrecompiledModules -clang-scanner-module-cache-path /Users/admin/builder/spi-builder-workspace/.derivedData/ModuleCache.noindex -sdk-module-cache-path /Users/admin/builder/spi-builder-workspace/.derivedData/SDKExplicitPrecompiledModules -emit-dependencies -emit-module -emit-module-path /Users/admin/builder/spi-builder-workspace/.derivedData/Build/Intermediates.noindex/DocumentScannerView.build/Debug-watchos/DocumentScannerView-t.build/Objects-normal/arm64/DocumentScannerView.swiftmodule -serialize-diagnostics -dependency-scan-serialize-diagnostics-path /Users/admin/builder/spi-builder-workspace/.derivedData/Build/Intermediates.noindex/DocumentScannerView.build/Debug-watchos/DocumentScannerView-t.build/Objects-normal/arm64/DocumentScannerView-dependency-scan.dia -validate-clang-modules-once -clang-build-session-file /Users/admin/builder/spi-builder-workspace/.derivedData/ModuleCache.noindex/Session.modulevalidation -Xcc -fmodules-prune-interval\=86400 -Xcc -fmodules-prune-after\=345600 -package-name spi_builder_workspace -emit-const-values -const-gather-protocols-list /Users/admin/builder/spi-builder-workspace/.derivedData/Build/Intermediates.noindex/DocumentScannerView.build/Debug-watchos/DocumentScannerView-t.build/Objects-normal/arm64/DocumentScannerView_const_extract_protocols.json -Xcc -I/Users/admin/builder/spi-builder-workspace/.derivedData/Build/Products/Debug-watchos/include -Xcc -I/Users/admin/builder/spi-builder-workspace/.derivedData/Build/Intermediates.noindex/DocumentScannerView.build/Debug-watchos/DocumentScannerView-t.build/DerivedSources-normal/arm64 -Xcc -I/Users/admin/builder/spi-builder-workspace/.derivedData/Build/Intermediates.noindex/DocumentScannerView.build/Debug-watchos/DocumentScannerView-t.build/DerivedSources/arm64 -Xcc -I/Users/admin/builder/spi-builder-workspace/.derivedData/Build/Intermediates.noindex/DocumentScannerView.build/Debug-watchos/DocumentScannerView-t.build/DerivedSources -Xcc -DSWIFT_PACKAGE -Xcc -DDEBUG\=1 -emit-objc-header -emit-objc-header-path /Users/admin/builder/spi-builder-workspace/.derivedData/Build/Intermediates.noindex/DocumentScannerView.build/Debug-watchos/DocumentScannerView-t.build/Objects-normal/arm64/DocumentScannerView-Swift.h -working-directory /Users/admin/builder/spi-builder-workspace/.swiftpm/xcode -experimental-emit-module-separately -disable-cmo
/Users/admin/builder/spi-builder-workspace/Sources/DocumentScannerView/DocumentScannerView.swift:9:8: error: Unable to resolve module dependency: 'VisionKit' (in target 'DocumentScannerView' from project 'DocumentScannerView')
    note: A dependency of main module 'DocumentScannerView'
/Users/admin/builder/spi-builder-workspace/Sources/DocumentScannerView/DocumentScannerView.swift:10:8: error: Unable to resolve module dependency: 'PDFKit' (in target 'DocumentScannerView' from project 'DocumentScannerView')
    note: A dependency of main module 'DocumentScannerView'
    /Users/admin/builder/spi-builder-workspace/Sources/DocumentScannerView/PDFDocument+UIImage Init.swift:9:8: note: Also imported here
    /Users/admin/builder/spi-builder-workspace/Sources/DocumentScannerView/View+Extensions.swift:9:8: note: Also imported here
/Users/admin/builder/spi-builder-workspace/Sources/DocumentScannerView/DocumentScannerView.swift:9:8: note: A dependency of main module 'DocumentScannerView'
import VisionKit
       ^ (in target 'DocumentScannerView' from project 'DocumentScannerView')
/Users/admin/builder/spi-builder-workspace/Sources/DocumentScannerView/DocumentScannerView.swift:10:8: note: A dependency of main module 'DocumentScannerView'
import PDFKit
       ^ (in target 'DocumentScannerView' from project 'DocumentScannerView')
/Users/admin/builder/spi-builder-workspace/Sources/DocumentScannerView/PDFDocument+UIImage Init.swift:9:8: note: Also imported here
import PDFKit
       ^ (in target 'DocumentScannerView' from project 'DocumentScannerView')
/Users/admin/builder/spi-builder-workspace/Sources/DocumentScannerView/View+Extensions.swift:9:8: note: Also imported here
import PDFKit
       ^ (in target 'DocumentScannerView' from project 'DocumentScannerView')
PruneExplicitPrecompiledModules /Users/admin/builder/spi-builder-workspace/.derivedData/SDKExplicitPrecompiledModules
PruneExplicitPrecompiledModules /Users/admin/builder/spi-builder-workspace/.derivedData/Build/Intermediates.noindex/ExplicitPrecompiledModules
PruneExplicitPrecompiledModules /Users/admin/builder/spi-builder-workspace/.derivedData/Build/Intermediates.noindex/SwiftExplicitPrecompiledModules
2026-09-20 13:11:41.136 xcodebuild[648:4193] [MT] IDERunDestination: Supported platforms for the buildables in the current scheme is empty.
** BUILD FAILED **
The following build commands failed:
	SwiftDriver DocumentScannerView normal arm64_32 com.apple.xcode.tools.swift.compiler (in target 'DocumentScannerView' from project 'DocumentScannerView')
	SwiftDriver DocumentScannerView normal arm64 com.apple.xcode.tools.swift.compiler (in target 'DocumentScannerView' from project 'DocumentScannerView')
	Building workspace DocumentScannerView with scheme DocumentScannerView
(3 failures)
BUILD FAILURE 6.4 watchOS