Build Information
Failed to build BluetoothDarwin, reference master (25e618), with Swift 6.4 for iOS using Xcode 27.0 on 17 Sep 2026 09:10:05 UTC.
Build Command
No build command. This typically means the build failed at an early stage where we determine the build command.Build Log
========================================
RunAll
========================================
Builder version: 5.1.0
Interrupt handler set up.
========================================
Checkout
========================================
Clone URL: https://github.com/PureSwift/BluetoothDarwin.git
Reference: master
Initialized empty Git repository in /Users/admin/builder/spi-builder-workspace/.git/
From https://github.com/PureSwift/BluetoothDarwin
* branch master -> FETCH_HEAD
* [new branch] master -> origin/master
HEAD is now at 25e6183 Update README.md
Cloned https://github.com/PureSwift/BluetoothDarwin.git
Revision (git rev-parse @):
25e6183c330a17d027269ed9cf7252eca12d160e
SUCCESS checkout https://github.com/PureSwift/BluetoothDarwin.git at master
========================================
Build
========================================
Selected platform: iOS
Swift version: 6.4
Building package at path: $PWD
https://github.com/PureSwift/BluetoothDarwin.git
Command line invocation:
/Applications/Xcode-27.0.0-Release.Candidate.app/Contents/Developer/usr/bin/xcodebuild -IDEClonedSourcePackagesDirPathOverride=/Users/admin/builder/spi-builder-workspace/.dependencies -resolvePackageDependencies
Resolve Package Graph
Fetching from https://github.com/PureSwift/Bluetooth.git
could not find a branch named ‘feature/async’ in https://github.com/PureSwift/Bluetooth.gitResolve Package Graph
Updating from https://github.com/PureSwift/Bluetooth.git
could not find a branch named ‘feature/async’ in https://github.com/PureSwift/Bluetooth.gitResolve Package Graph
Updating from https://github.com/PureSwift/Bluetooth.git
could not find a branch named ‘feature/async’ in https://github.com/PureSwift/Bluetooth.git
Resolved source packages:
spi-builder-workspace: (null)
2026-09-17 05:10:02.884 xcodebuild[529:3018] Writing error result bundle to /var/folders/xq/y_g06wb113726d38xsyx71_h0000gn/T/ResultBundle_2026-17-09_05-10-0002.xcresult
xcodebuild: error: Could not resolve package dependencies:
could not find a branch named ‘feature/async’ in https://github.com/PureSwift/Bluetooth.git
Command line invocation:
/Applications/Xcode-27.0.0-Release.Candidate.app/Contents/Developer/usr/bin/xcodebuild -IDEClonedSourcePackagesDirPathOverride=/Users/admin/builder/spi-builder-workspace/.dependencies -resolvePackageDependencies
Resolve Package Graph
Updating from https://github.com/PureSwift/Bluetooth.git
could not find a branch named ‘feature/async’ in https://github.com/PureSwift/Bluetooth.git
Resolved source packages:
spi-builder-workspace: (null)
2026-09-17 05:10:04.883 xcodebuild[637:3778] Writing error result bundle to /var/folders/xq/y_g06wb113726d38xsyx71_h0000gn/T/ResultBundle_2026-17-09_05-10-0004.xcresult
xcodebuild: error: Could not resolve package dependencies:
could not find a branch named ‘feature/async’ in https://github.com/PureSwift/Bluetooth.git
BUILD FAILURE 6.4 iOS