The Swift Package Index logo.Swift Package Index

Build Information

Failed to build Kadr, reference v1.1.0 (eb93a6), with Swift 6.4 for watchOS using Xcode 27.0 on 27 Sep 2026 14:12:59 UTC.

Build Command

env DEVELOPER_DIR=/Applications/Xcode-27.0.0-Release.Candidate.app xcrun xcodebuild -IDEClonedSourcePackagesDirPathOverride=$PWD/.dependencies -skipMacroValidation -skipPackagePluginValidation -derivedDataPath $PWD/.derivedData build -scheme Kadr-Package -destination generic/platform=watchOS

Build Log

========================================
RunAll
========================================
Builder version: 5.1.0
Interrupt handler set up.
========================================
Checkout
========================================
Clone URL: https://github.com/SteliyanH/kadr.git
Reference: v1.1.0
Initialized empty Git repository in /Users/admin/builder/spi-builder-workspace/.git/
From https://github.com/SteliyanH/kadr
 * tag               v1.1.0     -> FETCH_HEAD
HEAD is now at eb93a6f Merge pull request #198 from SteliyanH/develop
Cloned https://github.com/SteliyanH/kadr.git
Revision (git rev-parse @):
eb93a6fa6a4936b247afa5527753f3987d2f66a1
SPI manifest file found: $PWD/.spi.yml
SUCCESS checkout https://github.com/SteliyanH/kadr.git at v1.1.0
========================================
Build
========================================
Selected platform:         watchOS
Swift version:             6.4
Building package at path:  $PWD
https://github.com/SteliyanH/kadr.git
Command line invocation:
    /Applications/Xcode-27.0.0-Release.Candidate.app/Contents/Developer/usr/bin/xcodebuild -IDEClonedSourcePackagesDirPathOverride=/Users/admin/builder/spi-builder-workspace/.dependencies -resolvePackageDependencies
Resolve Package Graph
Resolve Package Graph
Resolved source packages:
  Kadr: /Users/admin/builder/spi-builder-workspace
resolved source packages: Kadr
2026-09-27 10:12:24.945 xcodebuild[529:3067] [MT] IDERunDestination: Supported platforms for the buildables in the current scheme is empty.
{
  "dependencies" : [
  ],
  "manifest_display_name" : "Kadr",
  "name" : "Kadr",
  "path" : "/Users/admin/builder/spi-builder-workspace",
  "platforms" : [
    {
      "name" : "ios",
      "version" : "17.0"
    },
    {
      "name" : "macos",
      "version" : "14.0"
    },
    {
      "name" : "tvos",
      "version" : "17.0"
    },
    {
      "name" : "visionos",
      "version" : "1.0"
    }
  ],
  "products" : [
    {
      "name" : "Kadr",
      "targets" : [
        "Kadr"
      ],
      "type" : {
        "library" : [
          "automatic"
        ]
      }
    },
    {
      "name" : "KadrBenchmarks",
      "targets" : [
        "KadrBenchmarks"
      ],
      "type" : {
        "executable" : null
      }
    }
  ],
  "targets" : [
    {
      "c99name" : "KadrTests",
      "module_type" : "SwiftTarget",
      "name" : "KadrTests",
      "path" : "Tests/KadrTests",
      "resources" : [
        {
          "path" : "/Users/admin/builder/spi-builder-workspace/Tests/KadrTests/Resources/sample.mov",
          "rule" : {
            "process" : {
            }
          }
        },
        {
          "path" : "/Users/admin/builder/spi-builder-workspace/Tests/KadrTests/Resources/sample.mp3",
          "rule" : {
            "process" : {
            }
          }
        },
        {
          "path" : "/Users/admin/builder/spi-builder-workspace/Tests/KadrTests/Resources/sample.png",
          "rule" : {
            "process" : {
            }
          }
        },
        {
          "path" : "/Users/admin/builder/spi-builder-workspace/Tests/KadrTests/Resources/sample.wav",
          "rule" : {
            "process" : {
            }
          }
        }
      ],
      "sources" : [
        "APIValidationTests.swift",
        "AnimationClearingModifiersTests.swift",
        "AnimationTests.swift",
        "AssetWriterExportTests.swift",
        "AudioBuilderTests.swift",
        "AudioCrossfadeTests.swift",
        "AudioSpeedTests.swift",
        "AudioTrackTimingTests.swift",
        "AudioVolumeRampTests.swift",
        "AudioWaveformTests.swift",
        "CMTimeAPITests.swift",
        "CancellationTokenTests.swift",
        "CaptionTests.swift",
        "ChromaKeyComponentsTests.swift",
        "ChromaKeyTests.swift",
        "ClipAtTimeTests.swift",
        "ClipCropTests.swift",
        "ClipIDTests.swift",
        "ClipMaskTests.swift",
        "ClipVolumeTests.swift",
        "CompositorTests.swift",
        "CropTests.swift",
        "DSLTests.swift",
        "DuckingTests.swift",
        "EdgeCasesTests.swift",
        "EmptyCompositionTests.swift",
        "ExportQualityTests.swift",
        "ExportTests.swift",
        "FilterIDRestorationTests.swift",
        "FilterIDTests.swift",
        "FilterIntensityAnimationTests.swift",
        "FilterKindTests.swift",
        "FilterPixelTests.swift",
        "FilterPresetsTests.swift",
        "FilterTests.swift",
        "IntrospectionTests.swift",
        "KadrErrorLocalizedTests.swift",
        "KadrVideoCompositorTests.swift",
        "LUTTests.swift",
        "LayoutHelpersTests.swift",
        "LayoutTests.swift",
        "MoveFiltersTests.swift",
        "MultiInputCompositorTests.swift",
        "MultiTrackEngineTests.swift",
        "MultiTrackRecursiveTests.swift",
        "OverlayLayoutAnimationTests.swift",
        "OverlayTests.swift",
        "OverlayVisibilityTests.swift",
        "PreviewAPITests.swift",
        "SampleMediaTests.swift",
        "SpeedCurveTests.swift",
        "SpeedEnumTests.swift",
        "SpeedTests.swift",
        "SugarTests.swift",
        "TestEnvironment.swift",
        "TextAnimationTests.swift",
        "TextEffectsTests.swift",
        "TrackTests.swift",
        "TransformTests.swift",
        "TransitionsTests.swift",
        "V010PolishTests.swift"
      ],
      "target_dependencies" : [
        "Kadr"
      ],
      "type" : "test"
    },
    {
      "c99name" : "KadrExamples",
      "module_type" : "SwiftTarget",
      "name" : "KadrExamples",
      "path" : "Examples",
      "sources" : [
        "APIValidation.swift",
        "SimpleEditor/ContentView.swift",
        "V020Showcase.swift",
        "V030Showcase.swift",
        "V040Showcase.swift",
        "V041Showcase.swift",
        "V050Showcase.swift",
        "V060Showcase.swift",
        "V070Showcase.swift",
        "V080Showcase.swift",
        "V090Showcase.swift",
        "V100Showcase.swift",
        "V110Showcase.swift",
        "V120Showcase.swift",
        "V140Showcase.swift",
        "V1_0_0Showcase.swift"
      ],
      "target_dependencies" : [
        "Kadr"
      ],
      "type" : "library"
    },
    {
      "c99name" : "KadrBenchmarks",
      "module_type" : "SwiftTarget",
      "name" : "KadrBenchmarks",
      "path" : "Benchmarks/KadrBenchmarks",
      "product_memberships" : [
        "KadrBenchmarks"
      ],
      "sources" : [
        "Fixtures.swift",
        "Harness.swift",
        "main.swift"
      ],
      "target_dependencies" : [
        "Kadr"
      ],
      "type" : "executable"
    },
    {
      "c99name" : "Kadr",
      "module_type" : "SwiftTarget",
      "name" : "Kadr",
      "path" : "Sources/Kadr",
      "product_memberships" : [
        "Kadr",
        "KadrBenchmarks"
      ],
      "sources" : [
        "Animation/Animatable.swift",
        "Animation/Animation.swift",
        "Animation/TimingFunction.swift",
        "DSL/AudioBuilder.swift",
        "DSL/AudioTimePitchAlgorithm.swift",
        "DSL/AudioTrack.swift",
        "DSL/BackgroundMusic.swift",
        "DSL/Caption.swift",
        "DSL/Clip.swift",
        "DSL/ImageClip+Color.swift",
        "DSL/ImageClip.swift",
        "DSL/SampleMedia.swift",
        "DSL/TitleSequence.swift",
        "DSL/Track.swift",
        "DSL/Transition.swift",
        "DSL/Video.swift",
        "DSL/VideoBuilder.swift",
        "DSL/VideoClip.swift",
        "Engine/AssetWriterExporter.swift",
        "Engine/AudioWaveform.swift",
        "Engine/AudioWaveformLoader.swift",
        "Engine/CancellationToken.swift",
        "Engine/CompositionBuilder.swift",
        "Engine/Compositor.swift",
        "Engine/CropCompositor.swift",
        "Engine/ExportEngine.swift",
        "Engine/FilterProcessor.swift",
        "Engine/ImageEncoder.swift",
        "Engine/KadrVideoCompositor.swift",
        "Engine/MaskCompositor.swift",
        "Engine/MultiInputCompositor.swift",
        "Engine/OverlayRenderer.swift",
        "Engine/PlaybackComposer.swift",
        "Engine/ReverseProcessor.swift",
        "Engine/SpeedCurveSampler.swift",
        "Engine/ThumbnailGenerator.swift",
        "Errors/KadrError+LocalizedError.swift",
        "Errors/KadrError.swift",
        "Export/ExportProgress.swift",
        "Export/ExportSettings.swift",
        "Export/Exporter.swift",
        "Export/Preset.swift",
        "Filters/ChromaKey.swift",
        "Filters/Filter.swift",
        "Filters/FilterKind.swift",
        "Filters/LUT.swift",
        "Layout/Anchor.swift",
        "Layout/ClipID.swift",
        "Layout/CropRegion.swift",
        "Layout/FilterID.swift",
        "Layout/Frame.swift",
        "Layout/LayerID.swift",
        "Layout/Layout.swift",
        "Layout/Position.swift",
        "Layout/Size.swift",
        "Layout/Transform.swift",
        "Modifiers/Clip+AnimationClearing.swift",
        "Modifiers/Clip+FilterID.swift",
        "Modifiers/Clip+Speed.swift",
        "Overlays/ImageOverlay.swift",
        "Overlays/Overlay.swift",
        "Overlays/StickerOverlay.swift",
        "Overlays/TextAnimation.swift",
        "Overlays/TextOverlay.swift",
        "Overlays/TextShadow.swift",
        "Overlays/TextStroke.swift",
        "Overlays/TextStyle.swift",
        "Overlays/Watermark.swift",
        "Platform/PlatformTypes.swift",
        "Time/Timecode.swift"
      ],
      "type" : "library"
    }
  ],
  "tools_version" : "6.0"
}
{
  "workspace" : {
    "name" : "Kadr",
    "schemes" : [
      "Kadr",
      "Kadr-Package",
      "KadrBenchmarks"
    ]
  }
}
2026-09-27 10:12:51.336 xcodebuild[626:3869] [MT] IDERunDestination: Supported platforms for the buildables in the current scheme is empty.
Running build ...
env DEVELOPER_DIR=/Applications/Xcode-27.0.0-Release.Candidate.app xcrun xcodebuild -IDEClonedSourcePackagesDirPathOverride=$PWD/.dependencies -skipMacroValidation -skipPackagePluginValidation -derivedDataPath $PWD/.derivedData build -scheme Kadr-Package -destination generic/platform=watchOS
Command line invocation:
    /Applications/Xcode-27.0.0-Release.Candidate.app/Contents/Developer/usr/bin/xcodebuild -IDEClonedSourcePackagesDirPathOverride=/Users/admin/builder/spi-builder-workspace/.dependencies -skipMacroValidation -skipPackagePluginValidation -derivedDataPath /Users/admin/builder/spi-builder-workspace/.derivedData build -scheme Kadr-Package -destination generic/platform=watchOS
Resolve Package Graph
Resolved source packages:
  Kadr: /Users/admin/builder/spi-builder-workspace
ComputePackagePrebuildTargetDependencyGraph
Prepare packages
CreateBuildRequest
SendProjectDescription
CreateBuildOperation
ComputeTargetDependencyGraph
note: Building targets in dependency order
note: Target dependency graph (3 targets)
    Target 'KadrBenchmarks-product' in project 'Kadr'
        ➜ Explicit dependency on target 'Kadr' in project 'Kadr'
    Target 'Kadr-product' in project 'Kadr'
        ➜ Explicit dependency on target 'Kadr' in project 'Kadr'
    Target 'Kadr' in project 'Kadr' (no dependencies)
GatherProvisioningInputs
CreateBuildDescription
ExecuteExternalTool /Applications/Xcode-27.0.0-Release.Candidate.app/Contents/Developer/Toolchains/XcodeDefault.xctoolchain/usr/bin/clang -v -E -dM -isysroot /Applications/Xcode-27.0.0-Release.Candidate.app/Contents/Developer/Platforms/WatchOS.platform/Developer/SDKs/WatchOS27.0.sdk -x c -c /dev/null
ExecuteExternalTool /Applications/Xcode-27.0.0-Release.Candidate.app/Contents/Developer/Toolchains/XcodeDefault.xctoolchain/usr/bin/swiftc --version
ExecuteExternalTool /Applications/Xcode-27.0.0-Release.Candidate.app/Contents/Developer/Toolchains/XcodeDefault.xctoolchain/usr/bin/ld -version_details
ReadFileContents /Applications/Xcode-27.0.0-Release.Candidate.app/Contents/Developer/Toolchains/XcodeDefault.xctoolchain/usr/share/docc/features.json
Build description signature: 7efcb1e40cac5da1ddb40bbc0c99c579
Build description path: /Users/admin/builder/spi-builder-workspace/.derivedData/Build/Intermediates.noindex/XCBuildData/7efcb1e40cac5da1ddb40bbc0c99c579.xcbuilddata
CreateBuildDirectory /Users/admin/builder/spi-builder-workspace/.derivedData/ModuleCache.noindex
    cd /Users/admin/builder/spi-builder-workspace/.swiftpm/xcode
    builtin-create-build-directory /Users/admin/builder/spi-builder-workspace/.derivedData/ModuleCache.noindex
CreateBuildDirectory /Users/admin/builder/spi-builder-workspace/.derivedData/CompilationCache.noindex
    cd /Users/admin/builder/spi-builder-workspace/.swiftpm/xcode
    builtin-create-build-directory /Users/admin/builder/spi-builder-workspace/.derivedData/CompilationCache.noindex
CreateBuildDirectory /Users/admin/builder/spi-builder-workspace/.derivedData/SDKExplicitPrecompiledModules
    cd /Users/admin/builder/spi-builder-workspace/.swiftpm/xcode
    builtin-create-build-directory /Users/admin/builder/spi-builder-workspace/.derivedData/SDKExplicitPrecompiledModules
ClangStatCache /Applications/Xcode-27.0.0-Release.Candidate.app/Contents/Developer/Toolchains/XcodeDefault.xctoolchain/usr/bin/clang-stat-cache /Applications/Xcode-27.0.0-Release.Candidate.app/Contents/Developer/Platforms/WatchOS.platform/Developer/SDKs/WatchOS27.0.sdk /Users/admin/builder/spi-builder-workspace/.derivedData/SDKStatCaches.noindex/watchos27.0-24R360-e829b21a6f8c9b70876ba0858053c04477534ef55a1706bf4c1112bbb242f0a2.sdkstatcache
    cd /Users/admin/builder/spi-builder-workspace/.swiftpm/xcode
    /Applications/Xcode-27.0.0-Release.Candidate.app/Contents/Developer/Toolchains/XcodeDefault.xctoolchain/usr/bin/clang-stat-cache /Applications/Xcode-27.0.0-Release.Candidate.app/Contents/Developer/Platforms/WatchOS.platform/Developer/SDKs/WatchOS27.0.sdk -o /Users/admin/builder/spi-builder-workspace/.derivedData/SDKStatCaches.noindex/watchos27.0-24R360-e829b21a6f8c9b70876ba0858053c04477534ef55a1706bf4c1112bbb242f0a2.sdkstatcache
CreateBuildDirectory /Users/admin/builder/spi-builder-workspace/.derivedData/Build/Products
    cd /Users/admin/builder/spi-builder-workspace/.swiftpm/xcode
    builtin-create-build-directory /Users/admin/builder/spi-builder-workspace/.derivedData/Build/Products
CreateBuildDirectory /Users/admin/builder/spi-builder-workspace/.derivedData/Build/Intermediates.noindex
    cd /Users/admin/builder/spi-builder-workspace/.swiftpm/xcode
    builtin-create-build-directory /Users/admin/builder/spi-builder-workspace/.derivedData/Build/Intermediates.noindex
CreateBuildDirectory /Users/admin/builder/spi-builder-workspace/.derivedData/Build/Intermediates.noindex/SwiftExplicitPrecompiledModules
    cd /Users/admin/builder/spi-builder-workspace/.swiftpm/xcode
    builtin-create-build-directory /Users/admin/builder/spi-builder-workspace/.derivedData/Build/Intermediates.noindex/SwiftExplicitPrecompiledModules
CreateBuildDirectory /Users/admin/builder/spi-builder-workspace/.derivedData/Build/Intermediates.noindex/PrecompiledHeaders
    cd /Users/admin/builder/spi-builder-workspace/.swiftpm/xcode
    builtin-create-build-directory /Users/admin/builder/spi-builder-workspace/.derivedData/Build/Intermediates.noindex/PrecompiledHeaders
CreateBuildDirectory /Users/admin/builder/spi-builder-workspace/.derivedData/Build/Intermediates.noindex/ExplicitPrecompiledModules
    cd /Users/admin/builder/spi-builder-workspace/.swiftpm/xcode
    builtin-create-build-directory /Users/admin/builder/spi-builder-workspace/.derivedData/Build/Intermediates.noindex/ExplicitPrecompiledModules
CreateBuildDirectory /Users/admin/builder/spi-builder-workspace/.derivedData/Build/Intermediates.noindex/EagerLinkingTBDs/Debug-watchos
    cd /Users/admin/builder/spi-builder-workspace/.swiftpm/xcode
    builtin-create-build-directory /Users/admin/builder/spi-builder-workspace/.derivedData/Build/Intermediates.noindex/EagerLinkingTBDs/Debug-watchos
CreateBuildDirectory /Users/admin/builder/spi-builder-workspace/.derivedData/Build/Products/Debug-watchos
    cd /Users/admin/builder/spi-builder-workspace/.swiftpm/xcode
    builtin-create-build-directory /Users/admin/builder/spi-builder-workspace/.derivedData/Build/Products/Debug-watchos
CreateBuildDirectory /Users/admin/builder/spi-builder-workspace/.derivedData/Build/Products/Debug-watchos/PackageFrameworks
    cd /Users/admin/builder/spi-builder-workspace/.swiftpm/xcode
    builtin-create-build-directory /Users/admin/builder/spi-builder-workspace/.derivedData/Build/Products/Debug-watchos/PackageFrameworks
WriteAuxiliaryFile /Users/admin/builder/spi-builder-workspace/.derivedData/Build/Intermediates.noindex/Kadr.build/Debug-watchos/Kadr-t.build/Kadr.modulemap (in target 'Kadr' from project 'Kadr')
    cd /Users/admin/builder/spi-builder-workspace
    write-file /Users/admin/builder/spi-builder-workspace/.derivedData/Build/Intermediates.noindex/Kadr.build/Debug-watchos/Kadr-t.build/Kadr.modulemap
WriteAuxiliaryFile /Users/admin/builder/spi-builder-workspace/.derivedData/Build/Intermediates.noindex/Kadr.build/Debug-watchos/Kadr-t.build/Objects-normal/arm64_32/Kadr_const_extract_protocols.json (in target 'Kadr' from project 'Kadr')
    cd /Users/admin/builder/spi-builder-workspace
    write-file /Users/admin/builder/spi-builder-workspace/.derivedData/Build/Intermediates.noindex/Kadr.build/Debug-watchos/Kadr-t.build/Objects-normal/arm64_32/Kadr_const_extract_protocols.json
WriteAuxiliaryFile /Users/admin/builder/spi-builder-workspace/.derivedData/Build/Intermediates.noindex/Kadr.build/Debug-watchos/Kadr-t.build/Objects-normal/arm64_32/Kadr.LinkFileList (in target 'Kadr' from project 'Kadr')
    cd /Users/admin/builder/spi-builder-workspace
    write-file /Users/admin/builder/spi-builder-workspace/.derivedData/Build/Intermediates.noindex/Kadr.build/Debug-watchos/Kadr-t.build/Objects-normal/arm64_32/Kadr.LinkFileList
WriteAuxiliaryFile /Users/admin/builder/spi-builder-workspace/.derivedData/Build/Intermediates.noindex/Kadr.build/Debug-watchos/Kadr-t.build/Objects-normal/arm64_32/Kadr-OutputFileMap.json (in target 'Kadr' from project 'Kadr')
    cd /Users/admin/builder/spi-builder-workspace
    write-file /Users/admin/builder/spi-builder-workspace/.derivedData/Build/Intermediates.noindex/Kadr.build/Debug-watchos/Kadr-t.build/Objects-normal/arm64_32/Kadr-OutputFileMap.json
WriteAuxiliaryFile /Users/admin/builder/spi-builder-workspace/.derivedData/Build/Intermediates.noindex/Kadr.build/Debug-watchos/Kadr-t.build/Objects-normal/arm64/Kadr-OutputFileMap.json (in target 'Kadr' from project 'Kadr')
    cd /Users/admin/builder/spi-builder-workspace
    write-file /Users/admin/builder/spi-builder-workspace/.derivedData/Build/Intermediates.noindex/Kadr.build/Debug-watchos/Kadr-t.build/Objects-normal/arm64/Kadr-OutputFileMap.json
WriteAuxiliaryFile /Users/admin/builder/spi-builder-workspace/.derivedData/Build/Intermediates.noindex/Kadr.build/Debug-watchos/Kadr-t.build/Objects-normal/arm64_32/Kadr.SwiftFileList (in target 'Kadr' from project 'Kadr')
    cd /Users/admin/builder/spi-builder-workspace
    write-file /Users/admin/builder/spi-builder-workspace/.derivedData/Build/Intermediates.noindex/Kadr.build/Debug-watchos/Kadr-t.build/Objects-normal/arm64_32/Kadr.SwiftFileList
WriteAuxiliaryFile /Users/admin/builder/spi-builder-workspace/.derivedData/Build/Intermediates.noindex/Kadr.build/Debug-watchos/Kadr-t.build/Objects-normal/arm64/Kadr.LinkFileList (in target 'Kadr' from project 'Kadr')
    cd /Users/admin/builder/spi-builder-workspace
    write-file /Users/admin/builder/spi-builder-workspace/.derivedData/Build/Intermediates.noindex/Kadr.build/Debug-watchos/Kadr-t.build/Objects-normal/arm64/Kadr.LinkFileList
WriteAuxiliaryFile /Users/admin/builder/spi-builder-workspace/.derivedData/Build/Intermediates.noindex/Kadr.build/Debug-watchos/Kadr-t.build/Objects-normal/arm64/Kadr_const_extract_protocols.json (in target 'Kadr' from project 'Kadr')
    cd /Users/admin/builder/spi-builder-workspace
    write-file /Users/admin/builder/spi-builder-workspace/.derivedData/Build/Intermediates.noindex/Kadr.build/Debug-watchos/Kadr-t.build/Objects-normal/arm64/Kadr_const_extract_protocols.json
WriteAuxiliaryFile /Users/admin/builder/spi-builder-workspace/.derivedData/Build/Intermediates.noindex/Kadr.build/Debug-watchos/KadrBenchmarks-p.build/Objects-normal/arm64_32/KadrBenchmarks_const_extract_protocols.json (in target 'KadrBenchmarks-product' from project 'Kadr')
    cd /Users/admin/builder/spi-builder-workspace
    write-file /Users/admin/builder/spi-builder-workspace/.derivedData/Build/Intermediates.noindex/Kadr.build/Debug-watchos/KadrBenchmarks-p.build/Objects-normal/arm64_32/KadrBenchmarks_const_extract_protocols.json
WriteAuxiliaryFile /Users/admin/builder/spi-builder-workspace/.derivedData/Build/Intermediates.noindex/Kadr.build/Debug-watchos/KadrBenchmarks-p.build/Objects-normal/arm64_32/KadrBenchmarks.SwiftFileList (in target 'KadrBenchmarks-product' from project 'Kadr')
    cd /Users/admin/builder/spi-builder-workspace
    write-file /Users/admin/builder/spi-builder-workspace/.derivedData/Build/Intermediates.noindex/Kadr.build/Debug-watchos/KadrBenchmarks-p.build/Objects-normal/arm64_32/KadrBenchmarks.SwiftFileList
WriteAuxiliaryFile /Users/admin/builder/spi-builder-workspace/.derivedData/Build/Intermediates.noindex/Kadr.build/Debug-watchos/KadrBenchmarks-p.build/Objects-normal/arm64_32/KadrBenchmarks.LinkFileList (in target 'KadrBenchmarks-product' from project 'Kadr')
    cd /Users/admin/builder/spi-builder-workspace
    write-file /Users/admin/builder/spi-builder-workspace/.derivedData/Build/Intermediates.noindex/Kadr.build/Debug-watchos/KadrBenchmarks-p.build/Objects-normal/arm64_32/KadrBenchmarks.LinkFileList
WriteAuxiliaryFile /Users/admin/builder/spi-builder-workspace/.derivedData/Build/Intermediates.noindex/Kadr.build/Debug-watchos/KadrBenchmarks-p.build/Objects-normal/arm64_32/KadrBenchmarks-OutputFileMap.json (in target 'KadrBenchmarks-product' from project 'Kadr')
    cd /Users/admin/builder/spi-builder-workspace
    write-file /Users/admin/builder/spi-builder-workspace/.derivedData/Build/Intermediates.noindex/Kadr.build/Debug-watchos/KadrBenchmarks-p.build/Objects-normal/arm64_32/KadrBenchmarks-OutputFileMap.json
WriteAuxiliaryFile /Users/admin/builder/spi-builder-workspace/.derivedData/Build/Intermediates.noindex/Kadr.build/Debug-watchos/KadrBenchmarks-p.build/Objects-normal/arm64/KadrBenchmarks.SwiftFileList (in target 'KadrBenchmarks-product' from project 'Kadr')
    cd /Users/admin/builder/spi-builder-workspace
    write-file /Users/admin/builder/spi-builder-workspace/.derivedData/Build/Intermediates.noindex/Kadr.build/Debug-watchos/KadrBenchmarks-p.build/Objects-normal/arm64/KadrBenchmarks.SwiftFileList
WriteAuxiliaryFile /Users/admin/builder/spi-builder-workspace/.derivedData/Build/Intermediates.noindex/Kadr.build/Debug-watchos/KadrBenchmarks-p.build/Objects-normal/arm64/KadrBenchmarks_const_extract_protocols.json (in target 'KadrBenchmarks-product' from project 'Kadr')
    cd /Users/admin/builder/spi-builder-workspace
    write-file /Users/admin/builder/spi-builder-workspace/.derivedData/Build/Intermediates.noindex/Kadr.build/Debug-watchos/KadrBenchmarks-p.build/Objects-normal/arm64/KadrBenchmarks_const_extract_protocols.json
WriteAuxiliaryFile /Users/admin/builder/spi-builder-workspace/.derivedData/Build/Intermediates.noindex/Kadr.build/Debug-watchos/KadrBenchmarks-p.build/KadrBenchmarks.DependencyStaticMetadataFileList (in target 'KadrBenchmarks-product' from project 'Kadr')
    cd /Users/admin/builder/spi-builder-workspace
    write-file /Users/admin/builder/spi-builder-workspace/.derivedData/Build/Intermediates.noindex/Kadr.build/Debug-watchos/KadrBenchmarks-p.build/KadrBenchmarks.DependencyStaticMetadataFileList
WriteAuxiliaryFile /Users/admin/builder/spi-builder-workspace/.derivedData/Build/Intermediates.noindex/Kadr.build/Debug-watchos/KadrBenchmarks-p.build/Objects-normal/arm64/KadrBenchmarks.LinkFileList (in target 'KadrBenchmarks-product' from project 'Kadr')
    cd /Users/admin/builder/spi-builder-workspace
    write-file /Users/admin/builder/spi-builder-workspace/.derivedData/Build/Intermediates.noindex/Kadr.build/Debug-watchos/KadrBenchmarks-p.build/Objects-normal/arm64/KadrBenchmarks.LinkFileList
WriteAuxiliaryFile /Users/admin/builder/spi-builder-workspace/.derivedData/Build/Intermediates.noindex/Kadr.build/Debug-watchos/KadrBenchmarks-p.build/Objects-normal/arm64/KadrBenchmarks-OutputFileMap.json (in target 'KadrBenchmarks-product' from project 'Kadr')
    cd /Users/admin/builder/spi-builder-workspace
    write-file /Users/admin/builder/spi-builder-workspace/.derivedData/Build/Intermediates.noindex/Kadr.build/Debug-watchos/KadrBenchmarks-p.build/Objects-normal/arm64/KadrBenchmarks-OutputFileMap.json
WriteAuxiliaryFile /Users/admin/builder/spi-builder-workspace/.derivedData/Build/Intermediates.noindex/Kadr.build/Debug-watchos/KadrBenchmarks-p.build/KadrBenchmarks.DependencyMetadataFileList (in target 'KadrBenchmarks-product' from project 'Kadr')
    cd /Users/admin/builder/spi-builder-workspace
    write-file /Users/admin/builder/spi-builder-workspace/.derivedData/Build/Intermediates.noindex/Kadr.build/Debug-watchos/KadrBenchmarks-p.build/KadrBenchmarks.DependencyMetadataFileList
WriteAuxiliaryFile /Users/admin/builder/spi-builder-workspace/.derivedData/Build/Intermediates.noindex/Kadr.build/Debug-watchos/Kadr-t.build/Objects-normal/arm64_32/Kadr.SwiftConstValuesFileList (in target 'Kadr' from project 'Kadr')
    cd /Users/admin/builder/spi-builder-workspace
    write-file /Users/admin/builder/spi-builder-workspace/.derivedData/Build/Intermediates.noindex/Kadr.build/Debug-watchos/Kadr-t.build/Objects-normal/arm64_32/Kadr.SwiftConstValuesFileList
WriteAuxiliaryFile /Users/admin/builder/spi-builder-workspace/.derivedData/Build/Intermediates.noindex/Kadr.build/Debug-watchos/Kadr-t.build/Objects-normal/arm64/Kadr.SwiftFileList (in target 'Kadr' from project 'Kadr')
    cd /Users/admin/builder/spi-builder-workspace
    write-file /Users/admin/builder/spi-builder-workspace/.derivedData/Build/Intermediates.noindex/Kadr.build/Debug-watchos/Kadr-t.build/Objects-normal/arm64/Kadr.SwiftFileList
WriteAuxiliaryFile /Users/admin/builder/spi-builder-workspace/.derivedData/Build/Intermediates.noindex/Kadr.build/Debug-watchos/Kadr-t.build/Objects-normal/arm64/Kadr.SwiftConstValuesFileList (in target 'Kadr' from project 'Kadr')
    cd /Users/admin/builder/spi-builder-workspace
    write-file /Users/admin/builder/spi-builder-workspace/.derivedData/Build/Intermediates.noindex/Kadr.build/Debug-watchos/Kadr-t.build/Objects-normal/arm64/Kadr.SwiftConstValuesFileList
WriteAuxiliaryFile /Users/admin/builder/spi-builder-workspace/.derivedData/Build/Intermediates.noindex/Kadr.build/Debug-watchos/Kadr-t.build/Kadr.DependencyStaticMetadataFileList (in target 'Kadr' from project 'Kadr')
    cd /Users/admin/builder/spi-builder-workspace
    write-file /Users/admin/builder/spi-builder-workspace/.derivedData/Build/Intermediates.noindex/Kadr.build/Debug-watchos/Kadr-t.build/Kadr.DependencyStaticMetadataFileList
WriteAuxiliaryFile /Users/admin/builder/spi-builder-workspace/.derivedData/Build/Intermediates.noindex/Kadr.build/Debug-watchos/Kadr-t.build/Kadr.DependencyMetadataFileList (in target 'Kadr' from project 'Kadr')
    cd /Users/admin/builder/spi-builder-workspace
    write-file /Users/admin/builder/spi-builder-workspace/.derivedData/Build/Intermediates.noindex/Kadr.build/Debug-watchos/Kadr-t.build/Kadr.DependencyMetadataFileList
Copy /Users/admin/builder/spi-builder-workspace/.derivedData/Build/Intermediates.noindex/GeneratedModuleMaps-watchos/Kadr.modulemap /Users/admin/builder/spi-builder-workspace/.derivedData/Build/Intermediates.noindex/Kadr.build/Debug-watchos/Kadr-t.build/Kadr.modulemap (in target 'Kadr' from project 'Kadr')
    cd /Users/admin/builder/spi-builder-workspace
    builtin-copy -exclude .DS_Store -exclude CVS -exclude .svn -exclude .git -exclude .hg -resolve-src-symlinks /Users/admin/builder/spi-builder-workspace/.derivedData/Build/Intermediates.noindex/Kadr.build/Debug-watchos/Kadr-t.build/Kadr.modulemap /Users/admin/builder/spi-builder-workspace/.derivedData/Build/Intermediates.noindex/GeneratedModuleMaps-watchos
SwiftDriver Kadr normal arm64_32 com.apple.xcode.tools.swift.compiler (in target 'Kadr' from project 'Kadr')
    cd /Users/admin/builder/spi-builder-workspace/.swiftpm/xcode
    builtin-SwiftDriver -- /Applications/Xcode-27.0.0-Release.Candidate.app/Contents/Developer/Toolchains/XcodeDefault.xctoolchain/usr/bin/swiftc -parse-as-library -module-name Kadr -Onone @/Users/admin/builder/spi-builder-workspace/.derivedData/Build/Intermediates.noindex/Kadr.build/Debug-watchos/Kadr-t.build/Objects-normal/arm64_32/Kadr.SwiftFileList -DSWIFT_PACKAGE -DDEBUG -DSWIFT_MODULE_RESOURCE_BUNDLE_UNAVAILABLE -DXcode -enable-experimental-feature StrictConcurrency -plugin-path /Applications/Xcode-27.0.0-Release.Candidate.app/Contents/Developer/Toolchains/XcodeDefault.xctoolchain/usr/lib/swift/host/plugins/testing -enable-experimental-feature DebugDescriptionMacro -sdk /Applications/Xcode-27.0.0-Release.Candidate.app/Contents/Developer/Platforms/WatchOS.platform/Developer/SDKs/WatchOS27.0.sdk -target arm64_32-apple-watchos10.0 -g -module-cache-path /Users/admin/builder/spi-builder-workspace/.derivedData/ModuleCache.noindex -Xfrontend -serialize-debugging-options -profile-coverage-mapping -profile-generate -enable-testing -index-store-path /Users/admin/builder/spi-builder-workspace/.derivedData/Index.noindex/DataStore -Xcc -D_LIBCPP_HARDENING_MODE\=_LIBCPP_HARDENING_MODE_DEBUG -swift-version 6 -I /Users/admin/builder/spi-builder-workspace/.derivedData/Build/Products/Debug-watchos -Isystem /Applications/Xcode-27.0.0-Release.Candidate.app/Contents/Developer/Platforms/WatchOS.platform/Developer/usr/lib -F /Users/admin/builder/spi-builder-workspace/.derivedData/Build/Products/Debug-watchos -F /Applications/Xcode-27.0.0-Release.Candidate.app/Contents/Developer/Platforms/WatchOS.platform/Developer/Library/Frameworks -F /Applications/Xcode-27.0.0-Release.Candidate.app/Contents/Developer/Platforms/WatchOS.platform/Developer/SDKs/WatchOS27.0.sdk/Developer/Library/Frameworks -c -j10 -enable-batch-mode -incremental -Xcc -ivfsstatcache -Xcc /Users/admin/builder/spi-builder-workspace/.derivedData/SDKStatCaches.noindex/watchos27.0-24R360-e829b21a6f8c9b70876ba0858053c04477534ef55a1706bf4c1112bbb242f0a2.sdkstatcache -output-file-map /Users/admin/builder/spi-builder-workspace/.derivedData/Build/Intermediates.noindex/Kadr.build/Debug-watchos/Kadr-t.build/Objects-normal/arm64_32/Kadr-OutputFileMap.json -save-temps -no-color-diagnostics -explicit-module-build -module-cache-path /Users/admin/builder/spi-builder-workspace/.derivedData/Build/Intermediates.noindex/SwiftExplicitPrecompiledModules -clang-scanner-module-cache-path /Users/admin/builder/spi-builder-workspace/.derivedData/ModuleCache.noindex -sdk-module-cache-path /Users/admin/builder/spi-builder-workspace/.derivedData/SDKExplicitPrecompiledModules -emit-dependencies -emit-module -emit-module-path /Users/admin/builder/spi-builder-workspace/.derivedData/Build/Intermediates.noindex/Kadr.build/Debug-watchos/Kadr-t.build/Objects-normal/arm64_32/Kadr.swiftmodule -serialize-diagnostics -dependency-scan-serialize-diagnostics-path /Users/admin/builder/spi-builder-workspace/.derivedData/Build/Intermediates.noindex/Kadr.build/Debug-watchos/Kadr-t.build/Objects-normal/arm64_32/Kadr-dependency-scan.dia -validate-clang-modules-once -clang-build-session-file /Users/admin/builder/spi-builder-workspace/.derivedData/ModuleCache.noindex/Session.modulevalidation -Xcc -fmodules-prune-interval\=86400 -Xcc -fmodules-prune-after\=345600 -package-name spi_builder_workspace -emit-const-values -const-gather-protocols-list /Users/admin/builder/spi-builder-workspace/.derivedData/Build/Intermediates.noindex/Kadr.build/Debug-watchos/Kadr-t.build/Objects-normal/arm64_32/Kadr_const_extract_protocols.json -Xcc -I/Users/admin/builder/spi-builder-workspace/.derivedData/Build/Products/Debug-watchos/include -Xcc -I/Users/admin/builder/spi-builder-workspace/.derivedData/Build/Intermediates.noindex/Kadr.build/Debug-watchos/Kadr-t.build/DerivedSources-normal/arm64_32 -Xcc -I/Users/admin/builder/spi-builder-workspace/.derivedData/Build/Intermediates.noindex/Kadr.build/Debug-watchos/Kadr-t.build/DerivedSources/arm64_32 -Xcc -I/Users/admin/builder/spi-builder-workspace/.derivedData/Build/Intermediates.noindex/Kadr.build/Debug-watchos/Kadr-t.build/DerivedSources -Xcc -DSWIFT_PACKAGE -Xcc -DDEBUG\=1 -emit-objc-header -emit-objc-header-path /Users/admin/builder/spi-builder-workspace/.derivedData/Build/Intermediates.noindex/Kadr.build/Debug-watchos/Kadr-t.build/Objects-normal/arm64_32/Kadr-Swift.h -working-directory /Users/admin/builder/spi-builder-workspace/.swiftpm/xcode -experimental-emit-module-separately -disable-cmo
/Users/admin/builder/spi-builder-workspace/Sources/Kadr/DSL/Video.swift:3:8: error: Unable to resolve module dependency: 'CoreImage' (in target 'Kadr' from project 'Kadr')
    note: A dependency of main module 'Kadr'
    /Users/admin/builder/spi-builder-workspace/Sources/Kadr/DSL/VideoClip.swift:3:8: note: Also imported here
    /Users/admin/builder/spi-builder-workspace/Sources/Kadr/Engine/Compositor.swift:3:8: note: Also imported here
    /Users/admin/builder/spi-builder-workspace/Sources/Kadr/Engine/CropCompositor.swift:2:8: note: Also imported here
    /Users/admin/builder/spi-builder-workspace/Sources/Kadr/Engine/FilterProcessor.swift:2:8: note: Also imported here
    /Users/admin/builder/spi-builder-workspace/Sources/Kadr/Engine/KadrVideoCompositor.swift:4:8: note: Also imported here
    /Users/admin/builder/spi-builder-workspace/Sources/Kadr/Engine/MaskCompositor.swift:2:8: note: Also imported here
    /Users/admin/builder/spi-builder-workspace/Sources/Kadr/Engine/MultiInputCompositor.swift:3:8: note: Also imported here
    /Users/admin/builder/spi-builder-workspace/Sources/Kadr/Filters/Filter.swift:2:8: note: Also imported here
/Users/admin/builder/spi-builder-workspace/Sources/Kadr/DSL/Video.swift:3:8: note: A dependency of main module 'Kadr'
import CoreImage
       ^ (in target 'Kadr' from project 'Kadr')
/Users/admin/builder/spi-builder-workspace/Sources/Kadr/DSL/VideoClip.swift:3:8: note: Also imported here
import CoreImage
       ^ (in target 'Kadr' from project 'Kadr')
/Users/admin/builder/spi-builder-workspace/Sources/Kadr/Engine/Compositor.swift:3:8: note: Also imported here
import CoreImage
       ^ (in target 'Kadr' from project 'Kadr')
/Users/admin/builder/spi-builder-workspace/Sources/Kadr/Engine/CropCompositor.swift:2:8: note: Also imported here
import CoreImage
       ^ (in target 'Kadr' from project 'Kadr')
/Users/admin/builder/spi-builder-workspace/Sources/Kadr/Engine/FilterProcessor.swift:2:8: note: Also imported here
import CoreImage
       ^ (in target 'Kadr' from project 'Kadr')
/Users/admin/builder/spi-builder-workspace/Sources/Kadr/Engine/KadrVideoCompositor.swift:4:8: note: Also imported here
import CoreImage
       ^ (in target 'Kadr' from project 'Kadr')
/Users/admin/builder/spi-builder-workspace/Sources/Kadr/Engine/MaskCompositor.swift:2:8: note: Also imported here
import CoreImage
       ^ (in target 'Kadr' from project 'Kadr')
/Users/admin/builder/spi-builder-workspace/Sources/Kadr/Engine/MultiInputCompositor.swift:3:8: note: Also imported here
import CoreImage
       ^ (in target 'Kadr' from project 'Kadr')
/Users/admin/builder/spi-builder-workspace/Sources/Kadr/Filters/Filter.swift:2:8: note: Also imported here
import CoreImage
       ^ (in target 'Kadr' from project 'Kadr')
SwiftDriver Kadr normal arm64 com.apple.xcode.tools.swift.compiler (in target 'Kadr' from project 'Kadr')
    cd /Users/admin/builder/spi-builder-workspace/.swiftpm/xcode
    builtin-SwiftDriver -- /Applications/Xcode-27.0.0-Release.Candidate.app/Contents/Developer/Toolchains/XcodeDefault.xctoolchain/usr/bin/swiftc -parse-as-library -module-name Kadr -Onone @/Users/admin/builder/spi-builder-workspace/.derivedData/Build/Intermediates.noindex/Kadr.build/Debug-watchos/Kadr-t.build/Objects-normal/arm64/Kadr.SwiftFileList -DSWIFT_PACKAGE -DDEBUG -DSWIFT_MODULE_RESOURCE_BUNDLE_UNAVAILABLE -DXcode -enable-experimental-feature StrictConcurrency -plugin-path /Applications/Xcode-27.0.0-Release.Candidate.app/Contents/Developer/Toolchains/XcodeDefault.xctoolchain/usr/lib/swift/host/plugins/testing -enable-experimental-feature DebugDescriptionMacro -sdk /Applications/Xcode-27.0.0-Release.Candidate.app/Contents/Developer/Platforms/WatchOS.platform/Developer/SDKs/WatchOS27.0.sdk -target arm64-apple-watchos10.0 -g -module-cache-path /Users/admin/builder/spi-builder-workspace/.derivedData/ModuleCache.noindex -Xfrontend -serialize-debugging-options -profile-coverage-mapping -profile-generate -enable-testing -index-store-path /Users/admin/builder/spi-builder-workspace/.derivedData/Index.noindex/DataStore -Xcc -D_LIBCPP_HARDENING_MODE\=_LIBCPP_HARDENING_MODE_DEBUG -swift-version 6 -I /Users/admin/builder/spi-builder-workspace/.derivedData/Build/Products/Debug-watchos -Isystem /Applications/Xcode-27.0.0-Release.Candidate.app/Contents/Developer/Platforms/WatchOS.platform/Developer/usr/lib -F /Users/admin/builder/spi-builder-workspace/.derivedData/Build/Products/Debug-watchos -F /Applications/Xcode-27.0.0-Release.Candidate.app/Contents/Developer/Platforms/WatchOS.platform/Developer/Library/Frameworks -F /Applications/Xcode-27.0.0-Release.Candidate.app/Contents/Developer/Platforms/WatchOS.platform/Developer/SDKs/WatchOS27.0.sdk/Developer/Library/Frameworks -c -j10 -enable-batch-mode -incremental -Xcc -ivfsstatcache -Xcc /Users/admin/builder/spi-builder-workspace/.derivedData/SDKStatCaches.noindex/watchos27.0-24R360-e829b21a6f8c9b70876ba0858053c04477534ef55a1706bf4c1112bbb242f0a2.sdkstatcache -output-file-map /Users/admin/builder/spi-builder-workspace/.derivedData/Build/Intermediates.noindex/Kadr.build/Debug-watchos/Kadr-t.build/Objects-normal/arm64/Kadr-OutputFileMap.json -save-temps -no-color-diagnostics -explicit-module-build -module-cache-path /Users/admin/builder/spi-builder-workspace/.derivedData/Build/Intermediates.noindex/SwiftExplicitPrecompiledModules -clang-scanner-module-cache-path /Users/admin/builder/spi-builder-workspace/.derivedData/ModuleCache.noindex -sdk-module-cache-path /Users/admin/builder/spi-builder-workspace/.derivedData/SDKExplicitPrecompiledModules -emit-dependencies -emit-module -emit-module-path /Users/admin/builder/spi-builder-workspace/.derivedData/Build/Intermediates.noindex/Kadr.build/Debug-watchos/Kadr-t.build/Objects-normal/arm64/Kadr.swiftmodule -serialize-diagnostics -dependency-scan-serialize-diagnostics-path /Users/admin/builder/spi-builder-workspace/.derivedData/Build/Intermediates.noindex/Kadr.build/Debug-watchos/Kadr-t.build/Objects-normal/arm64/Kadr-dependency-scan.dia -validate-clang-modules-once -clang-build-session-file /Users/admin/builder/spi-builder-workspace/.derivedData/ModuleCache.noindex/Session.modulevalidation -Xcc -fmodules-prune-interval\=86400 -Xcc -fmodules-prune-after\=345600 -package-name spi_builder_workspace -emit-const-values -const-gather-protocols-list /Users/admin/builder/spi-builder-workspace/.derivedData/Build/Intermediates.noindex/Kadr.build/Debug-watchos/Kadr-t.build/Objects-normal/arm64/Kadr_const_extract_protocols.json -Xcc -I/Users/admin/builder/spi-builder-workspace/.derivedData/Build/Products/Debug-watchos/include -Xcc -I/Users/admin/builder/spi-builder-workspace/.derivedData/Build/Intermediates.noindex/Kadr.build/Debug-watchos/Kadr-t.build/DerivedSources-normal/arm64 -Xcc -I/Users/admin/builder/spi-builder-workspace/.derivedData/Build/Intermediates.noindex/Kadr.build/Debug-watchos/Kadr-t.build/DerivedSources/arm64 -Xcc -I/Users/admin/builder/spi-builder-workspace/.derivedData/Build/Intermediates.noindex/Kadr.build/Debug-watchos/Kadr-t.build/DerivedSources -Xcc -DSWIFT_PACKAGE -Xcc -DDEBUG\=1 -emit-objc-header -emit-objc-header-path /Users/admin/builder/spi-builder-workspace/.derivedData/Build/Intermediates.noindex/Kadr.build/Debug-watchos/Kadr-t.build/Objects-normal/arm64/Kadr-Swift.h -working-directory /Users/admin/builder/spi-builder-workspace/.swiftpm/xcode -experimental-emit-module-separately -disable-cmo
/Users/admin/builder/spi-builder-workspace/Sources/Kadr/DSL/Video.swift:3:8: error: Unable to resolve module dependency: 'CoreImage' (in target 'Kadr' from project 'Kadr')
    note: A dependency of main module 'Kadr'
    /Users/admin/builder/spi-builder-workspace/Sources/Kadr/DSL/VideoClip.swift:3:8: note: Also imported here
    /Users/admin/builder/spi-builder-workspace/Sources/Kadr/Engine/Compositor.swift:3:8: note: Also imported here
    /Users/admin/builder/spi-builder-workspace/Sources/Kadr/Engine/CropCompositor.swift:2:8: note: Also imported here
    /Users/admin/builder/spi-builder-workspace/Sources/Kadr/Engine/FilterProcessor.swift:2:8: note: Also imported here
    /Users/admin/builder/spi-builder-workspace/Sources/Kadr/Engine/KadrVideoCompositor.swift:4:8: note: Also imported here
    /Users/admin/builder/spi-builder-workspace/Sources/Kadr/Engine/MaskCompositor.swift:2:8: note: Also imported here
    /Users/admin/builder/spi-builder-workspace/Sources/Kadr/Engine/MultiInputCompositor.swift:3:8: note: Also imported here
    /Users/admin/builder/spi-builder-workspace/Sources/Kadr/Filters/Filter.swift:2:8: note: Also imported here
/Users/admin/builder/spi-builder-workspace/Sources/Kadr/DSL/Video.swift:3:8: note: A dependency of main module 'Kadr'
import CoreImage
       ^ (in target 'Kadr' from project 'Kadr')
/Users/admin/builder/spi-builder-workspace/Sources/Kadr/DSL/VideoClip.swift:3:8: note: Also imported here
import CoreImage
       ^ (in target 'Kadr' from project 'Kadr')
/Users/admin/builder/spi-builder-workspace/Sources/Kadr/Engine/Compositor.swift:3:8: note: Also imported here
import CoreImage
       ^ (in target 'Kadr' from project 'Kadr')
/Users/admin/builder/spi-builder-workspace/Sources/Kadr/Engine/CropCompositor.swift:2:8: note: Also imported here
import CoreImage
       ^ (in target 'Kadr' from project 'Kadr')
/Users/admin/builder/spi-builder-workspace/Sources/Kadr/Engine/FilterProcessor.swift:2:8: note: Also imported here
import CoreImage
       ^ (in target 'Kadr' from project 'Kadr')
/Users/admin/builder/spi-builder-workspace/Sources/Kadr/Engine/KadrVideoCompositor.swift:4:8: note: Also imported here
import CoreImage
       ^ (in target 'Kadr' from project 'Kadr')
/Users/admin/builder/spi-builder-workspace/Sources/Kadr/Engine/MaskCompositor.swift:2:8: note: Also imported here
import CoreImage
       ^ (in target 'Kadr' from project 'Kadr')
/Users/admin/builder/spi-builder-workspace/Sources/Kadr/Engine/MultiInputCompositor.swift:3:8: note: Also imported here
import CoreImage
       ^ (in target 'Kadr' from project 'Kadr')
/Users/admin/builder/spi-builder-workspace/Sources/Kadr/Filters/Filter.swift:2:8: note: Also imported here
import CoreImage
       ^ (in target 'Kadr' from project 'Kadr')
PruneExplicitPrecompiledModules /Users/admin/builder/spi-builder-workspace/.derivedData/SDKExplicitPrecompiledModules
PruneExplicitPrecompiledModules /Users/admin/builder/spi-builder-workspace/.derivedData/Build/Intermediates.noindex/SwiftExplicitPrecompiledModules
PruneExplicitPrecompiledModules /Users/admin/builder/spi-builder-workspace/.derivedData/Build/Intermediates.noindex/ExplicitPrecompiledModules
2026-09-27 10:12:52.805 xcodebuild[627:3915] [MT] IDERunDestination: Supported platforms for the buildables in the current scheme is empty.
** BUILD FAILED **
The following build commands failed:
	SwiftDriver Kadr normal arm64_32 com.apple.xcode.tools.swift.compiler (in target 'Kadr' from project 'Kadr')
	SwiftDriver Kadr normal arm64 com.apple.xcode.tools.swift.compiler (in target 'Kadr' from project 'Kadr')
	Building workspace Kadr with scheme Kadr-Package
(3 failures)
Command line invocation:
    /Applications/Xcode-27.0.0-Release.Candidate.app/Contents/Developer/usr/bin/xcodebuild -IDEClonedSourcePackagesDirPathOverride=/Users/admin/builder/spi-builder-workspace/.dependencies -resolvePackageDependencies
Resolve Package Graph
Resolved source packages:
  Kadr: /Users/admin/builder/spi-builder-workspace
resolved source packages: Kadr
2026-09-27 10:12:56.182 xcodebuild[642:4171] [MT] IDERunDestination: Supported platforms for the buildables in the current scheme is empty.
{
  "dependencies" : [
  ],
  "manifest_display_name" : "Kadr",
  "name" : "Kadr",
  "path" : "/Users/admin/builder/spi-builder-workspace",
  "platforms" : [
    {
      "name" : "ios",
      "version" : "17.0"
    },
    {
      "name" : "macos",
      "version" : "14.0"
    },
    {
      "name" : "tvos",
      "version" : "17.0"
    },
    {
      "name" : "visionos",
      "version" : "1.0"
    }
  ],
  "products" : [
    {
      "name" : "Kadr",
      "targets" : [
        "Kadr"
      ],
      "type" : {
        "library" : [
          "automatic"
        ]
      }
    },
    {
      "name" : "KadrBenchmarks",
      "targets" : [
        "KadrBenchmarks"
      ],
      "type" : {
        "executable" : null
      }
    }
  ],
  "targets" : [
    {
      "c99name" : "KadrTests",
      "module_type" : "SwiftTarget",
      "name" : "KadrTests",
      "path" : "Tests/KadrTests",
      "resources" : [
        {
          "path" : "/Users/admin/builder/spi-builder-workspace/Tests/KadrTests/Resources/sample.mov",
          "rule" : {
            "process" : {
            }
          }
        },
        {
          "path" : "/Users/admin/builder/spi-builder-workspace/Tests/KadrTests/Resources/sample.mp3",
          "rule" : {
            "process" : {
            }
          }
        },
        {
          "path" : "/Users/admin/builder/spi-builder-workspace/Tests/KadrTests/Resources/sample.png",
          "rule" : {
            "process" : {
            }
          }
        },
        {
          "path" : "/Users/admin/builder/spi-builder-workspace/Tests/KadrTests/Resources/sample.wav",
          "rule" : {
            "process" : {
            }
          }
        }
      ],
      "sources" : [
        "APIValidationTests.swift",
        "AnimationClearingModifiersTests.swift",
        "AnimationTests.swift",
        "AssetWriterExportTests.swift",
        "AudioBuilderTests.swift",
        "AudioCrossfadeTests.swift",
        "AudioSpeedTests.swift",
        "AudioTrackTimingTests.swift",
        "AudioVolumeRampTests.swift",
        "AudioWaveformTests.swift",
        "CMTimeAPITests.swift",
        "CancellationTokenTests.swift",
        "CaptionTests.swift",
        "ChromaKeyComponentsTests.swift",
        "ChromaKeyTests.swift",
        "ClipAtTimeTests.swift",
        "ClipCropTests.swift",
        "ClipIDTests.swift",
        "ClipMaskTests.swift",
        "ClipVolumeTests.swift",
        "CompositorTests.swift",
        "CropTests.swift",
        "DSLTests.swift",
        "DuckingTests.swift",
        "EdgeCasesTests.swift",
        "EmptyCompositionTests.swift",
        "ExportQualityTests.swift",
        "ExportTests.swift",
        "FilterIDRestorationTests.swift",
        "FilterIDTests.swift",
        "FilterIntensityAnimationTests.swift",
        "FilterKindTests.swift",
        "FilterPixelTests.swift",
        "FilterPresetsTests.swift",
        "FilterTests.swift",
        "IntrospectionTests.swift",
        "KadrErrorLocalizedTests.swift",
        "KadrVideoCompositorTests.swift",
        "LUTTests.swift",
        "LayoutHelpersTests.swift",
        "LayoutTests.swift",
        "MoveFiltersTests.swift",
        "MultiInputCompositorTests.swift",
        "MultiTrackEngineTests.swift",
        "MultiTrackRecursiveTests.swift",
        "OverlayLayoutAnimationTests.swift",
        "OverlayTests.swift",
        "OverlayVisibilityTests.swift",
        "PreviewAPITests.swift",
        "SampleMediaTests.swift",
        "SpeedCurveTests.swift",
        "SpeedEnumTests.swift",
        "SpeedTests.swift",
        "SugarTests.swift",
        "TestEnvironment.swift",
        "TextAnimationTests.swift",
        "TextEffectsTests.swift",
        "TrackTests.swift",
        "TransformTests.swift",
        "TransitionsTests.swift",
        "V010PolishTests.swift"
      ],
      "target_dependencies" : [
        "Kadr"
      ],
      "type" : "test"
    },
    {
      "c99name" : "KadrExamples",
      "module_type" : "SwiftTarget",
      "name" : "KadrExamples",
      "path" : "Examples",
      "sources" : [
        "APIValidation.swift",
        "SimpleEditor/ContentView.swift",
        "V020Showcase.swift",
        "V030Showcase.swift",
        "V040Showcase.swift",
        "V041Showcase.swift",
        "V050Showcase.swift",
        "V060Showcase.swift",
        "V070Showcase.swift",
        "V080Showcase.swift",
        "V090Showcase.swift",
        "V100Showcase.swift",
        "V110Showcase.swift",
        "V120Showcase.swift",
        "V140Showcase.swift",
        "V1_0_0Showcase.swift"
      ],
      "target_dependencies" : [
        "Kadr"
      ],
      "type" : "library"
    },
    {
      "c99name" : "KadrBenchmarks",
      "module_type" : "SwiftTarget",
      "name" : "KadrBenchmarks",
      "path" : "Benchmarks/KadrBenchmarks",
      "product_memberships" : [
        "KadrBenchmarks"
      ],
      "sources" : [
        "Fixtures.swift",
        "Harness.swift",
        "main.swift"
      ],
      "target_dependencies" : [
        "Kadr"
      ],
      "type" : "executable"
    },
    {
      "c99name" : "Kadr",
      "module_type" : "SwiftTarget",
      "name" : "Kadr",
      "path" : "Sources/Kadr",
      "product_memberships" : [
        "Kadr",
        "KadrBenchmarks"
      ],
      "sources" : [
        "Animation/Animatable.swift",
        "Animation/Animation.swift",
        "Animation/TimingFunction.swift",
        "DSL/AudioBuilder.swift",
        "DSL/AudioTimePitchAlgorithm.swift",
        "DSL/AudioTrack.swift",
        "DSL/BackgroundMusic.swift",
        "DSL/Caption.swift",
        "DSL/Clip.swift",
        "DSL/ImageClip+Color.swift",
        "DSL/ImageClip.swift",
        "DSL/SampleMedia.swift",
        "DSL/TitleSequence.swift",
        "DSL/Track.swift",
        "DSL/Transition.swift",
        "DSL/Video.swift",
        "DSL/VideoBuilder.swift",
        "DSL/VideoClip.swift",
        "Engine/AssetWriterExporter.swift",
        "Engine/AudioWaveform.swift",
        "Engine/AudioWaveformLoader.swift",
        "Engine/CancellationToken.swift",
        "Engine/CompositionBuilder.swift",
        "Engine/Compositor.swift",
        "Engine/CropCompositor.swift",
        "Engine/ExportEngine.swift",
        "Engine/FilterProcessor.swift",
        "Engine/ImageEncoder.swift",
        "Engine/KadrVideoCompositor.swift",
        "Engine/MaskCompositor.swift",
        "Engine/MultiInputCompositor.swift",
        "Engine/OverlayRenderer.swift",
        "Engine/PlaybackComposer.swift",
        "Engine/ReverseProcessor.swift",
        "Engine/SpeedCurveSampler.swift",
        "Engine/ThumbnailGenerator.swift",
        "Errors/KadrError+LocalizedError.swift",
        "Errors/KadrError.swift",
        "Export/ExportProgress.swift",
        "Export/ExportSettings.swift",
        "Export/Exporter.swift",
        "Export/Preset.swift",
        "Filters/ChromaKey.swift",
        "Filters/Filter.swift",
        "Filters/FilterKind.swift",
        "Filters/LUT.swift",
        "Layout/Anchor.swift",
        "Layout/ClipID.swift",
        "Layout/CropRegion.swift",
        "Layout/FilterID.swift",
        "Layout/Frame.swift",
        "Layout/LayerID.swift",
        "Layout/Layout.swift",
        "Layout/Position.swift",
        "Layout/Size.swift",
        "Layout/Transform.swift",
        "Modifiers/Clip+AnimationClearing.swift",
        "Modifiers/Clip+FilterID.swift",
        "Modifiers/Clip+Speed.swift",
        "Overlays/ImageOverlay.swift",
        "Overlays/Overlay.swift",
        "Overlays/StickerOverlay.swift",
        "Overlays/TextAnimation.swift",
        "Overlays/TextOverlay.swift",
        "Overlays/TextShadow.swift",
        "Overlays/TextStroke.swift",
        "Overlays/TextStyle.swift",
        "Overlays/Watermark.swift",
        "Platform/PlatformTypes.swift",
        "Time/Timecode.swift"
      ],
      "type" : "library"
    }
  ],
  "tools_version" : "6.0"
}
{
  "workspace" : {
    "name" : "Kadr",
    "schemes" : [
      "Kadr",
      "Kadr-Package",
      "KadrBenchmarks"
    ]
  }
}
2026-09-27 10:12:57.516 xcodebuild[651:4248] [MT] IDERunDestination: Supported platforms for the buildables in the current scheme is empty.
Running build ...
env DEVELOPER_DIR=/Applications/Xcode-27.0.0-Release.Candidate.app xcrun xcodebuild -IDEClonedSourcePackagesDirPathOverride=$PWD/.dependencies -skipMacroValidation -skipPackagePluginValidation -derivedDataPath $PWD/.derivedData build -scheme Kadr-Package -destination generic/platform=watchOS
Command line invocation:
    /Applications/Xcode-27.0.0-Release.Candidate.app/Contents/Developer/usr/bin/xcodebuild -IDEClonedSourcePackagesDirPathOverride=/Users/admin/builder/spi-builder-workspace/.dependencies -skipMacroValidation -skipPackagePluginValidation -derivedDataPath /Users/admin/builder/spi-builder-workspace/.derivedData build -scheme Kadr-Package -destination generic/platform=watchOS
Resolve Package Graph
Resolved source packages:
  Kadr: /Users/admin/builder/spi-builder-workspace
ComputePackagePrebuildTargetDependencyGraph
Prepare packages
CreateBuildRequest
SendProjectDescription
CreateBuildOperation
ComputeTargetDependencyGraph
note: Building targets in dependency order
note: Target dependency graph (3 targets)
    Target 'KadrBenchmarks-product' in project 'Kadr'
        ➜ Explicit dependency on target 'Kadr' in project 'Kadr'
    Target 'Kadr-product' in project 'Kadr'
        ➜ Explicit dependency on target 'Kadr' in project 'Kadr'
    Target 'Kadr' in project 'Kadr' (no dependencies)
GatherProvisioningInputs
CreateBuildDescription
ClangStatCache /Applications/Xcode-27.0.0-Release.Candidate.app/Contents/Developer/Toolchains/XcodeDefault.xctoolchain/usr/bin/clang-stat-cache /Applications/Xcode-27.0.0-Release.Candidate.app/Contents/Developer/Platforms/WatchOS.platform/Developer/SDKs/WatchOS27.0.sdk /Users/admin/builder/spi-builder-workspace/.derivedData/SDKStatCaches.noindex/watchos27.0-24R360-e829b21a6f8c9b70876ba0858053c04477534ef55a1706bf4c1112bbb242f0a2.sdkstatcache
    cd /Users/admin/builder/spi-builder-workspace/.swiftpm/xcode
    /Applications/Xcode-27.0.0-Release.Candidate.app/Contents/Developer/Toolchains/XcodeDefault.xctoolchain/usr/bin/clang-stat-cache /Applications/Xcode-27.0.0-Release.Candidate.app/Contents/Developer/Platforms/WatchOS.platform/Developer/SDKs/WatchOS27.0.sdk -o /Users/admin/builder/spi-builder-workspace/.derivedData/SDKStatCaches.noindex/watchos27.0-24R360-e829b21a6f8c9b70876ba0858053c04477534ef55a1706bf4c1112bbb242f0a2.sdkstatcache
SwiftDriver Kadr normal arm64_32 com.apple.xcode.tools.swift.compiler (in target 'Kadr' from project 'Kadr')
    cd /Users/admin/builder/spi-builder-workspace/.swiftpm/xcode
    builtin-SwiftDriver -- /Applications/Xcode-27.0.0-Release.Candidate.app/Contents/Developer/Toolchains/XcodeDefault.xctoolchain/usr/bin/swiftc -parse-as-library -module-name Kadr -Onone @/Users/admin/builder/spi-builder-workspace/.derivedData/Build/Intermediates.noindex/Kadr.build/Debug-watchos/Kadr-t.build/Objects-normal/arm64_32/Kadr.SwiftFileList -DSWIFT_PACKAGE -DDEBUG -DSWIFT_MODULE_RESOURCE_BUNDLE_UNAVAILABLE -DXcode -enable-experimental-feature StrictConcurrency -plugin-path /Applications/Xcode-27.0.0-Release.Candidate.app/Contents/Developer/Toolchains/XcodeDefault.xctoolchain/usr/lib/swift/host/plugins/testing -enable-experimental-feature DebugDescriptionMacro -sdk /Applications/Xcode-27.0.0-Release.Candidate.app/Contents/Developer/Platforms/WatchOS.platform/Developer/SDKs/WatchOS27.0.sdk -target arm64_32-apple-watchos10.0 -g -module-cache-path /Users/admin/builder/spi-builder-workspace/.derivedData/ModuleCache.noindex -Xfrontend -serialize-debugging-options -profile-coverage-mapping -profile-generate -enable-testing -index-store-path /Users/admin/builder/spi-builder-workspace/.derivedData/Index.noindex/DataStore -Xcc -D_LIBCPP_HARDENING_MODE\=_LIBCPP_HARDENING_MODE_DEBUG -swift-version 6 -I /Users/admin/builder/spi-builder-workspace/.derivedData/Build/Products/Debug-watchos -Isystem /Applications/Xcode-27.0.0-Release.Candidate.app/Contents/Developer/Platforms/WatchOS.platform/Developer/usr/lib -F /Users/admin/builder/spi-builder-workspace/.derivedData/Build/Products/Debug-watchos -F /Applications/Xcode-27.0.0-Release.Candidate.app/Contents/Developer/Platforms/WatchOS.platform/Developer/Library/Frameworks -F /Applications/Xcode-27.0.0-Release.Candidate.app/Contents/Developer/Platforms/WatchOS.platform/Developer/SDKs/WatchOS27.0.sdk/Developer/Library/Frameworks -c -j10 -enable-batch-mode -incremental -Xcc -ivfsstatcache -Xcc /Users/admin/builder/spi-builder-workspace/.derivedData/SDKStatCaches.noindex/watchos27.0-24R360-e829b21a6f8c9b70876ba0858053c04477534ef55a1706bf4c1112bbb242f0a2.sdkstatcache -output-file-map /Users/admin/builder/spi-builder-workspace/.derivedData/Build/Intermediates.noindex/Kadr.build/Debug-watchos/Kadr-t.build/Objects-normal/arm64_32/Kadr-OutputFileMap.json -save-temps -no-color-diagnostics -explicit-module-build -module-cache-path /Users/admin/builder/spi-builder-workspace/.derivedData/Build/Intermediates.noindex/SwiftExplicitPrecompiledModules -clang-scanner-module-cache-path /Users/admin/builder/spi-builder-workspace/.derivedData/ModuleCache.noindex -sdk-module-cache-path /Users/admin/builder/spi-builder-workspace/.derivedData/SDKExplicitPrecompiledModules -emit-dependencies -emit-module -emit-module-path /Users/admin/builder/spi-builder-workspace/.derivedData/Build/Intermediates.noindex/Kadr.build/Debug-watchos/Kadr-t.build/Objects-normal/arm64_32/Kadr.swiftmodule -serialize-diagnostics -dependency-scan-serialize-diagnostics-path /Users/admin/builder/spi-builder-workspace/.derivedData/Build/Intermediates.noindex/Kadr.build/Debug-watchos/Kadr-t.build/Objects-normal/arm64_32/Kadr-dependency-scan.dia -validate-clang-modules-once -clang-build-session-file /Users/admin/builder/spi-builder-workspace/.derivedData/ModuleCache.noindex/Session.modulevalidation -Xcc -fmodules-prune-interval\=86400 -Xcc -fmodules-prune-after\=345600 -package-name spi_builder_workspace -emit-const-values -const-gather-protocols-list /Users/admin/builder/spi-builder-workspace/.derivedData/Build/Intermediates.noindex/Kadr.build/Debug-watchos/Kadr-t.build/Objects-normal/arm64_32/Kadr_const_extract_protocols.json -Xcc -I/Users/admin/builder/spi-builder-workspace/.derivedData/Build/Products/Debug-watchos/include -Xcc -I/Users/admin/builder/spi-builder-workspace/.derivedData/Build/Intermediates.noindex/Kadr.build/Debug-watchos/Kadr-t.build/DerivedSources-normal/arm64_32 -Xcc -I/Users/admin/builder/spi-builder-workspace/.derivedData/Build/Intermediates.noindex/Kadr.build/Debug-watchos/Kadr-t.build/DerivedSources/arm64_32 -Xcc -I/Users/admin/builder/spi-builder-workspace/.derivedData/Build/Intermediates.noindex/Kadr.build/Debug-watchos/Kadr-t.build/DerivedSources -Xcc -DSWIFT_PACKAGE -Xcc -DDEBUG\=1 -emit-objc-header -emit-objc-header-path /Users/admin/builder/spi-builder-workspace/.derivedData/Build/Intermediates.noindex/Kadr.build/Debug-watchos/Kadr-t.build/Objects-normal/arm64_32/Kadr-Swift.h -working-directory /Users/admin/builder/spi-builder-workspace/.swiftpm/xcode -experimental-emit-module-separately -disable-cmo
/Users/admin/builder/spi-builder-workspace/Sources/Kadr/DSL/Video.swift:3:8: error: Unable to resolve module dependency: 'CoreImage' (in target 'Kadr' from project 'Kadr')
    note: A dependency of main module 'Kadr'
    /Users/admin/builder/spi-builder-workspace/Sources/Kadr/DSL/VideoClip.swift:3:8: note: Also imported here
    /Users/admin/builder/spi-builder-workspace/Sources/Kadr/Engine/Compositor.swift:3:8: note: Also imported here
    /Users/admin/builder/spi-builder-workspace/Sources/Kadr/Engine/CropCompositor.swift:2:8: note: Also imported here
    /Users/admin/builder/spi-builder-workspace/Sources/Kadr/Engine/FilterProcessor.swift:2:8: note: Also imported here
    /Users/admin/builder/spi-builder-workspace/Sources/Kadr/Engine/KadrVideoCompositor.swift:4:8: note: Also imported here
    /Users/admin/builder/spi-builder-workspace/Sources/Kadr/Engine/MaskCompositor.swift:2:8: note: Also imported here
    /Users/admin/builder/spi-builder-workspace/Sources/Kadr/Engine/MultiInputCompositor.swift:3:8: note: Also imported here
    /Users/admin/builder/spi-builder-workspace/Sources/Kadr/Filters/Filter.swift:2:8: note: Also imported here
/Users/admin/builder/spi-builder-workspace/Sources/Kadr/DSL/Video.swift:3:8: note: A dependency of main module 'Kadr'
import CoreImage
       ^ (in target 'Kadr' from project 'Kadr')
/Users/admin/builder/spi-builder-workspace/Sources/Kadr/DSL/VideoClip.swift:3:8: note: Also imported here
import CoreImage
       ^ (in target 'Kadr' from project 'Kadr')
/Users/admin/builder/spi-builder-workspace/Sources/Kadr/Engine/Compositor.swift:3:8: note: Also imported here
import CoreImage
       ^ (in target 'Kadr' from project 'Kadr')
/Users/admin/builder/spi-builder-workspace/Sources/Kadr/Engine/CropCompositor.swift:2:8: note: Also imported here
import CoreImage
       ^ (in target 'Kadr' from project 'Kadr')
/Users/admin/builder/spi-builder-workspace/Sources/Kadr/Engine/FilterProcessor.swift:2:8: note: Also imported here
import CoreImage
       ^ (in target 'Kadr' from project 'Kadr')
/Users/admin/builder/spi-builder-workspace/Sources/Kadr/Engine/KadrVideoCompositor.swift:4:8: note: Also imported here
import CoreImage
       ^ (in target 'Kadr' from project 'Kadr')
/Users/admin/builder/spi-builder-workspace/Sources/Kadr/Engine/MaskCompositor.swift:2:8: note: Also imported here
import CoreImage
       ^ (in target 'Kadr' from project 'Kadr')
/Users/admin/builder/spi-builder-workspace/Sources/Kadr/Engine/MultiInputCompositor.swift:3:8: note: Also imported here
import CoreImage
       ^ (in target 'Kadr' from project 'Kadr')
/Users/admin/builder/spi-builder-workspace/Sources/Kadr/Filters/Filter.swift:2:8: note: Also imported here
import CoreImage
       ^ (in target 'Kadr' from project 'Kadr')
SwiftDriver Kadr normal arm64 com.apple.xcode.tools.swift.compiler (in target 'Kadr' from project 'Kadr')
    cd /Users/admin/builder/spi-builder-workspace/.swiftpm/xcode
    builtin-SwiftDriver -- /Applications/Xcode-27.0.0-Release.Candidate.app/Contents/Developer/Toolchains/XcodeDefault.xctoolchain/usr/bin/swiftc -parse-as-library -module-name Kadr -Onone @/Users/admin/builder/spi-builder-workspace/.derivedData/Build/Intermediates.noindex/Kadr.build/Debug-watchos/Kadr-t.build/Objects-normal/arm64/Kadr.SwiftFileList -DSWIFT_PACKAGE -DDEBUG -DSWIFT_MODULE_RESOURCE_BUNDLE_UNAVAILABLE -DXcode -enable-experimental-feature StrictConcurrency -plugin-path /Applications/Xcode-27.0.0-Release.Candidate.app/Contents/Developer/Toolchains/XcodeDefault.xctoolchain/usr/lib/swift/host/plugins/testing -enable-experimental-feature DebugDescriptionMacro -sdk /Applications/Xcode-27.0.0-Release.Candidate.app/Contents/Developer/Platforms/WatchOS.platform/Developer/SDKs/WatchOS27.0.sdk -target arm64-apple-watchos10.0 -g -module-cache-path /Users/admin/builder/spi-builder-workspace/.derivedData/ModuleCache.noindex -Xfrontend -serialize-debugging-options -profile-coverage-mapping -profile-generate -enable-testing -index-store-path /Users/admin/builder/spi-builder-workspace/.derivedData/Index.noindex/DataStore -Xcc -D_LIBCPP_HARDENING_MODE\=_LIBCPP_HARDENING_MODE_DEBUG -swift-version 6 -I /Users/admin/builder/spi-builder-workspace/.derivedData/Build/Products/Debug-watchos -Isystem /Applications/Xcode-27.0.0-Release.Candidate.app/Contents/Developer/Platforms/WatchOS.platform/Developer/usr/lib -F /Users/admin/builder/spi-builder-workspace/.derivedData/Build/Products/Debug-watchos -F /Applications/Xcode-27.0.0-Release.Candidate.app/Contents/Developer/Platforms/WatchOS.platform/Developer/Library/Frameworks -F /Applications/Xcode-27.0.0-Release.Candidate.app/Contents/Developer/Platforms/WatchOS.platform/Developer/SDKs/WatchOS27.0.sdk/Developer/Library/Frameworks -c -j10 -enable-batch-mode -incremental -Xcc -ivfsstatcache -Xcc /Users/admin/builder/spi-builder-workspace/.derivedData/SDKStatCaches.noindex/watchos27.0-24R360-e829b21a6f8c9b70876ba0858053c04477534ef55a1706bf4c1112bbb242f0a2.sdkstatcache -output-file-map /Users/admin/builder/spi-builder-workspace/.derivedData/Build/Intermediates.noindex/Kadr.build/Debug-watchos/Kadr-t.build/Objects-normal/arm64/Kadr-OutputFileMap.json -save-temps -no-color-diagnostics -explicit-module-build -module-cache-path /Users/admin/builder/spi-builder-workspace/.derivedData/Build/Intermediates.noindex/SwiftExplicitPrecompiledModules -clang-scanner-module-cache-path /Users/admin/builder/spi-builder-workspace/.derivedData/ModuleCache.noindex -sdk-module-cache-path /Users/admin/builder/spi-builder-workspace/.derivedData/SDKExplicitPrecompiledModules -emit-dependencies -emit-module -emit-module-path /Users/admin/builder/spi-builder-workspace/.derivedData/Build/Intermediates.noindex/Kadr.build/Debug-watchos/Kadr-t.build/Objects-normal/arm64/Kadr.swiftmodule -serialize-diagnostics -dependency-scan-serialize-diagnostics-path /Users/admin/builder/spi-builder-workspace/.derivedData/Build/Intermediates.noindex/Kadr.build/Debug-watchos/Kadr-t.build/Objects-normal/arm64/Kadr-dependency-scan.dia -validate-clang-modules-once -clang-build-session-file /Users/admin/builder/spi-builder-workspace/.derivedData/ModuleCache.noindex/Session.modulevalidation -Xcc -fmodules-prune-interval\=86400 -Xcc -fmodules-prune-after\=345600 -package-name spi_builder_workspace -emit-const-values -const-gather-protocols-list /Users/admin/builder/spi-builder-workspace/.derivedData/Build/Intermediates.noindex/Kadr.build/Debug-watchos/Kadr-t.build/Objects-normal/arm64/Kadr_const_extract_protocols.json -Xcc -I/Users/admin/builder/spi-builder-workspace/.derivedData/Build/Products/Debug-watchos/include -Xcc -I/Users/admin/builder/spi-builder-workspace/.derivedData/Build/Intermediates.noindex/Kadr.build/Debug-watchos/Kadr-t.build/DerivedSources-normal/arm64 -Xcc -I/Users/admin/builder/spi-builder-workspace/.derivedData/Build/Intermediates.noindex/Kadr.build/Debug-watchos/Kadr-t.build/DerivedSources/arm64 -Xcc -I/Users/admin/builder/spi-builder-workspace/.derivedData/Build/Intermediates.noindex/Kadr.build/Debug-watchos/Kadr-t.build/DerivedSources -Xcc -DSWIFT_PACKAGE -Xcc -DDEBUG\=1 -emit-objc-header -emit-objc-header-path /Users/admin/builder/spi-builder-workspace/.derivedData/Build/Intermediates.noindex/Kadr.build/Debug-watchos/Kadr-t.build/Objects-normal/arm64/Kadr-Swift.h -working-directory /Users/admin/builder/spi-builder-workspace/.swiftpm/xcode -experimental-emit-module-separately -disable-cmo
/Users/admin/builder/spi-builder-workspace/Sources/Kadr/DSL/Video.swift:3:8: error: Unable to resolve module dependency: 'CoreImage' (in target 'Kadr' from project 'Kadr')
    note: A dependency of main module 'Kadr'
    /Users/admin/builder/spi-builder-workspace/Sources/Kadr/DSL/VideoClip.swift:3:8: note: Also imported here
    /Users/admin/builder/spi-builder-workspace/Sources/Kadr/Engine/Compositor.swift:3:8: note: Also imported here
    /Users/admin/builder/spi-builder-workspace/Sources/Kadr/Engine/CropCompositor.swift:2:8: note: Also imported here
    /Users/admin/builder/spi-builder-workspace/Sources/Kadr/Engine/FilterProcessor.swift:2:8: note: Also imported here
    /Users/admin/builder/spi-builder-workspace/Sources/Kadr/Engine/KadrVideoCompositor.swift:4:8: note: Also imported here
    /Users/admin/builder/spi-builder-workspace/Sources/Kadr/Engine/MaskCompositor.swift:2:8: note: Also imported here
    /Users/admin/builder/spi-builder-workspace/Sources/Kadr/Engine/MultiInputCompositor.swift:3:8: note: Also imported here
    /Users/admin/builder/spi-builder-workspace/Sources/Kadr/Filters/Filter.swift:2:8: note: Also imported here
/Users/admin/builder/spi-builder-workspace/Sources/Kadr/DSL/Video.swift:3:8: note: A dependency of main module 'Kadr'
import CoreImage
       ^ (in target 'Kadr' from project 'Kadr')
/Users/admin/builder/spi-builder-workspace/Sources/Kadr/DSL/VideoClip.swift:3:8: note: Also imported here
import CoreImage
       ^ (in target 'Kadr' from project 'Kadr')
/Users/admin/builder/spi-builder-workspace/Sources/Kadr/Engine/Compositor.swift:3:8: note: Also imported here
import CoreImage
       ^ (in target 'Kadr' from project 'Kadr')
/Users/admin/builder/spi-builder-workspace/Sources/Kadr/Engine/CropCompositor.swift:2:8: note: Also imported here
import CoreImage
       ^ (in target 'Kadr' from project 'Kadr')
/Users/admin/builder/spi-builder-workspace/Sources/Kadr/Engine/FilterProcessor.swift:2:8: note: Also imported here
import CoreImage
       ^ (in target 'Kadr' from project 'Kadr')
/Users/admin/builder/spi-builder-workspace/Sources/Kadr/Engine/KadrVideoCompositor.swift:4:8: note: Also imported here
import CoreImage
       ^ (in target 'Kadr' from project 'Kadr')
/Users/admin/builder/spi-builder-workspace/Sources/Kadr/Engine/MaskCompositor.swift:2:8: note: Also imported here
import CoreImage
       ^ (in target 'Kadr' from project 'Kadr')
/Users/admin/builder/spi-builder-workspace/Sources/Kadr/Engine/MultiInputCompositor.swift:3:8: note: Also imported here
import CoreImage
       ^ (in target 'Kadr' from project 'Kadr')
/Users/admin/builder/spi-builder-workspace/Sources/Kadr/Filters/Filter.swift:2:8: note: Also imported here
import CoreImage
       ^ (in target 'Kadr' from project 'Kadr')
PruneExplicitPrecompiledModules /Users/admin/builder/spi-builder-workspace/.derivedData/Build/Intermediates.noindex/SwiftExplicitPrecompiledModules
PruneExplicitPrecompiledModules /Users/admin/builder/spi-builder-workspace/.derivedData/Build/Intermediates.noindex/ExplicitPrecompiledModules
PruneExplicitPrecompiledModules /Users/admin/builder/spi-builder-workspace/.derivedData/SDKExplicitPrecompiledModules
2026-09-27 10:12:58.621 xcodebuild[671:4411] [MT] IDERunDestination: Supported platforms for the buildables in the current scheme is empty.
** BUILD FAILED **
The following build commands failed:
	SwiftDriver Kadr normal arm64_32 com.apple.xcode.tools.swift.compiler (in target 'Kadr' from project 'Kadr')
	SwiftDriver Kadr normal arm64 com.apple.xcode.tools.swift.compiler (in target 'Kadr' from project 'Kadr')
	Building workspace Kadr with scheme Kadr-Package
(3 failures)
BUILD FAILURE 6.4 watchOS