Build Information
Failed to build SquirrelConnector, reference 0.2.1 (5a39d4), with Swift 6.4 for tvOS using Xcode 27.0 on 15 Sep 2026 19:58:58 UTC.
Build Command
No build command. This typically means the build failed at an early stage where we determine the build command.Build Log
========================================
RunAll
========================================
Builder version: 5.1.0
Interrupt handler set up.
========================================
Checkout
========================================
Clone URL: https://github.com/swift-squirrel/squirrel-connector.git
Reference: 0.2.1
Initialized empty Git repository in /Users/admin/builder/spi-builder-workspace/.git/
From https://github.com/swift-squirrel/squirrel-connector
* tag 0.2.1 -> FETCH_HEAD
HEAD is now at 5a39d4b bugfix for arrays
Cloned https://github.com/swift-squirrel/squirrel-connector.git
Revision (git rev-parse @):
5a39d4b10dc5c6d7193a4a1b589aa37af87236ba
SUCCESS checkout https://github.com/swift-squirrel/squirrel-connector.git at 0.2.1
========================================
Build
========================================
Selected platform: tvOS
Swift version: 6.4
Building package at path: $PWD
https://github.com/swift-squirrel/squirrel-connector.git
Command line invocation:
/Applications/Xcode-27.0.0-Release.Candidate.app/Contents/Developer/usr/bin/xcodebuild -IDEClonedSourcePackagesDirPathOverride=/Users/admin/builder/spi-builder-workspace/.dependencies -resolvePackageDependencies
Resolve Package Graph
Fetching from https://github.com/OpenKitten/MongoKitten.git
Fetching from https://github.com/LeoNavel/Cache.git
Fetching from https://github.com/Swift-Squirrel/SquirrelJSON.git
Fetching from https://github.com/onmyway133/SwiftHash.git
package 'package.swift' is using Swift tools version 3.1.0 which is no longer supported; consider using '// swift-tools-version: 6.4' to specify the current tools versionResolve Package Graph
Updating from https://github.com/OpenKitten/MongoKitten.git
Updating from https://github.com/Swift-Squirrel/SquirrelJSON.git
Updating from https://github.com/LeoNavel/Cache.git
Updating from https://github.com/onmyway133/SwiftHash.git
package 'package.swift' is using Swift tools version 3.1.0 which is no longer supported; consider using '// swift-tools-version: 6.4' to specify the current tools versionResolve Package Graph
Updating from https://github.com/Swift-Squirrel/SquirrelJSON.git
Updating from https://github.com/OpenKitten/MongoKitten.git
Updating from https://github.com/LeoNavel/Cache.git
Updating from https://github.com/onmyway133/SwiftHash.git
package 'package.swift' is using Swift tools version 3.1.0 which is no longer supported; consider using '// swift-tools-version: 6.4' to specify the current tools version
Resolved source packages:
spi-builder-workspace: (null)
2026-09-15 15:58:53.793 xcodebuild[560:3035] Writing error result bundle to /var/folders/xq/y_g06wb113726d38xsyx71_h0000gn/T/ResultBundle_2026-15-09_15-58-0053.xcresult
xcodebuild: error: Could not resolve package dependencies:
package 'package.swift' is using Swift tools version 3.1.0 which is no longer supported; consider using '// swift-tools-version: 6.4' to specify the current tools version
Command line invocation:
/Applications/Xcode-27.0.0-Release.Candidate.app/Contents/Developer/usr/bin/xcodebuild -IDEClonedSourcePackagesDirPathOverride=/Users/admin/builder/spi-builder-workspace/.dependencies -resolvePackageDependencies
Resolve Package Graph
Updating from https://github.com/Swift-Squirrel/SquirrelJSON.git
Updating from https://github.com/LeoNavel/Cache.git
Updating from https://github.com/OpenKitten/MongoKitten.git
Updating from https://github.com/onmyway133/SwiftHash.git
package 'package.swift' is using Swift tools version 3.1.0 which is no longer supported; consider using '// swift-tools-version: 6.4' to specify the current tools version
Resolved source packages:
spi-builder-workspace: (null)
2026-09-15 15:58:57.960 xcodebuild[999:4844] Writing error result bundle to /var/folders/xq/y_g06wb113726d38xsyx71_h0000gn/T/ResultBundle_2026-15-09_15-58-0057.xcresult
xcodebuild: error: Could not resolve package dependencies:
package 'package.swift' is using Swift tools version 3.1.0 which is no longer supported; consider using '// swift-tools-version: 6.4' to specify the current tools version
BUILD FAILURE 6.4 tvOS