Build Information
Failed to build LaunchAgent, reference main (9f6d33), with Swift 6.4 for watchOS using Xcode 27.0 on 18 Sep 2026 06:57:05 UTC.
Build Command
env DEVELOPER_DIR=/Applications/Xcode-27.0.0-Release.Candidate.app xcrun xcodebuild -IDEClonedSourcePackagesDirPathOverride=$PWD/.dependencies -skipMacroValidation -skipPackagePluginValidation -derivedDataPath $PWD/.derivedData build -scheme LaunchAgent -destination generic/platform=watchOSBuild Log
========================================
RunAll
========================================
Builder version: 5.1.0
Interrupt handler set up.
========================================
Checkout
========================================
Clone URL: https://github.com/emorydunn/launchagent.git
Reference: main
Initialized empty Git repository in /Users/admin/builder/spi-builder-workspace/.git/
From https://github.com/emorydunn/launchagent
* branch main -> FETCH_HEAD
* [new branch] main -> origin/main
HEAD is now at 9f6d33a Set version
Cloned https://github.com/emorydunn/launchagent.git
Revision (git rev-parse @):
9f6d33abfa4a0a45a877e9b884391981c1f4152b
SUCCESS checkout https://github.com/emorydunn/launchagent.git at main
========================================
Build
========================================
Selected platform: watchOS
Swift version: 6.4
Building package at path: $PWD
https://github.com/emorydunn/launchagent.git
Command line invocation:
/Applications/Xcode-27.0.0-Release.Candidate.app/Contents/Developer/usr/bin/xcodebuild -IDEClonedSourcePackagesDirPathOverride=/Users/admin/builder/spi-builder-workspace/.dependencies -resolvePackageDependencies
Resolve Package Graph
Resolve Package Graph
Resolved source packages:
LaunchAgent: /Users/admin/builder/spi-builder-workspace
resolved source packages: LaunchAgent
2026-09-18 02:56:16.721 xcodebuild[524:2997] [MT] IDERunDestination: Supported platforms for the buildables in the current scheme is empty.
{
"dependencies" : [
],
"manifest_display_name" : "LaunchAgent",
"name" : "LaunchAgent",
"path" : "/Users/admin/builder/spi-builder-workspace",
"platforms" : [
],
"products" : [
{
"name" : "LaunchAgent",
"targets" : [
"LaunchAgent"
],
"type" : {
"library" : [
"automatic"
]
}
}
],
"targets" : [
{
"c99name" : "LaunchAgentTests",
"module_type" : "SwiftTarget",
"name" : "LaunchAgentTests",
"path" : "Tests/LaunchAgentTests",
"sources" : [
"FilePermissionsTests.swift",
"LaunchAgentTests.swift",
"LaunchAgentValiditytests.swift",
"LaunchControlTests.swift",
"ProgramTests.swift",
"StartCalendarIntervalTests.swift"
],
"target_dependencies" : [
"LaunchAgent"
],
"type" : "test"
},
{
"c99name" : "LaunchAgent",
"module_type" : "SwiftTarget",
"name" : "LaunchAgent",
"path" : "Sources/LaunchAgent",
"product_memberships" : [
"LaunchAgent"
],
"sources" : [
"Key Types/File Permissions.swift",
"Key Types/MachService.swift",
"Key Types/ProcessType.swift",
"Key Types/ResourceLimits.swift",
"Key Types/StartCalendarInterval.swift",
"Key Types/inetdCompatibility.swift",
"LaunchAgent+Status.swift",
"LaunchAgent.swift",
"LaunchControl.swift",
"String Extensions.swift"
],
"type" : "library"
}
],
"tools_version" : "4.0"
}
{
"workspace" : {
"name" : "LaunchAgent",
"schemes" : [
"LaunchAgent"
]
}
}
2026-09-18 02:56:57.417 xcodebuild[622:3887] [MT] IDERunDestination: Supported platforms for the buildables in the current scheme is empty.
Running build ...
env DEVELOPER_DIR=/Applications/Xcode-27.0.0-Release.Candidate.app xcrun xcodebuild -IDEClonedSourcePackagesDirPathOverride=$PWD/.dependencies -skipMacroValidation -skipPackagePluginValidation -derivedDataPath $PWD/.derivedData build -scheme LaunchAgent -destination generic/platform=watchOS
Command line invocation:
/Applications/Xcode-27.0.0-Release.Candidate.app/Contents/Developer/usr/bin/xcodebuild -IDEClonedSourcePackagesDirPathOverride=/Users/admin/builder/spi-builder-workspace/.dependencies -skipMacroValidation -skipPackagePluginValidation -derivedDataPath /Users/admin/builder/spi-builder-workspace/.derivedData build -scheme LaunchAgent -destination generic/platform=watchOS
Resolve Package Graph
Resolved source packages:
LaunchAgent: /Users/admin/builder/spi-builder-workspace
ComputePackagePrebuildTargetDependencyGraph
Prepare packages
CreateBuildRequest
SendProjectDescription
CreateBuildOperation
ComputeTargetDependencyGraph
note: Building targets in dependency order
note: Target dependency graph (2 targets)
Target 'LaunchAgent-product' in project 'LaunchAgent'
➜ Explicit dependency on target 'LaunchAgent' in project 'LaunchAgent'
Target 'LaunchAgent' in project 'LaunchAgent' (no dependencies)
GatherProvisioningInputs
CreateBuildDescription
ExecuteExternalTool /Applications/Xcode-27.0.0-Release.Candidate.app/Contents/Developer/Toolchains/XcodeDefault.xctoolchain/usr/bin/clang -v -E -dM -isysroot /Applications/Xcode-27.0.0-Release.Candidate.app/Contents/Developer/Platforms/WatchOS.platform/Developer/SDKs/WatchOS27.0.sdk -x c -c /dev/null
ExecuteExternalTool /Applications/Xcode-27.0.0-Release.Candidate.app/Contents/Developer/Toolchains/XcodeDefault.xctoolchain/usr/bin/swiftc --version
ExecuteExternalTool /Applications/Xcode-27.0.0-Release.Candidate.app/Contents/Developer/Toolchains/XcodeDefault.xctoolchain/usr/bin/ld -version_details
Build description signature: 652e3ffeffa5e1b6274e851097a8b8bc
Build description path: /Users/admin/builder/spi-builder-workspace/.derivedData/Build/Intermediates.noindex/XCBuildData/652e3ffeffa5e1b6274e851097a8b8bc.xcbuilddata
CreateBuildDirectory /Users/admin/builder/spi-builder-workspace/.derivedData/SDKExplicitPrecompiledModules
cd /Users/admin/builder/spi-builder-workspace/.swiftpm/xcode
builtin-create-build-directory /Users/admin/builder/spi-builder-workspace/.derivedData/SDKExplicitPrecompiledModules
CreateBuildDirectory /Users/admin/builder/spi-builder-workspace/.derivedData/ModuleCache.noindex
cd /Users/admin/builder/spi-builder-workspace/.swiftpm/xcode
builtin-create-build-directory /Users/admin/builder/spi-builder-workspace/.derivedData/ModuleCache.noindex
CreateBuildDirectory /Users/admin/builder/spi-builder-workspace/.derivedData/CompilationCache.noindex
cd /Users/admin/builder/spi-builder-workspace/.swiftpm/xcode
builtin-create-build-directory /Users/admin/builder/spi-builder-workspace/.derivedData/CompilationCache.noindex
CreateBuildDirectory /Users/admin/builder/spi-builder-workspace/.derivedData/Build/Products
cd /Users/admin/builder/spi-builder-workspace/.swiftpm/xcode
builtin-create-build-directory /Users/admin/builder/spi-builder-workspace/.derivedData/Build/Products
CreateBuildDirectory /Users/admin/builder/spi-builder-workspace/.derivedData/Build/Intermediates.noindex
cd /Users/admin/builder/spi-builder-workspace/.swiftpm/xcode
builtin-create-build-directory /Users/admin/builder/spi-builder-workspace/.derivedData/Build/Intermediates.noindex
ClangStatCache /Applications/Xcode-27.0.0-Release.Candidate.app/Contents/Developer/Toolchains/XcodeDefault.xctoolchain/usr/bin/clang-stat-cache /Applications/Xcode-27.0.0-Release.Candidate.app/Contents/Developer/Platforms/WatchOS.platform/Developer/SDKs/WatchOS27.0.sdk /Users/admin/builder/spi-builder-workspace/.derivedData/SDKStatCaches.noindex/watchos27.0-24R360-e829b21a6f8c9b70876ba0858053c04477534ef55a1706bf4c1112bbb242f0a2.sdkstatcache
cd /Users/admin/builder/spi-builder-workspace/.swiftpm/xcode
/Applications/Xcode-27.0.0-Release.Candidate.app/Contents/Developer/Toolchains/XcodeDefault.xctoolchain/usr/bin/clang-stat-cache /Applications/Xcode-27.0.0-Release.Candidate.app/Contents/Developer/Platforms/WatchOS.platform/Developer/SDKs/WatchOS27.0.sdk -o /Users/admin/builder/spi-builder-workspace/.derivedData/SDKStatCaches.noindex/watchos27.0-24R360-e829b21a6f8c9b70876ba0858053c04477534ef55a1706bf4c1112bbb242f0a2.sdkstatcache
CreateBuildDirectory /Users/admin/builder/spi-builder-workspace/.derivedData/Build/Intermediates.noindex/SwiftExplicitPrecompiledModules
cd /Users/admin/builder/spi-builder-workspace/.swiftpm/xcode
builtin-create-build-directory /Users/admin/builder/spi-builder-workspace/.derivedData/Build/Intermediates.noindex/SwiftExplicitPrecompiledModules
CreateBuildDirectory /Users/admin/builder/spi-builder-workspace/.derivedData/Build/Intermediates.noindex/PrecompiledHeaders
cd /Users/admin/builder/spi-builder-workspace/.swiftpm/xcode
builtin-create-build-directory /Users/admin/builder/spi-builder-workspace/.derivedData/Build/Intermediates.noindex/PrecompiledHeaders
CreateBuildDirectory /Users/admin/builder/spi-builder-workspace/.derivedData/Build/Intermediates.noindex/ExplicitPrecompiledModules
cd /Users/admin/builder/spi-builder-workspace/.swiftpm/xcode
builtin-create-build-directory /Users/admin/builder/spi-builder-workspace/.derivedData/Build/Intermediates.noindex/ExplicitPrecompiledModules
CreateBuildDirectory /Users/admin/builder/spi-builder-workspace/.derivedData/Build/Products/Debug-watchos
cd /Users/admin/builder/spi-builder-workspace/.swiftpm/xcode
builtin-create-build-directory /Users/admin/builder/spi-builder-workspace/.derivedData/Build/Products/Debug-watchos
CreateBuildDirectory /Users/admin/builder/spi-builder-workspace/.derivedData/Build/Intermediates.noindex/EagerLinkingTBDs/Debug-watchos
cd /Users/admin/builder/spi-builder-workspace/.swiftpm/xcode
builtin-create-build-directory /Users/admin/builder/spi-builder-workspace/.derivedData/Build/Intermediates.noindex/EagerLinkingTBDs/Debug-watchos
CreateBuildDirectory /Users/admin/builder/spi-builder-workspace/.derivedData/Build/Products/Debug-watchos/PackageFrameworks
cd /Users/admin/builder/spi-builder-workspace/.swiftpm/xcode
builtin-create-build-directory /Users/admin/builder/spi-builder-workspace/.derivedData/Build/Products/Debug-watchos/PackageFrameworks
WriteAuxiliaryFile /Users/admin/builder/spi-builder-workspace/.derivedData/Build/Intermediates.noindex/LaunchAgent.build/Debug-watchos/LaunchAgent-t.build/LaunchAgent.modulemap (in target 'LaunchAgent' from project 'LaunchAgent')
cd /Users/admin/builder/spi-builder-workspace
write-file /Users/admin/builder/spi-builder-workspace/.derivedData/Build/Intermediates.noindex/LaunchAgent.build/Debug-watchos/LaunchAgent-t.build/LaunchAgent.modulemap
WriteAuxiliaryFile /Users/admin/builder/spi-builder-workspace/.derivedData/Build/Intermediates.noindex/LaunchAgent.build/Debug-watchos/LaunchAgent-t.build/Objects-normal/arm64_32/LaunchAgent.SwiftConstValuesFileList (in target 'LaunchAgent' from project 'LaunchAgent')
cd /Users/admin/builder/spi-builder-workspace
write-file /Users/admin/builder/spi-builder-workspace/.derivedData/Build/Intermediates.noindex/LaunchAgent.build/Debug-watchos/LaunchAgent-t.build/Objects-normal/arm64_32/LaunchAgent.SwiftConstValuesFileList
WriteAuxiliaryFile /Users/admin/builder/spi-builder-workspace/.derivedData/Build/Intermediates.noindex/LaunchAgent.build/Debug-watchos/LaunchAgent-t.build/Objects-normal/arm64_32/LaunchAgent.LinkFileList (in target 'LaunchAgent' from project 'LaunchAgent')
cd /Users/admin/builder/spi-builder-workspace
write-file /Users/admin/builder/spi-builder-workspace/.derivedData/Build/Intermediates.noindex/LaunchAgent.build/Debug-watchos/LaunchAgent-t.build/Objects-normal/arm64_32/LaunchAgent.LinkFileList
WriteAuxiliaryFile /Users/admin/builder/spi-builder-workspace/.derivedData/Build/Intermediates.noindex/LaunchAgent.build/Debug-watchos/LaunchAgent-t.build/Objects-normal/arm64_32/LaunchAgent_const_extract_protocols.json (in target 'LaunchAgent' from project 'LaunchAgent')
cd /Users/admin/builder/spi-builder-workspace
write-file /Users/admin/builder/spi-builder-workspace/.derivedData/Build/Intermediates.noindex/LaunchAgent.build/Debug-watchos/LaunchAgent-t.build/Objects-normal/arm64_32/LaunchAgent_const_extract_protocols.json
WriteAuxiliaryFile /Users/admin/builder/spi-builder-workspace/.derivedData/Build/Intermediates.noindex/LaunchAgent.build/Debug-watchos/LaunchAgent-t.build/Objects-normal/arm64/LaunchAgent_const_extract_protocols.json (in target 'LaunchAgent' from project 'LaunchAgent')
cd /Users/admin/builder/spi-builder-workspace
write-file /Users/admin/builder/spi-builder-workspace/.derivedData/Build/Intermediates.noindex/LaunchAgent.build/Debug-watchos/LaunchAgent-t.build/Objects-normal/arm64/LaunchAgent_const_extract_protocols.json
WriteAuxiliaryFile /Users/admin/builder/spi-builder-workspace/.derivedData/Build/Intermediates.noindex/LaunchAgent.build/Debug-watchos/LaunchAgent-t.build/Objects-normal/arm64/LaunchAgent.SwiftFileList (in target 'LaunchAgent' from project 'LaunchAgent')
cd /Users/admin/builder/spi-builder-workspace
write-file /Users/admin/builder/spi-builder-workspace/.derivedData/Build/Intermediates.noindex/LaunchAgent.build/Debug-watchos/LaunchAgent-t.build/Objects-normal/arm64/LaunchAgent.SwiftFileList
WriteAuxiliaryFile /Users/admin/builder/spi-builder-workspace/.derivedData/Build/Intermediates.noindex/LaunchAgent.build/Debug-watchos/LaunchAgent-t.build/Objects-normal/arm64_32/LaunchAgent.SwiftFileList (in target 'LaunchAgent' from project 'LaunchAgent')
cd /Users/admin/builder/spi-builder-workspace
write-file /Users/admin/builder/spi-builder-workspace/.derivedData/Build/Intermediates.noindex/LaunchAgent.build/Debug-watchos/LaunchAgent-t.build/Objects-normal/arm64_32/LaunchAgent.SwiftFileList
WriteAuxiliaryFile /Users/admin/builder/spi-builder-workspace/.derivedData/Build/Intermediates.noindex/LaunchAgent.build/Debug-watchos/LaunchAgent-t.build/Objects-normal/arm64_32/LaunchAgent-OutputFileMap.json (in target 'LaunchAgent' from project 'LaunchAgent')
cd /Users/admin/builder/spi-builder-workspace
write-file /Users/admin/builder/spi-builder-workspace/.derivedData/Build/Intermediates.noindex/LaunchAgent.build/Debug-watchos/LaunchAgent-t.build/Objects-normal/arm64_32/LaunchAgent-OutputFileMap.json
WriteAuxiliaryFile /Users/admin/builder/spi-builder-workspace/.derivedData/Build/Intermediates.noindex/LaunchAgent.build/Debug-watchos/LaunchAgent-t.build/Objects-normal/arm64/LaunchAgent.SwiftConstValuesFileList (in target 'LaunchAgent' from project 'LaunchAgent')
cd /Users/admin/builder/spi-builder-workspace
write-file /Users/admin/builder/spi-builder-workspace/.derivedData/Build/Intermediates.noindex/LaunchAgent.build/Debug-watchos/LaunchAgent-t.build/Objects-normal/arm64/LaunchAgent.SwiftConstValuesFileList
WriteAuxiliaryFile /Users/admin/builder/spi-builder-workspace/.derivedData/Build/Intermediates.noindex/LaunchAgent.build/Debug-watchos/LaunchAgent-t.build/Objects-normal/arm64/LaunchAgent.LinkFileList (in target 'LaunchAgent' from project 'LaunchAgent')
cd /Users/admin/builder/spi-builder-workspace
write-file /Users/admin/builder/spi-builder-workspace/.derivedData/Build/Intermediates.noindex/LaunchAgent.build/Debug-watchos/LaunchAgent-t.build/Objects-normal/arm64/LaunchAgent.LinkFileList
WriteAuxiliaryFile /Users/admin/builder/spi-builder-workspace/.derivedData/Build/Intermediates.noindex/LaunchAgent.build/Debug-watchos/LaunchAgent-t.build/Objects-normal/arm64/LaunchAgent-OutputFileMap.json (in target 'LaunchAgent' from project 'LaunchAgent')
cd /Users/admin/builder/spi-builder-workspace
write-file /Users/admin/builder/spi-builder-workspace/.derivedData/Build/Intermediates.noindex/LaunchAgent.build/Debug-watchos/LaunchAgent-t.build/Objects-normal/arm64/LaunchAgent-OutputFileMap.json
WriteAuxiliaryFile /Users/admin/builder/spi-builder-workspace/.derivedData/Build/Intermediates.noindex/LaunchAgent.build/Debug-watchos/LaunchAgent-t.build/LaunchAgent.DependencyStaticMetadataFileList (in target 'LaunchAgent' from project 'LaunchAgent')
cd /Users/admin/builder/spi-builder-workspace
write-file /Users/admin/builder/spi-builder-workspace/.derivedData/Build/Intermediates.noindex/LaunchAgent.build/Debug-watchos/LaunchAgent-t.build/LaunchAgent.DependencyStaticMetadataFileList
WriteAuxiliaryFile /Users/admin/builder/spi-builder-workspace/.derivedData/Build/Intermediates.noindex/LaunchAgent.build/Debug-watchos/LaunchAgent-t.build/LaunchAgent.DependencyMetadataFileList (in target 'LaunchAgent' from project 'LaunchAgent')
cd /Users/admin/builder/spi-builder-workspace
write-file /Users/admin/builder/spi-builder-workspace/.derivedData/Build/Intermediates.noindex/LaunchAgent.build/Debug-watchos/LaunchAgent-t.build/LaunchAgent.DependencyMetadataFileList
Copy /Users/admin/builder/spi-builder-workspace/.derivedData/Build/Intermediates.noindex/GeneratedModuleMaps-watchos/LaunchAgent.modulemap /Users/admin/builder/spi-builder-workspace/.derivedData/Build/Intermediates.noindex/LaunchAgent.build/Debug-watchos/LaunchAgent-t.build/LaunchAgent.modulemap (in target 'LaunchAgent' from project 'LaunchAgent')
cd /Users/admin/builder/spi-builder-workspace
builtin-copy -exclude .DS_Store -exclude CVS -exclude .svn -exclude .git -exclude .hg -resolve-src-symlinks /Users/admin/builder/spi-builder-workspace/.derivedData/Build/Intermediates.noindex/LaunchAgent.build/Debug-watchos/LaunchAgent-t.build/LaunchAgent.modulemap /Users/admin/builder/spi-builder-workspace/.derivedData/Build/Intermediates.noindex/GeneratedModuleMaps-watchos
SwiftDriver LaunchAgent normal arm64 com.apple.xcode.tools.swift.compiler (in target 'LaunchAgent' from project 'LaunchAgent')
cd /Users/admin/builder/spi-builder-workspace/.swiftpm/xcode
builtin-SwiftDriver -- /Applications/Xcode-27.0.0-Release.Candidate.app/Contents/Developer/Toolchains/XcodeDefault.xctoolchain/usr/bin/swiftc -parse-as-library -module-name LaunchAgent -Onone @/Users/admin/builder/spi-builder-workspace/.derivedData/Build/Intermediates.noindex/LaunchAgent.build/Debug-watchos/LaunchAgent-t.build/Objects-normal/arm64/LaunchAgent.SwiftFileList -DSWIFT_PACKAGE -DDEBUG -DSWIFT_MODULE_RESOURCE_BUNDLE_UNAVAILABLE -DXcode -plugin-path /Applications/Xcode-27.0.0-Release.Candidate.app/Contents/Developer/Toolchains/XcodeDefault.xctoolchain/usr/lib/swift/host/plugins/testing -enable-experimental-feature DebugDescriptionMacro -sdk /Applications/Xcode-27.0.0-Release.Candidate.app/Contents/Developer/Platforms/WatchOS.platform/Developer/SDKs/WatchOS27.0.sdk -target arm64-apple-watchos9.0 -g -module-cache-path /Users/admin/builder/spi-builder-workspace/.derivedData/ModuleCache.noindex -Xfrontend -serialize-debugging-options -profile-coverage-mapping -profile-generate -enable-testing -index-store-path /Users/admin/builder/spi-builder-workspace/.derivedData/Index.noindex/DataStore -Xcc -D_LIBCPP_HARDENING_MODE\=_LIBCPP_HARDENING_MODE_DEBUG -swift-version 4 -I /Users/admin/builder/spi-builder-workspace/.derivedData/Build/Products/Debug-watchos -Isystem /Applications/Xcode-27.0.0-Release.Candidate.app/Contents/Developer/Platforms/WatchOS.platform/Developer/usr/lib -F /Users/admin/builder/spi-builder-workspace/.derivedData/Build/Products/Debug-watchos -F /Applications/Xcode-27.0.0-Release.Candidate.app/Contents/Developer/Platforms/WatchOS.platform/Developer/Library/Frameworks -F /Applications/Xcode-27.0.0-Release.Candidate.app/Contents/Developer/Platforms/WatchOS.platform/Developer/SDKs/WatchOS27.0.sdk/Developer/Library/Frameworks -c -j10 -enable-batch-mode -incremental -Xcc -ivfsstatcache -Xcc /Users/admin/builder/spi-builder-workspace/.derivedData/SDKStatCaches.noindex/watchos27.0-24R360-e829b21a6f8c9b70876ba0858053c04477534ef55a1706bf4c1112bbb242f0a2.sdkstatcache -output-file-map /Users/admin/builder/spi-builder-workspace/.derivedData/Build/Intermediates.noindex/LaunchAgent.build/Debug-watchos/LaunchAgent-t.build/Objects-normal/arm64/LaunchAgent-OutputFileMap.json -save-temps -no-color-diagnostics -emit-dependencies -emit-module -emit-module-path /Users/admin/builder/spi-builder-workspace/.derivedData/Build/Intermediates.noindex/LaunchAgent.build/Debug-watchos/LaunchAgent-t.build/Objects-normal/arm64/LaunchAgent.swiftmodule -serialize-diagnostics -validate-clang-modules-once -clang-build-session-file /Users/admin/builder/spi-builder-workspace/.derivedData/ModuleCache.noindex/Session.modulevalidation -Xcc -fmodules-prune-interval\=86400 -Xcc -fmodules-prune-after\=345600 -emit-const-values -const-gather-protocols-list /Users/admin/builder/spi-builder-workspace/.derivedData/Build/Intermediates.noindex/LaunchAgent.build/Debug-watchos/LaunchAgent-t.build/Objects-normal/arm64/LaunchAgent_const_extract_protocols.json -Xcc -I/Users/admin/builder/spi-builder-workspace/.derivedData/Build/Products/Debug-watchos/include -Xcc -I/Users/admin/builder/spi-builder-workspace/.derivedData/Build/Intermediates.noindex/LaunchAgent.build/Debug-watchos/LaunchAgent-t.build/DerivedSources-normal/arm64 -Xcc -I/Users/admin/builder/spi-builder-workspace/.derivedData/Build/Intermediates.noindex/LaunchAgent.build/Debug-watchos/LaunchAgent-t.build/DerivedSources/arm64 -Xcc -I/Users/admin/builder/spi-builder-workspace/.derivedData/Build/Intermediates.noindex/LaunchAgent.build/Debug-watchos/LaunchAgent-t.build/DerivedSources -Xcc -DSWIFT_PACKAGE -Xcc -DDEBUG\=1 -emit-objc-header -emit-objc-header-path /Users/admin/builder/spi-builder-workspace/.derivedData/Build/Intermediates.noindex/LaunchAgent.build/Debug-watchos/LaunchAgent-t.build/Objects-normal/arm64/LaunchAgent-Swift.h -working-directory /Users/admin/builder/spi-builder-workspace/.swiftpm/xcode -experimental-emit-module-separately -disable-cmo
SwiftDriver LaunchAgent normal arm64_32 com.apple.xcode.tools.swift.compiler (in target 'LaunchAgent' from project 'LaunchAgent')
cd /Users/admin/builder/spi-builder-workspace/.swiftpm/xcode
builtin-SwiftDriver -- /Applications/Xcode-27.0.0-Release.Candidate.app/Contents/Developer/Toolchains/XcodeDefault.xctoolchain/usr/bin/swiftc -parse-as-library -module-name LaunchAgent -Onone @/Users/admin/builder/spi-builder-workspace/.derivedData/Build/Intermediates.noindex/LaunchAgent.build/Debug-watchos/LaunchAgent-t.build/Objects-normal/arm64_32/LaunchAgent.SwiftFileList -DSWIFT_PACKAGE -DDEBUG -DSWIFT_MODULE_RESOURCE_BUNDLE_UNAVAILABLE -DXcode -plugin-path /Applications/Xcode-27.0.0-Release.Candidate.app/Contents/Developer/Toolchains/XcodeDefault.xctoolchain/usr/lib/swift/host/plugins/testing -enable-experimental-feature DebugDescriptionMacro -sdk /Applications/Xcode-27.0.0-Release.Candidate.app/Contents/Developer/Platforms/WatchOS.platform/Developer/SDKs/WatchOS27.0.sdk -target arm64_32-apple-watchos9.0 -g -module-cache-path /Users/admin/builder/spi-builder-workspace/.derivedData/ModuleCache.noindex -Xfrontend -serialize-debugging-options -profile-coverage-mapping -profile-generate -enable-testing -index-store-path /Users/admin/builder/spi-builder-workspace/.derivedData/Index.noindex/DataStore -Xcc -D_LIBCPP_HARDENING_MODE\=_LIBCPP_HARDENING_MODE_DEBUG -swift-version 4 -I /Users/admin/builder/spi-builder-workspace/.derivedData/Build/Products/Debug-watchos -Isystem /Applications/Xcode-27.0.0-Release.Candidate.app/Contents/Developer/Platforms/WatchOS.platform/Developer/usr/lib -F /Users/admin/builder/spi-builder-workspace/.derivedData/Build/Products/Debug-watchos -F /Applications/Xcode-27.0.0-Release.Candidate.app/Contents/Developer/Platforms/WatchOS.platform/Developer/Library/Frameworks -F /Applications/Xcode-27.0.0-Release.Candidate.app/Contents/Developer/Platforms/WatchOS.platform/Developer/SDKs/WatchOS27.0.sdk/Developer/Library/Frameworks -c -j10 -enable-batch-mode -incremental -Xcc -ivfsstatcache -Xcc /Users/admin/builder/spi-builder-workspace/.derivedData/SDKStatCaches.noindex/watchos27.0-24R360-e829b21a6f8c9b70876ba0858053c04477534ef55a1706bf4c1112bbb242f0a2.sdkstatcache -output-file-map /Users/admin/builder/spi-builder-workspace/.derivedData/Build/Intermediates.noindex/LaunchAgent.build/Debug-watchos/LaunchAgent-t.build/Objects-normal/arm64_32/LaunchAgent-OutputFileMap.json -save-temps -no-color-diagnostics -emit-dependencies -emit-module -emit-module-path /Users/admin/builder/spi-builder-workspace/.derivedData/Build/Intermediates.noindex/LaunchAgent.build/Debug-watchos/LaunchAgent-t.build/Objects-normal/arm64_32/LaunchAgent.swiftmodule -serialize-diagnostics -validate-clang-modules-once -clang-build-session-file /Users/admin/builder/spi-builder-workspace/.derivedData/ModuleCache.noindex/Session.modulevalidation -Xcc -fmodules-prune-interval\=86400 -Xcc -fmodules-prune-after\=345600 -emit-const-values -const-gather-protocols-list /Users/admin/builder/spi-builder-workspace/.derivedData/Build/Intermediates.noindex/LaunchAgent.build/Debug-watchos/LaunchAgent-t.build/Objects-normal/arm64_32/LaunchAgent_const_extract_protocols.json -Xcc -I/Users/admin/builder/spi-builder-workspace/.derivedData/Build/Products/Debug-watchos/include -Xcc -I/Users/admin/builder/spi-builder-workspace/.derivedData/Build/Intermediates.noindex/LaunchAgent.build/Debug-watchos/LaunchAgent-t.build/DerivedSources-normal/arm64_32 -Xcc -I/Users/admin/builder/spi-builder-workspace/.derivedData/Build/Intermediates.noindex/LaunchAgent.build/Debug-watchos/LaunchAgent-t.build/DerivedSources/arm64_32 -Xcc -I/Users/admin/builder/spi-builder-workspace/.derivedData/Build/Intermediates.noindex/LaunchAgent.build/Debug-watchos/LaunchAgent-t.build/DerivedSources -Xcc -DSWIFT_PACKAGE -Xcc -DDEBUG\=1 -emit-objc-header -emit-objc-header-path /Users/admin/builder/spi-builder-workspace/.derivedData/Build/Intermediates.noindex/LaunchAgent.build/Debug-watchos/LaunchAgent-t.build/Objects-normal/arm64_32/LaunchAgent-Swift.h -working-directory /Users/admin/builder/spi-builder-workspace/.swiftpm/xcode -experimental-emit-module-separately -disable-cmo
SwiftCompile normal arm64 Compiling\ MachService.swift /Users/admin/builder/spi-builder-workspace/Sources/LaunchAgent/Key\ Types/MachService.swift (in target 'LaunchAgent' from project 'LaunchAgent')
SwiftCompile normal arm64 /Users/admin/builder/spi-builder-workspace/Sources/LaunchAgent/Key\ Types/MachService.swift (in target 'LaunchAgent' from project 'LaunchAgent')
cd /Users/admin/builder/spi-builder-workspace/.swiftpm/xcode
builtin-SwiftPerFileCompile MachService.swift
SwiftCompile normal arm64 Compiling\ StartCalendarInterval.swift /Users/admin/builder/spi-builder-workspace/Sources/LaunchAgent/Key\ Types/StartCalendarInterval.swift (in target 'LaunchAgent' from project 'LaunchAgent')
SwiftCompile normal arm64 /Users/admin/builder/spi-builder-workspace/Sources/LaunchAgent/Key\ Types/StartCalendarInterval.swift (in target 'LaunchAgent' from project 'LaunchAgent')
cd /Users/admin/builder/spi-builder-workspace/.swiftpm/xcode
builtin-SwiftPerFileCompile StartCalendarInterval.swift
SwiftCompile normal arm64 Compiling\ ResourceLimits.swift /Users/admin/builder/spi-builder-workspace/Sources/LaunchAgent/Key\ Types/ResourceLimits.swift (in target 'LaunchAgent' from project 'LaunchAgent')
SwiftCompile normal arm64 /Users/admin/builder/spi-builder-workspace/Sources/LaunchAgent/Key\ Types/ResourceLimits.swift (in target 'LaunchAgent' from project 'LaunchAgent')
cd /Users/admin/builder/spi-builder-workspace/.swiftpm/xcode
builtin-SwiftPerFileCompile ResourceLimits.swift
SwiftCompile normal arm64 Compiling\ LaunchAgent+Status.swift /Users/admin/builder/spi-builder-workspace/Sources/LaunchAgent/LaunchAgent+Status.swift (in target 'LaunchAgent' from project 'LaunchAgent')
SwiftCompile normal arm64 /Users/admin/builder/spi-builder-workspace/Sources/LaunchAgent/LaunchAgent+Status.swift (in target 'LaunchAgent' from project 'LaunchAgent')
cd /Users/admin/builder/spi-builder-workspace/.swiftpm/xcode
builtin-SwiftPerFileCompile LaunchAgent+Status.swift
SwiftCompile normal arm64 Compiling\ inetdCompatibility.swift /Users/admin/builder/spi-builder-workspace/Sources/LaunchAgent/Key\ Types/inetdCompatibility.swift (in target 'LaunchAgent' from project 'LaunchAgent')
SwiftCompile normal arm64 /Users/admin/builder/spi-builder-workspace/Sources/LaunchAgent/Key\ Types/inetdCompatibility.swift (in target 'LaunchAgent' from project 'LaunchAgent')
cd /Users/admin/builder/spi-builder-workspace/.swiftpm/xcode
builtin-SwiftPerFileCompile inetdCompatibility.swift
SwiftCompile normal arm64 Compiling\ File\ Permissions.swift /Users/admin/builder/spi-builder-workspace/Sources/LaunchAgent/Key\ Types/File\ Permissions.swift (in target 'LaunchAgent' from project 'LaunchAgent')
SwiftCompile normal arm64 /Users/admin/builder/spi-builder-workspace/Sources/LaunchAgent/Key\ Types/File\ Permissions.swift (in target 'LaunchAgent' from project 'LaunchAgent')
cd /Users/admin/builder/spi-builder-workspace/.swiftpm/xcode
builtin-SwiftPerFileCompile File\ Permissions.swift
SwiftCompile normal arm64 Compiling\ LaunchControl.swift /Users/admin/builder/spi-builder-workspace/Sources/LaunchAgent/LaunchControl.swift (in target 'LaunchAgent' from project 'LaunchAgent')
SwiftCompile normal arm64 /Users/admin/builder/spi-builder-workspace/Sources/LaunchAgent/LaunchControl.swift (in target 'LaunchAgent' from project 'LaunchAgent')
cd /Users/admin/builder/spi-builder-workspace/.swiftpm/xcode
builtin-SwiftPerFileCompile LaunchControl.swift
SwiftCompile normal arm64 Compiling\ String\ Extensions.swift /Users/admin/builder/spi-builder-workspace/Sources/LaunchAgent/String\ Extensions.swift (in target 'LaunchAgent' from project 'LaunchAgent')
SwiftCompile normal arm64 /Users/admin/builder/spi-builder-workspace/Sources/LaunchAgent/String\ Extensions.swift (in target 'LaunchAgent' from project 'LaunchAgent')
cd /Users/admin/builder/spi-builder-workspace/.swiftpm/xcode
builtin-SwiftPerFileCompile String\ Extensions.swift
SwiftEmitModule normal arm64_32 Emitting\ module\ for\ LaunchAgent (in target 'LaunchAgent' from project 'LaunchAgent')
/Users/admin/builder/spi-builder-workspace/Sources/LaunchAgent/LaunchControl.swift:9:8: error: no such module 'SystemConfiguration'
7 |
8 | import Foundation
9 | import SystemConfiguration
| `- error: no such module 'SystemConfiguration'
10 |
11 | /// Errors related to controlling jobs
Failed frontend command:
/Applications/Xcode-27.0.0-Release.Candidate.app/Contents/Developer/Toolchains/XcodeDefault.xctoolchain/usr/bin/swift-frontend -frontend -emit-module -experimental-skip-non-inlinable-function-bodies-without-types /Users/admin/builder/spi-builder-workspace/Sources/LaunchAgent/Key\ Types/File\ Permissions.swift /Users/admin/builder/spi-builder-workspace/Sources/LaunchAgent/Key\ Types/MachService.swift /Users/admin/builder/spi-builder-workspace/Sources/LaunchAgent/Key\ Types/ProcessType.swift /Users/admin/builder/spi-builder-workspace/Sources/LaunchAgent/Key\ Types/ResourceLimits.swift /Users/admin/builder/spi-builder-workspace/Sources/LaunchAgent/Key\ Types/StartCalendarInterval.swift /Users/admin/builder/spi-builder-workspace/Sources/LaunchAgent/Key\ Types/inetdCompatibility.swift /Users/admin/builder/spi-builder-workspace/Sources/LaunchAgent/LaunchAgent+Status.swift /Users/admin/builder/spi-builder-workspace/Sources/LaunchAgent/LaunchAgent.swift /Users/admin/builder/spi-builder-workspace/Sources/LaunchAgent/LaunchControl.swift /Users/admin/builder/spi-builder-workspace/Sources/LaunchAgent/String\ Extensions.swift -target arm64_32-apple-watchos9.0 -enable-objc-interop -sdk /Applications/Xcode-27.0.0-Release.Candidate.app/Contents/Developer/Platforms/WatchOS.platform/Developer/SDKs/WatchOS27.0.sdk -I /Users/admin/builder/spi-builder-workspace/.derivedData/Build/Products/Debug-watchos -Isystem /Applications/Xcode-27.0.0-Release.Candidate.app/Contents/Developer/Platforms/WatchOS.platform/Developer/usr/lib -F /Users/admin/builder/spi-builder-workspace/.derivedData/Build/Products/Debug-watchos -F /Applications/Xcode-27.0.0-Release.Candidate.app/Contents/Developer/Platforms/WatchOS.platform/Developer/Library/Frameworks -F /Applications/Xcode-27.0.0-Release.Candidate.app/Contents/Developer/Platforms/WatchOS.platform/Developer/SDKs/WatchOS27.0.sdk/Developer/Library/Frameworks -module-cache-path /Users/admin/builder/spi-builder-workspace/.derivedData/ModuleCache.noindex -no-color-diagnostics -Xcc -fno-color-diagnostics -enable-testing -g -debug-info-format\=dwarf -dwarf-version\=4 -profile-generate -profile-coverage-mapping -swift-version 4 -Onone -D SWIFT_PACKAGE -D DEBUG -D SWIFT_MODULE_RESOURCE_BUNDLE_UNAVAILABLE -D Xcode -serialize-debugging-options -enable-experimental-feature DebugDescriptionMacro -empty-abi-descriptor -plugin-path /Applications/Xcode-27.0.0-Release.Candidate.app/Contents/Developer/Toolchains/XcodeDefault.xctoolchain/usr/lib/swift/host/plugins/testing -validate-clang-modules-once -clang-build-session-file /Users/admin/builder/spi-builder-workspace/.derivedData/ModuleCache.noindex/Session.modulevalidation -Xcc -working-directory -Xcc /Users/admin/builder/spi-builder-workspace/.swiftpm/xcode -enable-anonymous-context-mangled-names -file-compilation-dir /Users/admin/builder/spi-builder-workspace/.swiftpm/xcode -Xcc -D_LIBCPP_HARDENING_MODE\=_LIBCPP_HARDENING_MODE_DEBUG -Xcc -ivfsstatcache -Xcc /Users/admin/builder/spi-builder-workspace/.derivedData/SDKStatCaches.noindex/watchos27.0-24R360-e829b21a6f8c9b70876ba0858053c04477534ef55a1706bf4c1112bbb242f0a2.sdkstatcache -Xcc -fmodules-prune-interval\=86400 -Xcc -fmodules-prune-after\=345600 -Xcc -I/Users/admin/builder/spi-builder-workspace/.derivedData/Build/Products/Debug-watchos/include -Xcc -I/Users/admin/builder/spi-builder-workspace/.derivedData/Build/Intermediates.noindex/LaunchAgent.build/Debug-watchos/LaunchAgent-t.build/DerivedSources-normal/arm64_32 -Xcc -I/Users/admin/builder/spi-builder-workspace/.derivedData/Build/Intermediates.noindex/LaunchAgent.build/Debug-watchos/LaunchAgent-t.build/DerivedSources/arm64_32 -Xcc -I/Users/admin/builder/spi-builder-workspace/.derivedData/Build/Intermediates.noindex/LaunchAgent.build/Debug-watchos/LaunchAgent-t.build/DerivedSources -Xcc -DSWIFT_PACKAGE -Xcc -DDEBUG\=1 -no-auto-bridging-header-chaining -module-name LaunchAgent -const-gather-protocols-file /Users/admin/builder/spi-builder-workspace/.derivedData/Build/Intermediates.noindex/LaunchAgent.build/Debug-watchos/LaunchAgent-t.build/Objects-normal/arm64_32/LaunchAgent_const_extract_protocols.json -disable-clang-spi -target-sdk-version 27.0 -target-sdk-name watchos27.0 -external-plugin-path /Applications/Xcode-27.0.0-Release.Candidate.app/Contents/Developer/Platforms/WatchOS.platform/Developer/usr/lib/swift/host/plugins\#/Applications/Xcode-27.0.0-Release.Candidate.app/Contents/Developer/Platforms/WatchOS.platform/Developer/usr/bin/swift-plugin-server -external-plugin-path /Applications/Xcode-27.0.0-Release.Candidate.app/Contents/Developer/Platforms/WatchOS.platform/Developer/usr/local/lib/swift/host/plugins\#/Applications/Xcode-27.0.0-Release.Candidate.app/Contents/Developer/Platforms/WatchOS.platform/Developer/usr/bin/swift-plugin-server -in-process-plugin-server-path /Applications/Xcode-27.0.0-Release.Candidate.app/Contents/Developer/Toolchains/XcodeDefault.xctoolchain/usr/lib/swift/host/libSwiftInProcPluginServer.dylib -plugin-path /Applications/Xcode-27.0.0-Release.Candidate.app/Contents/Developer/Toolchains/XcodeDefault.xctoolchain/usr/lib/swift/host/plugins -plugin-path /Applications/Xcode-27.0.0-Release.Candidate.app/Contents/Developer/Toolchains/XcodeDefault.xctoolchain/usr/local/lib/swift/host/plugins -emit-module-doc-path /Users/admin/builder/spi-builder-workspace/.derivedData/Build/Intermediates.noindex/LaunchAgent.build/Debug-watchos/LaunchAgent-t.build/Objects-normal/arm64_32/LaunchAgent.swiftdoc -emit-module-source-info-path /Users/admin/builder/spi-builder-workspace/.derivedData/Build/Intermediates.noindex/LaunchAgent.build/Debug-watchos/LaunchAgent-t.build/Objects-normal/arm64_32/LaunchAgent.swiftsourceinfo -emit-objc-header-path /Users/admin/builder/spi-builder-workspace/.derivedData/Build/Intermediates.noindex/LaunchAgent.build/Debug-watchos/LaunchAgent-t.build/Objects-normal/arm64_32/LaunchAgent-Swift.h -serialize-diagnostics-path /Users/admin/builder/spi-builder-workspace/.derivedData/Build/Intermediates.noindex/LaunchAgent.build/Debug-watchos/LaunchAgent-t.build/Objects-normal/arm64_32/LaunchAgent-primary-emit-module.dia -emit-dependencies-path /Users/admin/builder/spi-builder-workspace/.derivedData/Build/Intermediates.noindex/LaunchAgent.build/Debug-watchos/LaunchAgent-t.build/Objects-normal/arm64_32/LaunchAgent-primary-emit-module.d -parse-as-library -o /Users/admin/builder/spi-builder-workspace/.derivedData/Build/Intermediates.noindex/LaunchAgent.build/Debug-watchos/LaunchAgent-t.build/Objects-normal/arm64_32/LaunchAgent.swiftmodule -emit-abi-descriptor-path /Users/admin/builder/spi-builder-workspace/.derivedData/Build/Intermediates.noindex/LaunchAgent.build/Debug-watchos/LaunchAgent-t.build/Objects-normal/arm64_32/LaunchAgent.abi.json
SwiftCompile normal arm64_32 (in target 'LaunchAgent' from project 'LaunchAgent')
cd /Users/admin/builder/spi-builder-workspace/.swiftpm/xcode
SwiftEmitModule normal arm64 Emitting\ module\ for\ LaunchAgent (in target 'LaunchAgent' from project 'LaunchAgent')
/Users/admin/builder/spi-builder-workspace/Sources/LaunchAgent/LaunchControl.swift:9:8: error: no such module 'SystemConfiguration'
7 |
8 | import Foundation
9 | import SystemConfiguration
| `- error: no such module 'SystemConfiguration'
10 |
11 | /// Errors related to controlling jobs
Failed frontend command:
/Applications/Xcode-27.0.0-Release.Candidate.app/Contents/Developer/Toolchains/XcodeDefault.xctoolchain/usr/bin/swift-frontend -frontend -emit-module -experimental-skip-non-inlinable-function-bodies-without-types /Users/admin/builder/spi-builder-workspace/Sources/LaunchAgent/Key\ Types/File\ Permissions.swift /Users/admin/builder/spi-builder-workspace/Sources/LaunchAgent/Key\ Types/MachService.swift /Users/admin/builder/spi-builder-workspace/Sources/LaunchAgent/Key\ Types/ProcessType.swift /Users/admin/builder/spi-builder-workspace/Sources/LaunchAgent/Key\ Types/ResourceLimits.swift /Users/admin/builder/spi-builder-workspace/Sources/LaunchAgent/Key\ Types/StartCalendarInterval.swift /Users/admin/builder/spi-builder-workspace/Sources/LaunchAgent/Key\ Types/inetdCompatibility.swift /Users/admin/builder/spi-builder-workspace/Sources/LaunchAgent/LaunchAgent+Status.swift /Users/admin/builder/spi-builder-workspace/Sources/LaunchAgent/LaunchAgent.swift /Users/admin/builder/spi-builder-workspace/Sources/LaunchAgent/LaunchControl.swift /Users/admin/builder/spi-builder-workspace/Sources/LaunchAgent/String\ Extensions.swift -target arm64-apple-watchos9.0 -Xllvm -aarch64-use-tbi -enable-objc-interop -stack-check -sdk /Applications/Xcode-27.0.0-Release.Candidate.app/Contents/Developer/Platforms/WatchOS.platform/Developer/SDKs/WatchOS27.0.sdk -I /Users/admin/builder/spi-builder-workspace/.derivedData/Build/Products/Debug-watchos -Isystem /Applications/Xcode-27.0.0-Release.Candidate.app/Contents/Developer/Platforms/WatchOS.platform/Developer/usr/lib -F /Users/admin/builder/spi-builder-workspace/.derivedData/Build/Products/Debug-watchos -F /Applications/Xcode-27.0.0-Release.Candidate.app/Contents/Developer/Platforms/WatchOS.platform/Developer/Library/Frameworks -F /Applications/Xcode-27.0.0-Release.Candidate.app/Contents/Developer/Platforms/WatchOS.platform/Developer/SDKs/WatchOS27.0.sdk/Developer/Library/Frameworks -module-cache-path /Users/admin/builder/spi-builder-workspace/.derivedData/ModuleCache.noindex -no-color-diagnostics -Xcc -fno-color-diagnostics -enable-testing -g -debug-info-format\=dwarf -dwarf-version\=4 -profile-generate -profile-coverage-mapping -swift-version 4 -Onone -D SWIFT_PACKAGE -D DEBUG -D SWIFT_MODULE_RESOURCE_BUNDLE_UNAVAILABLE -D Xcode -serialize-debugging-options -enable-experimental-feature DebugDescriptionMacro -empty-abi-descriptor -plugin-path /Applications/Xcode-27.0.0-Release.Candidate.app/Contents/Developer/Toolchains/XcodeDefault.xctoolchain/usr/lib/swift/host/plugins/testing -validate-clang-modules-once -clang-build-session-file /Users/admin/builder/spi-builder-workspace/.derivedData/ModuleCache.noindex/Session.modulevalidation -Xcc -working-directory -Xcc /Users/admin/builder/spi-builder-workspace/.swiftpm/xcode -enable-anonymous-context-mangled-names -file-compilation-dir /Users/admin/builder/spi-builder-workspace/.swiftpm/xcode -Xcc -D_LIBCPP_HARDENING_MODE\=_LIBCPP_HARDENING_MODE_DEBUG -Xcc -ivfsstatcache -Xcc /Users/admin/builder/spi-builder-workspace/.derivedData/SDKStatCaches.noindex/watchos27.0-24R360-e829b21a6f8c9b70876ba0858053c04477534ef55a1706bf4c1112bbb242f0a2.sdkstatcache -Xcc -fmodules-prune-interval\=86400 -Xcc -fmodules-prune-after\=345600 -Xcc -I/Users/admin/builder/spi-builder-workspace/.derivedData/Build/Products/Debug-watchos/include -Xcc -I/Users/admin/builder/spi-builder-workspace/.derivedData/Build/Intermediates.noindex/LaunchAgent.build/Debug-watchos/LaunchAgent-t.build/DerivedSources-normal/arm64 -Xcc -I/Users/admin/builder/spi-builder-workspace/.derivedData/Build/Intermediates.noindex/LaunchAgent.build/Debug-watchos/LaunchAgent-t.build/DerivedSources/arm64 -Xcc -I/Users/admin/builder/spi-builder-workspace/.derivedData/Build/Intermediates.noindex/LaunchAgent.build/Debug-watchos/LaunchAgent-t.build/DerivedSources -Xcc -DSWIFT_PACKAGE -Xcc -DDEBUG\=1 -no-auto-bridging-header-chaining -module-name LaunchAgent -const-gather-protocols-file /Users/admin/builder/spi-builder-workspace/.derivedData/Build/Intermediates.noindex/LaunchAgent.build/Debug-watchos/LaunchAgent-t.build/Objects-normal/arm64/LaunchAgent_const_extract_protocols.json -disable-clang-spi -target-sdk-version 27.0 -target-sdk-name watchos27.0 -external-plugin-path /Applications/Xcode-27.0.0-Release.Candidate.app/Contents/Developer/Platforms/WatchOS.platform/Developer/usr/lib/swift/host/plugins\#/Applications/Xcode-27.0.0-Release.Candidate.app/Contents/Developer/Platforms/WatchOS.platform/Developer/usr/bin/swift-plugin-server -external-plugin-path /Applications/Xcode-27.0.0-Release.Candidate.app/Contents/Developer/Platforms/WatchOS.platform/Developer/usr/local/lib/swift/host/plugins\#/Applications/Xcode-27.0.0-Release.Candidate.app/Contents/Developer/Platforms/WatchOS.platform/Developer/usr/bin/swift-plugin-server -in-process-plugin-server-path /Applications/Xcode-27.0.0-Release.Candidate.app/Contents/Developer/Toolchains/XcodeDefault.xctoolchain/usr/lib/swift/host/libSwiftInProcPluginServer.dylib -plugin-path /Applications/Xcode-27.0.0-Release.Candidate.app/Contents/Developer/Toolchains/XcodeDefault.xctoolchain/usr/lib/swift/host/plugins -plugin-path /Applications/Xcode-27.0.0-Release.Candidate.app/Contents/Developer/Toolchains/XcodeDefault.xctoolchain/usr/local/lib/swift/host/plugins -emit-module-doc-path /Users/admin/builder/spi-builder-workspace/.derivedData/Build/Intermediates.noindex/LaunchAgent.build/Debug-watchos/LaunchAgent-t.build/Objects-normal/arm64/LaunchAgent.swiftdoc -emit-module-source-info-path /Users/admin/builder/spi-builder-workspace/.derivedData/Build/Intermediates.noindex/LaunchAgent.build/Debug-watchos/LaunchAgent-t.build/Objects-normal/arm64/LaunchAgent.swiftsourceinfo -emit-objc-header-path /Users/admin/builder/spi-builder-workspace/.derivedData/Build/Intermediates.noindex/LaunchAgent.build/Debug-watchos/LaunchAgent-t.build/Objects-normal/arm64/LaunchAgent-Swift.h -serialize-diagnostics-path /Users/admin/builder/spi-builder-workspace/.derivedData/Build/Intermediates.noindex/LaunchAgent.build/Debug-watchos/LaunchAgent-t.build/Objects-normal/arm64/LaunchAgent-primary-emit-module.dia -emit-dependencies-path /Users/admin/builder/spi-builder-workspace/.derivedData/Build/Intermediates.noindex/LaunchAgent.build/Debug-watchos/LaunchAgent-t.build/Objects-normal/arm64/LaunchAgent-primary-emit-module.d -parse-as-library -o /Users/admin/builder/spi-builder-workspace/.derivedData/Build/Intermediates.noindex/LaunchAgent.build/Debug-watchos/LaunchAgent-t.build/Objects-normal/arm64/LaunchAgent.swiftmodule -emit-abi-descriptor-path /Users/admin/builder/spi-builder-workspace/.derivedData/Build/Intermediates.noindex/LaunchAgent.build/Debug-watchos/LaunchAgent-t.build/Objects-normal/arm64/LaunchAgent.abi.json
SwiftCompile normal arm64 (in target 'LaunchAgent' from project 'LaunchAgent')
cd /Users/admin/builder/spi-builder-workspace/.swiftpm/xcode
PruneExplicitPrecompiledModules /Users/admin/builder/spi-builder-workspace/.derivedData/Build/Intermediates.noindex/SwiftExplicitPrecompiledModules
PruneExplicitPrecompiledModules /Users/admin/builder/spi-builder-workspace/.derivedData/SDKExplicitPrecompiledModules
PruneExplicitPrecompiledModules /Users/admin/builder/spi-builder-workspace/.derivedData/Build/Intermediates.noindex/ExplicitPrecompiledModules
2026-09-18 02:56:59.118 xcodebuild[624:3957] [MT] IDERunDestination: Supported platforms for the buildables in the current scheme is empty.
** BUILD FAILED **
The following build commands failed:
SwiftEmitModule normal arm64_32 Emitting\ module\ for\ LaunchAgent (in target 'LaunchAgent' from project 'LaunchAgent')
SwiftCompile normal arm64_32 (in target 'LaunchAgent' from project 'LaunchAgent')
SwiftEmitModule normal arm64 Emitting\ module\ for\ LaunchAgent (in target 'LaunchAgent' from project 'LaunchAgent')
SwiftCompile normal arm64 (in target 'LaunchAgent' from project 'LaunchAgent')
Building workspace LaunchAgent with scheme LaunchAgent
(5 failures)
Command line invocation:
/Applications/Xcode-27.0.0-Release.Candidate.app/Contents/Developer/usr/bin/xcodebuild -IDEClonedSourcePackagesDirPathOverride=/Users/admin/builder/spi-builder-workspace/.dependencies -resolvePackageDependencies
Resolve Package Graph
Resolved source packages:
LaunchAgent: /Users/admin/builder/spi-builder-workspace
resolved source packages: LaunchAgent
2026-09-18 02:57:02.960 xcodebuild[669:4303] [MT] IDERunDestination: Supported platforms for the buildables in the current scheme is empty.
{
"dependencies" : [
],
"manifest_display_name" : "LaunchAgent",
"name" : "LaunchAgent",
"path" : "/Users/admin/builder/spi-builder-workspace",
"platforms" : [
],
"products" : [
{
"name" : "LaunchAgent",
"targets" : [
"LaunchAgent"
],
"type" : {
"library" : [
"automatic"
]
}
}
],
"targets" : [
{
"c99name" : "LaunchAgentTests",
"module_type" : "SwiftTarget",
"name" : "LaunchAgentTests",
"path" : "Tests/LaunchAgentTests",
"sources" : [
"FilePermissionsTests.swift",
"LaunchAgentTests.swift",
"LaunchAgentValiditytests.swift",
"LaunchControlTests.swift",
"ProgramTests.swift",
"StartCalendarIntervalTests.swift"
],
"target_dependencies" : [
"LaunchAgent"
],
"type" : "test"
},
{
"c99name" : "LaunchAgent",
"module_type" : "SwiftTarget",
"name" : "LaunchAgent",
"path" : "Sources/LaunchAgent",
"product_memberships" : [
"LaunchAgent"
],
"sources" : [
"Key Types/File Permissions.swift",
"Key Types/MachService.swift",
"Key Types/ProcessType.swift",
"Key Types/ResourceLimits.swift",
"Key Types/StartCalendarInterval.swift",
"Key Types/inetdCompatibility.swift",
"LaunchAgent+Status.swift",
"LaunchAgent.swift",
"LaunchControl.swift",
"String Extensions.swift"
],
"type" : "library"
}
],
"tools_version" : "4.0"
}
{
"workspace" : {
"name" : "LaunchAgent",
"schemes" : [
"LaunchAgent"
]
}
}
2026-09-18 02:57:04.184 xcodebuild[677:4360] [MT] IDERunDestination: Supported platforms for the buildables in the current scheme is empty.
Running build ...
env DEVELOPER_DIR=/Applications/Xcode-27.0.0-Release.Candidate.app xcrun xcodebuild -IDEClonedSourcePackagesDirPathOverride=$PWD/.dependencies -skipMacroValidation -skipPackagePluginValidation -derivedDataPath $PWD/.derivedData build -scheme LaunchAgent -destination generic/platform=watchOS
Command line invocation:
/Applications/Xcode-27.0.0-Release.Candidate.app/Contents/Developer/usr/bin/xcodebuild -IDEClonedSourcePackagesDirPathOverride=/Users/admin/builder/spi-builder-workspace/.dependencies -skipMacroValidation -skipPackagePluginValidation -derivedDataPath /Users/admin/builder/spi-builder-workspace/.derivedData build -scheme LaunchAgent -destination generic/platform=watchOS
Resolve Package Graph
Resolved source packages:
LaunchAgent: /Users/admin/builder/spi-builder-workspace
ComputePackagePrebuildTargetDependencyGraph
Prepare packages
CreateBuildRequest
SendProjectDescription
CreateBuildOperation
ComputeTargetDependencyGraph
note: Building targets in dependency order
note: Target dependency graph (2 targets)
Target 'LaunchAgent-product' in project 'LaunchAgent'
➜ Explicit dependency on target 'LaunchAgent' in project 'LaunchAgent'
Target 'LaunchAgent' in project 'LaunchAgent' (no dependencies)
GatherProvisioningInputs
CreateBuildDescription
ClangStatCache /Applications/Xcode-27.0.0-Release.Candidate.app/Contents/Developer/Toolchains/XcodeDefault.xctoolchain/usr/bin/clang-stat-cache /Applications/Xcode-27.0.0-Release.Candidate.app/Contents/Developer/Platforms/WatchOS.platform/Developer/SDKs/WatchOS27.0.sdk /Users/admin/builder/spi-builder-workspace/.derivedData/SDKStatCaches.noindex/watchos27.0-24R360-e829b21a6f8c9b70876ba0858053c04477534ef55a1706bf4c1112bbb242f0a2.sdkstatcache
cd /Users/admin/builder/spi-builder-workspace/.swiftpm/xcode
/Applications/Xcode-27.0.0-Release.Candidate.app/Contents/Developer/Toolchains/XcodeDefault.xctoolchain/usr/bin/clang-stat-cache /Applications/Xcode-27.0.0-Release.Candidate.app/Contents/Developer/Platforms/WatchOS.platform/Developer/SDKs/WatchOS27.0.sdk -o /Users/admin/builder/spi-builder-workspace/.derivedData/SDKStatCaches.noindex/watchos27.0-24R360-e829b21a6f8c9b70876ba0858053c04477534ef55a1706bf4c1112bbb242f0a2.sdkstatcache
SwiftDriver LaunchAgent normal arm64 com.apple.xcode.tools.swift.compiler (in target 'LaunchAgent' from project 'LaunchAgent')
cd /Users/admin/builder/spi-builder-workspace/.swiftpm/xcode
builtin-SwiftDriver -- /Applications/Xcode-27.0.0-Release.Candidate.app/Contents/Developer/Toolchains/XcodeDefault.xctoolchain/usr/bin/swiftc -parse-as-library -module-name LaunchAgent -Onone @/Users/admin/builder/spi-builder-workspace/.derivedData/Build/Intermediates.noindex/LaunchAgent.build/Debug-watchos/LaunchAgent-t.build/Objects-normal/arm64/LaunchAgent.SwiftFileList -DSWIFT_PACKAGE -DDEBUG -DSWIFT_MODULE_RESOURCE_BUNDLE_UNAVAILABLE -DXcode -plugin-path /Applications/Xcode-27.0.0-Release.Candidate.app/Contents/Developer/Toolchains/XcodeDefault.xctoolchain/usr/lib/swift/host/plugins/testing -enable-experimental-feature DebugDescriptionMacro -sdk /Applications/Xcode-27.0.0-Release.Candidate.app/Contents/Developer/Platforms/WatchOS.platform/Developer/SDKs/WatchOS27.0.sdk -target arm64-apple-watchos9.0 -g -module-cache-path /Users/admin/builder/spi-builder-workspace/.derivedData/ModuleCache.noindex -Xfrontend -serialize-debugging-options -profile-coverage-mapping -profile-generate -enable-testing -index-store-path /Users/admin/builder/spi-builder-workspace/.derivedData/Index.noindex/DataStore -Xcc -D_LIBCPP_HARDENING_MODE\=_LIBCPP_HARDENING_MODE_DEBUG -swift-version 4 -I /Users/admin/builder/spi-builder-workspace/.derivedData/Build/Products/Debug-watchos -Isystem /Applications/Xcode-27.0.0-Release.Candidate.app/Contents/Developer/Platforms/WatchOS.platform/Developer/usr/lib -F /Users/admin/builder/spi-builder-workspace/.derivedData/Build/Products/Debug-watchos -F /Applications/Xcode-27.0.0-Release.Candidate.app/Contents/Developer/Platforms/WatchOS.platform/Developer/Library/Frameworks -F /Applications/Xcode-27.0.0-Release.Candidate.app/Contents/Developer/Platforms/WatchOS.platform/Developer/SDKs/WatchOS27.0.sdk/Developer/Library/Frameworks -c -j10 -enable-batch-mode -incremental -Xcc -ivfsstatcache -Xcc /Users/admin/builder/spi-builder-workspace/.derivedData/SDKStatCaches.noindex/watchos27.0-24R360-e829b21a6f8c9b70876ba0858053c04477534ef55a1706bf4c1112bbb242f0a2.sdkstatcache -output-file-map /Users/admin/builder/spi-builder-workspace/.derivedData/Build/Intermediates.noindex/LaunchAgent.build/Debug-watchos/LaunchAgent-t.build/Objects-normal/arm64/LaunchAgent-OutputFileMap.json -save-temps -no-color-diagnostics -emit-dependencies -emit-module -emit-module-path /Users/admin/builder/spi-builder-workspace/.derivedData/Build/Intermediates.noindex/LaunchAgent.build/Debug-watchos/LaunchAgent-t.build/Objects-normal/arm64/LaunchAgent.swiftmodule -serialize-diagnostics -validate-clang-modules-once -clang-build-session-file /Users/admin/builder/spi-builder-workspace/.derivedData/ModuleCache.noindex/Session.modulevalidation -Xcc -fmodules-prune-interval\=86400 -Xcc -fmodules-prune-after\=345600 -emit-const-values -const-gather-protocols-list /Users/admin/builder/spi-builder-workspace/.derivedData/Build/Intermediates.noindex/LaunchAgent.build/Debug-watchos/LaunchAgent-t.build/Objects-normal/arm64/LaunchAgent_const_extract_protocols.json -Xcc -I/Users/admin/builder/spi-builder-workspace/.derivedData/Build/Products/Debug-watchos/include -Xcc -I/Users/admin/builder/spi-builder-workspace/.derivedData/Build/Intermediates.noindex/LaunchAgent.build/Debug-watchos/LaunchAgent-t.build/DerivedSources-normal/arm64 -Xcc -I/Users/admin/builder/spi-builder-workspace/.derivedData/Build/Intermediates.noindex/LaunchAgent.build/Debug-watchos/LaunchAgent-t.build/DerivedSources/arm64 -Xcc -I/Users/admin/builder/spi-builder-workspace/.derivedData/Build/Intermediates.noindex/LaunchAgent.build/Debug-watchos/LaunchAgent-t.build/DerivedSources -Xcc -DSWIFT_PACKAGE -Xcc -DDEBUG\=1 -emit-objc-header -emit-objc-header-path /Users/admin/builder/spi-builder-workspace/.derivedData/Build/Intermediates.noindex/LaunchAgent.build/Debug-watchos/LaunchAgent-t.build/Objects-normal/arm64/LaunchAgent-Swift.h -working-directory /Users/admin/builder/spi-builder-workspace/.swiftpm/xcode -experimental-emit-module-separately -disable-cmo
SwiftDriver LaunchAgent normal arm64_32 com.apple.xcode.tools.swift.compiler (in target 'LaunchAgent' from project 'LaunchAgent')
cd /Users/admin/builder/spi-builder-workspace/.swiftpm/xcode
builtin-SwiftDriver -- /Applications/Xcode-27.0.0-Release.Candidate.app/Contents/Developer/Toolchains/XcodeDefault.xctoolchain/usr/bin/swiftc -parse-as-library -module-name LaunchAgent -Onone @/Users/admin/builder/spi-builder-workspace/.derivedData/Build/Intermediates.noindex/LaunchAgent.build/Debug-watchos/LaunchAgent-t.build/Objects-normal/arm64_32/LaunchAgent.SwiftFileList -DSWIFT_PACKAGE -DDEBUG -DSWIFT_MODULE_RESOURCE_BUNDLE_UNAVAILABLE -DXcode -plugin-path /Applications/Xcode-27.0.0-Release.Candidate.app/Contents/Developer/Toolchains/XcodeDefault.xctoolchain/usr/lib/swift/host/plugins/testing -enable-experimental-feature DebugDescriptionMacro -sdk /Applications/Xcode-27.0.0-Release.Candidate.app/Contents/Developer/Platforms/WatchOS.platform/Developer/SDKs/WatchOS27.0.sdk -target arm64_32-apple-watchos9.0 -g -module-cache-path /Users/admin/builder/spi-builder-workspace/.derivedData/ModuleCache.noindex -Xfrontend -serialize-debugging-options -profile-coverage-mapping -profile-generate -enable-testing -index-store-path /Users/admin/builder/spi-builder-workspace/.derivedData/Index.noindex/DataStore -Xcc -D_LIBCPP_HARDENING_MODE\=_LIBCPP_HARDENING_MODE_DEBUG -swift-version 4 -I /Users/admin/builder/spi-builder-workspace/.derivedData/Build/Products/Debug-watchos -Isystem /Applications/Xcode-27.0.0-Release.Candidate.app/Contents/Developer/Platforms/WatchOS.platform/Developer/usr/lib -F /Users/admin/builder/spi-builder-workspace/.derivedData/Build/Products/Debug-watchos -F /Applications/Xcode-27.0.0-Release.Candidate.app/Contents/Developer/Platforms/WatchOS.platform/Developer/Library/Frameworks -F /Applications/Xcode-27.0.0-Release.Candidate.app/Contents/Developer/Platforms/WatchOS.platform/Developer/SDKs/WatchOS27.0.sdk/Developer/Library/Frameworks -c -j10 -enable-batch-mode -incremental -Xcc -ivfsstatcache -Xcc /Users/admin/builder/spi-builder-workspace/.derivedData/SDKStatCaches.noindex/watchos27.0-24R360-e829b21a6f8c9b70876ba0858053c04477534ef55a1706bf4c1112bbb242f0a2.sdkstatcache -output-file-map /Users/admin/builder/spi-builder-workspace/.derivedData/Build/Intermediates.noindex/LaunchAgent.build/Debug-watchos/LaunchAgent-t.build/Objects-normal/arm64_32/LaunchAgent-OutputFileMap.json -save-temps -no-color-diagnostics -emit-dependencies -emit-module -emit-module-path /Users/admin/builder/spi-builder-workspace/.derivedData/Build/Intermediates.noindex/LaunchAgent.build/Debug-watchos/LaunchAgent-t.build/Objects-normal/arm64_32/LaunchAgent.swiftmodule -serialize-diagnostics -validate-clang-modules-once -clang-build-session-file /Users/admin/builder/spi-builder-workspace/.derivedData/ModuleCache.noindex/Session.modulevalidation -Xcc -fmodules-prune-interval\=86400 -Xcc -fmodules-prune-after\=345600 -emit-const-values -const-gather-protocols-list /Users/admin/builder/spi-builder-workspace/.derivedData/Build/Intermediates.noindex/LaunchAgent.build/Debug-watchos/LaunchAgent-t.build/Objects-normal/arm64_32/LaunchAgent_const_extract_protocols.json -Xcc -I/Users/admin/builder/spi-builder-workspace/.derivedData/Build/Products/Debug-watchos/include -Xcc -I/Users/admin/builder/spi-builder-workspace/.derivedData/Build/Intermediates.noindex/LaunchAgent.build/Debug-watchos/LaunchAgent-t.build/DerivedSources-normal/arm64_32 -Xcc -I/Users/admin/builder/spi-builder-workspace/.derivedData/Build/Intermediates.noindex/LaunchAgent.build/Debug-watchos/LaunchAgent-t.build/DerivedSources/arm64_32 -Xcc -I/Users/admin/builder/spi-builder-workspace/.derivedData/Build/Intermediates.noindex/LaunchAgent.build/Debug-watchos/LaunchAgent-t.build/DerivedSources -Xcc -DSWIFT_PACKAGE -Xcc -DDEBUG\=1 -emit-objc-header -emit-objc-header-path /Users/admin/builder/spi-builder-workspace/.derivedData/Build/Intermediates.noindex/LaunchAgent.build/Debug-watchos/LaunchAgent-t.build/Objects-normal/arm64_32/LaunchAgent-Swift.h -working-directory /Users/admin/builder/spi-builder-workspace/.swiftpm/xcode -experimental-emit-module-separately -disable-cmo
SwiftCompile normal arm64 Compiling\ ResourceLimits.swift /Users/admin/builder/spi-builder-workspace/Sources/LaunchAgent/Key\ Types/ResourceLimits.swift (in target 'LaunchAgent' from project 'LaunchAgent')
SwiftCompile normal arm64 /Users/admin/builder/spi-builder-workspace/Sources/LaunchAgent/Key\ Types/ResourceLimits.swift (in target 'LaunchAgent' from project 'LaunchAgent')
cd /Users/admin/builder/spi-builder-workspace/.swiftpm/xcode
builtin-SwiftPerFileCompile ResourceLimits.swift
SwiftCompile normal arm64 Compiling\ ProcessType.swift /Users/admin/builder/spi-builder-workspace/Sources/LaunchAgent/Key\ Types/ProcessType.swift (in target 'LaunchAgent' from project 'LaunchAgent')
SwiftCompile normal arm64 /Users/admin/builder/spi-builder-workspace/Sources/LaunchAgent/Key\ Types/ProcessType.swift (in target 'LaunchAgent' from project 'LaunchAgent')
cd /Users/admin/builder/spi-builder-workspace/.swiftpm/xcode
builtin-SwiftPerFileCompile ProcessType.swift
SwiftCompile normal arm64 Compiling\ StartCalendarInterval.swift /Users/admin/builder/spi-builder-workspace/Sources/LaunchAgent/Key\ Types/StartCalendarInterval.swift (in target 'LaunchAgent' from project 'LaunchAgent')
SwiftCompile normal arm64 /Users/admin/builder/spi-builder-workspace/Sources/LaunchAgent/Key\ Types/StartCalendarInterval.swift (in target 'LaunchAgent' from project 'LaunchAgent')
cd /Users/admin/builder/spi-builder-workspace/.swiftpm/xcode
builtin-SwiftPerFileCompile StartCalendarInterval.swift
SwiftEmitModule normal arm64 Emitting\ module\ for\ LaunchAgent (in target 'LaunchAgent' from project 'LaunchAgent')
/Users/admin/builder/spi-builder-workspace/Sources/LaunchAgent/LaunchControl.swift:9:8: error: no such module 'SystemConfiguration'
7 |
8 | import Foundation
9 | import SystemConfiguration
| `- error: no such module 'SystemConfiguration'
10 |
11 | /// Errors related to controlling jobs
Failed frontend command:
/Applications/Xcode-27.0.0-Release.Candidate.app/Contents/Developer/Toolchains/XcodeDefault.xctoolchain/usr/bin/swift-frontend -frontend -emit-module -experimental-skip-non-inlinable-function-bodies-without-types /Users/admin/builder/spi-builder-workspace/Sources/LaunchAgent/Key\ Types/File\ Permissions.swift /Users/admin/builder/spi-builder-workspace/Sources/LaunchAgent/Key\ Types/MachService.swift /Users/admin/builder/spi-builder-workspace/Sources/LaunchAgent/Key\ Types/ProcessType.swift /Users/admin/builder/spi-builder-workspace/Sources/LaunchAgent/Key\ Types/ResourceLimits.swift /Users/admin/builder/spi-builder-workspace/Sources/LaunchAgent/Key\ Types/StartCalendarInterval.swift /Users/admin/builder/spi-builder-workspace/Sources/LaunchAgent/Key\ Types/inetdCompatibility.swift /Users/admin/builder/spi-builder-workspace/Sources/LaunchAgent/LaunchAgent+Status.swift /Users/admin/builder/spi-builder-workspace/Sources/LaunchAgent/LaunchAgent.swift /Users/admin/builder/spi-builder-workspace/Sources/LaunchAgent/LaunchControl.swift /Users/admin/builder/spi-builder-workspace/Sources/LaunchAgent/String\ Extensions.swift -target arm64-apple-watchos9.0 -Xllvm -aarch64-use-tbi -enable-objc-interop -stack-check -sdk /Applications/Xcode-27.0.0-Release.Candidate.app/Contents/Developer/Platforms/WatchOS.platform/Developer/SDKs/WatchOS27.0.sdk -I /Users/admin/builder/spi-builder-workspace/.derivedData/Build/Products/Debug-watchos -Isystem /Applications/Xcode-27.0.0-Release.Candidate.app/Contents/Developer/Platforms/WatchOS.platform/Developer/usr/lib -F /Users/admin/builder/spi-builder-workspace/.derivedData/Build/Products/Debug-watchos -F /Applications/Xcode-27.0.0-Release.Candidate.app/Contents/Developer/Platforms/WatchOS.platform/Developer/Library/Frameworks -F /Applications/Xcode-27.0.0-Release.Candidate.app/Contents/Developer/Platforms/WatchOS.platform/Developer/SDKs/WatchOS27.0.sdk/Developer/Library/Frameworks -module-cache-path /Users/admin/builder/spi-builder-workspace/.derivedData/ModuleCache.noindex -no-color-diagnostics -Xcc -fno-color-diagnostics -enable-testing -g -debug-info-format\=dwarf -dwarf-version\=4 -profile-generate -profile-coverage-mapping -swift-version 4 -Onone -D SWIFT_PACKAGE -D DEBUG -D SWIFT_MODULE_RESOURCE_BUNDLE_UNAVAILABLE -D Xcode -serialize-debugging-options -enable-experimental-feature DebugDescriptionMacro -empty-abi-descriptor -plugin-path /Applications/Xcode-27.0.0-Release.Candidate.app/Contents/Developer/Toolchains/XcodeDefault.xctoolchain/usr/lib/swift/host/plugins/testing -validate-clang-modules-once -clang-build-session-file /Users/admin/builder/spi-builder-workspace/.derivedData/ModuleCache.noindex/Session.modulevalidation -Xcc -working-directory -Xcc /Users/admin/builder/spi-builder-workspace/.swiftpm/xcode -enable-anonymous-context-mangled-names -file-compilation-dir /Users/admin/builder/spi-builder-workspace/.swiftpm/xcode -Xcc -D_LIBCPP_HARDENING_MODE\=_LIBCPP_HARDENING_MODE_DEBUG -Xcc -ivfsstatcache -Xcc /Users/admin/builder/spi-builder-workspace/.derivedData/SDKStatCaches.noindex/watchos27.0-24R360-e829b21a6f8c9b70876ba0858053c04477534ef55a1706bf4c1112bbb242f0a2.sdkstatcache -Xcc -fmodules-prune-interval\=86400 -Xcc -fmodules-prune-after\=345600 -Xcc -I/Users/admin/builder/spi-builder-workspace/.derivedData/Build/Products/Debug-watchos/include -Xcc -I/Users/admin/builder/spi-builder-workspace/.derivedData/Build/Intermediates.noindex/LaunchAgent.build/Debug-watchos/LaunchAgent-t.build/DerivedSources-normal/arm64 -Xcc -I/Users/admin/builder/spi-builder-workspace/.derivedData/Build/Intermediates.noindex/LaunchAgent.build/Debug-watchos/LaunchAgent-t.build/DerivedSources/arm64 -Xcc -I/Users/admin/builder/spi-builder-workspace/.derivedData/Build/Intermediates.noindex/LaunchAgent.build/Debug-watchos/LaunchAgent-t.build/DerivedSources -Xcc -DSWIFT_PACKAGE -Xcc -DDEBUG\=1 -no-auto-bridging-header-chaining -module-name LaunchAgent -const-gather-protocols-file /Users/admin/builder/spi-builder-workspace/.derivedData/Build/Intermediates.noindex/LaunchAgent.build/Debug-watchos/LaunchAgent-t.build/Objects-normal/arm64/LaunchAgent_const_extract_protocols.json -disable-clang-spi -target-sdk-version 27.0 -target-sdk-name watchos27.0 -external-plugin-path /Applications/Xcode-27.0.0-Release.Candidate.app/Contents/Developer/Platforms/WatchOS.platform/Developer/usr/lib/swift/host/plugins\#/Applications/Xcode-27.0.0-Release.Candidate.app/Contents/Developer/Platforms/WatchOS.platform/Developer/usr/bin/swift-plugin-server -external-plugin-path /Applications/Xcode-27.0.0-Release.Candidate.app/Contents/Developer/Platforms/WatchOS.platform/Developer/usr/local/lib/swift/host/plugins\#/Applications/Xcode-27.0.0-Release.Candidate.app/Contents/Developer/Platforms/WatchOS.platform/Developer/usr/bin/swift-plugin-server -in-process-plugin-server-path /Applications/Xcode-27.0.0-Release.Candidate.app/Contents/Developer/Toolchains/XcodeDefault.xctoolchain/usr/lib/swift/host/libSwiftInProcPluginServer.dylib -plugin-path /Applications/Xcode-27.0.0-Release.Candidate.app/Contents/Developer/Toolchains/XcodeDefault.xctoolchain/usr/lib/swift/host/plugins -plugin-path /Applications/Xcode-27.0.0-Release.Candidate.app/Contents/Developer/Toolchains/XcodeDefault.xctoolchain/usr/local/lib/swift/host/plugins -emit-module-doc-path /Users/admin/builder/spi-builder-workspace/.derivedData/Build/Intermediates.noindex/LaunchAgent.build/Debug-watchos/LaunchAgent-t.build/Objects-normal/arm64/LaunchAgent.swiftdoc -emit-module-source-info-path /Users/admin/builder/spi-builder-workspace/.derivedData/Build/Intermediates.noindex/LaunchAgent.build/Debug-watchos/LaunchAgent-t.build/Objects-normal/arm64/LaunchAgent.swiftsourceinfo -emit-objc-header-path /Users/admin/builder/spi-builder-workspace/.derivedData/Build/Intermediates.noindex/LaunchAgent.build/Debug-watchos/LaunchAgent-t.build/Objects-normal/arm64/LaunchAgent-Swift.h -serialize-diagnostics-path /Users/admin/builder/spi-builder-workspace/.derivedData/Build/Intermediates.noindex/LaunchAgent.build/Debug-watchos/LaunchAgent-t.build/Objects-normal/arm64/LaunchAgent-primary-emit-module.dia -emit-dependencies-path /Users/admin/builder/spi-builder-workspace/.derivedData/Build/Intermediates.noindex/LaunchAgent.build/Debug-watchos/LaunchAgent-t.build/Objects-normal/arm64/LaunchAgent-primary-emit-module.d -parse-as-library -o /Users/admin/builder/spi-builder-workspace/.derivedData/Build/Intermediates.noindex/LaunchAgent.build/Debug-watchos/LaunchAgent-t.build/Objects-normal/arm64/LaunchAgent.swiftmodule -emit-abi-descriptor-path /Users/admin/builder/spi-builder-workspace/.derivedData/Build/Intermediates.noindex/LaunchAgent.build/Debug-watchos/LaunchAgent-t.build/Objects-normal/arm64/LaunchAgent.abi.json
SwiftCompile normal arm64 (in target 'LaunchAgent' from project 'LaunchAgent')
cd /Users/admin/builder/spi-builder-workspace/.swiftpm/xcode
SwiftEmitModule normal arm64_32 Emitting\ module\ for\ LaunchAgent (in target 'LaunchAgent' from project 'LaunchAgent')
/Users/admin/builder/spi-builder-workspace/Sources/LaunchAgent/LaunchControl.swift:9:8: error: no such module 'SystemConfiguration'
7 |
8 | import Foundation
9 | import SystemConfiguration
| `- error: no such module 'SystemConfiguration'
10 |
11 | /// Errors related to controlling jobs
Failed frontend command:
/Applications/Xcode-27.0.0-Release.Candidate.app/Contents/Developer/Toolchains/XcodeDefault.xctoolchain/usr/bin/swift-frontend -frontend -emit-module -experimental-skip-non-inlinable-function-bodies-without-types /Users/admin/builder/spi-builder-workspace/Sources/LaunchAgent/Key\ Types/File\ Permissions.swift /Users/admin/builder/spi-builder-workspace/Sources/LaunchAgent/Key\ Types/MachService.swift /Users/admin/builder/spi-builder-workspace/Sources/LaunchAgent/Key\ Types/ProcessType.swift /Users/admin/builder/spi-builder-workspace/Sources/LaunchAgent/Key\ Types/ResourceLimits.swift /Users/admin/builder/spi-builder-workspace/Sources/LaunchAgent/Key\ Types/StartCalendarInterval.swift /Users/admin/builder/spi-builder-workspace/Sources/LaunchAgent/Key\ Types/inetdCompatibility.swift /Users/admin/builder/spi-builder-workspace/Sources/LaunchAgent/LaunchAgent+Status.swift /Users/admin/builder/spi-builder-workspace/Sources/LaunchAgent/LaunchAgent.swift /Users/admin/builder/spi-builder-workspace/Sources/LaunchAgent/LaunchControl.swift /Users/admin/builder/spi-builder-workspace/Sources/LaunchAgent/String\ Extensions.swift -target arm64_32-apple-watchos9.0 -enable-objc-interop -sdk /Applications/Xcode-27.0.0-Release.Candidate.app/Contents/Developer/Platforms/WatchOS.platform/Developer/SDKs/WatchOS27.0.sdk -I /Users/admin/builder/spi-builder-workspace/.derivedData/Build/Products/Debug-watchos -Isystem /Applications/Xcode-27.0.0-Release.Candidate.app/Contents/Developer/Platforms/WatchOS.platform/Developer/usr/lib -F /Users/admin/builder/spi-builder-workspace/.derivedData/Build/Products/Debug-watchos -F /Applications/Xcode-27.0.0-Release.Candidate.app/Contents/Developer/Platforms/WatchOS.platform/Developer/Library/Frameworks -F /Applications/Xcode-27.0.0-Release.Candidate.app/Contents/Developer/Platforms/WatchOS.platform/Developer/SDKs/WatchOS27.0.sdk/Developer/Library/Frameworks -module-cache-path /Users/admin/builder/spi-builder-workspace/.derivedData/ModuleCache.noindex -no-color-diagnostics -Xcc -fno-color-diagnostics -enable-testing -g -debug-info-format\=dwarf -dwarf-version\=4 -profile-generate -profile-coverage-mapping -swift-version 4 -Onone -D SWIFT_PACKAGE -D DEBUG -D SWIFT_MODULE_RESOURCE_BUNDLE_UNAVAILABLE -D Xcode -serialize-debugging-options -enable-experimental-feature DebugDescriptionMacro -empty-abi-descriptor -plugin-path /Applications/Xcode-27.0.0-Release.Candidate.app/Contents/Developer/Toolchains/XcodeDefault.xctoolchain/usr/lib/swift/host/plugins/testing -validate-clang-modules-once -clang-build-session-file /Users/admin/builder/spi-builder-workspace/.derivedData/ModuleCache.noindex/Session.modulevalidation -Xcc -working-directory -Xcc /Users/admin/builder/spi-builder-workspace/.swiftpm/xcode -enable-anonymous-context-mangled-names -file-compilation-dir /Users/admin/builder/spi-builder-workspace/.swiftpm/xcode -Xcc -D_LIBCPP_HARDENING_MODE\=_LIBCPP_HARDENING_MODE_DEBUG -Xcc -ivfsstatcache -Xcc /Users/admin/builder/spi-builder-workspace/.derivedData/SDKStatCaches.noindex/watchos27.0-24R360-e829b21a6f8c9b70876ba0858053c04477534ef55a1706bf4c1112bbb242f0a2.sdkstatcache -Xcc -fmodules-prune-interval\=86400 -Xcc -fmodules-prune-after\=345600 -Xcc -I/Users/admin/builder/spi-builder-workspace/.derivedData/Build/Products/Debug-watchos/include -Xcc -I/Users/admin/builder/spi-builder-workspace/.derivedData/Build/Intermediates.noindex/LaunchAgent.build/Debug-watchos/LaunchAgent-t.build/DerivedSources-normal/arm64_32 -Xcc -I/Users/admin/builder/spi-builder-workspace/.derivedData/Build/Intermediates.noindex/LaunchAgent.build/Debug-watchos/LaunchAgent-t.build/DerivedSources/arm64_32 -Xcc -I/Users/admin/builder/spi-builder-workspace/.derivedData/Build/Intermediates.noindex/LaunchAgent.build/Debug-watchos/LaunchAgent-t.build/DerivedSources -Xcc -DSWIFT_PACKAGE -Xcc -DDEBUG\=1 -no-auto-bridging-header-chaining -module-name LaunchAgent -const-gather-protocols-file /Users/admin/builder/spi-builder-workspace/.derivedData/Build/Intermediates.noindex/LaunchAgent.build/Debug-watchos/LaunchAgent-t.build/Objects-normal/arm64_32/LaunchAgent_const_extract_protocols.json -disable-clang-spi -target-sdk-version 27.0 -target-sdk-name watchos27.0 -external-plugin-path /Applications/Xcode-27.0.0-Release.Candidate.app/Contents/Developer/Platforms/WatchOS.platform/Developer/usr/lib/swift/host/plugins\#/Applications/Xcode-27.0.0-Release.Candidate.app/Contents/Developer/Platforms/WatchOS.platform/Developer/usr/bin/swift-plugin-server -external-plugin-path /Applications/Xcode-27.0.0-Release.Candidate.app/Contents/Developer/Platforms/WatchOS.platform/Developer/usr/local/lib/swift/host/plugins\#/Applications/Xcode-27.0.0-Release.Candidate.app/Contents/Developer/Platforms/WatchOS.platform/Developer/usr/bin/swift-plugin-server -in-process-plugin-server-path /Applications/Xcode-27.0.0-Release.Candidate.app/Contents/Developer/Toolchains/XcodeDefault.xctoolchain/usr/lib/swift/host/libSwiftInProcPluginServer.dylib -plugin-path /Applications/Xcode-27.0.0-Release.Candidate.app/Contents/Developer/Toolchains/XcodeDefault.xctoolchain/usr/lib/swift/host/plugins -plugin-path /Applications/Xcode-27.0.0-Release.Candidate.app/Contents/Developer/Toolchains/XcodeDefault.xctoolchain/usr/local/lib/swift/host/plugins -emit-module-doc-path /Users/admin/builder/spi-builder-workspace/.derivedData/Build/Intermediates.noindex/LaunchAgent.build/Debug-watchos/LaunchAgent-t.build/Objects-normal/arm64_32/LaunchAgent.swiftdoc -emit-module-source-info-path /Users/admin/builder/spi-builder-workspace/.derivedData/Build/Intermediates.noindex/LaunchAgent.build/Debug-watchos/LaunchAgent-t.build/Objects-normal/arm64_32/LaunchAgent.swiftsourceinfo -emit-objc-header-path /Users/admin/builder/spi-builder-workspace/.derivedData/Build/Intermediates.noindex/LaunchAgent.build/Debug-watchos/LaunchAgent-t.build/Objects-normal/arm64_32/LaunchAgent-Swift.h -serialize-diagnostics-path /Users/admin/builder/spi-builder-workspace/.derivedData/Build/Intermediates.noindex/LaunchAgent.build/Debug-watchos/LaunchAgent-t.build/Objects-normal/arm64_32/LaunchAgent-primary-emit-module.dia -emit-dependencies-path /Users/admin/builder/spi-builder-workspace/.derivedData/Build/Intermediates.noindex/LaunchAgent.build/Debug-watchos/LaunchAgent-t.build/Objects-normal/arm64_32/LaunchAgent-primary-emit-module.d -parse-as-library -o /Users/admin/builder/spi-builder-workspace/.derivedData/Build/Intermediates.noindex/LaunchAgent.build/Debug-watchos/LaunchAgent-t.build/Objects-normal/arm64_32/LaunchAgent.swiftmodule -emit-abi-descriptor-path /Users/admin/builder/spi-builder-workspace/.derivedData/Build/Intermediates.noindex/LaunchAgent.build/Debug-watchos/LaunchAgent-t.build/Objects-normal/arm64_32/LaunchAgent.abi.json
SwiftCompile normal arm64_32 (in target 'LaunchAgent' from project 'LaunchAgent')
cd /Users/admin/builder/spi-builder-workspace/.swiftpm/xcode
SwiftCompile normal arm64_32 Compiling\ LaunchAgent.swift /Users/admin/builder/spi-builder-workspace/Sources/LaunchAgent/LaunchAgent.swift (in target 'LaunchAgent' from project 'LaunchAgent')
SwiftCompile normal arm64_32 /Users/admin/builder/spi-builder-workspace/Sources/LaunchAgent/LaunchAgent.swift (in target 'LaunchAgent' from project 'LaunchAgent')
cd /Users/admin/builder/spi-builder-workspace/.swiftpm/xcode
builtin-SwiftPerFileCompile LaunchAgent.swift
SwiftCompile normal arm64_32 Compiling\ LaunchControl.swift /Users/admin/builder/spi-builder-workspace/Sources/LaunchAgent/LaunchControl.swift (in target 'LaunchAgent' from project 'LaunchAgent')
SwiftCompile normal arm64_32 /Users/admin/builder/spi-builder-workspace/Sources/LaunchAgent/LaunchControl.swift (in target 'LaunchAgent' from project 'LaunchAgent')
cd /Users/admin/builder/spi-builder-workspace/.swiftpm/xcode
builtin-SwiftPerFileCompile LaunchControl.swift
SwiftCompile normal arm64_32 Compiling\ ProcessType.swift /Users/admin/builder/spi-builder-workspace/Sources/LaunchAgent/Key\ Types/ProcessType.swift (in target 'LaunchAgent' from project 'LaunchAgent')
SwiftCompile normal arm64_32 /Users/admin/builder/spi-builder-workspace/Sources/LaunchAgent/Key\ Types/ProcessType.swift (in target 'LaunchAgent' from project 'LaunchAgent')
cd /Users/admin/builder/spi-builder-workspace/.swiftpm/xcode
builtin-SwiftPerFileCompile ProcessType.swift
SwiftCompile normal arm64_32 Compiling\ File\ Permissions.swift /Users/admin/builder/spi-builder-workspace/Sources/LaunchAgent/Key\ Types/File\ Permissions.swift (in target 'LaunchAgent' from project 'LaunchAgent')
SwiftCompile normal arm64_32 /Users/admin/builder/spi-builder-workspace/Sources/LaunchAgent/Key\ Types/File\ Permissions.swift (in target 'LaunchAgent' from project 'LaunchAgent')
cd /Users/admin/builder/spi-builder-workspace/.swiftpm/xcode
builtin-SwiftPerFileCompile File\ Permissions.swift
SwiftCompile normal arm64_32 Compiling\ LaunchAgent+Status.swift /Users/admin/builder/spi-builder-workspace/Sources/LaunchAgent/LaunchAgent+Status.swift (in target 'LaunchAgent' from project 'LaunchAgent')
SwiftCompile normal arm64_32 /Users/admin/builder/spi-builder-workspace/Sources/LaunchAgent/LaunchAgent+Status.swift (in target 'LaunchAgent' from project 'LaunchAgent')
cd /Users/admin/builder/spi-builder-workspace/.swiftpm/xcode
builtin-SwiftPerFileCompile LaunchAgent+Status.swift
SwiftCompile normal arm64 Compiling\ LaunchControl.swift /Users/admin/builder/spi-builder-workspace/Sources/LaunchAgent/LaunchControl.swift (in target 'LaunchAgent' from project 'LaunchAgent')
SwiftCompile normal arm64 /Users/admin/builder/spi-builder-workspace/Sources/LaunchAgent/LaunchControl.swift (in target 'LaunchAgent' from project 'LaunchAgent')
cd /Users/admin/builder/spi-builder-workspace/.swiftpm/xcode
builtin-SwiftPerFileCompile LaunchControl.swift
PruneExplicitPrecompiledModules /Users/admin/builder/spi-builder-workspace/.derivedData/SDKExplicitPrecompiledModules
PruneExplicitPrecompiledModules /Users/admin/builder/spi-builder-workspace/.derivedData/Build/Intermediates.noindex/SwiftExplicitPrecompiledModules
PruneExplicitPrecompiledModules /Users/admin/builder/spi-builder-workspace/.derivedData/Build/Intermediates.noindex/ExplicitPrecompiledModules
2026-09-18 02:57:05.159 xcodebuild[678:4384] [MT] IDERunDestination: Supported platforms for the buildables in the current scheme is empty.
** BUILD FAILED **
The following build commands failed:
SwiftEmitModule normal arm64 Emitting\ module\ for\ LaunchAgent (in target 'LaunchAgent' from project 'LaunchAgent')
SwiftCompile normal arm64 (in target 'LaunchAgent' from project 'LaunchAgent')
SwiftEmitModule normal arm64_32 Emitting\ module\ for\ LaunchAgent (in target 'LaunchAgent' from project 'LaunchAgent')
SwiftCompile normal arm64_32 (in target 'LaunchAgent' from project 'LaunchAgent')
Building workspace LaunchAgent with scheme LaunchAgent
(5 failures)
BUILD FAILURE 6.4 watchOS