Build Information
Failed to build MapboxCommon, reference v24.35.0-SNAPSHOT-10-31--01-23.git-508c402 (450d92), with Swift 6.3 for macOS (Xcode) using Xcode 26.4 on 31 Oct 2026 13:34:28 UTC.
Build Command
No build command. This typically means the build failed at an early stage where we determine the build command.Build Log
========================================
RunAll
========================================
Builder version: 5.1.4
Interrupt handler set up.
========================================
Checkout
========================================
Clone URL: https://github.com/mapbox/mapbox-common-ios.git
Reference: v24.35.0-SNAPSHOT-10-31--01-23.git-508c402
Initialized empty Git repository in /Users/admin/builder/spi-builder-workspace/.git/
From https://github.com/mapbox/mapbox-common-ios
* tag v24.35.0-SNAPSHOT-10-31--01-23.git-508c402 -> FETCH_HEAD
HEAD is now at 450d92f Update to v24.35.0-SNAPSHOT-10-31--01-23.git-508c402
Cloned https://github.com/mapbox/mapbox-common-ios.git
Revision (git rev-parse @):
450d92f36fa669021099a63778c5c58fd07da3f0
SUCCESS checkout https://github.com/mapbox/mapbox-common-ios.git at v24.35.0-SNAPSHOT-10-31--01-23.git-508c402
========================================
Build
========================================
Selected platform: macosXcodebuild
Swift version: 6.3
Building package at path: $PWD
https://github.com/mapbox/mapbox-common-ios.git
Command line invocation:
/Applications/Xcode-26.5.0.app/Contents/Developer/usr/bin/xcodebuild -IDEClonedSourcePackagesDirPathOverride=/Users/admin/builder/spi-builder-workspace/.dependencies -resolvePackageDependencies
Resolve Package Graph
Fetching from https://github.com/mapbox/turf-swift.git
Creating working copy of package ‘turf-swift’
Checking out 4.1.0 of package ‘turf-swift’
failed downloading 'https://api.mapbox.com/downloads/v2/mapbox-common/snapshots/ios/packages/24.35.0-SNAPSHOT-10-31--01-23.git-508c402/MapboxCommon.zip' which is required by binary target 'MapboxCommon': badResponseStatusCode(401)fatalErrorResolve Package Graph
failed downloading 'https://api.mapbox.com/downloads/v2/mapbox-common/snapshots/ios/packages/24.35.0-SNAPSHOT-10-31--01-23.git-508c402/MapboxCommon.zip' which is required by binary target 'MapboxCommon': badResponseStatusCode(401)fatalError
Resolved source packages:
spi-builder-workspace: (null)
2026-10-31 09:34:26.612 xcodebuild[542:3121] Writing error result bundle to /var/folders/xq/y_g06wb113726d38xsyx71_h0000gn/T/ResultBundle_2026-31-10_09-34-0026.xcresult
xcodebuild: error: Could not resolve package dependencies:
failed downloading 'https://api.mapbox.com/downloads/v2/mapbox-common/snapshots/ios/packages/24.35.0-SNAPSHOT-10-31--01-23.git-508c402/MapboxCommon.zip' which is required by binary target 'MapboxCommon': badResponseStatusCode(401)
fatalError
Command line invocation:
/Applications/Xcode-26.5.0.app/Contents/Developer/usr/bin/xcodebuild -IDEClonedSourcePackagesDirPathOverride=/Users/admin/builder/spi-builder-workspace/.dependencies -resolvePackageDependencies
Resolve Package Graph
failed downloading 'https://api.mapbox.com/downloads/v2/mapbox-common/snapshots/ios/packages/24.35.0-SNAPSHOT-10-31--01-23.git-508c402/MapboxCommon.zip' which is required by binary target 'MapboxCommon': badResponseStatusCode(401)fatalError
Resolved source packages:
spi-builder-workspace: (null)
2026-10-31 09:34:28.416 xcodebuild[658:3936] Writing error result bundle to /var/folders/xq/y_g06wb113726d38xsyx71_h0000gn/T/ResultBundle_2026-31-10_09-34-0028.xcresult
xcodebuild: error: Could not resolve package dependencies:
failed downloading 'https://api.mapbox.com/downloads/v2/mapbox-common/snapshots/ios/packages/24.35.0-SNAPSHOT-10-31--01-23.git-508c402/MapboxCommon.zip' which is required by binary target 'MapboxCommon': badResponseStatusCode(401)
fatalError
BUILD FAILURE 6.3 macosXcodebuild