Build Information
Failed to build GoogleProgrammaticAccessLibrary, reference main (1c5664), with Swift 6.3 for macOS (Xcode) using Xcode 26.4 on 26 Jun 2026 22:04:45 UTC.
Build Command
env DEVELOPER_DIR=/Applications/Xcode-26.4.0.app xcrun xcodebuild -IDEClonedSourcePackagesDirPathOverride=$PWD/.dependencies -skipMacroValidation -skipPackagePluginValidation -derivedDataPath $PWD/.derivedData build -scheme GoogleProgrammaticAccessLibrary -destination platform=macOS,arch=arm64Build Log
========================================
RunAll
========================================
Builder version: undefined version: run 'make version' to update
Interrupt handler set up.
========================================
Checkout
========================================
Clone URL: https://github.com/googleads/swift-package-manager-google-programmatic-access-library-ios.git
Reference: main
Initialized empty Git repository in /Users/admin/builder/spi-builder-workspace/.git/
From https://github.com/googleads/swift-package-manager-google-programmatic-access-library-ios
* branch main -> FETCH_HEAD
* [new branch] main -> origin/main
HEAD is now at 1c5664f Updates swift tools to v5.5
Cloned https://github.com/googleads/swift-package-manager-google-programmatic-access-library-ios.git
Revision (git rev-parse @):
1c5664f0fbbba3ea6aaddf7ecd3607d5c2bae65a
SUCCESS checkout https://github.com/googleads/swift-package-manager-google-programmatic-access-library-ios.git at main
========================================
Build
========================================
Selected platform: macosXcodebuild
Swift version: 6.3
Building package at path: $PWD
https://github.com/googleads/swift-package-manager-google-programmatic-access-library-ios.git
Command line invocation:
/Applications/Xcode-26.4.0.app/Contents/Developer/usr/bin/xcodebuild -IDEClonedSourcePackagesDirPathOverride=/Users/admin/builder/spi-builder-workspace/.dependencies -resolvePackageDependencies
Resolve Package Graph
Resolve Package Graph
Resolved source packages:
GoogleProgrammaticAccessLibrary: /Users/admin/builder/spi-builder-workspace
resolved source packages: GoogleProgrammaticAccessLibrary
2026-06-26 18:04:16.620 xcodebuild[535:3067] [MT] IDERunDestination: Supported platforms for the buildables in the current scheme is empty.
{
"dependencies" : [
],
"manifest_display_name" : "GoogleProgrammaticAccessLibrary",
"name" : "GoogleProgrammaticAccessLibrary",
"path" : "/Users/admin/builder/spi-builder-workspace",
"platforms" : [
{
"name" : "ios",
"version" : "15.0"
}
],
"products" : [
{
"name" : "GoogleProgrammaticAccessLibrary",
"targets" : [
"GoogleProgrammaticAccessLibrary"
],
"type" : {
"library" : [
"automatic"
]
}
}
],
"targets" : [
{
"c99name" : "GoogleProgrammaticAccessLibrary",
"module_type" : "BinaryTarget",
"name" : "GoogleProgrammaticAccessLibrary",
"path" : "remote/archive/pal-ios-v3.2.3.zip",
"product_memberships" : [
"GoogleProgrammaticAccessLibrary"
],
"sources" : [
],
"type" : "binary"
}
],
"tools_version" : "5.5"
}
{
"workspace" : {
"name" : "spi-builder-workspace",
"schemes" : [
"GoogleProgrammaticAccessLibrary"
]
}
}
2026-06-26 18:04:39.084 xcodebuild[717:4469] [MT] IDERunDestination: Supported platforms for the buildables in the current scheme is empty.
Running build ...
env DEVELOPER_DIR=/Applications/Xcode-26.4.0.app xcrun xcodebuild -IDEClonedSourcePackagesDirPathOverride=$PWD/.dependencies -skipMacroValidation -skipPackagePluginValidation -derivedDataPath $PWD/.derivedData build -scheme GoogleProgrammaticAccessLibrary -destination platform=macOS,arch=arm64
Command line invocation:
/Applications/Xcode-26.4.0.app/Contents/Developer/usr/bin/xcodebuild -IDEClonedSourcePackagesDirPathOverride=/Users/admin/builder/spi-builder-workspace/.dependencies -skipMacroValidation -skipPackagePluginValidation -derivedDataPath /Users/admin/builder/spi-builder-workspace/.derivedData build -scheme GoogleProgrammaticAccessLibrary -destination platform=macOS,arch=arm64
Resolve Package Graph
Resolved source packages:
GoogleProgrammaticAccessLibrary: /Users/admin/builder/spi-builder-workspace
ComputePackagePrebuildTargetDependencyGraph
Prepare packages
CreateBuildRequest
SendProjectDescription
CreateBuildOperation
ComputeTargetDependencyGraph
note: Building targets in dependency order
note: Target dependency graph (1 target)
Target 'GoogleProgrammaticAccessLibrary' in project 'GoogleProgrammaticAccessLibrary' (no dependencies)
GatherProvisioningInputs
CreateBuildDescription
ExecuteExternalTool /Applications/Xcode-26.4.0.app/Contents/Developer/Toolchains/XcodeDefault.xctoolchain/usr/bin/clang -v -E -dM -isysroot /Applications/Xcode-26.4.0.app/Contents/Developer/Platforms/MacOSX.platform/Developer/SDKs/MacOSX26.4.sdk -x c -c /dev/null
Build description signature: 219afac06e06c86725f6e2f89f81a2ae
Build description path: /Users/admin/builder/spi-builder-workspace/.derivedData/Build/Intermediates.noindex/XCBuildData/219afac06e06c86725f6e2f89f81a2ae.xcbuilddata
/Users/admin/builder/spi-builder-workspace/.dependencies/artifacts/spi-builder-workspace/GoogleProgrammaticAccessLibrary/ProgrammaticAccessLibrary.xcframework:1:1: error: While building for macOS, no library for this platform was found in '/Users/admin/builder/spi-builder-workspace/.dependencies/artifacts/spi-builder-workspace/GoogleProgrammaticAccessLibrary/ProgrammaticAccessLibrary.xcframework'. (in target 'GoogleProgrammaticAccessLibrary' from project 'GoogleProgrammaticAccessLibrary')
2026-06-26 18:04:40.708 xcodebuild[725:4555] [MT] IDERunDestination: Supported platforms for the buildables in the current scheme is empty.
--- xcodebuild: WARNING: Using the first of multiple matching destinations:
{ platform:macOS, arch:arm64, id:6925f7a7b9e13a139fe11a5f65783dcb51389b1e, name:My Mac }
{ platform:macOS, arch:arm64, variant:Mac Catalyst, id:6925f7a7b9e13a139fe11a5f65783dcb51389b1e, name:My Mac }
{ platform:macOS, arch:arm64, variant:DriverKit, id:6925f7a7b9e13a139fe11a5f65783dcb51389b1e, name:My Mac }
{ platform:macOS, arch:arm64, variant:Designed for [iPad,iPhone], id:6925f7a7b9e13a139fe11a5f65783dcb51389b1e, name:My Mac }
** BUILD FAILED **
The following build commands failed:
Building workspace spi-builder-workspace with scheme GoogleProgrammaticAccessLibrary
(1 failure)
Command line invocation:
/Applications/Xcode-26.4.0.app/Contents/Developer/usr/bin/xcodebuild -IDEClonedSourcePackagesDirPathOverride=/Users/admin/builder/spi-builder-workspace/.dependencies -resolvePackageDependencies
Resolve Package Graph
Resolved source packages:
GoogleProgrammaticAccessLibrary: /Users/admin/builder/spi-builder-workspace
resolved source packages: GoogleProgrammaticAccessLibrary
2026-06-26 18:04:43.163 xcodebuild[739:4650] [MT] IDERunDestination: Supported platforms for the buildables in the current scheme is empty.
{
"dependencies" : [
],
"manifest_display_name" : "GoogleProgrammaticAccessLibrary",
"name" : "GoogleProgrammaticAccessLibrary",
"path" : "/Users/admin/builder/spi-builder-workspace",
"platforms" : [
{
"name" : "ios",
"version" : "15.0"
}
],
"products" : [
{
"name" : "GoogleProgrammaticAccessLibrary",
"targets" : [
"GoogleProgrammaticAccessLibrary"
],
"type" : {
"library" : [
"automatic"
]
}
}
],
"targets" : [
{
"c99name" : "GoogleProgrammaticAccessLibrary",
"module_type" : "BinaryTarget",
"name" : "GoogleProgrammaticAccessLibrary",
"path" : "remote/archive/pal-ios-v3.2.3.zip",
"product_memberships" : [
"GoogleProgrammaticAccessLibrary"
],
"sources" : [
],
"type" : "binary"
}
],
"tools_version" : "5.5"
}
{
"workspace" : {
"name" : "spi-builder-workspace",
"schemes" : [
"GoogleProgrammaticAccessLibrary"
]
}
}
2026-06-26 18:04:44.256 xcodebuild[749:4716] [MT] IDERunDestination: Supported platforms for the buildables in the current scheme is empty.
Running build ...
env DEVELOPER_DIR=/Applications/Xcode-26.4.0.app xcrun xcodebuild -IDEClonedSourcePackagesDirPathOverride=$PWD/.dependencies -skipMacroValidation -skipPackagePluginValidation -derivedDataPath $PWD/.derivedData build -scheme GoogleProgrammaticAccessLibrary -destination platform=macOS,arch=arm64
Command line invocation:
/Applications/Xcode-26.4.0.app/Contents/Developer/usr/bin/xcodebuild -IDEClonedSourcePackagesDirPathOverride=/Users/admin/builder/spi-builder-workspace/.dependencies -skipMacroValidation -skipPackagePluginValidation -derivedDataPath /Users/admin/builder/spi-builder-workspace/.derivedData build -scheme GoogleProgrammaticAccessLibrary -destination platform=macOS,arch=arm64
Resolve Package Graph
Resolved source packages:
GoogleProgrammaticAccessLibrary: /Users/admin/builder/spi-builder-workspace
ComputePackagePrebuildTargetDependencyGraph
Prepare packages
CreateBuildRequest
SendProjectDescription
CreateBuildOperation
ComputeTargetDependencyGraph
note: Building targets in dependency order
note: Target dependency graph (1 target)
Target 'GoogleProgrammaticAccessLibrary' in project 'GoogleProgrammaticAccessLibrary' (no dependencies)
GatherProvisioningInputs
CreateBuildDescription
/Users/admin/builder/spi-builder-workspace/.dependencies/artifacts/spi-builder-workspace/GoogleProgrammaticAccessLibrary/ProgrammaticAccessLibrary.xcframework:1:1: error: While building for macOS, no library for this platform was found in '/Users/admin/builder/spi-builder-workspace/.dependencies/artifacts/spi-builder-workspace/GoogleProgrammaticAccessLibrary/ProgrammaticAccessLibrary.xcframework'. (in target 'GoogleProgrammaticAccessLibrary' from project 'GoogleProgrammaticAccessLibrary')
2026-06-26 18:04:45.080 xcodebuild[752:4749] [MT] IDERunDestination: Supported platforms for the buildables in the current scheme is empty.
--- xcodebuild: WARNING: Using the first of multiple matching destinations:
{ platform:macOS, arch:arm64, id:6925f7a7b9e13a139fe11a5f65783dcb51389b1e, name:My Mac }
{ platform:macOS, arch:arm64, variant:Mac Catalyst, id:6925f7a7b9e13a139fe11a5f65783dcb51389b1e, name:My Mac }
{ platform:macOS, arch:arm64, variant:DriverKit, id:6925f7a7b9e13a139fe11a5f65783dcb51389b1e, name:My Mac }
{ platform:macOS, arch:arm64, variant:Designed for [iPad,iPhone], id:6925f7a7b9e13a139fe11a5f65783dcb51389b1e, name:My Mac }
** BUILD FAILED **
The following build commands failed:
Building workspace spi-builder-workspace with scheme GoogleProgrammaticAccessLibrary
(1 failure)
BUILD FAILURE 6.3 macosXcodebuild