The Swift Package Index logo.Swift Package Index

Build Information

Failed to build swiftui-property-inspector, reference main (65a046), with Swift 6.4 for visionOS using Xcode 27.0 on 21 Sep 2026 21:41:33 UTC.

Build Command

env DEVELOPER_DIR=/Applications/Xcode-27.0.0-Release.Candidate.app xcrun xcodebuild -IDEClonedSourcePackagesDirPathOverride=$PWD/.dependencies -skipMacroValidation -skipPackagePluginValidation -derivedDataPath $PWD/.derivedData build -scheme swiftui-property-inspector-Package -destination generic/platform=xrOS

Build Log

warning: Upcoming feature 'BareSlashRegexLiterals' already enabled as of the Swift 6 language mode (in target 'PropertyInspector' from project 'swiftui-property-inspector')
SwiftExplicitDependencyGeneratePcm arm64 /Users/admin/builder/spi-builder-workspace/.derivedData/SDKExplicitPrecompiledModules/SwiftShims-2HAZ94YF1BA79JLFTAIV7APMW.pcm
SwiftExplicitDependencyGeneratePcm arm64 /Users/admin/builder/spi-builder-workspace/.derivedData/SDKExplicitPrecompiledModules/_SwiftConcurrencyShims-9H7TQT237JM0VTD7TXCR6CNM9.pcm
SwiftExplicitDependencyGeneratePcm arm64 /Users/admin/builder/spi-builder-workspace/.derivedData/SDKExplicitPrecompiledModules/ptrcheck-98Y8DWD0HPCMRMDFKAEZCA81O.pcm
SwiftExplicitDependencyGeneratePcm arm64 /Users/admin/builder/spi-builder-workspace/.derivedData/SDKExplicitPrecompiledModules/DeveloperToolsSupport-194HZPFNNCEHRVXIO6O8L9S0O.pcm
SwiftExplicitDependencyGeneratePcm arm64 /Users/admin/builder/spi-builder-workspace/.derivedData/SDKExplicitPrecompiledModules/_Builtin_stddef-2IE0R9M96I5XG0WY72N2UIQ8V.pcm
SwiftExplicitDependencyGeneratePcm arm64 /Users/admin/builder/spi-builder-workspace/.derivedData/SDKExplicitPrecompiledModules/ptrauth-9Q1PN7OTQZN7B0Z9D7V7Q8UB1.pcm
SwiftExplicitDependencyGeneratePcm arm64 /Users/admin/builder/spi-builder-workspace/.derivedData/SDKExplicitPrecompiledModules/_AvailabilityInternal-6BH9T8OE123ARKKFOJFR111NS.pcm
SwiftExplicitDependencyGeneratePcm arm64 /Users/admin/builder/spi-builder-workspace/.derivedData/SDKExplicitPrecompiledModules/_Builtin_stdarg-62NPPE4D8O3BNLU35D74TGLVQ.pcm
SwiftExplicitDependencyGeneratePcm arm64 /Users/admin/builder/spi-builder-workspace/.derivedData/SDKExplicitPrecompiledModules/_Builtin_float-1J8SO31WACP82RKV0LOTRKG39.pcm
SwiftExplicitDependencyGeneratePcm arm64 /Users/admin/builder/spi-builder-workspace/.derivedData/SDKExplicitPrecompiledModules/_Builtin_stdbool-1Q6BTYNEVHC9M74WL5O5GJ1ZM.pcm
SwiftExplicitDependencyGeneratePcm arm64 /Users/admin/builder/spi-builder-workspace/.derivedData/SDKExplicitPrecompiledModules/ShaderGraph-60HTPBNDVX0CX5JIAYFVTA9L4.pcm
SwiftExplicitDependencyGeneratePcm arm64 /Users/admin/builder/spi-builder-workspace/.derivedData/SDKExplicitPrecompiledModules/_DarwinFoundation1-AVZIQZ8HOAUXTT5CXVE5TNG7E.pcm
SwiftExplicitDependencyGeneratePcm arm64 /Users/admin/builder/spi-builder-workspace/.derivedData/SDKExplicitPrecompiledModules/_DarwinFoundation2-E0NXA4K8N3W3XTJG0EDH15WR2.pcm
SwiftExplicitDependencyGeneratePcm arm64 /Users/admin/builder/spi-builder-workspace/.derivedData/SDKExplicitPrecompiledModules/_Builtin_limits-599EXAY0E7DPK78D1JASUXYCQ.pcm
SwiftExplicitDependencyGeneratePcm arm64 /Users/admin/builder/spi-builder-workspace/.derivedData/SDKExplicitPrecompiledModules/sys_types-A3BBS6FJZK4C974FRQ5ZCTND7.pcm
SwiftExplicitDependencyGeneratePcm arm64 /Users/admin/builder/spi-builder-workspace/.derivedData/SDKExplicitPrecompiledModules/string_h-BGPLTZ4H9HACR813QKF6VS72D.pcm
SwiftExplicitDependencyGeneratePcm arm64 /Users/admin/builder/spi-builder-workspace/.derivedData/SDKExplicitPrecompiledModules/_Builtin_tgmath-6A504NZTD9420A66PPDYUHISN.pcm
SwiftExplicitDependencyGeneratePcm arm64 /Users/admin/builder/spi-builder-workspace/.derivedData/SDKExplicitPrecompiledModules/_Builtin_stdint-F1DLW8WMMSOC414RWOQWK8OS8.pcm
SwiftExplicitDependencyGeneratePcm arm64 /Users/admin/builder/spi-builder-workspace/.derivedData/SDKExplicitPrecompiledModules/_Builtin_intrinsics-3111M8ALPD4YFW0NUUUBCM0JD.pcm
SwiftExplicitDependencyGeneratePcm arm64 /Users/admin/builder/spi-builder-workspace/.derivedData/SDKExplicitPrecompiledModules/_DarwinFoundation3-C1P0SZMW1CBYZ1956G2WPAGVQ.pcm
SwiftExplicitDependencyGeneratePcm arm64 /Users/admin/builder/spi-builder-workspace/.derivedData/SDKExplicitPrecompiledModules/_Builtin_stdatomic-158FFQF46AB7DZCSEC3RCRTFC.pcm
SwiftExplicitDependencyGeneratePcm arm64 /Users/admin/builder/spi-builder-workspace/.derivedData/SDKExplicitPrecompiledModules/_Builtin_inttypes-9DU9NJC5HKVLIXJ97CZROETBU.pcm
SwiftExplicitDependencyGeneratePcm arm64 /Users/admin/builder/spi-builder-workspace/.derivedData/SDKExplicitPrecompiledModules/Darwin-ET1KOXI5QIB2QZ81K0LJ5SCNP.pcm
SwiftExplicitDependencyGeneratePcm arm64 /Users/admin/builder/spi-builder-workspace/.derivedData/SDKExplicitPrecompiledModules/simd-7J2M7D2SOHYQ7IO8MYH2RXTKH.pcm
SwiftExplicitDependencyGeneratePcm arm64 /Users/admin/builder/spi-builder-workspace/.derivedData/SDKExplicitPrecompiledModules/MachO-6F2CAO15JWU9TP0S5ZC6PL9IB.pcm
SwiftExplicitDependencyGeneratePcm arm64 /Users/admin/builder/spi-builder-workspace/.derivedData/SDKExplicitPrecompiledModules/ObjectiveC-7UYOWV2RO2CMEGURP3Y7WLPAT.pcm
SwiftExplicitDependencyGeneratePcm arm64 /Users/admin/builder/spi-builder-workspace/.derivedData/SDKExplicitPrecompiledModules/os_object-A49MUZWNB60JKCX0NMFXESEZD.pcm
SwiftExplicitDependencyGeneratePcm arm64 /Users/admin/builder/spi-builder-workspace/.derivedData/SDKExplicitPrecompiledModules/os_workgroup-1J3Q9ELSMX5271913GPIT75QV.pcm
SwiftExplicitDependencyGeneratePcm arm64 /Users/admin/builder/spi-builder-workspace/.derivedData/SDKExplicitPrecompiledModules/Dispatch-7TDXDXPVVCZ0IQLPT2W4Z1AW3.pcm
SwiftExplicitDependencyGeneratePcm arm64 /Users/admin/builder/spi-builder-workspace/.derivedData/SDKExplicitPrecompiledModules/Spatial-92H2FIVGSGXGN6Z0PM4QAD9U8.pcm
SwiftExplicitDependencyGeneratePcm arm64 /Users/admin/builder/spi-builder-workspace/.derivedData/SDKExplicitPrecompiledModules/CoreFoundation-5D49BF05JAG3T79HLXZS0QOEB.pcm
SwiftExplicitDependencyGeneratePcm arm64 /Users/admin/builder/spi-builder-workspace/.derivedData/SDKExplicitPrecompiledModules/dnssd-3O0RNR51LL3EG0N1T07ZFMALS.pcm
SwiftExplicitDependencyGeneratePcm arm64 /Users/admin/builder/spi-builder-workspace/.derivedData/SDKExplicitPrecompiledModules/XPC-1U8J3QOEPI1JREQTBJYCK4Z2Z.pcm
SwiftExplicitDependencyGeneratePcm arm64 /Users/admin/builder/spi-builder-workspace/.derivedData/SDKExplicitPrecompiledModules/os-7D3ZMGEZW9BBPJG5AFYWTJQLV.pcm
SwiftExplicitDependencyGeneratePcm arm64 /Users/admin/builder/spi-builder-workspace/.derivedData/SDKExplicitPrecompiledModules/CoreAudioTypes-312R5U71UD8UC735GBX55K3US.pcm
SwiftExplicitDependencyGeneratePcm arm64 /Users/admin/builder/spi-builder-workspace/.derivedData/SDKExplicitPrecompiledModules/CoreGraphics-AY8OPKLJIGMHZ9MYROUT854WA.pcm
SwiftExplicitDependencyGeneratePcm arm64 /Users/admin/builder/spi-builder-workspace/.derivedData/SDKExplicitPrecompiledModules/CFNetwork-8XNJAT23SK5D0OET9NV9X387I.pcm
SwiftExplicitDependencyGeneratePcm arm64 /Users/admin/builder/spi-builder-workspace/.derivedData/SDKExplicitPrecompiledModules/Security-4BDO3J0PXFNR7ZRKSDSXCO6IM.pcm
SwiftExplicitDependencyGeneratePcm arm64 /Users/admin/builder/spi-builder-workspace/.derivedData/SDKExplicitPrecompiledModules/CoreAudio-BNVVZ0H6VD0B9Q2N4KZUSB6RB.pcm
SwiftExplicitDependencyGeneratePcm arm64 /Users/admin/builder/spi-builder-workspace/.derivedData/SDKExplicitPrecompiledModules/Foundation-48S9SVOOX01R4NP8KF0LJG57Z.pcm
SwiftExplicitDependencyGeneratePcm arm64 /Users/admin/builder/spi-builder-workspace/.derivedData/SDKExplicitPrecompiledModules/CoreText-3Q9AYRR8Y0RMYX4VGST56EDCZ.pcm
SwiftExplicitDependencyGeneratePcm arm64 /Users/admin/builder/spi-builder-workspace/.derivedData/SDKExplicitPrecompiledModules/ImageIO-IAKQMD68GVR7DW77YOHGK8X7.pcm
SwiftExplicitDependencyGeneratePcm arm64 /Users/admin/builder/spi-builder-workspace/.derivedData/SDKExplicitPrecompiledModules/UserNotifications-6JIY9EEYAYYTJITYYQZF42LAH.pcm
SwiftExplicitDependencyGeneratePcm arm64 /Users/admin/builder/spi-builder-workspace/.derivedData/SDKExplicitPrecompiledModules/_LocationEssentials-32JNDL0Y7WK6X17R1HPKJCQEE.pcm
SwiftExplicitDependencyGeneratePcm arm64 /Users/admin/builder/spi-builder-workspace/.derivedData/SDKExplicitPrecompiledModules/LocalAuthentication-DY23D7R1X7DY7BV7FZ6NHSR9L.pcm
SwiftExplicitDependencyGeneratePcm arm64 /Users/admin/builder/spi-builder-workspace/.derivedData/SDKExplicitPrecompiledModules/Symbols-ECOU17NNJUYRSDVSZI1SX0DNL.pcm
SwiftExplicitDependencyGeneratePcm arm64 /Users/admin/builder/spi-builder-workspace/.derivedData/SDKExplicitPrecompiledModules/CoreData-5V8622D8G59RJKITQSAST89GC.pcm
SwiftExplicitDependencyGeneratePcm arm64 /Users/admin/builder/spi-builder-workspace/.derivedData/SDKExplicitPrecompiledModules/CoreMIDI-3PXS069A7G7J69W6C2O4U64TR.pcm
SwiftExplicitDependencyGeneratePcm arm64 /Users/admin/builder/spi-builder-workspace/.derivedData/SDKExplicitPrecompiledModules/OSLog-3CTW8AFBZNTJNTYU2CNXR306R.pcm
SwiftExplicitDependencyGeneratePcm arm64 /Users/admin/builder/spi-builder-workspace/.derivedData/SDKExplicitPrecompiledModules/UniformTypeIdentifiers-9BPZRHV9PRGRSU35W243D89CW.pcm
SwiftExplicitDependencyGeneratePcm arm64 /Users/admin/builder/spi-builder-workspace/.derivedData/SDKExplicitPrecompiledModules/Accessibility-8QB8DU95K5GFNCPAUIMZLHBIU.pcm
SwiftExplicitDependencyGeneratePcm arm64 /Users/admin/builder/spi-builder-workspace/.derivedData/SDKExplicitPrecompiledModules/UIUtilities-F3U0HSZMZSXCP772P753OT1G5.pcm
SwiftExplicitDependencyGeneratePcm arm64 /Users/admin/builder/spi-builder-workspace/.derivedData/SDKExplicitPrecompiledModules/CoreTransferable-EFMTSDPFE8WPPM5HOZ47P0KQO.pcm
SwiftExplicitDependencyGeneratePcm arm64 /Users/admin/builder/spi-builder-workspace/.derivedData/SDKExplicitPrecompiledModules/CoreLocation-E62WUNIY48I4BO5WNB3SVVIP8.pcm
SwiftExplicitDependencyGeneratePcm arm64 /Users/admin/builder/spi-builder-workspace/.derivedData/SDKExplicitPrecompiledModules/Network-59OXS1WBU0E96MTVI1BQ4Y8O0.pcm
SwiftExplicitDependencyGeneratePcm arm64 /Users/admin/builder/spi-builder-workspace/.derivedData/SDKExplicitPrecompiledModules/IOSurface-2D5KLETWRIPRMLT8HCRTTINH3.pcm
SwiftExplicitDependencyGeneratePcm arm64 /Users/admin/builder/spi-builder-workspace/.derivedData/SDKExplicitPrecompiledModules/FileProvider-C1CJK6EJC5IUBTWZU8FS47OM3.pcm
SwiftExplicitDependencyGeneratePcm arm64 /Users/admin/builder/spi-builder-workspace/.derivedData/SDKExplicitPrecompiledModules/DataDetection-7LQD8Z3LW2FUEO4CR6TGECXW0.pcm
SwiftExplicitDependencyGeneratePcm arm64 /Users/admin/builder/spi-builder-workspace/.derivedData/SDKExplicitPrecompiledModules/AudioToolbox-BIB990ZQT6Y2YX7R0HKENKU6T.pcm
SwiftExplicitDependencyGeneratePcm arm64 /Users/admin/builder/spi-builder-workspace/.derivedData/SDKExplicitPrecompiledModules/Metal-CAKGHYH5ACDACD017V00QOQC9.pcm
SwiftExplicitDependencyGeneratePcm arm64 /Users/admin/builder/spi-builder-workspace/.derivedData/SDKExplicitPrecompiledModules/OpenGLES-CKJ9EEPIRPNP44Q12R6YOKS1E.pcm
SwiftExplicitDependencyGeneratePcm arm64 /Users/admin/builder/spi-builder-workspace/.derivedData/SDKExplicitPrecompiledModules/CoreMotion-DCVNRIJ2COFK7QG37YNW48EGV.pcm
SwiftExplicitDependencyGeneratePcm arm64 /Users/admin/builder/spi-builder-workspace/.derivedData/SDKExplicitPrecompiledModules/AVRouting-A58BUG9HB1NCTPD2PCCO84ARM.pcm
SwiftExplicitDependencyGeneratePcm arm64 /Users/admin/builder/spi-builder-workspace/.derivedData/SDKExplicitPrecompiledModules/CoreVideo-4PK3Q849TG28PPFW9ON3UC1O9.pcm
SwiftExplicitDependencyCompileModuleFromInterface arm64 /Users/admin/builder/spi-builder-workspace/.derivedData/SDKExplicitPrecompiledModules/ShaderGraph-URHKVVOFZL5Z.swiftmodule
SwiftExplicitDependencyGeneratePcm arm64 /Users/admin/builder/spi-builder-workspace/.derivedData/SDKExplicitPrecompiledModules/ARKitFoundation-BT979VLYXKXTC443T81YQQEY1.pcm
SwiftExplicitDependencyGeneratePcm arm64 /Users/admin/builder/spi-builder-workspace/.derivedData/SDKExplicitPrecompiledModules/CoreImage-9GN6OPXIJ356C54K347I7T417.pcm
SwiftExplicitDependencyGeneratePcm arm64 /Users/admin/builder/spi-builder-workspace/.derivedData/SDKExplicitPrecompiledModules/CoreMedia-X23SRPCPJE6SQFHHHYCZ7WVC.pcm
SwiftExplicitDependencyGeneratePcm arm64 /Users/admin/builder/spi-builder-workspace/.derivedData/SDKExplicitPrecompiledModules/CoreML-C2BW2527PDNODK16LJ9I668C8.pcm
SwiftExplicitDependencyGeneratePcm arm64 /Users/admin/builder/spi-builder-workspace/.derivedData/SDKExplicitPrecompiledModules/QuartzCore-6ZHUATRF8P4D51R22KZF8F6EG.pcm
SwiftExplicitDependencyGeneratePcm arm64 /Users/admin/builder/spi-builder-workspace/.derivedData/SDKExplicitPrecompiledModules/SwiftUICore-374BUSM2QWS9MQO694AHOADDT.pcm
SwiftExplicitDependencyGeneratePcm arm64 /Users/admin/builder/spi-builder-workspace/.derivedData/SDKExplicitPrecompiledModules/UIKit-1PV3XTOUQPUVY5I4MLPUAXR9J.pcm
SwiftExplicitDependencyGeneratePcm arm64 /Users/admin/builder/spi-builder-workspace/.derivedData/SDKExplicitPrecompiledModules/AVFAudio-7A6YZTGYW2RLZD9E99CP5838N.pcm
SwiftExplicitDependencyGeneratePcm arm64 /Users/admin/builder/spi-builder-workspace/.derivedData/SDKExplicitPrecompiledModules/MediaToolbox-ANHHEHPC85W3ECWTCJ308UFOE.pcm
SwiftExplicitDependencyGeneratePcm arm64 /Users/admin/builder/spi-builder-workspace/.derivedData/SDKExplicitPrecompiledModules/VideoToolbox-3P3B69YG5JT8YUFOCSUNDM59.pcm
SwiftExplicitDependencyGeneratePcm arm64 /Users/admin/builder/spi-builder-workspace/.derivedData/SDKExplicitPrecompiledModules/Vision-3I7AR38LZFB22SF4LQC7Q6KA.pcm
SwiftExplicitDependencyGeneratePcm arm64 /Users/admin/builder/spi-builder-workspace/.derivedData/SDKExplicitPrecompiledModules/AVFoundation-81FTBCX2AZLM90X977V6F8213.pcm
SwiftExplicitDependencyGeneratePcm arm64 /Users/admin/builder/spi-builder-workspace/.derivedData/SDKExplicitPrecompiledModules/ARKitCore-3XTE32VQMIOYU5QR9S293LZS1.pcm
SwiftExplicitDependencyGeneratePcm arm64 /Users/admin/builder/spi-builder-workspace/.derivedData/SDKExplicitPrecompiledModules/GameController-X9URPRY7QBKI12E33T2Y28WV.pcm
SwiftExplicitDependencyGeneratePcm arm64 /Users/admin/builder/spi-builder-workspace/.derivedData/SDKExplicitPrecompiledModules/SwiftUI-C448PJ9D4ZYA5OED1YDWBD562.pcm
SwiftExplicitDependencyGeneratePcm arm64 /Users/admin/builder/spi-builder-workspace/.derivedData/SDKExplicitPrecompiledModules/ARKit-DR3A0F7OE5VAP1U4QICI8GJ1B.pcm
SwiftEmitModule normal arm64 Emitting\ module\ for\ PropertyInspector (in target 'PropertyInspector' from project 'swiftui-property-inspector')
<unknown>:0: warning: upcoming feature 'BareSlashRegexLiterals' already enabled as of the Swift 6 language mode
/Users/admin/builder/spi-builder-workspace/Development/PropertyInspector+View.swift:155:28: warning: cannot use default expression for inference of 'D.Type' because it is inferrable from parameters #0, #1; this will be an error in a future Swift language mode
153 |      */
154 |     func propertyInspectorRowIcon<D, Icon: View>(
155 |         for data: D.Type = Any.self,
    |                            `- warning: cannot use default expression for inference of 'D.Type' because it is inferrable from parameters #0, #1; this will be an error in a future Swift language mode
156 |         @ViewBuilder icon: @escaping (_ data: D) -> Icon
157 |     ) -> some View {
/Users/admin/builder/spi-builder-workspace/Development/PropertyInspector+View.swift:210:28: warning: cannot use default expression for inference of 'D.Type' because it is inferrable from parameters #0, #1; this will be an error in a future Swift language mode
208 |      */
209 |     func propertyInspectorRowLabel<D, Label: View>(
210 |         for data: D.Type = Any.self,
    |                            `- warning: cannot use default expression for inference of 'D.Type' because it is inferrable from parameters #0, #1; this will be an error in a future Swift language mode
211 |         @ViewBuilder label: @escaping (_ data: D) -> Label
212 |     ) -> some View {
/Users/admin/builder/spi-builder-workspace/Development/PropertyInspector+View.swift:238:28: warning: cannot use default expression for inference of 'D.Type' because it is inferrable from parameters #0, #1; this will be an error in a future Swift language mode
236 |      */
237 |     func propertyInspectorRowDetail<D, Detail: View>(
238 |         for data: D.Type = Any.self,
    |                            `- warning: cannot use default expression for inference of 'D.Type' because it is inferrable from parameters #0, #1; this will be an error in a future Swift language mode
239 |         @ViewBuilder detail: @escaping (_ data: D) -> Detail
240 |     ) -> some View {
/Users/admin/builder/spi-builder-workspace/Development/ToggleStyles/PropertyToggleStyle.swift:21:28: error: 'UISelectionFeedbackGenerator' is unavailable in visionOS
19 |
20 |     #if canImport(UIKit)
21 |     private let feedback = UISelectionFeedbackGenerator()
   |                            `- error: 'UISelectionFeedbackGenerator' is unavailable in visionOS
22 |     #endif
23 |
/Applications/Xcode-27.0.0-Release.Candidate.app/Contents/Developer/Platforms/XROS.platform/Developer/SDKs/XROS27.0.sdk/System/Library/Frameworks/UIKit.framework/Headers/UISelectionFeedbackGenerator.h:15:12: note: 'UISelectionFeedbackGenerator' has been explicitly marked unavailable here
13 | // UISelectionFeedbackGenerator is used to give user feedback when a selection changes
14 | UIKIT_EXTERN API_AVAILABLE(ios(10.0)) API_UNAVAILABLE(visionos, tvos) API_UNAVAILABLE(watchos) NS_SWIFT_UI_ACTOR
15 | @interface UISelectionFeedbackGenerator : UIFeedbackGenerator
   |            `- note: 'UISelectionFeedbackGenerator' has been explicitly marked unavailable here
16 |
17 | /// call when the selection changes (not on initial selection)
Failed frontend command:
SwiftCompile normal arm64 (in target 'PropertyInspector' from project 'swiftui-property-inspector')
    cd /Users/admin/builder/spi-builder-workspace/.swiftpm/xcode

/Applications/Xcode-27.0.0-Release.Candidate.app/Contents/Developer/Toolchains/XcodeDefault.xctoolchain/usr/bin/swift-frontend -frontend -emit-module -experimental-skip-non-inlinable-function-bodies-without-types /Users/admin/builder/spi-builder-workspace/Development/DebugPreviews/HighlightAnimationTester.swift /Users/admin/builder/spi-builder-workspace/Development/Environment/EnvironmentKeys.swift /Users/admin/builder/spi-builder-workspace/Development/Environment/PreferenceKeys.swift /Users/admin/builder/spi-builder-workspace/Development/Extensions/Animation+Constants.swift /Users/admin/builder/spi-builder-workspace/Development/Extensions/View+ConditionalFeatures.swift /Users/admin/builder/spi-builder-workspace/Development/Models/Context.Data.swift /Users/admin/builder/spi-builder-workspace/Development/Models/Context.Filter.swift /Users/admin/builder/spi-builder-workspace/Development/Models/HashableBox.swift /Users/admin/builder/spi-builder-workspace/Development/Models/HashableDictionary.swift /Users/admin/builder/spi-builder-workspace/Development/Models/Property.swift /Users/admin/builder/spi-builder-workspace/Development/Models/PropertyCache.swift /Users/admin/builder/spi-builder-workspace/Development/Models/PropertyID.swift /Users/admin/builder/spi-builder-workspace/Development/Models/PropertyInspectorHighlightBehavior.swift /Users/admin/builder/spi-builder-workspace/Development/Models/PropertyLocation.swift /Users/admin/builder/spi-builder-workspace/Development/Models/PropertyType.swift /Users/admin/builder/spi-builder-workspace/Development/Models/PropertyValue.swift /Users/admin/builder/spi-builder-workspace/Development/Models/RowViewBuilder.swift /Users/admin/builder/spi-builder-workspace/Development/Models/RowViewBuilderRegistry.swift /Users/admin/builder/spi-builder-workspace/Development/PropertyInspector+View.swift /Users/admin/builder/spi-builder-workspace/Development/PropertyInspector.swift /Users/admin/builder/spi-builder-workspace/Development/Protocols/PropertyInspectorStyle.swift /Users/admin/builder/spi-builder-workspace/Development/Styles/InlinePropertyInspector.swift /Users/admin/builder/spi-builder-workspace/Development/Styles/ListPropertyInspector.swift /Users/admin/builder/spi-builder-workspace/Development/Styles/SheetPropertyInspector.swift /Users/admin/builder/spi-builder-workspace/Development/ToggleStyles/PropertyToggleStyle.swift /Users/admin/builder/spi-builder-workspace/Development/ViewModifiers/Context.swift /Users/admin/builder/spi-builder-workspace/Development/ViewModifiers/PreferenceWriter.swift /Users/admin/builder/spi-builder-workspace/Development/ViewModifiers/PropertyHiglighter.swift /Users/admin/builder/spi-builder-workspace/Development/ViewModifiers/PropertyWriter.swift /Users/admin/builder/spi-builder-workspace/Development/Views/PropertyInspectorFilters.swift /Users/admin/builder/spi-builder-workspace/Development/Views/PropertyInspectorHeader.swift /Users/admin/builder/spi-builder-workspace/Development/Views/PropertyInspectorRow.swift /Users/admin/builder/spi-builder-workspace/Development/Views/PropertyInspectorRows.swift /Users/admin/builder/spi-builder-workspace/Development/Views/PropertyLocationView.swift -target arm64-apple-xros1.0 -module-can-import-version UIKit 9127.0.84.1 9127.0.84 -disable-cross-import-overlay-search -load-resolved-plugin /Applications/Xcode-27.0.0-Release.Candidate.app/Contents/Developer/Platforms/XROS.platform/Developer/usr/lib/swift/host/plugins/libFoundationMacros.dylib\#/Applications/Xcode-27.0.0-Release.Candidate.app/Contents/Developer/Platforms/XROS.platform/Developer/usr/bin/swift-plugin-server\#FoundationMacros -load-resolved-plugin /Applications/Xcode-27.0.0-Release.Candidate.app/Contents/Developer/Platforms/XROS.platform/Developer/usr/lib/swift/host/plugins/libObservationMacros.dylib\#/Applications/Xcode-27.0.0-Release.Candidate.app/Contents/Developer/Platforms/XROS.platform/Developer/usr/bin/swift-plugin-server\#ObservationMacros -load-resolved-plugin /Applications/Xcode-27.0.0-Release.Candidate.app/Contents/Developer/Platforms/XROS.platform/Developer/usr/lib/swift/host/plugins/libPreviewsMacros.dylib\#/Applications/Xcode-27.0.0-Release.Candidate.app/Contents/Developer/Platforms/XROS.platform/Developer/usr/bin/swift-plugin-server\#PreviewsMacros -load-resolved-plugin /Applications/Xcode-27.0.0-Release.Candidate.app/Contents/Developer/Platforms/XROS.platform/Developer/usr/lib/swift/host/plugins/libSwiftMacros.dylib\#/Applications/Xcode-27.0.0-Release.Candidate.app/Contents/Developer/Platforms/XROS.platform/Developer/usr/bin/swift-plugin-server\#SwiftMacros -load-resolved-plugin /Applications/Xcode-27.0.0-Release.Candidate.app/Contents/Developer/Platforms/XROS.platform/Developer/usr/lib/swift/host/plugins/libSwiftUIMacros.dylib\#/Applications/Xcode-27.0.0-Release.Candidate.app/Contents/Developer/Platforms/XROS.platform/Developer/usr/bin/swift-plugin-server\#SwiftUIMacros -disable-implicit-swift-modules -Xcc -fno-implicit-modules -Xcc -fno-implicit-module-maps -explicit-swift-module-map-file /Users/admin/builder/spi-builder-workspace/.derivedData/Build/Intermediates.noindex/swiftui-property-inspector.build/Debug-xros/PropertyInspector-t.build/Objects-normal/arm64/PropertyInspector-dependencies-1.json -Xllvm -aarch64-use-tbi -enable-objc-interop -stack-check -sdk /Applications/Xcode-27.0.0-Release.Candidate.app/Contents/Developer/Platforms/XROS.platform/Developer/SDKs/XROS27.0.sdk -I /Users/admin/builder/spi-builder-workspace/.derivedData/Build/Products/Debug-xros -Isystem /Applications/Xcode-27.0.0-Release.Candidate.app/Contents/Developer/Platforms/XROS.platform/Developer/usr/lib -F /Users/admin/builder/spi-builder-workspace/.derivedData/Build/Products/Debug-xros -F /Applications/Xcode-27.0.0-Release.Candidate.app/Contents/Developer/Platforms/XROS.platform/Developer/Library/Frameworks -F /Applications/Xcode-27.0.0-Release.Candidate.app/Contents/Developer/Platforms/XROS.platform/Developer/SDKs/XROS27.0.sdk/Developer/Library/Frameworks -module-cache-path /Users/admin/builder/spi-builder-workspace/.derivedData/Build/Intermediates.noindex/SwiftExplicitPrecompiledModules -no-color-diagnostics -Xcc -fno-color-diagnostics -enable-testing -g -debug-info-format\=dwarf -dwarf-version\=4 -profile-generate -profile-coverage-mapping -swift-version 6 -Onone -D SWIFT_PACKAGE -D DEBUG -D SWIFT_MODULE_RESOURCE_BUNDLE_UNAVAILABLE -D VERBOSE -D Xcode -warn-concurrency -serialize-debugging-options -enable-upcoming-feature BareSlashRegexLiterals -enable-experimental-feature DebugDescriptionMacro -empty-abi-descriptor -validate-clang-modules-once -clang-build-session-file /Users/admin/builder/spi-builder-workspace/.derivedData/ModuleCache.noindex/Session.modulevalidation -Xcc -working-directory -Xcc /Users/admin/builder/spi-builder-workspace/.swiftpm/xcode -enable-anonymous-context-mangled-names -file-compilation-dir /Users/admin/builder/spi-builder-workspace/.swiftpm/xcode -Xcc -D_LIBCPP_HARDENING_MODE\=_LIBCPP_HARDENING_MODE_DEBUG -Xcc -ivfsstatcache -Xcc /Users/admin/builder/spi-builder-workspace/.derivedData/SDKStatCaches.noindex/xros27.0-24M361-e829b21a6f8c9b70876ba0858053c044735bd543db762f57723cac368afd1ce4.sdkstatcache -Xcc -fmodules-prune-interval\=86400 -Xcc -fmodules-prune-after\=345600 -Xcc -I/Users/admin/builder/spi-builder-workspace/.derivedData/Build/Products/Debug-xros/include -Xcc -I/Users/admin/builder/spi-builder-workspace/.derivedData/Build/Intermediates.noindex/swiftui-property-inspector.build/Debug-xros/PropertyInspector-t.build/DerivedSources-normal/arm64 -Xcc -I/Users/admin/builder/spi-builder-workspace/.derivedData/Build/Intermediates.noindex/swiftui-property-inspector.build/Debug-xros/PropertyInspector-t.build/DerivedSources/arm64 -Xcc -I/Users/admin/builder/spi-builder-workspace/.derivedData/Build/Intermediates.noindex/swiftui-property-inspector.build/Debug-xros/PropertyInspector-t.build/DerivedSources -Xcc -DSWIFT_PACKAGE -Xcc -DDEBUG\=1 -no-auto-bridging-header-chaining -module-name PropertyInspector -package-name spi_builder_workspace -const-gather-protocols-file /Users/admin/builder/spi-builder-workspace/.derivedData/Build/Intermediates.noindex/swiftui-property-inspector.build/Debug-xros/PropertyInspector-t.build/Objects-normal/arm64/PropertyInspector_const_extract_protocols.json -disable-clang-spi -clang-target arm64-apple-xros27.0 -target-sdk-version 27.0 -target-sdk-name xros27.0 -in-process-plugin-server-path /Applications/Xcode-27.0.0-Release.Candidate.app/Contents/Developer/Toolchains/XcodeDefault.xctoolchain/usr/lib/swift/host/libSwiftInProcPluginServer.dylib -emit-module-doc-path /Users/admin/builder/spi-builder-workspace/.derivedData/Build/Intermediates.noindex/swiftui-property-inspector.build/Debug-xros/PropertyInspector-t.build/Objects-normal/arm64/PropertyInspector.swiftdoc -emit-module-source-info-path /Users/admin/builder/spi-builder-workspace/.derivedData/Build/Intermediates.noindex/swiftui-property-inspector.build/Debug-xros/PropertyInspector-t.build/Objects-normal/arm64/PropertyInspector.swiftsourceinfo -emit-objc-header-path /Users/admin/builder/spi-builder-workspace/.derivedData/Build/Intermediates.noindex/swiftui-property-inspector.build/Debug-xros/PropertyInspector-t.build/Objects-normal/arm64/PropertyInspector-Swift.h -serialize-diagnostics-path /Users/admin/builder/spi-builder-workspace/.derivedData/Build/Intermediates.noindex/swiftui-property-inspector.build/Debug-xros/PropertyInspector-t.build/Objects-normal/arm64/PropertyInspector-primary-emit-module.dia -emit-dependencies-path /Users/admin/builder/spi-builder-workspace/.derivedData/Build/Intermediates.noindex/swiftui-property-inspector.build/Debug-xros/PropertyInspector-t.build/Objects-normal/arm64/PropertyInspector-primary-emit-module.d -parse-as-library -o /Users/admin/builder/spi-builder-workspace/.derivedData/Build/Intermediates.noindex/swiftui-property-inspector.build/Debug-xros/PropertyInspector-t.build/Objects-normal/arm64/PropertyInspector.swiftmodule -emit-abi-descriptor-path /Users/admin/builder/spi-builder-workspace/.derivedData/Build/Intermediates.noindex/swiftui-property-inspector.build/Debug-xros/PropertyInspector-t.build/Objects-normal/arm64/PropertyInspector.abi.json
SwiftCompile normal arm64 Compiling\ Context.swift,\ PreferenceWriter.swift,\ PropertyHiglighter.swift /Users/admin/builder/spi-builder-workspace/Development/ViewModifiers/Context.swift /Users/admin/builder/spi-builder-workspace/Development/ViewModifiers/PreferenceWriter.swift /Users/admin/builder/spi-builder-workspace/Development/ViewModifiers/PropertyHiglighter.swift (in target 'PropertyInspector' from project 'swiftui-property-inspector')
SwiftCompile normal arm64 /Users/admin/builder/spi-builder-workspace/Development/ViewModifiers/Context.swift (in target 'PropertyInspector' from project 'swiftui-property-inspector')
    cd /Users/admin/builder/spi-builder-workspace/.swiftpm/xcode
    builtin-SwiftPerFileCompile Context.swift
SwiftCompile normal arm64 /Users/admin/builder/spi-builder-workspace/Development/ViewModifiers/PreferenceWriter.swift (in target 'PropertyInspector' from project 'swiftui-property-inspector')
    cd /Users/admin/builder/spi-builder-workspace/.swiftpm/xcode
    builtin-SwiftPerFileCompile PreferenceWriter.swift
SwiftCompile normal arm64 /Users/admin/builder/spi-builder-workspace/Development/ViewModifiers/PropertyHiglighter.swift (in target 'PropertyInspector' from project 'swiftui-property-inspector')
    cd /Users/admin/builder/spi-builder-workspace/.swiftpm/xcode
    builtin-SwiftPerFileCompile PropertyHiglighter.swift
<unknown>:0: warning: upcoming feature 'BareSlashRegexLiterals' already enabled as of the Swift 6 language mode
SwiftCompile normal arm64 Compiling\ ListPropertyInspector.swift,\ SheetPropertyInspector.swift,\ PropertyToggleStyle.swift /Users/admin/builder/spi-builder-workspace/Development/Styles/ListPropertyInspector.swift /Users/admin/builder/spi-builder-workspace/Development/Styles/SheetPropertyInspector.swift /Users/admin/builder/spi-builder-workspace/Development/ToggleStyles/PropertyToggleStyle.swift (in target 'PropertyInspector' from project 'swiftui-property-inspector')
SwiftCompile normal arm64 /Users/admin/builder/spi-builder-workspace/Development/Styles/ListPropertyInspector.swift (in target 'PropertyInspector' from project 'swiftui-property-inspector')
    cd /Users/admin/builder/spi-builder-workspace/.swiftpm/xcode
    builtin-SwiftPerFileCompile ListPropertyInspector.swift
SwiftCompile normal arm64 /Users/admin/builder/spi-builder-workspace/Development/Styles/SheetPropertyInspector.swift (in target 'PropertyInspector' from project 'swiftui-property-inspector')
    cd /Users/admin/builder/spi-builder-workspace/.swiftpm/xcode
    builtin-SwiftPerFileCompile SheetPropertyInspector.swift
SwiftCompile normal arm64 /Users/admin/builder/spi-builder-workspace/Development/ToggleStyles/PropertyToggleStyle.swift (in target 'PropertyInspector' from project 'swiftui-property-inspector')
    cd /Users/admin/builder/spi-builder-workspace/.swiftpm/xcode
    builtin-SwiftPerFileCompile PropertyToggleStyle.swift
<unknown>:0: warning: upcoming feature 'BareSlashRegexLiterals' already enabled as of the Swift 6 language mode
/Users/admin/builder/spi-builder-workspace/Development/Styles/SheetPropertyInspector.swift:95:14: warning: 'onChange(of:perform:)' was deprecated in visionOS 1.0: Use `onChange` with a two or zero parameter action closure instead. [#DeprecatedDeclaration]
 93 |                 )
 94 |             )
 95 |             .onChange(of: isPresented) { newValue in
    |              `- warning: 'onChange(of:perform:)' was deprecated in visionOS 1.0: Use `onChange` with a two or zero parameter action closure instead. [#DeprecatedDeclaration]
 96 |                 DispatchQueue.main.async {
 97 |                     updateHighlightIfNeeded(newValue)
/Users/admin/builder/spi-builder-workspace/Development/Styles/SheetPropertyInspector.swift:149:41: warning: 'onChange(of:perform:)' was deprecated in visionOS 1.0: Use `onChange` with a two or zero parameter action closure instead. [#DeprecatedDeclaration]
147 |                         .presentationDetents(Set(SheetPresentationModifier.detents), selection: $selection)
148 |                         .background(GeometryReader { geometry in
149 |                             Color.clear.onChange(of: geometry.frame(in: .global).minY) { minY in
    |                                         `- warning: 'onChange(of:perform:)' was deprecated in visionOS 1.0: Use `onChange` with a two or zero parameter action closure instead. [#DeprecatedDeclaration]
150 |                                 #if canImport(UIKit)
151 |                                 let screenHeight = UIScreen.main.bounds.height
/Users/admin/builder/spi-builder-workspace/Development/Styles/SheetPropertyInspector.swift:151:52: error: 'UIScreen' is unavailable in visionOS
149 |                             Color.clear.onChange(of: geometry.frame(in: .global).minY) { minY in
150 |                                 #if canImport(UIKit)
151 |                                 let screenHeight = UIScreen.main.bounds.height
    |                                                    `- error: 'UIScreen' is unavailable in visionOS
152 |                                 #else
153 |                                 let screenHeight = NSScreen.main?.frame.height ?? 1000
/Applications/Xcode-27.0.0-Release.Candidate.app/Contents/Developer/Platforms/XROS.platform/Developer/SDKs/XROS27.0.sdk/System/Library/Frameworks/UIKit.framework/Headers/UIScreen.h:54:12: note: 'UIScreen' has been explicitly marked unavailable here
 52 |
 53 | UIKIT_EXTERN API_AVAILABLE(ios(2.0)) API_UNAVAILABLE(visionos, watchos) NS_SWIFT_UI_ACTOR
 54 | @interface UIScreen : NSObject <UITraitEnvironment>
    |            `- note: 'UIScreen' has been explicitly marked unavailable here
 55 |
 56 | @property(class, nonatomic, readonly) NSArray<UIScreen *> *screens API_DEPRECATED("Use UIApplication.shared.openSessions to find open sessions with scenes from other screens", ios(3.2, 16.0), visionos(1.0, 1.0)) API_UNAVAILABLE(watchos); // all screens currently attached to the device
/Users/admin/builder/spi-builder-workspace/Development/Styles/SheetPropertyInspector.swift:168:52: error: 'UIScreen' is unavailable in visionOS
166 |                             Color.clear.onChange(of: geometry.frame(in: .global).minY) { minY in
167 |                                 #if canImport(UIKit)
168 |                                 let screenHeight = UIScreen.main.bounds.height
    |                                                    `- error: 'UIScreen' is unavailable in visionOS
169 |                                 #else
170 |                                 let screenHeight = NSScreen.main?.frame.height ?? 1000
/Applications/Xcode-27.0.0-Release.Candidate.app/Contents/Developer/Platforms/XROS.platform/Developer/SDKs/XROS27.0.sdk/System/Library/Frameworks/UIKit.framework/Headers/UIScreen.h:54:12: note: 'UIScreen' has been explicitly marked unavailable here
 52 |
 53 | UIKIT_EXTERN API_AVAILABLE(ios(2.0)) API_UNAVAILABLE(visionos, watchos) NS_SWIFT_UI_ACTOR
 54 | @interface UIScreen : NSObject <UITraitEnvironment>
    |            `- note: 'UIScreen' has been explicitly marked unavailable here
 55 |
 56 | @property(class, nonatomic, readonly) NSArray<UIScreen *> *screens API_DEPRECATED("Use UIApplication.shared.openSessions to find open sessions with scenes from other screens", ios(3.2, 16.0), visionos(1.0, 1.0)) API_UNAVAILABLE(watchos); // all screens currently attached to the device
/Users/admin/builder/spi-builder-workspace/Development/Styles/SheetPropertyInspector.swift:194:13: error: 'UIImpactFeedbackGenerator' is unavailable in visionOS
192 |         Button {
193 |             #if canImport(UIKit)
194 |             UIImpactFeedbackGenerator(style: .rigid).impactOccurred()
    |             `- error: 'UIImpactFeedbackGenerator' is unavailable in visionOS
195 |             #endif
196 |             withAnimation(.snappy(duration: 0.35)) {
/Applications/Xcode-27.0.0-Release.Candidate.app/Contents/Developer/Platforms/XROS.platform/Developer/SDKs/XROS27.0.sdk/System/Library/Frameworks/UIKit.framework/Headers/UIImpactFeedbackGenerator.h:25:12: note: 'UIImpactFeedbackGenerator' has been explicitly marked unavailable here
23 | // UIImpactFeedbackGenerator is used to give user feedback when an impact between UI elements occurs
24 | UIKIT_EXTERN API_AVAILABLE(ios(10.0)) API_UNAVAILABLE(visionos, tvos) API_UNAVAILABLE(watchos) NS_SWIFT_UI_ACTOR
25 | @interface UIImpactFeedbackGenerator : UIFeedbackGenerator
   |            `- note: 'UIImpactFeedbackGenerator' has been explicitly marked unavailable here
26 |
27 | /// set a style on the feedback generator and attach it to the provided view as an interaction.
/Users/admin/builder/spi-builder-workspace/Development/Styles/SheetPropertyInspector.swift:218:21: error: 'UIImpactFeedbackGenerator' is unavailable in visionOS
216 |                 Button(behavior.label) {
217 |                     #if canImport(UIKit)
218 |                     UIImpactFeedbackGenerator(style: .light).impactOccurred()
    |                     `- error: 'UIImpactFeedbackGenerator' is unavailable in visionOS
219 |                     #endif
220 |                     highlight = behavior
/Applications/Xcode-27.0.0-Release.Candidate.app/Contents/Developer/Platforms/XROS.platform/Developer/SDKs/XROS27.0.sdk/System/Library/Frameworks/UIKit.framework/Headers/UIImpactFeedbackGenerator.h:25:12: note: 'UIImpactFeedbackGenerator' has been explicitly marked unavailable here
23 | // UIImpactFeedbackGenerator is used to give user feedback when an impact between UI elements occurs
24 | UIKIT_EXTERN API_AVAILABLE(ios(10.0)) API_UNAVAILABLE(visionos, tvos) API_UNAVAILABLE(watchos) NS_SWIFT_UI_ACTOR
25 | @interface UIImpactFeedbackGenerator : UIFeedbackGenerator
   |            `- note: 'UIImpactFeedbackGenerator' has been explicitly marked unavailable here
26 |
27 | /// set a style on the feedback generator and attach it to the provided view as an interaction.
SwiftCompile normal arm64 Compiling\ PropertyInspector.swift,\ PropertyInspectorStyle.swift,\ InlinePropertyInspector.swift /Users/admin/builder/spi-builder-workspace/Development/PropertyInspector.swift /Users/admin/builder/spi-builder-workspace/Development/Protocols/PropertyInspectorStyle.swift /Users/admin/builder/spi-builder-workspace/Development/Styles/InlinePropertyInspector.swift (in target 'PropertyInspector' from project 'swiftui-property-inspector')
SwiftCompile normal arm64 /Users/admin/builder/spi-builder-workspace/Development/PropertyInspector.swift (in target 'PropertyInspector' from project 'swiftui-property-inspector')
    cd /Users/admin/builder/spi-builder-workspace/.swiftpm/xcode
    builtin-SwiftPerFileCompile PropertyInspector.swift
SwiftCompile normal arm64 /Users/admin/builder/spi-builder-workspace/Development/Protocols/PropertyInspectorStyle.swift (in target 'PropertyInspector' from project 'swiftui-property-inspector')
    cd /Users/admin/builder/spi-builder-workspace/.swiftpm/xcode
    builtin-SwiftPerFileCompile PropertyInspectorStyle.swift
SwiftCompile normal arm64 /Users/admin/builder/spi-builder-workspace/Development/Styles/InlinePropertyInspector.swift (in target 'PropertyInspector' from project 'swiftui-property-inspector')
    cd /Users/admin/builder/spi-builder-workspace/.swiftpm/xcode
    builtin-SwiftPerFileCompile InlinePropertyInspector.swift
<unknown>:0: warning: upcoming feature 'BareSlashRegexLiterals' already enabled as of the Swift 6 language mode
SwiftCompile normal arm64 Compiling\ PropertyInspectorRow.swift,\ PropertyInspectorRows.swift,\ PropertyLocationView.swift /Users/admin/builder/spi-builder-workspace/Development/Views/PropertyInspectorRow.swift /Users/admin/builder/spi-builder-workspace/Development/Views/PropertyInspectorRows.swift /Users/admin/builder/spi-builder-workspace/Development/Views/PropertyLocationView.swift (in target 'PropertyInspector' from project 'swiftui-property-inspector')
<unknown>:0: warning: upcoming feature 'BareSlashRegexLiterals' already enabled as of the Swift 6 language mode
SwiftCompile normal arm64 /Users/admin/builder/spi-builder-workspace/Development/Views/PropertyInspectorRow.swift (in target 'PropertyInspector' from project 'swiftui-property-inspector')
    cd /Users/admin/builder/spi-builder-workspace/.swiftpm/xcode
    builtin-SwiftPerFileCompile PropertyInspectorRow.swift
SwiftCompile normal arm64 /Users/admin/builder/spi-builder-workspace/Development/Views/PropertyInspectorRows.swift (in target 'PropertyInspector' from project 'swiftui-property-inspector')
    cd /Users/admin/builder/spi-builder-workspace/.swiftpm/xcode
    builtin-SwiftPerFileCompile PropertyInspectorRows.swift
SwiftCompile normal arm64 /Users/admin/builder/spi-builder-workspace/Development/Views/PropertyLocationView.swift (in target 'PropertyInspector' from project 'swiftui-property-inspector')
    cd /Users/admin/builder/spi-builder-workspace/.swiftpm/xcode
    builtin-SwiftPerFileCompile PropertyLocationView.swift
SwiftCompile normal arm64 Compiling\ PropertyWriter.swift,\ PropertyInspectorFilters.swift,\ PropertyInspectorHeader.swift /Users/admin/builder/spi-builder-workspace/Development/ViewModifiers/PropertyWriter.swift /Users/admin/builder/spi-builder-workspace/Development/Views/PropertyInspectorFilters.swift /Users/admin/builder/spi-builder-workspace/Development/Views/PropertyInspectorHeader.swift (in target 'PropertyInspector' from project 'swiftui-property-inspector')
<unknown>:0: warning: upcoming feature 'BareSlashRegexLiterals' already enabled as of the Swift 6 language mode
SwiftCompile normal arm64 /Users/admin/builder/spi-builder-workspace/Development/ViewModifiers/PropertyWriter.swift (in target 'PropertyInspector' from project 'swiftui-property-inspector')
    cd /Users/admin/builder/spi-builder-workspace/.swiftpm/xcode
    builtin-SwiftPerFileCompile PropertyWriter.swift
SwiftCompile normal arm64 /Users/admin/builder/spi-builder-workspace/Development/Views/PropertyInspectorFilters.swift (in target 'PropertyInspector' from project 'swiftui-property-inspector')
    cd /Users/admin/builder/spi-builder-workspace/.swiftpm/xcode
    builtin-SwiftPerFileCompile PropertyInspectorFilters.swift
SwiftCompile normal arm64 /Users/admin/builder/spi-builder-workspace/Development/Views/PropertyInspectorHeader.swift (in target 'PropertyInspector' from project 'swiftui-property-inspector')
    cd /Users/admin/builder/spi-builder-workspace/.swiftpm/xcode
    builtin-SwiftPerFileCompile PropertyInspectorHeader.swift
SwiftCompile normal arm64 Compiling\ HighlightAnimationTester.swift,\ EnvironmentKeys.swift,\ PreferenceKeys.swift,\ Animation+Constants.swift /Users/admin/builder/spi-builder-workspace/Development/DebugPreviews/HighlightAnimationTester.swift /Users/admin/builder/spi-builder-workspace/Development/Environment/EnvironmentKeys.swift /Users/admin/builder/spi-builder-workspace/Development/Environment/PreferenceKeys.swift /Users/admin/builder/spi-builder-workspace/Development/Extensions/Animation+Constants.swift (in target 'PropertyInspector' from project 'swiftui-property-inspector')
<unknown>:0: warning: upcoming feature 'BareSlashRegexLiterals' already enabled as of the Swift 6 language mode
SwiftCompile normal arm64 /Users/admin/builder/spi-builder-workspace/Development/DebugPreviews/HighlightAnimationTester.swift (in target 'PropertyInspector' from project 'swiftui-property-inspector')
    cd /Users/admin/builder/spi-builder-workspace/.swiftpm/xcode
    builtin-SwiftPerFileCompile HighlightAnimationTester.swift
SwiftCompile normal arm64 /Users/admin/builder/spi-builder-workspace/Development/Environment/EnvironmentKeys.swift (in target 'PropertyInspector' from project 'swiftui-property-inspector')
    cd /Users/admin/builder/spi-builder-workspace/.swiftpm/xcode
    builtin-SwiftPerFileCompile EnvironmentKeys.swift
SwiftCompile normal arm64 /Users/admin/builder/spi-builder-workspace/Development/Environment/PreferenceKeys.swift (in target 'PropertyInspector' from project 'swiftui-property-inspector')
    cd /Users/admin/builder/spi-builder-workspace/.swiftpm/xcode
    builtin-SwiftPerFileCompile PreferenceKeys.swift
SwiftCompile normal arm64 /Users/admin/builder/spi-builder-workspace/Development/Extensions/Animation+Constants.swift (in target 'PropertyInspector' from project 'swiftui-property-inspector')
    cd /Users/admin/builder/spi-builder-workspace/.swiftpm/xcode
    builtin-SwiftPerFileCompile Animation+Constants.swift
SwiftCompile normal arm64 Compiling\ PropertyInspectorHighlightBehavior.swift,\ PropertyLocation.swift,\ PropertyType.swift,\ PropertyValue.swift /Users/admin/builder/spi-builder-workspace/Development/Models/PropertyInspectorHighlightBehavior.swift /Users/admin/builder/spi-builder-workspace/Development/Models/PropertyLocation.swift /Users/admin/builder/spi-builder-workspace/Development/Models/PropertyType.swift /Users/admin/builder/spi-builder-workspace/Development/Models/PropertyValue.swift (in target 'PropertyInspector' from project 'swiftui-property-inspector')
<unknown>:0: warning: upcoming feature 'BareSlashRegexLiterals' already enabled as of the Swift 6 language mode
SwiftCompile normal arm64 /Users/admin/builder/spi-builder-workspace/Development/Models/PropertyInspectorHighlightBehavior.swift (in target 'PropertyInspector' from project 'swiftui-property-inspector')
    cd /Users/admin/builder/spi-builder-workspace/.swiftpm/xcode
    builtin-SwiftPerFileCompile PropertyInspectorHighlightBehavior.swift
SwiftCompile normal arm64 /Users/admin/builder/spi-builder-workspace/Development/Models/PropertyLocation.swift (in target 'PropertyInspector' from project 'swiftui-property-inspector')
    cd /Users/admin/builder/spi-builder-workspace/.swiftpm/xcode
    builtin-SwiftPerFileCompile PropertyLocation.swift
SwiftCompile normal arm64 /Users/admin/builder/spi-builder-workspace/Development/Models/PropertyType.swift (in target 'PropertyInspector' from project 'swiftui-property-inspector')
    cd /Users/admin/builder/spi-builder-workspace/.swiftpm/xcode
    builtin-SwiftPerFileCompile PropertyType.swift
SwiftCompile normal arm64 /Users/admin/builder/spi-builder-workspace/Development/Models/PropertyValue.swift (in target 'PropertyInspector' from project 'swiftui-property-inspector')
    cd /Users/admin/builder/spi-builder-workspace/.swiftpm/xcode
    builtin-SwiftPerFileCompile PropertyValue.swift
SwiftCompile normal arm64 Compiling\ HashableDictionary.swift,\ Property.swift,\ PropertyCache.swift,\ PropertyID.swift /Users/admin/builder/spi-builder-workspace/Development/Models/HashableDictionary.swift /Users/admin/builder/spi-builder-workspace/Development/Models/Property.swift /Users/admin/builder/spi-builder-workspace/Development/Models/PropertyCache.swift /Users/admin/builder/spi-builder-workspace/Development/Models/PropertyID.swift (in target 'PropertyInspector' from project 'swiftui-property-inspector')
<unknown>:0: warning: upcoming feature 'BareSlashRegexLiterals' already enabled as of the Swift 6 language mode
SwiftCompile normal arm64 /Users/admin/builder/spi-builder-workspace/Development/Models/HashableDictionary.swift (in target 'PropertyInspector' from project 'swiftui-property-inspector')
    cd /Users/admin/builder/spi-builder-workspace/.swiftpm/xcode
    builtin-SwiftPerFileCompile HashableDictionary.swift
SwiftCompile normal arm64 /Users/admin/builder/spi-builder-workspace/Development/Models/Property.swift (in target 'PropertyInspector' from project 'swiftui-property-inspector')
    cd /Users/admin/builder/spi-builder-workspace/.swiftpm/xcode
    builtin-SwiftPerFileCompile Property.swift
SwiftCompile normal arm64 /Users/admin/builder/spi-builder-workspace/Development/Models/PropertyCache.swift (in target 'PropertyInspector' from project 'swiftui-property-inspector')
    cd /Users/admin/builder/spi-builder-workspace/.swiftpm/xcode
    builtin-SwiftPerFileCompile PropertyCache.swift
SwiftCompile normal arm64 /Users/admin/builder/spi-builder-workspace/Development/Models/PropertyID.swift (in target 'PropertyInspector' from project 'swiftui-property-inspector')
    cd /Users/admin/builder/spi-builder-workspace/.swiftpm/xcode
    builtin-SwiftPerFileCompile PropertyID.swift
SwiftCompile normal arm64 Compiling\ View+ConditionalFeatures.swift,\ Context.Data.swift,\ Context.Filter.swift,\ HashableBox.swift /Users/admin/builder/spi-builder-workspace/Development/Extensions/View+ConditionalFeatures.swift /Users/admin/builder/spi-builder-workspace/Development/Models/Context.Data.swift /Users/admin/builder/spi-builder-workspace/Development/Models/Context.Filter.swift /Users/admin/builder/spi-builder-workspace/Development/Models/HashableBox.swift (in target 'PropertyInspector' from project 'swiftui-property-inspector')
<unknown>:0: warning: upcoming feature 'BareSlashRegexLiterals' already enabled as of the Swift 6 language mode
SwiftCompile normal arm64 /Users/admin/builder/spi-builder-workspace/Development/Extensions/View+ConditionalFeatures.swift (in target 'PropertyInspector' from project 'swiftui-property-inspector')
    cd /Users/admin/builder/spi-builder-workspace/.swiftpm/xcode
    builtin-SwiftPerFileCompile View+ConditionalFeatures.swift
SwiftCompile normal arm64 /Users/admin/builder/spi-builder-workspace/Development/Models/Context.Data.swift (in target 'PropertyInspector' from project 'swiftui-property-inspector')
    cd /Users/admin/builder/spi-builder-workspace/.swiftpm/xcode
    builtin-SwiftPerFileCompile Context.Data.swift
SwiftCompile normal arm64 /Users/admin/builder/spi-builder-workspace/Development/Models/Context.Filter.swift (in target 'PropertyInspector' from project 'swiftui-property-inspector')
    cd /Users/admin/builder/spi-builder-workspace/.swiftpm/xcode
    builtin-SwiftPerFileCompile Context.Filter.swift
SwiftCompile normal arm64 /Users/admin/builder/spi-builder-workspace/Development/Models/HashableBox.swift (in target 'PropertyInspector' from project 'swiftui-property-inspector')
    cd /Users/admin/builder/spi-builder-workspace/.swiftpm/xcode
    builtin-SwiftPerFileCompile HashableBox.swift
SwiftCompile normal arm64 Compiling\ RowViewBuilder.swift,\ RowViewBuilderRegistry.swift,\ PropertyInspector+View.swift /Users/admin/builder/spi-builder-workspace/Development/Models/RowViewBuilder.swift /Users/admin/builder/spi-builder-workspace/Development/Models/RowViewBuilderRegistry.swift /Users/admin/builder/spi-builder-workspace/Development/PropertyInspector+View.swift (in target 'PropertyInspector' from project 'swiftui-property-inspector')
SwiftCompile normal arm64 /Users/admin/builder/spi-builder-workspace/Development/Models/RowViewBuilder.swift (in target 'PropertyInspector' from project 'swiftui-property-inspector')
    cd /Users/admin/builder/spi-builder-workspace/.swiftpm/xcode
    builtin-SwiftPerFileCompile RowViewBuilder.swift
SwiftCompile normal arm64 /Users/admin/builder/spi-builder-workspace/Development/Models/RowViewBuilderRegistry.swift (in target 'PropertyInspector' from project 'swiftui-property-inspector')
    cd /Users/admin/builder/spi-builder-workspace/.swiftpm/xcode
    builtin-SwiftPerFileCompile RowViewBuilderRegistry.swift
SwiftCompile normal arm64 /Users/admin/builder/spi-builder-workspace/Development/PropertyInspector+View.swift (in target 'PropertyInspector' from project 'swiftui-property-inspector')
    cd /Users/admin/builder/spi-builder-workspace/.swiftpm/xcode
    builtin-SwiftPerFileCompile PropertyInspector+View.swift
PruneExplicitPrecompiledModules /Users/admin/builder/spi-builder-workspace/.derivedData/Build/Intermediates.noindex/SwiftExplicitPrecompiledModules
PruneExplicitPrecompiledModules /Users/admin/builder/spi-builder-workspace/.derivedData/SDKExplicitPrecompiledModules
PruneExplicitPrecompiledModules /Users/admin/builder/spi-builder-workspace/.derivedData/Build/Intermediates.noindex/ExplicitPrecompiledModules
2026-09-21 17:40:59.607 xcodebuild[774:4875] [MT] IDERunDestination: Supported platforms for the buildables in the current scheme is empty.
2026-09-21 17:40:59.715 xcodebuild[774:4875] [MT] IDERunDestination: Supported platforms for the buildables in the current scheme is empty.
2026-09-21 17:41:02.750 xcodebuild[774:4875] [MT] IDERunDestination: Supported platforms for the buildables in the current scheme is empty.
2026-09-21 17:41:10.111 xcodebuild[774:4877]  DVTAssertions: Warning in IDEFrameworks/IDEFoundation/Logging/ActivityLog/IDEActivityLogSectionRecorder.m:814
Details:  log recorder for IDEActivityLogCommandInvocationSection “SwiftLint” was sent -addMessage: after it had already been asked to stop recording.
Object:   <IDEActivityLogCommandInvocationSectionRecorder: 0xc11f817a0>
Method:   -addMessage:
Thread:   <NSThread: 0xc12ee31c0>{number = 3, name = (null)}
Please file a bug at https://feedbackassistant.apple.com with this warning message and any useful information you can provide.
2026-09-21 17:41:10.111 xcodebuild[774:4877]  DVTAssertions: Warning in IDEFrameworks/IDEFoundation/Logging/ActivityLog/IDEActivityLogSectionRecorder.m:814
Details:  log recorder for IDEActivityLogCommandInvocationSection “SwiftLint” was sent -addMessage: after it had already been asked to stop recording.
Object:   <IDEActivityLogCommandInvocationSectionRecorder: 0xc11f817a0>
Method:   -addMessage:
Thread:   <NSThread: 0xc12ee31c0>{number = 3, name = (null)}
Please file a bug at https://feedbackassistant.apple.com with this warning message and any useful information you can provide.
2026-09-21 17:41:10.112 xcodebuild[774:4877]  DVTAssertions: Warning in IDEFrameworks/IDEFoundation/Logging/ActivityLog/IDEActivityLogSectionRecorder.m:814
Details:  log recorder for IDEActivityLogCommandInvocationSection “SwiftLint” was sent -addMessage: after it had already been asked to stop recording.
Object:   <IDEActivityLogCommandInvocationSectionRecorder: 0xc11f817a0>
Method:   -addMessage:
Thread:   <NSThread: 0xc12ee31c0>{number = 3, name = (null)}
Please file a bug at https://feedbackassistant.apple.com with this warning message and any useful information you can provide.
2026-09-21 17:41:10.112 xcodebuild[774:4877]  DVTAssertions: Warning in IDEFrameworks/IDEFoundation/Logging/ActivityLog/IDEActivityLogSectionRecorder.m:814
Details:  log recorder for IDEActivityLogCommandInvocationSection “SwiftLint” was sent -addMessage: after it had already been asked to stop recording.
Object:   <IDEActivityLogCommandInvocationSectionRecorder: 0xc11f817a0>
Method:   -addMessage:
Thread:   <NSThread: 0xc12ee31c0>{number = 3, name = (null)}
Please file a bug at https://feedbackassistant.apple.com with this warning message and any useful information you can provide.
2026-09-21 17:41:10.112 xcodebuild[774:4877]  DVTAssertions: Warning in IDEFrameworks/IDEFoundation/Logging/ActivityLog/IDEActivityLogSectionRecorder.m:814
Details:  log recorder for IDEActivityLogCommandInvocationSection “SwiftLint” was sent -addMessage: after it had already been asked to stop recording.
Object:   <IDEActivityLogCommandInvocationSectionRecorder: 0xc11f817a0>
Method:   -addMessage:
Thread:   <NSThread: 0xc12ee31c0>{number = 3, name = (null)}
Please file a bug at https://feedbackassistant.apple.com with this warning message and any useful information you can provide.
2026-09-21 17:41:10.112 xcodebuild[774:4877]  DVTAssertions: Warning in IDEFrameworks/IDEFoundation/Logging/ActivityLog/IDEActivityLogSectionRecorder.m:814
Details:  log recorder for IDEActivityLogCommandInvocationSection “SwiftLint” was sent -addMessage: after it had already been asked to stop recording.
Object:   <IDEActivityLogCommandInvocationSectionRecorder: 0xc11f817a0>
Method:   -addMessage:
Thread:   <NSThread: 0xc12ee31c0>{number = 3, name = (null)}
Please file a bug at https://feedbackassistant.apple.com with this warning message and any useful information you can provide.
2026-09-21 17:41:10.112 xcodebuild[774:4877]  DVTAssertions: Warning in IDEFrameworks/IDEFoundation/Logging/ActivityLog/IDEActivityLogSectionRecorder.m:814
Details:  log recorder for IDEActivityLogCommandInvocationSection “SwiftLint” was sent -addMessage: after it had already been asked to stop recording.
Object:   <IDEActivityLogCommandInvocationSectionRecorder: 0xc11f817a0>
Method:   -addMessage:
Thread:   <NSThread: 0xc12ee31c0>{number = 3, name = (null)}
Please file a bug at https://feedbackassistant.apple.com with this warning message and any useful information you can provide.
2026-09-21 17:41:10.112 xcodebuild[774:4877]  DVTAssertions: Warning in IDEFrameworks/IDEFoundation/Logging/ActivityLog/IDEActivityLogSectionRecorder.m:814
Details:  log recorder for IDEActivityLogCommandInvocationSection “SwiftLint” was sent -addMessage: after it had already been asked to stop recording.
Object:   <IDEActivityLogCommandInvocationSectionRecorder: 0xc11f817a0>
Method:   -addMessage:
Thread:   <NSThread: 0xc12ee31c0>{number = 3, name = (null)}
Please file a bug at https://feedbackassistant.apple.com with this warning message and any useful information you can provide.
2026-09-21 17:41:10.112 xcodebuild[774:4877]  DVTAssertions: Warning in IDEFrameworks/IDEFoundation/Logging/ActivityLog/IDEActivityLogSectionRecorder.m:814
Details:  log recorder for IDEActivityLogCommandInvocationSection “SwiftLint” was sent -addMessage: after it had already been asked to stop recording.
Object:   <IDEActivityLogCommandInvocationSectionRecorder: 0xc11f817a0>
Method:   -addMessage:
Thread:   <NSThread: 0xc12ee31c0>{number = 3, name = (null)}
Please file a bug at https://feedbackassistant.apple.com with this warning message and any useful information you can provide.
2026-09-21 17:41:10.112 xcodebuild[774:4877]  DVTAssertions: Warning in IDEFrameworks/IDEFoundation/Logging/ActivityLog/IDEActivityLogSectionRecorder.m:814
Details:  log recorder for IDEActivityLogCommandInvocationSection “SwiftLint” was sent -addMessage: after it had already been asked to stop recording.
Object:   <IDEActivityLogCommandInvocationSectionRecorder: 0xc11f817a0>
Method:   -addMessage:
Thread:   <NSThread: 0xc12ee31c0>{number = 3, name = (null)}
Please file a bug at https://feedbackassistant.apple.com with this warning message and any useful information you can provide.
2026-09-21 17:41:10.112 xcodebuild[774:4877]  DVTAssertions: Warning in IDEFrameworks/IDEFoundation/Logging/ActivityLog/IDEActivityLogSectionRecorder.m:814
Details:  log recorder for IDEActivityLogCommandInvocationSection “SwiftLint” was sent -addMessage: after it had already been asked to stop recording.
Object:   <IDEActivityLogCommandInvocationSectionRecorder: 0xc11f817a0>
Method:   -addMessage:
Thread:   <NSThread: 0xc12ee31c0>{number = 3, name = (null)}
Please file a bug at https://feedbackassistant.apple.com with this warning message and any useful information you can provide.
2026-09-21 17:41:10.112 xcodebuild[774:4877]  DVTAssertions: Warning in IDEFrameworks/IDEFoundation/Logging/ActivityLog/IDEActivityLogSectionRecorder.m:814
Details:  log recorder for IDEActivityLogCommandInvocationSection “SwiftLint” was sent -addMessage: after it had already been asked to stop recording.
Object:   <IDEActivityLogCommandInvocationSectionRecorder: 0xc11f817a0>
Method:   -addMessage:
Thread:   <NSThread: 0xc12ee31c0>{number = 3, name = (null)}
Please file a bug at https://feedbackassistant.apple.com with this warning message and any useful information you can provide.
2026-09-21 17:41:10.112 xcodebuild[774:4877]  DVTAssertions: Warning in IDEFrameworks/IDEFoundation/Logging/ActivityLog/IDEActivityLogSectionRecorder.m:814
Details:  log recorder for IDEActivityLogCommandInvocationSection “SwiftLint” was sent -addMessage: after it had already been asked to stop recording.
Object:   <IDEActivityLogCommandInvocationSectionRecorder: 0xc11f817a0>
Method:   -addMessage:
Thread:   <NSThread: 0xc12ee31c0>{number = 3, name = (null)}
Please file a bug at https://feedbackassistant.apple.com with this warning message and any useful information you can provide.
2026-09-21 17:41:10.112 xcodebuild[774:4877]  DVTAssertions: Warning in IDEFrameworks/IDEFoundation/Logging/ActivityLog/IDEActivityLogSectionRecorder.m:814
Details:  log recorder for IDEActivityLogCommandInvocationSection “SwiftLint” was sent -addMessage: after it had already been asked to stop recording.
Object:   <IDEActivityLogCommandInvocationSectionRecorder: 0xc11f817a0>
Method:   -addMessage:
Thread:   <NSThread: 0xc12ee31c0>{number = 3, name = (null)}
Please file a bug at https://feedbackassistant.apple.com with this warning message and any useful information you can provide.
2026-09-21 17:41:10.112 xcodebuild[774:4877]  DVTAssertions: Warning in IDEFrameworks/IDEFoundation/Logging/ActivityLog/IDEActivityLogSectionRecorder.m:814
Details:  log recorder for IDEActivityLogCommandInvocationSection “SwiftLint” was sent -addMessage: after it had already been asked to stop recording.
Object:   <IDEActivityLogCommandInvocationSectionRecorder: 0xc11f817a0>
Method:   -addMessage:
Thread:   <NSThread: 0xc12ee31c0>{number = 3, name = (null)}
Please file a bug at https://feedbackassistant.apple.com with this warning message and any useful information you can provide.
2026-09-21 17:41:10.112 xcodebuild[774:4877]  DVTAssertions: Warning in IDEFrameworks/IDEFoundation/Logging/ActivityLog/IDEActivityLogSectionRecorder.m:814
Details:  log recorder for IDEActivityLogCommandInvocationSection “SwiftLint” was sent -addMessage: after it had already been asked to stop recording.
Object:   <IDEActivityLogCommandInvocationSectionRecorder: 0xc11f817a0>
Method:   -addMessage:
Thread:   <NSThread: 0xc12ee31c0>{number = 3, name = (null)}
Please file a bug at https://feedbackassistant.apple.com with this warning message and any useful information you can provide.
2026-09-21 17:41:10.112 xcodebuild[774:4877]  DVTAssertions: Warning in IDEFrameworks/IDEFoundation/Logging/ActivityLog/IDEActivityLogSectionRecorder.m:814
Details:  log recorder for IDEActivityLogCommandInvocationSection “SwiftLint” was sent -addMessage: after it had already been asked to stop recording.
Object:   <IDEActivityLogCommandInvocationSectionRecorder: 0xc11f817a0>
Method:   -addMessage:
Thread:   <NSThread: 0xc12ee31c0>{number = 3, name = (null)}
Please file a bug at https://feedbackassistant.apple.com with this warning message and any useful information you can provide.
2026-09-21 17:41:10.112 xcodebuild[774:4877]  DVTAssertions: Warning in IDEFrameworks/IDEFoundation/Logging/ActivityLog/IDEActivityLogSectionRecorder.m:814
Details:  log recorder for IDEActivityLogCommandInvocationSection “SwiftLint” was sent -addMessage: after it had already been asked to stop recording.
Object:   <IDEActivityLogCommandInvocationSectionRecorder: 0xc11f817a0>
Method:   -addMessage:
Thread:   <NSThread: 0xc12ee31c0>{number = 3, name = (null)}
Please file a bug at https://feedbackassistant.apple.com with this warning message and any useful information you can provide.
2026-09-21 17:41:10.112 xcodebuild[774:4877]  DVTAssertions: Warning in IDEFrameworks/IDEFoundation/Logging/ActivityLog/IDEActivityLogSectionRecorder.m:814
Details:  log recorder for IDEActivityLogCommandInvocationSection “SwiftLint” was sent -addMessage: after it had already been asked to stop recording.
Object:   <IDEActivityLogCommandInvocationSectionRecorder: 0xc11f817a0>
Method:   -addMessage:
Thread:   <NSThread: 0xc12ee31c0>{number = 3, name = (null)}
Please file a bug at https://feedbackassistant.apple.com with this warning message and any useful information you can provide.
2026-09-21 17:41:10.112 xcodebuild[774:4877]  DVTAssertions: Warning in IDEFrameworks/IDEFoundation/Logging/ActivityLog/IDEActivityLogSectionRecorder.m:814
Details:  log recorder for IDEActivityLogCommandInvocationSection “SwiftLint” was sent -addMessage: after it had already been asked to stop recording.
Object:   <IDEActivityLogCommandInvocationSectionRecorder: 0xc11f817a0>
Method:   -addMessage:
Thread:   <NSThread: 0xc12ee31c0>{number = 3, name = (null)}
Please file a bug at https://feedbackassistant.apple.com with this warning message and any useful information you can provide.
2026-09-21 17:41:10.112 xcodebuild[774:4877]  DVTAssertions: Warning in IDEFrameworks/IDEFoundation/Logging/ActivityLog/IDEActivityLogSectionRecorder.m:814
Details:  log recorder for IDEActivityLogCommandInvocationSection “SwiftLint” was sent -addMessage: after it had already been asked to stop recording.
Object:   <IDEActivityLogCommandInvocationSectionRecorder: 0xc11f817a0>
Method:   -addMessage:
Thread:   <NSThread: 0xc12ee31c0>{number = 3, name = (null)}
Please file a bug at https://feedbackassistant.apple.com with this warning message and any useful information you can provide.
2026-09-21 17:41:10.112 xcodebuild[774:4877]  DVTAssertions: Warning in IDEFrameworks/IDEFoundation/Logging/ActivityLog/IDEActivityLogSectionRecorder.m:814
Details:  log recorder for IDEActivityLogCommandInvocationSection “SwiftLint” was sent -addMessage: after it had already been asked to stop recording.
Object:   <IDEActivityLogCommandInvocationSectionRecorder: 0xc11f817a0>
Method:   -addMessage:
Thread:   <NSThread: 0xc12ee31c0>{number = 3, name = (null)}
Please file a bug at https://feedbackassistant.apple.com with this warning message and any useful information you can provide.
2026-09-21 17:41:10.112 xcodebuild[774:4877]  DVTAssertions: Warning in IDEFrameworks/IDEFoundation/Logging/ActivityLog/IDEActivityLogSectionRecorder.m:814
Details:  log recorder for IDEActivityLogCommandInvocationSection “SwiftLint” was sent -addMessage: after it had already been asked to stop recording.
Object:   <IDEActivityLogCommandInvocationSectionRecorder: 0xc11f817a0>
Method:   -addMessage:
Thread:   <NSThread: 0xc12ee31c0>{number = 3, name = (null)}
Please file a bug at https://feedbackassistant.apple.com with this warning message and any useful information you can provide.
2026-09-21 17:41:10.113 xcodebuild[774:4877]  DVTAssertions: Warning in IDEFrameworks/IDEFoundation/Logging/ActivityLog/IDEActivityLogSectionRecorder.m:814
Details:  log recorder for IDEActivityLogCommandInvocationSection “SwiftLint” was sent -addMessage: after it had already been asked to stop recording.
Object:   <IDEActivityLogCommandInvocationSectionRecorder: 0xc11f817a0>
Method:   -addMessage:
Thread:   <NSThread: 0xc12ee31c0>{number = 3, name = (null)}
Please file a bug at https://feedbackassistant.apple.com with this warning message and any useful information you can provide.
2026-09-21 17:41:10.113 xcodebuild[774:4877]  DVTAssertions: Warning in IDEFrameworks/IDEFoundation/Logging/ActivityLog/IDEActivityLogSectionRecorder.m:814
Details:  log recorder for IDEActivityLogCommandInvocationSection “SwiftLint” was sent -addMessage: after it had already been asked to stop recording.
Object:   <IDEActivityLogCommandInvocationSectionRecorder: 0xc11f817a0>
Method:   -addMessage:
Thread:   <NSThread: 0xc12ee31c0>{number = 3, name = (null)}
Please file a bug at https://feedbackassistant.apple.com with this warning message and any useful information you can provide.
2026-09-21 17:41:10.113 xcodebuild[774:4877]  DVTAssertions: Warning in IDEFrameworks/IDEFoundation/Logging/ActivityLog/IDEActivityLogSectionRecorder.m:814
Details:  log recorder for IDEActivityLogCommandInvocationSection “SwiftLint” was sent -addMessage: after it had already been asked to stop recording.
Object:   <IDEActivityLogCommandInvocationSectionRecorder: 0xc11f817a0>
Method:   -addMessage:
Thread:   <NSThread: 0xc12ee31c0>{number = 3, name = (null)}
Please file a bug at https://feedbackassistant.apple.com with this warning message and any useful information you can provide.
2026-09-21 17:41:10.113 xcodebuild[774:4877]  DVTAssertions: Warning in IDEFrameworks/IDEFoundation/Logging/ActivityLog/IDEActivityLogSectionRecorder.m:814
Details:  log recorder for IDEActivityLogCommandInvocationSection “SwiftLint” was sent -addMessage: after it had already been asked to stop recording.
Object:   <IDEActivityLogCommandInvocationSectionRecorder: 0xc11f817a0>
Method:   -addMessage:
Thread:   <NSThread: 0xc12ee31c0>{number = 3, name = (null)}
Please file a bug at https://feedbackassistant.apple.com with this warning message and any useful information you can provide.
2026-09-21 17:41:10.113 xcodebuild[774:4877]  DVTAssertions: Warning in IDEFrameworks/IDEFoundation/Logging/ActivityLog/IDEActivityLogSectionRecorder.m:814
Details:  log recorder for IDEActivityLogCommandInvocationSection “SwiftLint” was sent -addMessage: after it had already been asked to stop recording.
Object:   <IDEActivityLogCommandInvocationSectionRecorder: 0xc11f817a0>
Method:   -addMessage:
Thread:   <NSThread: 0xc12ee31c0>{number = 3, name = (null)}
Please file a bug at https://feedbackassistant.apple.com with this warning message and any useful information you can provide.
2026-09-21 17:41:10.113 xcodebuild[774:4877]  DVTAssertions: Warning in IDEFrameworks/IDEFoundation/Logging/ActivityLog/IDEActivityLogSectionRecorder.m:814
Details:  log recorder for IDEActivityLogCommandInvocationSection “SwiftLint” was sent -addMessage: after it had already been asked to stop recording.
Object:   <IDEActivityLogCommandInvocationSectionRecorder: 0xc11f817a0>
Method:   -addMessage:
Thread:   <NSThread: 0xc12ee31c0>{number = 3, name = (null)}
Please file a bug at https://feedbackassistant.apple.com with this warning message and any useful information you can provide.
2026-09-21 17:41:10.113 xcodebuild[774:4877]  DVTAssertions: Warning in IDEFrameworks/IDEFoundation/Logging/ActivityLog/IDEActivityLogSectionRecorder.m:814
Details:  log recorder for IDEActivityLogCommandInvocationSection “SwiftLint” was sent -addMessage: after it had already been asked to stop recording.
Object:   <IDEActivityLogCommandInvocationSectionRecorder: 0xc11f817a0>
Method:   -addMessage:
Thread:   <NSThread: 0xc12ee31c0>{number = 3, name = (null)}
Please file a bug at https://feedbackassistant.apple.com with this warning message and any useful information you can provide.
2026-09-21 17:41:10.113 xcodebuild[774:4877]  DVTAssertions: Warning in IDEFrameworks/IDEFoundation/Logging/ActivityLog/IDEActivityLogSectionRecorder.m:814
Details:  log recorder for IDEActivityLogCommandInvocationSection “SwiftLint” was sent -addMessage: after it had already been asked to stop recording.
Object:   <IDEActivityLogCommandInvocationSectionRecorder: 0xc11f817a0>
Method:   -addMessage:
Thread:   <NSThread: 0xc12ee31c0>{number = 3, name = (null)}
Please file a bug at https://feedbackassistant.apple.com with this warning message and any useful information you can provide.
2026-09-21 17:41:10.113 xcodebuild[774:4877]  DVTAssertions: Warning in IDEFrameworks/IDEFoundation/Logging/ActivityLog/IDEActivityLogSectionRecorder.m:814
Details:  log recorder for IDEActivityLogCommandInvocationSection “SwiftLint” was sent -addMessage: after it had already been asked to stop recording.
Object:   <IDEActivityLogCommandInvocationSectionRecorder: 0xc11f817a0>
Method:   -addMessage:
Thread:   <NSThread: 0xc12ee31c0>{number = 3, name = (null)}
Please file a bug at https://feedbackassistant.apple.com with this warning message and any useful information you can provide.
2026-09-21 17:41:10.113 xcodebuild[774:4877]  DVTAssertions: Warning in IDEFrameworks/IDEFoundation/Logging/ActivityLog/IDEActivityLogSectionRecorder.m:814
Details:  log recorder for IDEActivityLogCommandInvocationSection “SwiftLint” was sent -addMessage: after it had already been asked to stop recording.
Object:   <IDEActivityLogCommandInvocationSectionRecorder: 0xc11f817a0>
Method:   -addMessage:
Thread:   <NSThread: 0xc12ee31c0>{number = 3, name = (null)}
Please file a bug at https://feedbackassistant.apple.com with this warning message and any useful information you can provide.
2026-09-21 17:41:10.113 xcodebuild[774:4877]  DVTAssertions: Warning in IDEFrameworks/IDEFoundation/Logging/ActivityLog/IDEActivityLogSectionRecorder.m:814
Details:  log recorder for IDEActivityLogCommandInvocationSection “SwiftLint” was sent -addMessage: after it had already been asked to stop recording.
Object:   <IDEActivityLogCommandInvocationSectionRecorder: 0xc11f817a0>
Method:   -addMessage:
Thread:   <NSThread: 0xc12ee31c0>{number = 3, name = (null)}
Please file a bug at https://feedbackassistant.apple.com with this warning message and any useful information you can provide.
2026-09-21 17:41:10.113 xcodebuild[774:4877]  DVTAssertions: Warning in IDEFrameworks/IDEFoundation/Logging/ActivityLog/IDEActivityLogSectionRecorder.m:814
Details:  log recorder for IDEActivityLogCommandInvocationSection “SwiftLint” was sent -addMessage: after it had already been asked to stop recording.
Object:   <IDEActivityLogCommandInvocationSectionRecorder: 0xc11f817a0>
Method:   -addMessage:
Thread:   <NSThread: 0xc12ee31c0>{number = 3, name = (null)}
Please file a bug at https://feedbackassistant.apple.com with this warning message and any useful information you can provide.
2026-09-21 17:41:10.113 xcodebuild[774:4877]  DVTAssertions: Warning in IDEFrameworks/IDEFoundation/Logging/ActivityLog/IDEActivityLogSectionRecorder.m:814
Details:  log recorder for IDEActivityLogCommandInvocationSection “SwiftLint” was sent -addMessage: after it had already been asked to stop recording.
Object:   <IDEActivityLogCommandInvocationSectionRecorder: 0xc11f817a0>
Method:   -addMessage:
Thread:   <NSThread: 0xc12ee31c0>{number = 3, name = (null)}
Please file a bug at https://feedbackassistant.apple.com with this warning message and any useful information you can provide.
2026-09-21 17:41:10.113 xcodebuild[774:4877]  DVTAssertions: Warning in IDEFrameworks/IDEFoundation/Logging/ActivityLog/IDEActivityLogSectionRecorder.m:814
Details:  log recorder for IDEActivityLogCommandInvocationSection “SwiftLint” was sent -addMessage: after it had already been asked to stop recording.
Object:   <IDEActivityLogCommandInvocationSectionRecorder: 0xc11f817a0>
Method:   -addMessage:
Thread:   <NSThread: 0xc12ee31c0>{number = 3, name = (null)}
Please file a bug at https://feedbackassistant.apple.com with this warning message and any useful information you can provide.
2026-09-21 17:41:10.113 xcodebuild[774:4877]  DVTAssertions: Warning in IDEFrameworks/IDEFoundation/Logging/ActivityLog/IDEActivityLogSectionRecorder.m:814
Details:  log recorder for IDEActivityLogCommandInvocationSection “SwiftLint” was sent -addMessage: after it had already been asked to stop recording.
Object:   <IDEActivityLogCommandInvocationSectionRecorder: 0xc11f817a0>
Method:   -addMessage:
Thread:   <NSThread: 0xc12ee31c0>{number = 3, name = (null)}
Please file a bug at https://feedbackassistant.apple.com with this warning message and any useful information you can provide.
2026-09-21 17:41:10.113 xcodebuild[774:4877]  DVTAssertions: Warning in IDEFrameworks/IDEFoundation/Logging/ActivityLog/IDEActivityLogSectionRecorder.m:814
Details:  log recorder for IDEActivityLogCommandInvocationSection “SwiftLint” was sent -addMessage: after it had already been asked to stop recording.
Object:   <IDEActivityLogCommandInvocationSectionRecorder: 0xc11f817a0>
Method:   -addMessage:
Thread:   <NSThread: 0xc12ee31c0>{number = 3, name = (null)}
Please file a bug at https://feedbackassistant.apple.com with this warning message and any useful information you can provide.
2026-09-21 17:41:10.113 xcodebuild[774:4877]  DVTAssertions: Warning in IDEFrameworks/IDEFoundation/Logging/ActivityLog/IDEActivityLogSectionRecorder.m:814
Details:  log recorder for IDEActivityLogCommandInvocationSection “SwiftLint” was sent -addMessage: after it had already been asked to stop recording.
Object:   <IDEActivityLogCommandInvocationSectionRecorder: 0xc11f817a0>
Method:   -addMessage:
Thread:   <NSThread: 0xc12ee31c0>{number = 3, name = (null)}
Please file a bug at https://feedbackassistant.apple.com with this warning message and any useful information you can provide.
** BUILD FAILED **
The following build commands failed:
	SwiftCompile normal arm64 (in target 'PropertyInspector' from project 'swiftui-property-inspector')
	SwiftEmitModule normal arm64 Emitting\ module\ for\ PropertyInspector (in target 'PropertyInspector' from project 'swiftui-property-inspector')
	Building workspace swiftui-property-inspector with scheme swiftui-property-inspector-Package
(3 failures)
Command line invocation:
    /Applications/Xcode-27.0.0-Release.Candidate.app/Contents/Developer/usr/bin/xcodebuild -IDEClonedSourcePackagesDirPathOverride=/Users/admin/builder/spi-builder-workspace/.dependencies -resolvePackageDependencies
Resolve Package Graph
Resolved source packages:
  SwiftLintPlugins: https://github.com/SimplyDanny/SwiftLintPlugins @ 0.65.1
  swiftui-property-inspector: /Users/admin/builder/spi-builder-workspace
  SwiftFormat: https://github.com/nicklockwood/SwiftFormat @ 0.63.0
resolved source packages: SwiftLintPlugins, swiftui-property-inspector, SwiftFormat
2026-09-21 17:41:17.665 xcodebuild[946:5731] [MT] IDERunDestination: Supported platforms for the buildables in the current scheme is empty.
2026-09-21 17:41:17.769 xcodebuild[946:5731] [MT] IDERunDestination: Supported platforms for the buildables in the current scheme is empty.
{
  "dependencies" : [
    {
      "identity" : "swiftlintplugins",
      "requirement" : {
        "range" : [
          {
            "lower_bound" : "0.55.1",
            "upper_bound" : "1.0.0"
          }
        ]
      },
      "type" : "sourceControl",
      "url" : "https://github.com/SimplyDanny/SwiftLintPlugins"
    },
    {
      "identity" : "swiftformat",
      "requirement" : {
        "range" : [
          {
            "lower_bound" : "0.54.0",
            "upper_bound" : "1.0.0"
          }
        ]
      },
      "type" : "sourceControl",
      "url" : "https://github.com/nicklockwood/SwiftFormat"
    }
  ],
  "manifest_display_name" : "swiftui-property-inspector",
  "name" : "swiftui-property-inspector",
  "path" : "/Users/admin/builder/spi-builder-workspace",
  "platforms" : [
    {
      "name" : "ios",
      "version" : "15.0"
    },
    {
      "name" : "macos",
      "version" : "12.0"
    }
  ],
  "products" : [
    {
      "name" : "PropertyInspector",
      "targets" : [
        "PropertyInspector"
      ],
      "type" : {
        "library" : [
          "automatic"
        ]
      }
    },
    {
      "name" : "PropertyInspector-Examples",
      "targets" : [
        "PropertyInspector-Examples"
      ],
      "type" : {
        "library" : [
          "automatic"
        ]
      }
    }
  ],
  "swift_languages_versions" : [
    "6"
  ],
  "targets" : [
    {
      "c99name" : "PropertyInspectorTests",
      "module_type" : "SwiftTarget",
      "name" : "PropertyInspectorTests",
      "path" : "Tests",
      "sources" : [
        "ContextDataTests.swift",
        "Fix1_DebouncingBenchmarks.swift",
        "Fix1_DebouncingTests.swift",
        "Fix2_PropertyCachingBenchmarks.swift",
        "Fix2_PropertyCachingTests.swift",
        "RowViewBuilderRegistryTests.swift"
      ],
      "target_dependencies" : [
        "PropertyInspector"
      ],
      "type" : "test"
    },
    {
      "c99name" : "PropertyInspector_Examples",
      "module_type" : "SwiftTarget",
      "name" : "PropertyInspector-Examples",
      "path" : "Examples",
      "product_memberships" : [
        "PropertyInspector-Examples"
      ],
      "sources" : [
        "Examples.swift",
        "HighlightBehaviorExample.swift"
      ],
      "target_dependencies" : [
        "PropertyInspector"
      ],
      "type" : "library"
    },
    {
      "c99name" : "PropertyInspector",
      "module_type" : "SwiftTarget",
      "name" : "PropertyInspector",
      "path" : "Development",
      "product_dependencies" : [
        "SwiftLintBuildToolPlugin"
      ],
      "product_memberships" : [
        "PropertyInspector",
        "PropertyInspector-Examples"
      ],
      "sources" : [
        "DebugPreviews/HighlightAnimationTester.swift",
        "Environment/EnvironmentKeys.swift",
        "Environment/PreferenceKeys.swift",
        "Extensions/Animation+Constants.swift",
        "Extensions/View+ConditionalFeatures.swift",
        "Models/Context.Data.swift",
        "Models/Context.Filter.swift",
        "Models/HashableBox.swift",
        "Models/HashableDictionary.swift",
        "Models/Property.swift",
        "Models/PropertyCache.swift",
        "Models/PropertyID.swift",
        "Models/PropertyInspectorHighlightBehavior.swift",
        "Models/PropertyLocation.swift",
        "Models/PropertyType.swift",
        "Models/PropertyValue.swift",
        "Models/RowViewBuilder.swift",
        "Models/RowViewBuilderRegistry.swift",
        "PropertyInspector+View.swift",
        "PropertyInspector.swift",
        "Protocols/PropertyInspectorStyle.swift",
        "Styles/InlinePropertyInspector.swift",
        "Styles/ListPropertyInspector.swift",
        "Styles/SheetPropertyInspector.swift",
        "ToggleStyles/PropertyToggleStyle.swift",
        "ViewModifiers/Context.swift",
        "ViewModifiers/PreferenceWriter.swift",
        "ViewModifiers/PropertyHiglighter.swift",
        "ViewModifiers/PropertyWriter.swift",
        "Views/PropertyInspectorFilters.swift",
        "Views/PropertyInspectorHeader.swift",
        "Views/PropertyInspectorRow.swift",
        "Views/PropertyInspectorRows.swift",
        "Views/PropertyLocationView.swift"
      ],
      "type" : "library"
    }
  ],
  "tools_version" : "6.0"
}
{
  "workspace" : {
    "name" : "swiftui-property-inspector",
    "schemes" : [
      "Examples",
      "PropertyInspector",
      "PropertyInspector-Examples",
      "swiftui-property-inspector-Package"
    ]
  }
}
2026-09-21 17:41:20.153 xcodebuild[963:5852] [MT] IDERunDestination: Supported platforms for the buildables in the current scheme is empty.
2026-09-21 17:41:20.256 xcodebuild[963:5852] [MT] IDERunDestination: Supported platforms for the buildables in the current scheme is empty.
{
  "workspace" : {
    "name" : "swiftui-property-inspector",
    "schemes" : [
      "Examples",
      "PropertyInspector",
      "PropertyInspector-Examples",
      "swiftui-property-inspector-Package"
    ]
  }
}
2026-09-21 17:41:22.365 xcodebuild[974:5938] [MT] IDERunDestination: Supported platforms for the buildables in the current scheme is empty.
2026-09-21 17:41:22.470 xcodebuild[974:5938] [MT] IDERunDestination: Supported platforms for the buildables in the current scheme is empty.
Running build ...
env DEVELOPER_DIR=/Applications/Xcode-27.0.0-Release.Candidate.app xcrun xcodebuild -IDEClonedSourcePackagesDirPathOverride=$PWD/.dependencies -skipMacroValidation -skipPackagePluginValidation -derivedDataPath $PWD/.derivedData build -scheme swiftui-property-inspector-Package -destination generic/platform=xrOS
Command line invocation:
    /Applications/Xcode-27.0.0-Release.Candidate.app/Contents/Developer/usr/bin/xcodebuild -IDEClonedSourcePackagesDirPathOverride=/Users/admin/builder/spi-builder-workspace/.dependencies -skipMacroValidation -skipPackagePluginValidation -derivedDataPath /Users/admin/builder/spi-builder-workspace/.derivedData build -scheme swiftui-property-inspector-Package -destination generic/platform=xrOS
Resolve Package Graph
Resolved source packages:
  SwiftLintPlugins: https://github.com/SimplyDanny/SwiftLintPlugins @ 0.65.1
  SwiftFormat: https://github.com/nicklockwood/SwiftFormat @ 0.63.0
  swiftui-property-inspector: /Users/admin/builder/spi-builder-workspace
ComputePackagePrebuildTargetDependencyGraph
Prepare packages
Compile plug-in “SwiftLintBuildToolPlugin” in package “swiftlintplugins”
[debug]: Compiling plugin to executable at /Users/admin/builder/spi-builder-workspace/.derivedData/Build/Products/PluginExecutables/SwiftLintBuildToolPlugin
[debug]: Using compiler /Applications/Xcode-27.0.0-Release.Candidate.app/Contents/Developer/Toolchains/XcodeDefault.xctoolchain/usr/bin/swiftc
[debug]: Plugin compilation output directory '/Users/admin/builder/spi-builder-workspace/.derivedData/Build/Products/PluginExecutables'
[debug]: Computed hash of plugin compilation inputs: 922e409bf24857261d1affe60c401f3f51c0f45b576ccc5731d1e515bbb3a26c
Apply build tool plug-in “SwiftLintBuildToolPlugin” to target “PropertyInspector” in package “spi-builder-workspace”
/usr/bin/sandbox-exec -p "(version 1)
(deny default)
(import \"system.sb\")
(allow file-read*)
(allow process*)
(allow mach-lookup (global-name \"com.apple.lsd.mapdb\"))
(allow mach-lookup (global-name \"com.apple.mobileassetd.v2\"))
(allow file-write*
    (subpath \"/private/tmp\")
    (subpath \"/private/var/tmp\")
    (subpath \"/private/var/folders/xq/y_g06wb113726d38xsyx71_h0000gn/T\")
    (subpath \"/private/var/folders/xq/y_g06wb113726d38xsyx71_h0000gn/C\")
)
(deny file-write*
    (subpath \"/Users/admin/builder/spi-builder-workspace\")
)
(allow file-write*
    (subpath \"/Users/admin/builder/spi-builder-workspace/.derivedData/Build/Intermediates.noindex/BuildToolPluginIntermediates/spi-builder-workspace.output/PropertyInspector/SwiftLintBuildToolPlugin\")
    (subpath \"/private/var/folders/xq/y_g06wb113726d38xsyx71_h0000gn/T/TemporaryItems\")
)
" /Users/admin/builder/spi-builder-workspace/.dependencies/artifacts/swiftlintplugins/SwiftLintBinary/SwiftLintBinary.artifactbundle/macos/swiftlint lint --quiet --force-exclude --cache-path /Users/admin/builder/spi-builder-workspace/.derivedData/Build/Intermediates.noindex/BuildToolPluginIntermediates/spi-builder-workspace.output/PropertyInspector/SwiftLintBuildToolPlugin/Cache /Users/admin/builder/spi-builder-workspace/Development/DebugPreviews/HighlightAnimationTester.swift /Users/admin/builder/spi-builder-workspace/Development/Environment/EnvironmentKeys.swift /Users/admin/builder/spi-builder-workspace/Development/Environment/PreferenceKeys.swift /Users/admin/builder/spi-builder-workspace/Development/Extensions/Animation+Constants.swift /Users/admin/builder/spi-builder-workspace/Development/Extensions/View+ConditionalFeatures.swift /Users/admin/builder/spi-builder-workspace/Development/Models/Context.Data.swift /Users/admin/builder/spi-builder-workspace/Development/Models/Context.Filter.swift /Users/admin/builder/spi-builder-workspace/Development/Models/HashableBox.swift /Users/admin/builder/spi-builder-workspace/Development/Models/HashableDictionary.swift /Users/admin/builder/spi-builder-workspace/Development/Models/Property.swift /Users/admin/builder/spi-builder-workspace/Development/Models/PropertyCache.swift /Users/admin/builder/spi-builder-workspace/Development/Models/PropertyID.swift /Users/admin/builder/spi-builder-workspace/Development/Models/PropertyInspectorHighlightBehavior.swift /Users/admin/builder/spi-builder-workspace/Development/Models/PropertyLocation.swift /Users/admin/builder/spi-builder-workspace/Development/Models/PropertyType.swift /Users/admin/builder/spi-builder-workspace/Development/Models/PropertyValue.swift /Users/admin/builder/spi-builder-workspace/Development/Models/RowViewBuilder.swift /Users/admin/builder/spi-builder-workspace/Development/Models/RowViewBuilderRegistry.swift /Users/admin/builder/spi-builder-workspace/Development/PropertyInspector+View.swift /Users/admin/builder/spi-builder-workspace/Development/PropertyInspector.swift /Users/admin/builder/spi-builder-workspace/Development/Protocols/PropertyInspectorStyle.swift /Users/admin/builder/spi-builder-workspace/Development/Styles/InlinePropertyInspector.swift /Users/admin/builder/spi-builder-workspace/Development/Styles/ListPropertyInspector.swift /Users/admin/builder/spi-builder-workspace/Development/Styles/SheetPropertyInspector.swift /Users/admin/builder/spi-builder-workspace/Development/ToggleStyles/PropertyToggleStyle.swift /Users/admin/builder/spi-builder-workspace/Development/ViewModifiers/Context.swift /Users/admin/builder/spi-builder-workspace/Development/ViewModifiers/PreferenceWriter.swift /Users/admin/builder/spi-builder-workspace/Development/ViewModifiers/PropertyHiglighter.swift /Users/admin/builder/spi-builder-workspace/Development/ViewModifiers/PropertyWriter.swift /Users/admin/builder/spi-builder-workspace/Development/Views/PropertyInspectorFilters.swift /Users/admin/builder/spi-builder-workspace/Development/Views/PropertyInspectorHeader.swift /Users/admin/builder/spi-builder-workspace/Development/Views/PropertyInspectorRow.swift /Users/admin/builder/spi-builder-workspace/Development/Views/PropertyInspectorRows.swift /Users/admin/builder/spi-builder-workspace/Development/Views/PropertyLocationView.swift
/Users/admin/builder/spi-builder-workspace/Development/Models/Context.Data.swift:27:1: warning: Trailing Whitespace Violation: Lines should not have trailing whitespace (trailing_whitespace)
/Users/admin/builder/spi-builder-workspace/Development/Models/Context.Data.swift:76:1: warning: Trailing Whitespace Violation: Lines should not have trailing whitespace (trailing_whitespace)
/Users/admin/builder/spi-builder-workspace/Development/Models/Context.Data.swift:80:1: warning: Trailing Whitespace Violation: Lines should not have trailing whitespace (trailing_whitespace)
/Users/admin/builder/spi-builder-workspace/Development/Models/Context.Data.swift:84:1: warning: Trailing Whitespace Violation: Lines should not have trailing whitespace (trailing_whitespace)
/Users/admin/builder/spi-builder-workspace/Development/Models/PropertyCache.swift:20:1: warning: Trailing Whitespace Violation: Lines should not have trailing whitespace (trailing_whitespace)
/Users/admin/builder/spi-builder-workspace/Development/Models/PropertyCache.swift:23:1: warning: Trailing Whitespace Violation: Lines should not have trailing whitespace (trailing_whitespace)
/Users/admin/builder/spi-builder-workspace/Development/Models/PropertyCache.swift:26:1: warning: Trailing Whitespace Violation: Lines should not have trailing whitespace (trailing_whitespace)
/Users/admin/builder/spi-builder-workspace/Development/Models/PropertyCache.swift:49:1: warning: Trailing Whitespace Violation: Lines should not have trailing whitespace (trailing_whitespace)
/Users/admin/builder/spi-builder-workspace/Development/Models/PropertyCache.swift:58:1: warning: Trailing Whitespace Violation: Lines should not have trailing whitespace (trailing_whitespace)
/Users/admin/builder/spi-builder-workspace/Development/Models/PropertyCache.swift:62:1: warning: Trailing Whitespace Violation: Lines should not have trailing whitespace (trailing_whitespace)
/Users/admin/builder/spi-builder-workspace/Development/Models/PropertyCache.swift:65:1: warning: Trailing Whitespace Violation: Lines should not have trailing whitespace (trailing_whitespace)
/Users/admin/builder/spi-builder-workspace/Development/Models/PropertyCache.swift:72:1: warning: Trailing Whitespace Violation: Lines should not have trailing whitespace (trailing_whitespace)
/Users/admin/builder/spi-builder-workspace/Development/Models/PropertyCache.swift:74:1: warning: Trailing Whitespace Violation: Lines should not have trailing whitespace (trailing_whitespace)
/Users/admin/builder/spi-builder-workspace/Development/Models/PropertyCache.swift:78:1: warning: Trailing Whitespace Violation: Lines should not have trailing whitespace (trailing_whitespace)
/Users/admin/builder/spi-builder-workspace/Development/Models/PropertyCache.swift:83:1: warning: Trailing Whitespace Violation: Lines should not have trailing whitespace (trailing_whitespace)
/Users/admin/builder/spi-builder-workspace/Development/Models/PropertyCache.swift:85:1: warning: Trailing Whitespace Violation: Lines should not have trailing whitespace (trailing_whitespace)
/Users/admin/builder/spi-builder-workspace/Development/Models/PropertyCache.swift:94:1: warning: Trailing Whitespace Violation: Lines should not have trailing whitespace (trailing_whitespace)
/Users/admin/builder/spi-builder-workspace/Development/Models/PropertyCache.swift:99:1: warning: Trailing Whitespace Violation: Lines should not have trailing whitespace (trailing_whitespace)
/Users/admin/builder/spi-builder-workspace/Development/Models/Property.swift:23:1: warning: Trailing Whitespace Violation: Lines should not have trailing whitespace (trailing_whitespace)
/Users/admin/builder/spi-builder-workspace/Development/Models/Property.swift:46:1: warning: Trailing Whitespace Violation: Lines should not have trailing whitespace (trailing_whitespace)
/Users/admin/builder/spi-builder-workspace/Development/DebugPreviews/HighlightAnimationTester.swift:169:13: warning: Function Body Length Violation: Function body should span 50 lines or less excluding comments and whitespace: currently spans 51 lines (function_body_length)
/Users/admin/builder/spi-builder-workspace/Development/DebugPreviews/HighlightAnimationTester.swift:23:1: warning: Trailing Whitespace Violation: Lines should not have trailing whitespace (trailing_whitespace)
/Users/admin/builder/spi-builder-workspace/Development/DebugPreviews/HighlightAnimationTester.swift:31:1: warning: Trailing Whitespace Violation: Lines should not have trailing whitespace (trailing_whitespace)
/Users/admin/builder/spi-builder-workspace/Development/DebugPreviews/HighlightAnimationTester.swift:35:1: warning: Trailing Whitespace Violation: Lines should not have trailing whitespace (trailing_whitespace)
/Users/admin/builder/spi-builder-workspace/Development/DebugPreviews/HighlightAnimationTester.swift:37:1: warning: Trailing Whitespace Violation: Lines should not have trailing whitespace (trailing_whitespace)
/Users/admin/builder/spi-builder-workspace/Development/DebugPreviews/HighlightAnimationTester.swift:39:1: warning: Trailing Whitespace Violation: Lines should not have trailing whitespace (trailing_whitespace)
/Users/admin/builder/spi-builder-workspace/Development/DebugPreviews/HighlightAnimationTester.swift:41:1: warning: Trailing Whitespace Violation: Lines should not have trailing whitespace (trailing_whitespace)
/Users/admin/builder/spi-builder-workspace/Development/DebugPreviews/HighlightAnimationTester.swift:43:1: warning: Trailing Whitespace Violation: Lines should not have trailing whitespace (trailing_whitespace)
/Users/admin/builder/spi-builder-workspace/Development/DebugPreviews/HighlightAnimationTester.swift:48:1: warning: Trailing Whitespace Violation: Lines should not have trailing whitespace (trailing_whitespace)
/Users/admin/builder/spi-builder-workspace/Development/DebugPreviews/HighlightAnimationTester.swift:50:1: warning: Trailing Whitespace Violation: Lines should not have trailing whitespace (trailing_whitespace)
/Users/admin/builder/spi-builder-workspace/Development/DebugPreviews/HighlightAnimationTester.swift:55:1: warning: Trailing Whitespace Violation: Lines should not have trailing whitespace (trailing_whitespace)
/Users/admin/builder/spi-builder-workspace/Development/DebugPreviews/HighlightAnimationTester.swift:59:1: warning: Trailing Whitespace Violation: Lines should not have trailing whitespace (trailing_whitespace)
/Users/admin/builder/spi-builder-workspace/Development/DebugPreviews/HighlightAnimationTester.swift:65:1: warning: Trailing Whitespace Violation: Lines should not have trailing whitespace (trailing_whitespace)
/Users/admin/builder/spi-builder-workspace/Development/DebugPreviews/HighlightAnimationTester.swift:67:1: warning: Trailing Whitespace Violation: Lines should not have trailing whitespace (trailing_whitespace)
/Users/admin/builder/spi-builder-workspace/Development/DebugPreviews/HighlightAnimationTester.swift:77:1: warning: Trailing Whitespace Violation: Lines should not have trailing whitespace (trailing_whitespace)
/Users/admin/builder/spi-builder-workspace/Development/DebugPreviews/HighlightAnimationTester.swift:81:1: warning: Trailing Whitespace Violation: Lines should not have trailing whitespace (trailing_whitespace)
/Users/admin/builder/spi-builder-workspace/Development/DebugPreviews/HighlightAnimationTester.swift:90:1: warning: Trailing Whitespace Violation: Lines should not have trailing whitespace (trailing_whitespace)
/Users/admin/builder/spi-builder-workspace/Development/DebugPreviews/HighlightAnimationTester.swift:97:1: warning: Trailing Whitespace Violation: Lines should not have trailing whitespace (trailing_whitespace)
/Users/admin/builder/spi-builder-workspace/Development/DebugPreviews/HighlightAnimationTester.swift:102:1: warning: Trailing Whitespace Violation: Lines should not have trailing whitespace (trailing_whitespace)
/Users/admin/builder/spi-builder-workspace/Development/DebugPreviews/HighlightAnimationTester.swift:113:1: warning: Trailing Whitespace Violation: Lines should not have trailing whitespace (trailing_whitespace)
/Users/admin/builder/spi-builder-workspace/Development/DebugPreviews/HighlightAnimationTester.swift:115:1: warning: Trailing Whitespace Violation: Lines should not have trailing whitespace (trailing_whitespace)
/Users/admin/builder/spi-builder-workspace/Development/DebugPreviews/HighlightAnimationTester.swift:129:1: warning: Trailing Whitespace Violation: Lines should not have trailing whitespace (trailing_whitespace)
/Users/admin/builder/spi-builder-workspace/Development/DebugPreviews/HighlightAnimationTester.swift:131:1: warning: Trailing Whitespace Violation: Lines should not have trailing whitespace (trailing_whitespace)
/Users/admin/builder/spi-builder-workspace/Development/DebugPreviews/HighlightAnimationTester.swift:138:1: warning: Trailing Whitespace Violation: Lines should not have trailing whitespace (trailing_whitespace)
/Users/admin/builder/spi-builder-workspace/Development/DebugPreviews/HighlightAnimationTester.swift:143:1: warning: Trailing Whitespace Violation: Lines should not have trailing whitespace (trailing_whitespace)
/Users/admin/builder/spi-builder-workspace/Development/DebugPreviews/HighlightAnimationTester.swift:155:1: warning: Trailing Whitespace Violation: Lines should not have trailing whitespace (trailing_whitespace)
/Users/admin/builder/spi-builder-workspace/Development/DebugPreviews/HighlightAnimationTester.swift:166:1: warning: Trailing Whitespace Violation: Lines should not have trailing whitespace (trailing_whitespace)
/Users/admin/builder/spi-builder-workspace/Development/DebugPreviews/HighlightAnimationTester.swift:168:1: warning: Trailing Whitespace Violation: Lines should not have trailing whitespace (trailing_whitespace)
/Users/admin/builder/spi-builder-workspace/Development/DebugPreviews/HighlightAnimationTester.swift:180:1: warning: Trailing Whitespace Violation: Lines should not have trailing whitespace (trailing_whitespace)
/Users/admin/builder/spi-builder-workspace/Development/DebugPreviews/HighlightAnimationTester.swift:192:1: warning: Trailing Whitespace Violation: Lines should not have trailing whitespace (trailing_whitespace)
/Users/admin/builder/spi-builder-workspace/Development/DebugPreviews/HighlightAnimationTester.swift:203:1: warning: Trailing Whitespace Violation: Lines should not have trailing whitespace (trailing_whitespace)
/Users/admin/builder/spi-builder-workspace/Development/DebugPreviews/HighlightAnimationTester.swift:217:1: warning: Trailing Whitespace Violation: Lines should not have trailing whitespace (trailing_whitespace)
/Users/admin/builder/spi-builder-workspace/Development/DebugPreviews/HighlightAnimationTester.swift:231:1: warning: Trailing Whitespace Violation: Lines should not have trailing whitespace (trailing_whitespace)
/Users/admin/builder/spi-builder-workspace/Development/DebugPreviews/HighlightAnimationTester.swift:243:1: warning: Trailing Whitespace Violation: Lines should not have trailing whitespace (trailing_whitespace)
/Users/admin/builder/spi-builder-workspace/Development/DebugPreviews/HighlightAnimationTester.swift:250:1: warning: Trailing Whitespace Violation: Lines should not have trailing whitespace (trailing_whitespace)
/Users/admin/builder/spi-builder-workspace/Development/DebugPreviews/HighlightAnimationTester.swift:268:1: warning: Trailing Whitespace Violation: Lines should not have trailing whitespace (trailing_whitespace)
/Users/admin/builder/spi-builder-workspace/Development/DebugPreviews/HighlightAnimationTester.swift:274:1: warning: Trailing Whitespace Violation: Lines should not have trailing whitespace (trailing_whitespace)
/Users/admin/builder/spi-builder-workspace/Development/DebugPreviews/HighlightAnimationTester.swift:284:1: warning: Trailing Whitespace Violation: Lines should not have trailing whitespace (trailing_whitespace)
/Users/admin/builder/spi-builder-workspace/Development/DebugPreviews/HighlightAnimationTester.swift:289:1: warning: Trailing Whitespace Violation: Lines should not have trailing whitespace (trailing_whitespace)
/Users/admin/builder/spi-builder-workspace/Development/DebugPreviews/HighlightAnimationTester.swift:293:1: warning: Trailing Whitespace Violation: Lines should not have trailing whitespace (trailing_whitespace)
/Users/admin/builder/spi-builder-workspace/Development/DebugPreviews/HighlightAnimationTester.swift:301:1: warning: Trailing Whitespace Violation: Lines should not have trailing whitespace (trailing_whitespace)
/Users/admin/builder/spi-builder-workspace/Development/DebugPreviews/HighlightAnimationTester.swift:308:1: warning: Trailing Whitespace Violation: Lines should not have trailing whitespace (trailing_whitespace)
/Users/admin/builder/spi-builder-workspace/Development/DebugPreviews/HighlightAnimationTester.swift:316:1: warning: Trailing Whitespace Violation: Lines should not have trailing whitespace (trailing_whitespace)
/Users/admin/builder/spi-builder-workspace/Development/DebugPreviews/HighlightAnimationTester.swift:366:1: warning: Trailing Whitespace Violation: Lines should not have trailing whitespace (trailing_whitespace)
/Users/admin/builder/spi-builder-workspace/Development/DebugPreviews/HighlightAnimationTester.swift:371:1: warning: Trailing Whitespace Violation: Lines should not have trailing whitespace (trailing_whitespace)
/Users/admin/builder/spi-builder-workspace/Development/DebugPreviews/HighlightAnimationTester.swift:381:1: warning: Trailing Whitespace Violation: Lines should not have trailing whitespace (trailing_whitespace)
/Users/admin/builder/spi-builder-workspace/Development/ViewModifiers/PropertyWriter.swift:51:1: warning: Trailing Whitespace Violation: Lines should not have trailing whitespace (trailing_whitespace)
/Users/admin/builder/spi-builder-workspace/Development/ViewModifiers/PropertyHiglighter.swift:19:1: warning: Trailing Whitespace Violation: Lines should not have trailing whitespace (trailing_whitespace)
/Users/admin/builder/spi-builder-workspace/Development/ViewModifiers/PropertyHiglighter.swift:24:1: warning: Trailing Whitespace Violation: Lines should not have trailing whitespace (trailing_whitespace)
/Users/admin/builder/spi-builder-workspace/Development/ViewModifiers/PropertyHiglighter.swift:27:1: warning: Trailing Whitespace Violation: Lines should not have trailing whitespace (trailing_whitespace)
/Users/admin/builder/spi-builder-workspace/Development/ViewModifiers/PropertyHiglighter.swift:31:1: warning: Trailing Whitespace Violation: Lines should not have trailing whitespace (trailing_whitespace)
/Users/admin/builder/spi-builder-workspace/Development/ViewModifiers/PropertyHiglighter.swift:35:1: warning: Trailing Whitespace Violation: Lines should not have trailing whitespace (trailing_whitespace)
Process build tool plug-in results
package: <IDESwiftPackageCore.IDESwiftPackage:0x81a1c9e00 path:'/Users/admin/builder/spi-builder-workspace'>
    target: PropertyInspector
        prebuildCommandOutputPaths: []
        buildCommands: []
        allDerivedOutputPaths: []
CreateBuildRequest
SendProjectDescription
CreateBuildOperation
ComputeTargetDependencyGraph
note: Building targets in dependency order
note: Target dependency graph (6 targets)
    Target 'PropertyInspector-Examples-product' in project 'swiftui-property-inspector'
        ➜ Explicit dependency on target 'PropertyInspector-Examples' in project 'swiftui-property-inspector'
        ➜ Explicit dependency on target 'SwiftLintBuildToolPlugin-product' in project 'SwiftLintPlugins'
        ➜ Explicit dependency on target 'PropertyInspector' in project 'swiftui-property-inspector'
    Target 'PropertyInspector-Examples' in project 'swiftui-property-inspector'
        ➜ Explicit dependency on target 'SwiftLintBuildToolPlugin-product' in project 'SwiftLintPlugins'
        ➜ Explicit dependency on target 'PropertyInspector' in project 'swiftui-property-inspector'
    Target 'PropertyInspector-product' in project 'swiftui-property-inspector'
        ➜ Explicit dependency on target 'PropertyInspector' in project 'swiftui-property-inspector'
        ➜ Explicit dependency on target 'SwiftLintBuildToolPlugin-product' in project 'SwiftLintPlugins'
    Target 'PropertyInspector' in project 'swiftui-property-inspector'
        ➜ Explicit dependency on target 'SwiftLintBuildToolPlugin-product' in project 'SwiftLintPlugins'
    Target 'SwiftLintBuildToolPlugin-product' in project 'SwiftLintPlugins'
        ➜ Explicit dependency on target 'SwiftLintBuildToolPlugin' in project 'SwiftLintPlugins'
    Target 'SwiftLintBuildToolPlugin' in project 'SwiftLintPlugins' (no dependencies)
GatherProvisioningInputs
CreateBuildDescription
ClangStatCache /Applications/Xcode-27.0.0-Release.Candidate.app/Contents/Developer/Toolchains/XcodeDefault.xctoolchain/usr/bin/clang-stat-cache /Applications/Xcode-27.0.0-Release.Candidate.app/Contents/Developer/Platforms/XROS.platform/Developer/SDKs/XROS27.0.sdk /Users/admin/builder/spi-builder-workspace/.derivedData/SDKStatCaches.noindex/xros27.0-24M361-e829b21a6f8c9b70876ba0858053c044735bd543db762f57723cac368afd1ce4.sdkstatcache
    cd /Users/admin/builder/spi-builder-workspace/.swiftpm/xcode
    /Applications/Xcode-27.0.0-Release.Candidate.app/Contents/Developer/Toolchains/XcodeDefault.xctoolchain/usr/bin/clang-stat-cache /Applications/Xcode-27.0.0-Release.Candidate.app/Contents/Developer/Platforms/XROS.platform/Developer/SDKs/XROS27.0.sdk -o /Users/admin/builder/spi-builder-workspace/.derivedData/SDKStatCaches.noindex/xros27.0-24M361-e829b21a6f8c9b70876ba0858053c044735bd543db762f57723cac368afd1ce4.sdkstatcache
SwiftDriver PropertyInspector normal arm64 com.apple.xcode.tools.swift.compiler (in target 'PropertyInspector' from project 'swiftui-property-inspector')
    cd /Users/admin/builder/spi-builder-workspace/.swiftpm/xcode
    builtin-SwiftDriver -- /Applications/Xcode-27.0.0-Release.Candidate.app/Contents/Developer/Toolchains/XcodeDefault.xctoolchain/usr/bin/swiftc -parse-as-library -module-name PropertyInspector -Onone @/Users/admin/builder/spi-builder-workspace/.derivedData/Build/Intermediates.noindex/swiftui-property-inspector.build/Debug-xros/PropertyInspector-t.build/Objects-normal/arm64/PropertyInspector.SwiftFileList -DSWIFT_PACKAGE -DDEBUG -DSWIFT_MODULE_RESOURCE_BUNDLE_UNAVAILABLE -DVERBOSE -DXcode -enable-upcoming-feature BareSlashRegexLiterals -Xfrontend -warn-concurrency -plugin-path /Applications/Xcode-27.0.0-Release.Candidate.app/Contents/Developer/Toolchains/XcodeDefault.xctoolchain/usr/lib/swift/host/plugins/testing -enable-experimental-feature DebugDescriptionMacro -sdk /Applications/Xcode-27.0.0-Release.Candidate.app/Contents/Developer/Platforms/XROS.platform/Developer/SDKs/XROS27.0.sdk -target arm64-apple-xros1.0 -g -module-cache-path /Users/admin/builder/spi-builder-workspace/.derivedData/ModuleCache.noindex -Xfrontend -serialize-debugging-options -profile-coverage-mapping -profile-generate -enable-testing -index-store-path /Users/admin/builder/spi-builder-workspace/.derivedData/Index.noindex/DataStore -Xcc -D_LIBCPP_HARDENING_MODE\=_LIBCPP_HARDENING_MODE_DEBUG -swift-version 6 -I /Users/admin/builder/spi-builder-workspace/.derivedData/Build/Products/Debug-xros -Isystem /Applications/Xcode-27.0.0-Release.Candidate.app/Contents/Developer/Platforms/XROS.platform/Developer/usr/lib -F /Users/admin/builder/spi-builder-workspace/.derivedData/Build/Products/Debug-xros -F /Applications/Xcode-27.0.0-Release.Candidate.app/Contents/Developer/Platforms/XROS.platform/Developer/Library/Frameworks -F /Applications/Xcode-27.0.0-Release.Candidate.app/Contents/Developer/Platforms/XROS.platform/Developer/SDKs/XROS27.0.sdk/Developer/Library/Frameworks -c -j10 -enable-batch-mode -incremental -Xcc -ivfsstatcache -Xcc /Users/admin/builder/spi-builder-workspace/.derivedData/SDKStatCaches.noindex/xros27.0-24M361-e829b21a6f8c9b70876ba0858053c044735bd543db762f57723cac368afd1ce4.sdkstatcache -output-file-map /Users/admin/builder/spi-builder-workspace/.derivedData/Build/Intermediates.noindex/swiftui-property-inspector.build/Debug-xros/PropertyInspector-t.build/Objects-normal/arm64/PropertyInspector-OutputFileMap.json -save-temps -no-color-diagnostics -explicit-module-build -module-cache-path /Users/admin/builder/spi-builder-workspace/.derivedData/Build/Intermediates.noindex/SwiftExplicitPrecompiledModules -clang-scanner-module-cache-path /Users/admin/builder/spi-builder-workspace/.derivedData/ModuleCache.noindex -sdk-module-cache-path /Users/admin/builder/spi-builder-workspace/.derivedData/SDKExplicitPrecompiledModules -emit-dependencies -emit-module -emit-module-path /Users/admin/builder/spi-builder-workspace/.derivedData/Build/Intermediates.noindex/swiftui-property-inspector.build/Debug-xros/PropertyInspector-t.build/Objects-normal/arm64/PropertyInspector.swiftmodule -serialize-diagnostics -dependency-scan-serialize-diagnostics-path /Users/admin/builder/spi-builder-workspace/.derivedData/Build/Intermediates.noindex/swiftui-property-inspector.build/Debug-xros/PropertyInspector-t.build/Objects-normal/arm64/PropertyInspector-dependency-scan.dia -validate-clang-modules-once -clang-build-session-file /Users/admin/builder/spi-builder-workspace/.derivedData/ModuleCache.noindex/Session.modulevalidation -Xcc -fmodules-prune-interval\=86400 -Xcc -fmodules-prune-after\=345600 -package-name spi_builder_workspace -emit-const-values -const-gather-protocols-list /Users/admin/builder/spi-builder-workspace/.derivedData/Build/Intermediates.noindex/swiftui-property-inspector.build/Debug-xros/PropertyInspector-t.build/Objects-normal/arm64/PropertyInspector_const_extract_protocols.json -Xcc -I/Users/admin/builder/spi-builder-workspace/.derivedData/Build/Products/Debug-xros/include -Xcc -I/Users/admin/builder/spi-builder-workspace/.derivedData/Build/Intermediates.noindex/swiftui-property-inspector.build/Debug-xros/PropertyInspector-t.build/DerivedSources-normal/arm64 -Xcc -I/Users/admin/builder/spi-builder-workspace/.derivedData/Build/Intermediates.noindex/swiftui-property-inspector.build/Debug-xros/PropertyInspector-t.build/DerivedSources/arm64 -Xcc -I/Users/admin/builder/spi-builder-workspace/.derivedData/Build/Intermediates.noindex/swiftui-property-inspector.build/Debug-xros/PropertyInspector-t.build/DerivedSources -Xcc -DSWIFT_PACKAGE -Xcc -DDEBUG\=1 -emit-objc-header -emit-objc-header-path /Users/admin/builder/spi-builder-workspace/.derivedData/Build/Intermediates.noindex/swiftui-property-inspector.build/Debug-xros/PropertyInspector-t.build/Objects-normal/arm64/PropertyInspector-Swift.h -working-directory /Users/admin/builder/spi-builder-workspace/.swiftpm/xcode -experimental-emit-module-separately -disable-cmo
warning: Upcoming feature 'BareSlashRegexLiterals' already enabled as of the Swift 6 language mode (in target 'PropertyInspector' from project 'swiftui-property-inspector')
SwiftCompile normal arm64 Compiling\ RowViewBuilder.swift,\ RowViewBuilderRegistry.swift,\ PropertyInspector+View.swift /Users/admin/builder/spi-builder-workspace/Development/Models/RowViewBuilder.swift /Users/admin/builder/spi-builder-workspace/Development/Models/RowViewBuilderRegistry.swift /Users/admin/builder/spi-builder-workspace/Development/PropertyInspector+View.swift (in target 'PropertyInspector' from project 'swiftui-property-inspector')
SwiftCompile normal arm64 /Users/admin/builder/spi-builder-workspace/Development/Models/RowViewBuilder.swift (in target 'PropertyInspector' from project 'swiftui-property-inspector')
    cd /Users/admin/builder/spi-builder-workspace/.swiftpm/xcode
    builtin-SwiftPerFileCompile RowViewBuilder.swift
SwiftCompile normal arm64 /Users/admin/builder/spi-builder-workspace/Development/Models/RowViewBuilderRegistry.swift (in target 'PropertyInspector' from project 'swiftui-property-inspector')
    cd /Users/admin/builder/spi-builder-workspace/.swiftpm/xcode
    builtin-SwiftPerFileCompile RowViewBuilderRegistry.swift
SwiftCompile normal arm64 /Users/admin/builder/spi-builder-workspace/Development/PropertyInspector+View.swift (in target 'PropertyInspector' from project 'swiftui-property-inspector')
    cd /Users/admin/builder/spi-builder-workspace/.swiftpm/xcode
    builtin-SwiftPerFileCompile PropertyInspector+View.swift
<unknown>:0: warning: upcoming feature 'BareSlashRegexLiterals' already enabled as of the Swift 6 language mode
/Users/admin/builder/spi-builder-workspace/Development/PropertyInspector+View.swift:155:28: warning: cannot use default expression for inference of 'D.Type' because it is inferrable from parameters #0, #1; this will be an error in a future Swift language mode
153 |      */
154 |     func propertyInspectorRowIcon<D, Icon: View>(
155 |         for data: D.Type = Any.self,
    |                            `- warning: cannot use default expression for inference of 'D.Type' because it is inferrable from parameters #0, #1; this will be an error in a future Swift language mode
156 |         @ViewBuilder icon: @escaping (_ data: D) -> Icon
157 |     ) -> some View {
/Users/admin/builder/spi-builder-workspace/Development/PropertyInspector+View.swift:210:28: warning: cannot use default expression for inference of 'D.Type' because it is inferrable from parameters #0, #1; this will be an error in a future Swift language mode
208 |      */
209 |     func propertyInspectorRowLabel<D, Label: View>(
210 |         for data: D.Type = Any.self,
    |                            `- warning: cannot use default expression for inference of 'D.Type' because it is inferrable from parameters #0, #1; this will be an error in a future Swift language mode
211 |         @ViewBuilder label: @escaping (_ data: D) -> Label
212 |     ) -> some View {
/Users/admin/builder/spi-builder-workspace/Development/PropertyInspector+View.swift:238:28: warning: cannot use default expression for inference of 'D.Type' because it is inferrable from parameters #0, #1; this will be an error in a future Swift language mode
236 |      */
237 |     func propertyInspectorRowDetail<D, Detail: View>(
238 |         for data: D.Type = Any.self,
    |                            `- warning: cannot use default expression for inference of 'D.Type' because it is inferrable from parameters #0, #1; this will be an error in a future Swift language mode
239 |         @ViewBuilder detail: @escaping (_ data: D) -> Detail
240 |     ) -> some View {
SwiftCompile normal arm64 Compiling\ View+ConditionalFeatures.swift,\ Context.Data.swift,\ Context.Filter.swift,\ HashableBox.swift /Users/admin/builder/spi-builder-workspace/Development/Extensions/View+ConditionalFeatures.swift /Users/admin/builder/spi-builder-workspace/Development/Models/Context.Data.swift /Users/admin/builder/spi-builder-workspace/Development/Models/Context.Filter.swift /Users/admin/builder/spi-builder-workspace/Development/Models/HashableBox.swift (in target 'PropertyInspector' from project 'swiftui-property-inspector')
SwiftCompile normal arm64 /Users/admin/builder/spi-builder-workspace/Development/Extensions/View+ConditionalFeatures.swift (in target 'PropertyInspector' from project 'swiftui-property-inspector')
    cd /Users/admin/builder/spi-builder-workspace/.swiftpm/xcode
    builtin-SwiftPerFileCompile View+ConditionalFeatures.swift
SwiftCompile normal arm64 /Users/admin/builder/spi-builder-workspace/Development/Models/Context.Data.swift (in target 'PropertyInspector' from project 'swiftui-property-inspector')
    cd /Users/admin/builder/spi-builder-workspace/.swiftpm/xcode
    builtin-SwiftPerFileCompile Context.Data.swift
SwiftCompile normal arm64 /Users/admin/builder/spi-builder-workspace/Development/Models/Context.Filter.swift (in target 'PropertyInspector' from project 'swiftui-property-inspector')
    cd /Users/admin/builder/spi-builder-workspace/.swiftpm/xcode
    builtin-SwiftPerFileCompile Context.Filter.swift
SwiftCompile normal arm64 /Users/admin/builder/spi-builder-workspace/Development/Models/HashableBox.swift (in target 'PropertyInspector' from project 'swiftui-property-inspector')
    cd /Users/admin/builder/spi-builder-workspace/.swiftpm/xcode
    builtin-SwiftPerFileCompile HashableBox.swift
<unknown>:0: warning: upcoming feature 'BareSlashRegexLiterals' already enabled as of the Swift 6 language mode
SwiftCompile normal arm64 Compiling\ HighlightAnimationTester.swift,\ EnvironmentKeys.swift,\ PreferenceKeys.swift,\ Animation+Constants.swift /Users/admin/builder/spi-builder-workspace/Development/DebugPreviews/HighlightAnimationTester.swift /Users/admin/builder/spi-builder-workspace/Development/Environment/EnvironmentKeys.swift /Users/admin/builder/spi-builder-workspace/Development/Environment/PreferenceKeys.swift /Users/admin/builder/spi-builder-workspace/Development/Extensions/Animation+Constants.swift (in target 'PropertyInspector' from project 'swiftui-property-inspector')
<unknown>:0: warning: upcoming feature 'BareSlashRegexLiterals' already enabled as of the Swift 6 language mode
SwiftCompile normal arm64 /Users/admin/builder/spi-builder-workspace/Development/DebugPreviews/HighlightAnimationTester.swift (in target 'PropertyInspector' from project 'swiftui-property-inspector')
    cd /Users/admin/builder/spi-builder-workspace/.swiftpm/xcode
    builtin-SwiftPerFileCompile HighlightAnimationTester.swift
SwiftCompile normal arm64 /Users/admin/builder/spi-builder-workspace/Development/Environment/EnvironmentKeys.swift (in target 'PropertyInspector' from project 'swiftui-property-inspector')
    cd /Users/admin/builder/spi-builder-workspace/.swiftpm/xcode
    builtin-SwiftPerFileCompile EnvironmentKeys.swift
SwiftCompile normal arm64 /Users/admin/builder/spi-builder-workspace/Development/Environment/PreferenceKeys.swift (in target 'PropertyInspector' from project 'swiftui-property-inspector')
    cd /Users/admin/builder/spi-builder-workspace/.swiftpm/xcode
    builtin-SwiftPerFileCompile PreferenceKeys.swift
SwiftCompile normal arm64 /Users/admin/builder/spi-builder-workspace/Development/Extensions/Animation+Constants.swift (in target 'PropertyInspector' from project 'swiftui-property-inspector')
    cd /Users/admin/builder/spi-builder-workspace/.swiftpm/xcode
    builtin-SwiftPerFileCompile Animation+Constants.swift
SwiftCompile normal arm64 Compiling\ PropertyInspectorHighlightBehavior.swift,\ PropertyLocation.swift,\ PropertyType.swift,\ PropertyValue.swift /Users/admin/builder/spi-builder-workspace/Development/Models/PropertyInspectorHighlightBehavior.swift /Users/admin/builder/spi-builder-workspace/Development/Models/PropertyLocation.swift /Users/admin/builder/spi-builder-workspace/Development/Models/PropertyType.swift /Users/admin/builder/spi-builder-workspace/Development/Models/PropertyValue.swift (in target 'PropertyInspector' from project 'swiftui-property-inspector')
<unknown>:0: warning: upcoming feature 'BareSlashRegexLiterals' already enabled as of the Swift 6 language mode
SwiftCompile normal arm64 /Users/admin/builder/spi-builder-workspace/Development/Models/PropertyInspectorHighlightBehavior.swift (in target 'PropertyInspector' from project 'swiftui-property-inspector')
    cd /Users/admin/builder/spi-builder-workspace/.swiftpm/xcode
    builtin-SwiftPerFileCompile PropertyInspectorHighlightBehavior.swift
SwiftCompile normal arm64 /Users/admin/builder/spi-builder-workspace/Development/Models/PropertyLocation.swift (in target 'PropertyInspector' from project 'swiftui-property-inspector')
    cd /Users/admin/builder/spi-builder-workspace/.swiftpm/xcode
    builtin-SwiftPerFileCompile PropertyLocation.swift
SwiftCompile normal arm64 /Users/admin/builder/spi-builder-workspace/Development/Models/PropertyType.swift (in target 'PropertyInspector' from project 'swiftui-property-inspector')
    cd /Users/admin/builder/spi-builder-workspace/.swiftpm/xcode
    builtin-SwiftPerFileCompile PropertyType.swift
SwiftCompile normal arm64 /Users/admin/builder/spi-builder-workspace/Development/Models/PropertyValue.swift (in target 'PropertyInspector' from project 'swiftui-property-inspector')
    cd /Users/admin/builder/spi-builder-workspace/.swiftpm/xcode
    builtin-SwiftPerFileCompile PropertyValue.swift
SwiftCompile normal arm64 Compiling\ ListPropertyInspector.swift,\ SheetPropertyInspector.swift,\ PropertyToggleStyle.swift /Users/admin/builder/spi-builder-workspace/Development/Styles/ListPropertyInspector.swift /Users/admin/builder/spi-builder-workspace/Development/Styles/SheetPropertyInspector.swift /Users/admin/builder/spi-builder-workspace/Development/ToggleStyles/PropertyToggleStyle.swift (in target 'PropertyInspector' from project 'swiftui-property-inspector')
<unknown>:0: warning: upcoming feature 'BareSlashRegexLiterals' already enabled as of the Swift 6 language mode
/Users/admin/builder/spi-builder-workspace/Development/Styles/SheetPropertyInspector.swift:95:14: warning: 'onChange(of:perform:)' was deprecated in visionOS 1.0: Use `onChange` with a two or zero parameter action closure instead. [#DeprecatedDeclaration]
 93 |                 )
 94 |             )
 95 |             .onChange(of: isPresented) { newValue in
    |              `- warning: 'onChange(of:perform:)' was deprecated in visionOS 1.0: Use `onChange` with a two or zero parameter action closure instead. [#DeprecatedDeclaration]
 96 |                 DispatchQueue.main.async {
 97 |                     updateHighlightIfNeeded(newValue)
/Users/admin/builder/spi-builder-workspace/Development/Styles/SheetPropertyInspector.swift:149:41: warning: 'onChange(of:perform:)' was deprecated in visionOS 1.0: Use `onChange` with a two or zero parameter action closure instead. [#DeprecatedDeclaration]
147 |                         .presentationDetents(Set(SheetPresentationModifier.detents), selection: $selection)
148 |                         .background(GeometryReader { geometry in
149 |                             Color.clear.onChange(of: geometry.frame(in: .global).minY) { minY in
    |                                         `- warning: 'onChange(of:perform:)' was deprecated in visionOS 1.0: Use `onChange` with a two or zero parameter action closure instead. [#DeprecatedDeclaration]
150 |                                 #if canImport(UIKit)
151 |                                 let screenHeight = UIScreen.main.bounds.height
/Users/admin/builder/spi-builder-workspace/Development/Styles/SheetPropertyInspector.swift:151:52: error: 'UIScreen' is unavailable in visionOS
149 |                             Color.clear.onChange(of: geometry.frame(in: .global).minY) { minY in
150 |                                 #if canImport(UIKit)
151 |                                 let screenHeight = UIScreen.main.bounds.height
    |                                                    `- error: 'UIScreen' is unavailable in visionOS
152 |                                 #else
153 |                                 let screenHeight = NSScreen.main?.frame.height ?? 1000
/Applications/Xcode-27.0.0-Release.Candidate.app/Contents/Developer/Platforms/XROS.platform/Developer/SDKs/XROS27.0.sdk/System/Library/Frameworks/UIKit.framework/Headers/UIScreen.h:54:12: note: 'UIScreen' has been explicitly marked unavailable here
 52 |
 53 | UIKIT_EXTERN API_AVAILABLE(ios(2.0)) API_UNAVAILABLE(visionos, watchos) NS_SWIFT_UI_ACTOR
 54 | @interface UIScreen : NSObject <UITraitEnvironment>
    |            `- note: 'UIScreen' has been explicitly marked unavailable here
 55 |
 56 | @property(class, nonatomic, readonly) NSArray<UIScreen *> *screens API_DEPRECATED("Use UIApplication.shared.openSessions to find open sessions with scenes from other screens", ios(3.2, 16.0), visionos(1.0, 1.0)) API_UNAVAILABLE(watchos); // all screens currently attached to the device
/Users/admin/builder/spi-builder-workspace/Development/Styles/SheetPropertyInspector.swift:168:52: error: 'UIScreen' is unavailable in visionOS
166 |                             Color.clear.onChange(of: geometry.frame(in: .global).minY) { minY in
167 |                                 #if canImport(UIKit)
168 |                                 let screenHeight = UIScreen.main.bounds.height
    |                                                    `- error: 'UIScreen' is unavailable in visionOS
169 |                                 #else
170 |                                 let screenHeight = NSScreen.main?.frame.height ?? 1000
/Applications/Xcode-27.0.0-Release.Candidate.app/Contents/Developer/Platforms/XROS.platform/Developer/SDKs/XROS27.0.sdk/System/Library/Frameworks/UIKit.framework/Headers/UIScreen.h:54:12: note: 'UIScreen' has been explicitly marked unavailable here
 52 |
 53 | UIKIT_EXTERN API_AVAILABLE(ios(2.0)) API_UNAVAILABLE(visionos, watchos) NS_SWIFT_UI_ACTOR
 54 | @interface UIScreen : NSObject <UITraitEnvironment>
    |            `- note: 'UIScreen' has been explicitly marked unavailable here
 55 |
 56 | @property(class, nonatomic, readonly) NSArray<UIScreen *> *screens API_DEPRECATED("Use UIApplication.shared.openSessions to find open sessions with scenes from other screens", ios(3.2, 16.0), visionos(1.0, 1.0)) API_UNAVAILABLE(watchos); // all screens currently attached to the device
/Users/admin/builder/spi-builder-workspace/Development/Styles/SheetPropertyInspector.swift:194:13: error: 'UIImpactFeedbackGenerator' is unavailable in visionOS
192 |         Button {
193 |             #if canImport(UIKit)
194 |             UIImpactFeedbackGenerator(style: .rigid).impactOccurred()
    |             `- error: 'UIImpactFeedbackGenerator' is unavailable in visionOS
195 |             #endif
196 |             withAnimation(.snappy(duration: 0.35)) {
/Applications/Xcode-27.0.0-Release.Candidate.app/Contents/Developer/Platforms/XROS.platform/Developer/SDKs/XROS27.0.sdk/System/Library/Frameworks/UIKit.framework/Headers/UIImpactFeedbackGenerator.h:25:12: note: 'UIImpactFeedbackGenerator' has been explicitly marked unavailable here
23 | // UIImpactFeedbackGenerator is used to give user feedback when an impact between UI elements occurs
24 | UIKIT_EXTERN API_AVAILABLE(ios(10.0)) API_UNAVAILABLE(visionos, tvos) API_UNAVAILABLE(watchos) NS_SWIFT_UI_ACTOR
25 | @interface UIImpactFeedbackGenerator : UIFeedbackGenerator
   |            `- note: 'UIImpactFeedbackGenerator' has been explicitly marked unavailable here
26 |
27 | /// set a style on the feedback generator and attach it to the provided view as an interaction.
/Users/admin/builder/spi-builder-workspace/Development/Styles/SheetPropertyInspector.swift:218:21: error: 'UIImpactFeedbackGenerator' is unavailable in visionOS
216 |                 Button(behavior.label) {
217 |                     #if canImport(UIKit)
218 |                     UIImpactFeedbackGenerator(style: .light).impactOccurred()
    |                     `- error: 'UIImpactFeedbackGenerator' is unavailable in visionOS
219 |                     #endif
220 |                     highlight = behavior
/Applications/Xcode-27.0.0-Release.Candidate.app/Contents/Developer/Platforms/XROS.platform/Developer/SDKs/XROS27.0.sdk/System/Library/Frameworks/UIKit.framework/Headers/UIImpactFeedbackGenerator.h:25:12: note: 'UIImpactFeedbackGenerator' has been explicitly marked unavailable here
23 | // UIImpactFeedbackGenerator is used to give user feedback when an impact between UI elements occurs
24 | UIKIT_EXTERN API_AVAILABLE(ios(10.0)) API_UNAVAILABLE(visionos, tvos) API_UNAVAILABLE(watchos) NS_SWIFT_UI_ACTOR
25 | @interface UIImpactFeedbackGenerator : UIFeedbackGenerator
   |            `- note: 'UIImpactFeedbackGenerator' has been explicitly marked unavailable here
26 |
27 | /// set a style on the feedback generator and attach it to the provided view as an interaction.
/Users/admin/builder/spi-builder-workspace/Development/ToggleStyles/PropertyToggleStyle.swift:21:28: error: 'UISelectionFeedbackGenerator' is unavailable in visionOS
19 |
20 |     #if canImport(UIKit)
21 |     private let feedback = UISelectionFeedbackGenerator()
   |                            `- error: 'UISelectionFeedbackGenerator' is unavailable in visionOS
22 |     #endif
23 |
/Applications/Xcode-27.0.0-Release.Candidate.app/Contents/Developer/Platforms/XROS.platform/Developer/SDKs/XROS27.0.sdk/System/Library/Frameworks/UIKit.framework/Headers/UISelectionFeedbackGenerator.h:15:12: note: 'UISelectionFeedbackGenerator' has been explicitly marked unavailable here
13 | // UISelectionFeedbackGenerator is used to give user feedback when a selection changes
14 | UIKIT_EXTERN API_AVAILABLE(ios(10.0)) API_UNAVAILABLE(visionos, tvos) API_UNAVAILABLE(watchos) NS_SWIFT_UI_ACTOR
15 | @interface UISelectionFeedbackGenerator : UIFeedbackGenerator
   |            `- note: 'UISelectionFeedbackGenerator' has been explicitly marked unavailable here
16 |
17 | /// call when the selection changes (not on initial selection)
[#DeprecatedDeclaration]: <https://docs.swift.org/compiler/documentation/diagnostics/deprecated-declaration>
Failed frontend command:
/Applications/Xcode-27.0.0-Release.Candidate.app/Contents/Developer/Toolchains/XcodeDefault.xctoolchain/usr/bin/swift-frontend -frontend -c /Users/admin/builder/spi-builder-workspace/Development/DebugPreviews/HighlightAnimationTester.swift /Users/admin/builder/spi-builder-workspace/Development/Environment/EnvironmentKeys.swift /Users/admin/builder/spi-builder-workspace/Development/Environment/PreferenceKeys.swift /Users/admin/builder/spi-builder-workspace/Development/Extensions/Animation+Constants.swift /Users/admin/builder/spi-builder-workspace/Development/Extensions/View+ConditionalFeatures.swift /Users/admin/builder/spi-builder-workspace/Development/Models/Context.Data.swift /Users/admin/builder/spi-builder-workspace/Development/Models/Context.Filter.swift /Users/admin/builder/spi-builder-workspace/Development/Models/HashableBox.swift /Users/admin/builder/spi-builder-workspace/Development/Models/HashableDictionary.swift /Users/admin/builder/spi-builder-workspace/Development/Models/Property.swift /Users/admin/builder/spi-builder-workspace/Development/Models/PropertyCache.swift /Users/admin/builder/spi-builder-workspace/Development/Models/PropertyID.swift /Users/admin/builder/spi-builder-workspace/Development/Models/PropertyInspectorHighlightBehavior.swift /Users/admin/builder/spi-builder-workspace/Development/Models/PropertyLocation.swift /Users/admin/builder/spi-builder-workspace/Development/Models/PropertyType.swift /Users/admin/builder/spi-builder-workspace/Development/Models/PropertyValue.swift /Users/admin/builder/spi-builder-workspace/Development/Models/RowViewBuilder.swift /Users/admin/builder/spi-builder-workspace/Development/Models/RowViewBuilderRegistry.swift /Users/admin/builder/spi-builder-workspace/Development/PropertyInspector+View.swift /Users/admin/builder/spi-builder-workspace/Development/PropertyInspector.swift /Users/admin/builder/spi-builder-workspace/Development/Protocols/PropertyInspectorStyle.swift /Users/admin/builder/spi-builder-workspace/Development/Styles/InlinePropertyInspector.swift -primary-file /Users/admin/builder/spi-builder-workspace/Development/Styles/ListPropertyInspector.swift -primary-file /Users/admin/builder/spi-builder-workspace/Development/Styles/SheetPropertyInspector.swift -primary-file /Users/admin/builder/spi-builder-workspace/Development/ToggleStyles/PropertyToggleStyle.swift /Users/admin/builder/spi-builder-workspace/Development/ViewModifiers/Context.swift /Users/admin/builder/spi-builder-workspace/Development/ViewModifiers/PreferenceWriter.swift /Users/admin/builder/spi-builder-workspace/Development/ViewModifiers/PropertyHiglighter.swift /Users/admin/builder/spi-builder-workspace/Development/ViewModifiers/PropertyWriter.swift /Users/admin/builder/spi-builder-workspace/Development/Views/PropertyInspectorFilters.swift /Users/admin/builder/spi-builder-workspace/Development/Views/PropertyInspectorHeader.swift /Users/admin/builder/spi-builder-workspace/Development/Views/PropertyInspectorRow.swift /Users/admin/builder/spi-builder-workspace/Development/Views/PropertyInspectorRows.swift /Users/admin/builder/spi-builder-workspace/Development/Views/PropertyLocationView.swift -supplementary-output-file-map /Users/admin/builder/spi-builder-workspace/.derivedData/Build/Intermediates.noindex/swiftui-property-inspector.build/Debug-xros/PropertyInspector-t.build/Objects-normal/arm64/supplementaryOutputs-7 -target arm64-apple-xros1.0 -module-can-import-version UIKit 9127.0.84.1 9127.0.84 -disable-cross-import-overlay-search -load-resolved-plugin /Applications/Xcode-27.0.0-Release.Candidate.app/Contents/Developer/Platforms/XROS.platform/Developer/usr/lib/swift/host/plugins/libFoundationMacros.dylib\#/Applications/Xcode-27.0.0-Release.Candidate.app/Contents/Developer/Platforms/XROS.platform/Developer/usr/bin/swift-plugin-server\#FoundationMacros -load-resolved-plugin /Applications/Xcode-27.0.0-Release.Candidate.app/Contents/Developer/Platforms/XROS.platform/Developer/usr/lib/swift/host/plugins/libObservationMacros.dylib\#/Applications/Xcode-27.0.0-Release.Candidate.app/Contents/Developer/Platforms/XROS.platform/Developer/usr/bin/swift-plugin-server\#ObservationMacros -load-resolved-plugin /Applications/Xcode-27.0.0-Release.Candidate.app/Contents/Developer/Platforms/XROS.platform/Developer/usr/lib/swift/host/plugins/libPreviewsMacros.dylib\#/Applications/Xcode-27.0.0-Release.Candidate.app/Contents/Developer/Platforms/XROS.platform/Developer/usr/bin/swift-plugin-server\#PreviewsMacros -load-resolved-plugin /Applications/Xcode-27.0.0-Release.Candidate.app/Contents/Developer/Platforms/XROS.platform/Developer/usr/lib/swift/host/plugins/libSwiftMacros.dylib\#/Applications/Xcode-27.0.0-Release.Candidate.app/Contents/Developer/Platforms/XROS.platform/Developer/usr/bin/swift-plugin-server\#SwiftMacros -load-resolved-plugin /Applications/Xcode-27.0.0-Release.Candidate.app/Contents/Developer/Platforms/XROS.platform/Developer/usr/lib/swift/host/plugins/libSwiftUIMacros.dylib\#/Applications/Xcode-27.0.0-Release.Candidate.app/Contents/Developer/Platforms/XROS.platform/Developer/usr/bin/swift-plugin-server\#SwiftUIMacros -disable-implicit-swift-modules -Xcc -fno-implicit-modules -Xcc -fno-implicit-module-maps -explicit-swift-module-map-file /Users/admin/builder/spi-builder-workspace/.derivedData/Build/Intermediates.noindex/swiftui-property-inspector.build/Debug-xros/PropertyInspector-t.build/Objects-normal/arm64/PropertyInspector-dependencies-1.json -Xllvm -aarch64-use-tbi -enable-objc-interop -stack-check -sdk /Applications/Xcode-27.0.0-Release.Candidate.app/Contents/Developer/Platforms/XROS.platform/Developer/SDKs/XROS27.0.sdk -I /Users/admin/builder/spi-builder-workspace/.derivedData/Build/Products/Debug-xros -Isystem /Applications/Xcode-27.0.0-Release.Candidate.app/Contents/Developer/Platforms/XROS.platform/Developer/usr/lib -F /Users/admin/builder/spi-builder-workspace/.derivedData/Build/Products/Debug-xros -F /Applications/Xcode-27.0.0-Release.Candidate.app/Contents/Developer/Platforms/XROS.platform/Developer/Library/Frameworks -F /Applications/Xcode-27.0.0-Release.Candidate.app/Contents/Developer/Platforms/XROS.platform/Developer/SDKs/XROS27.0.sdk/Developer/Library/Frameworks -module-cache-path /Users/admin/builder/spi-builder-workspace/.derivedData/Build/Intermediates.noindex/SwiftExplicitPrecompiledModules -no-color-diagnostics -Xcc -fno-color-diagnostics -enable-testing -g -debug-info-format\=dwarf -dwarf-version\=4 -profile-generate -profile-coverage-mapping -swift-version 6 -Onone -D SWIFT_PACKAGE -D DEBUG -D SWIFT_MODULE_RESOURCE_BUNDLE_UNAVAILABLE -D VERBOSE -D Xcode -warn-concurrency -serialize-debugging-options -enable-upcoming-feature BareSlashRegexLiterals -enable-experimental-feature DebugDescriptionMacro -empty-abi-descriptor -validate-clang-modules-once -clang-build-session-file /Users/admin/builder/spi-builder-workspace/.derivedData/ModuleCache.noindex/Session.modulevalidation -Xcc -working-directory -Xcc /Users/admin/builder/spi-builder-workspace/.swiftpm/xcode -enable-anonymous-context-mangled-names -file-compilation-dir /Users/admin/builder/spi-builder-workspace/.swiftpm/xcode -Xcc -D_LIBCPP_HARDENING_MODE\=_LIBCPP_HARDENING_MODE_DEBUG -Xcc -ivfsstatcache -Xcc /Users/admin/builder/spi-builder-workspace/.derivedData/SDKStatCaches.noindex/xros27.0-24M361-e829b21a6f8c9b70876ba0858053c044735bd543db762f57723cac368afd1ce4.sdkstatcache -Xcc -fmodules-prune-interval\=86400 -Xcc -fmodules-prune-after\=345600 -Xcc -I/Users/admin/builder/spi-builder-workspace/.derivedData/Build/Products/Debug-xros/include -Xcc -I/Users/admin/builder/spi-builder-workspace/.derivedData/Build/Intermediates.noindex/swiftui-property-inspector.build/Debug-xros/PropertyInspector-t.build/DerivedSources-normal/arm64 -Xcc -I/Users/admin/builder/spi-builder-workspace/.derivedData/Build/Intermediates.noindex/swiftui-property-inspector.build/Debug-xros/PropertyInspector-t.build/DerivedSources/arm64 -Xcc -I/Users/admin/builder/spi-builder-workspace/.derivedData/Build/Intermediates.noindex/swiftui-property-inspector.build/Debug-xros/PropertyInspector-t.build/DerivedSources -Xcc -DSWIFT_PACKAGE -Xcc -DDEBUG\=1 -no-auto-bridging-header-chaining -module-name PropertyInspector -package-name spi_builder_workspace -const-gather-protocols-file /Users/admin/builder/spi-builder-workspace/.derivedData/Build/Intermediates.noindex/swiftui-property-inspector.build/Debug-xros/PropertyInspector-t.build/Objects-normal/arm64/PropertyInspector_const_extract_protocols.json -disable-clang-spi -clang-target arm64-apple-xros27.0 -target-sdk-version 27.0 -target-sdk-name xros27.0 -in-process-plugin-server-path /Applications/Xcode-27.0.0-Release.Candidate.app/Contents/Developer/Toolchains/XcodeDefault.xctoolchain/usr/lib/swift/host/libSwiftInProcPluginServer.dylib -parse-as-library -o /Users/admin/builder/spi-builder-workspace/.derivedData/Build/Intermediates.noindex/swiftui-property-inspector.build/Debug-xros/PropertyInspector-t.build/Objects-normal/arm64/ListPropertyInspector.o -o /Users/admin/builder/spi-builder-workspace/.derivedData/Build/Intermediates.noindex/swiftui-property-inspector.build/Debug-xros/PropertyInspector-t.build/Objects-normal/arm64/SheetPropertyInspector.o -o /Users/admin/builder/spi-builder-workspace/.derivedData/Build/Intermediates.noindex/swiftui-property-inspector.build/Debug-xros/PropertyInspector-t.build/Objects-normal/arm64/PropertyToggleStyle.o -debug-module-path /Users/admin/builder/spi-builder-workspace/.derivedData/Build/Intermediates.noindex/swiftui-property-inspector.build/Debug-xros/PropertyInspector-t.build/Objects-normal/arm64/PropertyInspector.swiftmodule -index-unit-output-path /swiftui-property-inspector.build/Debug-xros/PropertyInspector-t.build/Objects-normal/arm64/ListPropertyInspector.o -index-unit-output-path /swiftui-property-inspector.build/Debug-xros/PropertyInspector-t.build/Objects-normal/arm64/SheetPropertyInspector.o -index-unit-output-path /swiftui-property-inspector.build/Debug-xros/PropertyInspector-t.build/Objects-normal/arm64/PropertyToggleStyle.o -index-store-path /Users/admin/builder/spi-builder-workspace/.derivedData/Index.noindex/DataStore -index-system-modules
SwiftCompile normal arm64 /Users/admin/builder/spi-builder-workspace/Development/Styles/ListPropertyInspector.swift (in target 'PropertyInspector' from project 'swiftui-property-inspector')
    cd /Users/admin/builder/spi-builder-workspace/.swiftpm/xcode
    builtin-SwiftPerFileCompile ListPropertyInspector.swift
SwiftCompile normal arm64 /Users/admin/builder/spi-builder-workspace/Development/Styles/SheetPropertyInspector.swift (in target 'PropertyInspector' from project 'swiftui-property-inspector')
    cd /Users/admin/builder/spi-builder-workspace/.swiftpm/xcode
    builtin-SwiftPerFileCompile SheetPropertyInspector.swift
SwiftCompile normal arm64 /Users/admin/builder/spi-builder-workspace/Development/ToggleStyles/PropertyToggleStyle.swift (in target 'PropertyInspector' from project 'swiftui-property-inspector')
    cd /Users/admin/builder/spi-builder-workspace/.swiftpm/xcode
    builtin-SwiftPerFileCompile PropertyToggleStyle.swift
SwiftCompile normal arm64 Compiling\ PropertyInspector.swift,\ PropertyInspectorStyle.swift,\ InlinePropertyInspector.swift /Users/admin/builder/spi-builder-workspace/Development/PropertyInspector.swift /Users/admin/builder/spi-builder-workspace/Development/Protocols/PropertyInspectorStyle.swift /Users/admin/builder/spi-builder-workspace/Development/Styles/InlinePropertyInspector.swift (in target 'PropertyInspector' from project 'swiftui-property-inspector')
<unknown>:0: warning: upcoming feature 'BareSlashRegexLiterals' already enabled as of the Swift 6 language mode
SwiftCompile normal arm64 /Users/admin/builder/spi-builder-workspace/Development/PropertyInspector.swift (in target 'PropertyInspector' from project 'swiftui-property-inspector')
    cd /Users/admin/builder/spi-builder-workspace/.swiftpm/xcode
    builtin-SwiftPerFileCompile PropertyInspector.swift
SwiftCompile normal arm64 /Users/admin/builder/spi-builder-workspace/Development/Protocols/PropertyInspectorStyle.swift (in target 'PropertyInspector' from project 'swiftui-property-inspector')
    cd /Users/admin/builder/spi-builder-workspace/.swiftpm/xcode
    builtin-SwiftPerFileCompile PropertyInspectorStyle.swift
SwiftCompile normal arm64 /Users/admin/builder/spi-builder-workspace/Development/Styles/InlinePropertyInspector.swift (in target 'PropertyInspector' from project 'swiftui-property-inspector')
    cd /Users/admin/builder/spi-builder-workspace/.swiftpm/xcode
    builtin-SwiftPerFileCompile InlinePropertyInspector.swift
SwiftCompile normal arm64 Compiling\ Context.swift,\ PreferenceWriter.swift,\ PropertyHiglighter.swift /Users/admin/builder/spi-builder-workspace/Development/ViewModifiers/Context.swift /Users/admin/builder/spi-builder-workspace/Development/ViewModifiers/PreferenceWriter.swift /Users/admin/builder/spi-builder-workspace/Development/ViewModifiers/PropertyHiglighter.swift (in target 'PropertyInspector' from project 'swiftui-property-inspector')
<unknown>:0: warning: upcoming feature 'BareSlashRegexLiterals' already enabled as of the Swift 6 language mode
SwiftCompile normal arm64 /Users/admin/builder/spi-builder-workspace/Development/ViewModifiers/Context.swift (in target 'PropertyInspector' from project 'swiftui-property-inspector')
    cd /Users/admin/builder/spi-builder-workspace/.swiftpm/xcode
    builtin-SwiftPerFileCompile Context.swift
SwiftCompile normal arm64 /Users/admin/builder/spi-builder-workspace/Development/ViewModifiers/PreferenceWriter.swift (in target 'PropertyInspector' from project 'swiftui-property-inspector')
    cd /Users/admin/builder/spi-builder-workspace/.swiftpm/xcode
    builtin-SwiftPerFileCompile PreferenceWriter.swift
SwiftCompile normal arm64 /Users/admin/builder/spi-builder-workspace/Development/ViewModifiers/PropertyHiglighter.swift (in target 'PropertyInspector' from project 'swiftui-property-inspector')
    cd /Users/admin/builder/spi-builder-workspace/.swiftpm/xcode
    builtin-SwiftPerFileCompile PropertyHiglighter.swift
SwiftCompile normal arm64 Compiling\ PropertyWriter.swift,\ PropertyInspectorFilters.swift,\ PropertyInspectorHeader.swift /Users/admin/builder/spi-builder-workspace/Development/ViewModifiers/PropertyWriter.swift /Users/admin/builder/spi-builder-workspace/Development/Views/PropertyInspectorFilters.swift /Users/admin/builder/spi-builder-workspace/Development/Views/PropertyInspectorHeader.swift (in target 'PropertyInspector' from project 'swiftui-property-inspector')
<unknown>:0: warning: upcoming feature 'BareSlashRegexLiterals' already enabled as of the Swift 6 language mode
/Users/admin/builder/spi-builder-workspace/Development/ToggleStyles/PropertyToggleStyle.swift:21:28: error: 'UISelectionFeedbackGenerator' is unavailable in visionOS
19 |
20 |     #if canImport(UIKit)
21 |     private let feedback = UISelectionFeedbackGenerator()
   |                            `- error: 'UISelectionFeedbackGenerator' is unavailable in visionOS
22 |     #endif
23 |
/Applications/Xcode-27.0.0-Release.Candidate.app/Contents/Developer/Platforms/XROS.platform/Developer/SDKs/XROS27.0.sdk/System/Library/Frameworks/UIKit.framework/Headers/UISelectionFeedbackGenerator.h:15:12: note: 'UISelectionFeedbackGenerator' has been explicitly marked unavailable here
13 | // UISelectionFeedbackGenerator is used to give user feedback when a selection changes
14 | UIKIT_EXTERN API_AVAILABLE(ios(10.0)) API_UNAVAILABLE(visionos, tvos) API_UNAVAILABLE(watchos) NS_SWIFT_UI_ACTOR
15 | @interface UISelectionFeedbackGenerator : UIFeedbackGenerator
   |            `- note: 'UISelectionFeedbackGenerator' has been explicitly marked unavailable here
16 |
17 | /// call when the selection changes (not on initial selection)
SwiftCompile normal arm64 /Users/admin/builder/spi-builder-workspace/Development/ViewModifiers/PropertyWriter.swift (in target 'PropertyInspector' from project 'swiftui-property-inspector')
    cd /Users/admin/builder/spi-builder-workspace/.swiftpm/xcode
    builtin-SwiftPerFileCompile PropertyWriter.swift
SwiftCompile normal arm64 /Users/admin/builder/spi-builder-workspace/Development/Views/PropertyInspectorFilters.swift (in target 'PropertyInspector' from project 'swiftui-property-inspector')
    cd /Users/admin/builder/spi-builder-workspace/.swiftpm/xcode
    builtin-SwiftPerFileCompile PropertyInspectorFilters.swift
SwiftCompile normal arm64 /Users/admin/builder/spi-builder-workspace/Development/Views/PropertyInspectorHeader.swift (in target 'PropertyInspector' from project 'swiftui-property-inspector')
    cd /Users/admin/builder/spi-builder-workspace/.swiftpm/xcode
    builtin-SwiftPerFileCompile PropertyInspectorHeader.swift
SwiftCompile normal arm64 Compiling\ HashableDictionary.swift,\ Property.swift,\ PropertyCache.swift,\ PropertyID.swift /Users/admin/builder/spi-builder-workspace/Development/Models/HashableDictionary.swift /Users/admin/builder/spi-builder-workspace/Development/Models/Property.swift /Users/admin/builder/spi-builder-workspace/Development/Models/PropertyCache.swift /Users/admin/builder/spi-builder-workspace/Development/Models/PropertyID.swift (in target 'PropertyInspector' from project 'swiftui-property-inspector')
<unknown>:0: warning: upcoming feature 'BareSlashRegexLiterals' already enabled as of the Swift 6 language mode
SwiftCompile normal arm64 /Users/admin/builder/spi-builder-workspace/Development/Models/HashableDictionary.swift (in target 'PropertyInspector' from project 'swiftui-property-inspector')
    cd /Users/admin/builder/spi-builder-workspace/.swiftpm/xcode
    builtin-SwiftPerFileCompile HashableDictionary.swift
SwiftCompile normal arm64 /Users/admin/builder/spi-builder-workspace/Development/Models/Property.swift (in target 'PropertyInspector' from project 'swiftui-property-inspector')
    cd /Users/admin/builder/spi-builder-workspace/.swiftpm/xcode
    builtin-SwiftPerFileCompile Property.swift
SwiftCompile normal arm64 /Users/admin/builder/spi-builder-workspace/Development/Models/PropertyCache.swift (in target 'PropertyInspector' from project 'swiftui-property-inspector')
    cd /Users/admin/builder/spi-builder-workspace/.swiftpm/xcode
    builtin-SwiftPerFileCompile PropertyCache.swift
SwiftCompile normal arm64 /Users/admin/builder/spi-builder-workspace/Development/Models/PropertyID.swift (in target 'PropertyInspector' from project 'swiftui-property-inspector')
    cd /Users/admin/builder/spi-builder-workspace/.swiftpm/xcode
    builtin-SwiftPerFileCompile PropertyID.swift
SwiftCompile normal arm64 Compiling\ PropertyInspectorRow.swift,\ PropertyInspectorRows.swift,\ PropertyLocationView.swift /Users/admin/builder/spi-builder-workspace/Development/Views/PropertyInspectorRow.swift /Users/admin/builder/spi-builder-workspace/Development/Views/PropertyInspectorRows.swift /Users/admin/builder/spi-builder-workspace/Development/Views/PropertyLocationView.swift (in target 'PropertyInspector' from project 'swiftui-property-inspector')
<unknown>:0: warning: upcoming feature 'BareSlashRegexLiterals' already enabled as of the Swift 6 language mode
/Users/admin/builder/spi-builder-workspace/Development/ToggleStyles/PropertyToggleStyle.swift:21:28: error: 'UISelectionFeedbackGenerator' is unavailable in visionOS
19 |
20 |     #if canImport(UIKit)
21 |     private let feedback = UISelectionFeedbackGenerator()
   |                            `- error: 'UISelectionFeedbackGenerator' is unavailable in visionOS
22 |     #endif
23 |
/Applications/Xcode-27.0.0-Release.Candidate.app/Contents/Developer/Platforms/XROS.platform/Developer/SDKs/XROS27.0.sdk/System/Library/Frameworks/UIKit.framework/Headers/UISelectionFeedbackGenerator.h:15:12: note: 'UISelectionFeedbackGenerator' has been explicitly marked unavailable here
13 | // UISelectionFeedbackGenerator is used to give user feedback when a selection changes
14 | UIKIT_EXTERN API_AVAILABLE(ios(10.0)) API_UNAVAILABLE(visionos, tvos) API_UNAVAILABLE(watchos) NS_SWIFT_UI_ACTOR
15 | @interface UISelectionFeedbackGenerator : UIFeedbackGenerator
   |            `- note: 'UISelectionFeedbackGenerator' has been explicitly marked unavailable here
16 |
17 | /// call when the selection changes (not on initial selection)
Failed frontend command:
/Applications/Xcode-27.0.0-Release.Candidate.app/Contents/Developer/Toolchains/XcodeDefault.xctoolchain/usr/bin/swift-frontend -frontend -c /Users/admin/builder/spi-builder-workspace/Development/DebugPreviews/HighlightAnimationTester.swift /Users/admin/builder/spi-builder-workspace/Development/Environment/EnvironmentKeys.swift /Users/admin/builder/spi-builder-workspace/Development/Environment/PreferenceKeys.swift /Users/admin/builder/spi-builder-workspace/Development/Extensions/Animation+Constants.swift /Users/admin/builder/spi-builder-workspace/Development/Extensions/View+ConditionalFeatures.swift /Users/admin/builder/spi-builder-workspace/Development/Models/Context.Data.swift /Users/admin/builder/spi-builder-workspace/Development/Models/Context.Filter.swift /Users/admin/builder/spi-builder-workspace/Development/Models/HashableBox.swift /Users/admin/builder/spi-builder-workspace/Development/Models/HashableDictionary.swift /Users/admin/builder/spi-builder-workspace/Development/Models/Property.swift /Users/admin/builder/spi-builder-workspace/Development/Models/PropertyCache.swift /Users/admin/builder/spi-builder-workspace/Development/Models/PropertyID.swift /Users/admin/builder/spi-builder-workspace/Development/Models/PropertyInspectorHighlightBehavior.swift /Users/admin/builder/spi-builder-workspace/Development/Models/PropertyLocation.swift /Users/admin/builder/spi-builder-workspace/Development/Models/PropertyType.swift /Users/admin/builder/spi-builder-workspace/Development/Models/PropertyValue.swift /Users/admin/builder/spi-builder-workspace/Development/Models/RowViewBuilder.swift /Users/admin/builder/spi-builder-workspace/Development/Models/RowViewBuilderRegistry.swift /Users/admin/builder/spi-builder-workspace/Development/PropertyInspector+View.swift /Users/admin/builder/spi-builder-workspace/Development/PropertyInspector.swift /Users/admin/builder/spi-builder-workspace/Development/Protocols/PropertyInspectorStyle.swift /Users/admin/builder/spi-builder-workspace/Development/Styles/InlinePropertyInspector.swift /Users/admin/builder/spi-builder-workspace/Development/Styles/ListPropertyInspector.swift /Users/admin/builder/spi-builder-workspace/Development/Styles/SheetPropertyInspector.swift /Users/admin/builder/spi-builder-workspace/Development/ToggleStyles/PropertyToggleStyle.swift /Users/admin/builder/spi-builder-workspace/Development/ViewModifiers/Context.swift /Users/admin/builder/spi-builder-workspace/Development/ViewModifiers/PreferenceWriter.swift /Users/admin/builder/spi-builder-workspace/Development/ViewModifiers/PropertyHiglighter.swift /Users/admin/builder/spi-builder-workspace/Development/ViewModifiers/PropertyWriter.swift /Users/admin/builder/spi-builder-workspace/Development/Views/PropertyInspectorFilters.swift /Users/admin/builder/spi-builder-workspace/Development/Views/PropertyInspectorHeader.swift -primary-file /Users/admin/builder/spi-builder-workspace/Development/Views/PropertyInspectorRow.swift -primary-file /Users/admin/builder/spi-builder-workspace/Development/Views/PropertyInspectorRows.swift -primary-file /Users/admin/builder/spi-builder-workspace/Development/Views/PropertyLocationView.swift -supplementary-output-file-map /Users/admin/builder/spi-builder-workspace/.derivedData/Build/Intermediates.noindex/swiftui-property-inspector.build/Debug-xros/PropertyInspector-t.build/Objects-normal/arm64/supplementaryOutputs-10 -target arm64-apple-xros1.0 -module-can-import-version UIKit 9127.0.84.1 9127.0.84 -disable-cross-import-overlay-search -load-resolved-plugin /Applications/Xcode-27.0.0-Release.Candidate.app/Contents/Developer/Platforms/XROS.platform/Developer/usr/lib/swift/host/plugins/libFoundationMacros.dylib\#/Applications/Xcode-27.0.0-Release.Candidate.app/Contents/Developer/Platforms/XROS.platform/Developer/usr/bin/swift-plugin-server\#FoundationMacros -load-resolved-plugin /Applications/Xcode-27.0.0-Release.Candidate.app/Contents/Developer/Platforms/XROS.platform/Developer/usr/lib/swift/host/plugins/libObservationMacros.dylib\#/Applications/Xcode-27.0.0-Release.Candidate.app/Contents/Developer/Platforms/XROS.platform/Developer/usr/bin/swift-plugin-server\#ObservationMacros -load-resolved-plugin /Applications/Xcode-27.0.0-Release.Candidate.app/Contents/Developer/Platforms/XROS.platform/Developer/usr/lib/swift/host/plugins/libPreviewsMacros.dylib\#/Applications/Xcode-27.0.0-Release.Candidate.app/Contents/Developer/Platforms/XROS.platform/Developer/usr/bin/swift-plugin-server\#PreviewsMacros -load-resolved-plugin /Applications/Xcode-27.0.0-Release.Candidate.app/Contents/Developer/Platforms/XROS.platform/Developer/usr/lib/swift/host/plugins/libSwiftMacros.dylib\#/Applications/Xcode-27.0.0-Release.Candidate.app/Contents/Developer/Platforms/XROS.platform/Developer/usr/bin/swift-plugin-server\#SwiftMacros -load-resolved-plugin /Applications/Xcode-27.0.0-Release.Candidate.app/Contents/Developer/Platforms/XROS.platform/Developer/usr/lib/swift/host/plugins/libSwiftUIMacros.dylib\#/Applications/Xcode-27.0.0-Release.Candidate.app/Contents/Developer/Platforms/XROS.platform/Developer/usr/bin/swift-plugin-server\#SwiftUIMacros -disable-implicit-swift-modules -Xcc -fno-implicit-modules -Xcc -fno-implicit-module-maps -explicit-swift-module-map-file /Users/admin/builder/spi-builder-workspace/.derivedData/Build/Intermediates.noindex/swiftui-property-inspector.build/Debug-xros/PropertyInspector-t.build/Objects-normal/arm64/PropertyInspector-dependencies-1.json -Xllvm -aarch64-use-tbi -enable-objc-interop -stack-check -sdk /Applications/Xcode-27.0.0-Release.Candidate.app/Contents/Developer/Platforms/XROS.platform/Developer/SDKs/XROS27.0.sdk -I /Users/admin/builder/spi-builder-workspace/.derivedData/Build/Products/Debug-xros -Isystem /Applications/Xcode-27.0.0-Release.Candidate.app/Contents/Developer/Platforms/XROS.platform/Developer/usr/lib -F /Users/admin/builder/spi-builder-workspace/.derivedData/Build/Products/Debug-xros -F /Applications/Xcode-27.0.0-Release.Candidate.app/Contents/Developer/Platforms/XROS.platform/Developer/Library/Frameworks -F /Applications/Xcode-27.0.0-Release.Candidate.app/Contents/Developer/Platforms/XROS.platform/Developer/SDKs/XROS27.0.sdk/Developer/Library/Frameworks -module-cache-path /Users/admin/builder/spi-builder-workspace/.derivedData/Build/Intermediates.noindex/SwiftExplicitPrecompiledModules -no-color-diagnostics -Xcc -fno-color-diagnostics -enable-testing -g -debug-info-format\=dwarf -dwarf-version\=4 -profile-generate -profile-coverage-mapping -swift-version 6 -Onone -D SWIFT_PACKAGE -D DEBUG -D SWIFT_MODULE_RESOURCE_BUNDLE_UNAVAILABLE -D VERBOSE -D Xcode -warn-concurrency -serialize-debugging-options -enable-upcoming-feature BareSlashRegexLiterals -enable-experimental-feature DebugDescriptionMacro -empty-abi-descriptor -validate-clang-modules-once -clang-build-session-file /Users/admin/builder/spi-builder-workspace/.derivedData/ModuleCache.noindex/Session.modulevalidation -Xcc -working-directory -Xcc /Users/admin/builder/spi-builder-workspace/.swiftpm/xcode -enable-anonymous-context-mangled-names -file-compilation-dir /Users/admin/builder/spi-builder-workspace/.swiftpm/xcode -Xcc -D_LIBCPP_HARDENING_MODE\=_LIBCPP_HARDENING_MODE_DEBUG -Xcc -ivfsstatcache -Xcc /Users/admin/builder/spi-builder-workspace/.derivedData/SDKStatCaches.noindex/xros27.0-24M361-e829b21a6f8c9b70876ba0858053c044735bd543db762f57723cac368afd1ce4.sdkstatcache -Xcc -fmodules-prune-interval\=86400 -Xcc -fmodules-prune-after\=345600 -Xcc -I/Users/admin/builder/spi-builder-workspace/.derivedData/Build/Products/Debug-xros/include -Xcc -I/Users/admin/builder/spi-builder-workspace/.derivedData/Build/Intermediates.noindex/swiftui-property-inspector.build/Debug-xros/PropertyInspector-t.build/DerivedSources-normal/arm64 -Xcc -I/Users/admin/builder/spi-builder-workspace/.derivedData/Build/Intermediates.noindex/swiftui-property-inspector.build/Debug-xros/PropertyInspector-t.build/DerivedSources/arm64 -Xcc -I/Users/admin/builder/spi-builder-workspace/.derivedData/Build/Intermediates.noindex/swiftui-property-inspector.build/Debug-xros/PropertyInspector-t.build/DerivedSources -Xcc -DSWIFT_PACKAGE -Xcc -DDEBUG\=1 -no-auto-bridging-header-chaining -module-name PropertyInspector -package-name spi_builder_workspace -const-gather-protocols-file /Users/admin/builder/spi-builder-workspace/.derivedData/Build/Intermediates.noindex/swiftui-property-inspector.build/Debug-xros/PropertyInspector-t.build/Objects-normal/arm64/PropertyInspector_const_extract_protocols.json -disable-clang-spi -clang-target arm64-apple-xros27.0 -target-sdk-version 27.0 -target-sdk-name xros27.0 -in-process-plugin-server-path /Applications/Xcode-27.0.0-Release.Candidate.app/Contents/Developer/Toolchains/XcodeDefault.xctoolchain/usr/lib/swift/host/libSwiftInProcPluginServer.dylib -parse-as-library -o /Users/admin/builder/spi-builder-workspace/.derivedData/Build/Intermediates.noindex/swiftui-property-inspector.build/Debug-xros/PropertyInspector-t.build/Objects-normal/arm64/PropertyInspectorRow.o -o /Users/admin/builder/spi-builder-workspace/.derivedData/Build/Intermediates.noindex/swiftui-property-inspector.build/Debug-xros/PropertyInspector-t.build/Objects-normal/arm64/PropertyInspectorRows.o -o /Users/admin/builder/spi-builder-workspace/.derivedData/Build/Intermediates.noindex/swiftui-property-inspector.build/Debug-xros/PropertyInspector-t.build/Objects-normal/arm64/PropertyLocationView.o -debug-module-path /Users/admin/builder/spi-builder-workspace/.derivedData/Build/Intermediates.noindex/swiftui-property-inspector.build/Debug-xros/PropertyInspector-t.build/Objects-normal/arm64/PropertyInspector.swiftmodule -index-unit-output-path /swiftui-property-inspector.build/Debug-xros/PropertyInspector-t.build/Objects-normal/arm64/PropertyInspectorRow.o -index-unit-output-path /swiftui-property-inspector.build/Debug-xros/PropertyInspector-t.build/Objects-normal/arm64/PropertyInspectorRows.o -index-unit-output-path /swiftui-property-inspector.build/Debug-xros/PropertyInspector-t.build/Objects-normal/arm64/PropertyLocationView.o -index-store-path /Users/admin/builder/spi-builder-workspace/.derivedData/Index.noindex/DataStore -index-system-modules
SwiftCompile normal arm64 /Users/admin/builder/spi-builder-workspace/Development/Views/PropertyInspectorRow.swift (in target 'PropertyInspector' from project 'swiftui-property-inspector')
    cd /Users/admin/builder/spi-builder-workspace/.swiftpm/xcode
    builtin-SwiftPerFileCompile PropertyInspectorRow.swift
SwiftCompile normal arm64 /Users/admin/builder/spi-builder-workspace/Development/Views/PropertyInspectorRows.swift (in target 'PropertyInspector' from project 'swiftui-property-inspector')
    cd /Users/admin/builder/spi-builder-workspace/.swiftpm/xcode
    builtin-SwiftPerFileCompile PropertyInspectorRows.swift
SwiftCompile normal arm64 /Users/admin/builder/spi-builder-workspace/Development/Views/PropertyLocationView.swift (in target 'PropertyInspector' from project 'swiftui-property-inspector')
    cd /Users/admin/builder/spi-builder-workspace/.swiftpm/xcode
    builtin-SwiftPerFileCompile PropertyLocationView.swift
SwiftEmitModule normal arm64 Emitting\ module\ for\ PropertyInspector (in target 'PropertyInspector' from project 'swiftui-property-inspector')
SwiftCompile normal arm64 (in target 'PropertyInspector' from project 'swiftui-property-inspector')
    cd /Users/admin/builder/spi-builder-workspace/.swiftpm/xcode

PruneExplicitPrecompiledModules /Users/admin/builder/spi-builder-workspace/.derivedData/Build/Intermediates.noindex/SwiftExplicitPrecompiledModules
PruneExplicitPrecompiledModules /Users/admin/builder/spi-builder-workspace/.derivedData/Build/Intermediates.noindex/ExplicitPrecompiledModules
PruneExplicitPrecompiledModules /Users/admin/builder/spi-builder-workspace/.derivedData/SDKExplicitPrecompiledModules
2026-09-21 17:41:24.600 xcodebuild[984:6016] [MT] IDERunDestination: Supported platforms for the buildables in the current scheme is empty.
2026-09-21 17:41:24.700 xcodebuild[984:6016] [MT] IDERunDestination: Supported platforms for the buildables in the current scheme is empty.
2026-09-21 17:41:26.169 xcodebuild[984:6016] [MT] IDERunDestination: Supported platforms for the buildables in the current scheme is empty.
2026-09-21 17:41:26.782 xcodebuild[984:6025]  DVTAssertions: Warning in IDEFrameworks/IDEFoundation/Logging/ActivityLog/IDEActivityLogSectionRecorder.m:814
Details:  log recorder for IDEActivityLogCommandInvocationSection “SwiftLint” was sent -addMessage: after it had already been asked to stop recording.
Object:   <IDEActivityLogCommandInvocationSectionRecorder: 0x819854fc0>
Method:   -addMessage:
Thread:   <NSThread: 0x81a3b1680>{number = 5, name = (null)}
Please file a bug at https://feedbackassistant.apple.com with this warning message and any useful information you can provide.
2026-09-21 17:41:26.782 xcodebuild[984:6025]  DVTAssertions: Warning in IDEFrameworks/IDEFoundation/Logging/ActivityLog/IDEActivityLogSectionRecorder.m:814
Details:  log recorder for IDEActivityLogCommandInvocationSection “SwiftLint” was sent -addMessage: after it had already been asked to stop recording.
Object:   <IDEActivityLogCommandInvocationSectionRecorder: 0x819854fc0>
Method:   -addMessage:
Thread:   <NSThread: 0x81a3b1680>{number = 5, name = (null)}
Please file a bug at https://feedbackassistant.apple.com with this warning message and any useful information you can provide.
2026-09-21 17:41:26.782 xcodebuild[984:6025]  DVTAssertions: Warning in IDEFrameworks/IDEFoundation/Logging/ActivityLog/IDEActivityLogSectionRecorder.m:814
Details:  log recorder for IDEActivityLogCommandInvocationSection “SwiftLint” was sent -addMessage: after it had already been asked to stop recording.
Object:   <IDEActivityLogCommandInvocationSectionRecorder: 0x819854fc0>
Method:   -addMessage:
Thread:   <NSThread: 0x81a3b1680>{number = 5, name = (null)}
Please file a bug at https://feedbackassistant.apple.com with this warning message and any useful information you can provide.
2026-09-21 17:41:26.782 xcodebuild[984:6025]  DVTAssertions: Warning in IDEFrameworks/IDEFoundation/Logging/ActivityLog/IDEActivityLogSectionRecorder.m:814
Details:  log recorder for IDEActivityLogCommandInvocationSection “SwiftLint” was sent -addMessage: after it had already been asked to stop recording.
Object:   <IDEActivityLogCommandInvocationSectionRecorder: 0x819854fc0>
Method:   -addMessage:
Thread:   <NSThread: 0x81a3b1680>{number = 5, name = (null)}
Please file a bug at https://feedbackassistant.apple.com with this warning message and any useful information you can provide.
2026-09-21 17:41:26.782 xcodebuild[984:6025]  DVTAssertions: Warning in IDEFrameworks/IDEFoundation/Logging/ActivityLog/IDEActivityLogSectionRecorder.m:814
Details:  log recorder for IDEActivityLogCommandInvocationSection “SwiftLint” was sent -addMessage: after it had already been asked to stop recording.
Object:   <IDEActivityLogCommandInvocationSectionRecorder: 0x819854fc0>
Method:   -addMessage:
Thread:   <NSThread: 0x81a3b1680>{number = 5, name = (null)}
Please file a bug at https://feedbackassistant.apple.com with this warning message and any useful information you can provide.
2026-09-21 17:41:26.782 xcodebuild[984:6025]  DVTAssertions: Warning in IDEFrameworks/IDEFoundation/Logging/ActivityLog/IDEActivityLogSectionRecorder.m:814
Details:  log recorder for IDEActivityLogCommandInvocationSection “SwiftLint” was sent -addMessage: after it had already been asked to stop recording.
Object:   <IDEActivityLogCommandInvocationSectionRecorder: 0x819854fc0>
Method:   -addMessage:
Thread:   <NSThread: 0x81a3b1680>{number = 5, name = (null)}
Please file a bug at https://feedbackassistant.apple.com with this warning message and any useful information you can provide.
2026-09-21 17:41:26.783 xcodebuild[984:6025]  DVTAssertions: Warning in IDEFrameworks/IDEFoundation/Logging/ActivityLog/IDEActivityLogSectionRecorder.m:814
Details:  log recorder for IDEActivityLogCommandInvocationSection “SwiftLint” was sent -addMessage: after it had already been asked to stop recording.
Object:   <IDEActivityLogCommandInvocationSectionRecorder: 0x819854fc0>
Method:   -addMessage:
Thread:   <NSThread: 0x81a3b1680>{number = 5, name = (null)}
Please file a bug at https://feedbackassistant.apple.com with this warning message and any useful information you can provide.
2026-09-21 17:41:26.783 xcodebuild[984:6025]  DVTAssertions: Warning in IDEFrameworks/IDEFoundation/Logging/ActivityLog/IDEActivityLogSectionRecorder.m:814
Details:  log recorder for IDEActivityLogCommandInvocationSection “SwiftLint” was sent -addMessage: after it had already been asked to stop recording.
Object:   <IDEActivityLogCommandInvocationSectionRecorder: 0x819854fc0>
Method:   -addMessage:
Thread:   <NSThread: 0x81a3b1680>{number = 5, name = (null)}
Please file a bug at https://feedbackassistant.apple.com with this warning message and any useful information you can provide.
2026-09-21 17:41:26.783 xcodebuild[984:6025]  DVTAssertions: Warning in IDEFrameworks/IDEFoundation/Logging/ActivityLog/IDEActivityLogSectionRecorder.m:814
Details:  log recorder for IDEActivityLogCommandInvocationSection “SwiftLint” was sent -addMessage: after it had already been asked to stop recording.
Object:   <IDEActivityLogCommandInvocationSectionRecorder: 0x819854fc0>
Method:   -addMessage:
Thread:   <NSThread: 0x81a3b1680>{number = 5, name = (null)}
Please file a bug at https://feedbackassistant.apple.com with this warning message and any useful information you can provide.
2026-09-21 17:41:26.783 xcodebuild[984:6025]  DVTAssertions: Warning in IDEFrameworks/IDEFoundation/Logging/ActivityLog/IDEActivityLogSectionRecorder.m:814
Details:  log recorder for IDEActivityLogCommandInvocationSection “SwiftLint” was sent -addMessage: after it had already been asked to stop recording.
Object:   <IDEActivityLogCommandInvocationSectionRecorder: 0x819854fc0>
Method:   -addMessage:
Thread:   <NSThread: 0x81a3b1680>{number = 5, name = (null)}
Please file a bug at https://feedbackassistant.apple.com with this warning message and any useful information you can provide.
2026-09-21 17:41:26.783 xcodebuild[984:6025]  DVTAssertions: Warning in IDEFrameworks/IDEFoundation/Logging/ActivityLog/IDEActivityLogSectionRecorder.m:814
Details:  log recorder for IDEActivityLogCommandInvocationSection “SwiftLint” was sent -addMessage: after it had already been asked to stop recording.
Object:   <IDEActivityLogCommandInvocationSectionRecorder: 0x819854fc0>
Method:   -addMessage:
Thread:   <NSThread: 0x81a3b1680>{number = 5, name = (null)}
Please file a bug at https://feedbackassistant.apple.com with this warning message and any useful information you can provide.
2026-09-21 17:41:26.783 xcodebuild[984:6025]  DVTAssertions: Warning in IDEFrameworks/IDEFoundation/Logging/ActivityLog/IDEActivityLogSectionRecorder.m:814
Details:  log recorder for IDEActivityLogCommandInvocationSection “SwiftLint” was sent -addMessage: after it had already been asked to stop recording.
Object:   <IDEActivityLogCommandInvocationSectionRecorder: 0x819854fc0>
Method:   -addMessage:
Thread:   <NSThread: 0x81a3b1680>{number = 5, name = (null)}
Please file a bug at https://feedbackassistant.apple.com with this warning message and any useful information you can provide.
2026-09-21 17:41:26.783 xcodebuild[984:6025]  DVTAssertions: Warning in IDEFrameworks/IDEFoundation/Logging/ActivityLog/IDEActivityLogSectionRecorder.m:814
Details:  log recorder for IDEActivityLogCommandInvocationSection “SwiftLint” was sent -addMessage: after it had already been asked to stop recording.
Object:   <IDEActivityLogCommandInvocationSectionRecorder: 0x819854fc0>
Method:   -addMessage:
Thread:   <NSThread: 0x81a3b1680>{number = 5, name = (null)}
Please file a bug at https://feedbackassistant.apple.com with this warning message and any useful information you can provide.
2026-09-21 17:41:26.783 xcodebuild[984:6025]  DVTAssertions: Warning in IDEFrameworks/IDEFoundation/Logging/ActivityLog/IDEActivityLogSectionRecorder.m:814
Details:  log recorder for IDEActivityLogCommandInvocationSection “SwiftLint” was sent -addMessage: after it had already been asked to stop recording.
Object:   <IDEActivityLogCommandInvocationSectionRecorder: 0x819854fc0>
Method:   -addMessage:
Thread:   <NSThread: 0x81a3b1680>{number = 5, name = (null)}
Please file a bug at https://feedbackassistant.apple.com with this warning message and any useful information you can provide.
2026-09-21 17:41:26.783 xcodebuild[984:6025]  DVTAssertions: Warning in IDEFrameworks/IDEFoundation/Logging/ActivityLog/IDEActivityLogSectionRecorder.m:814
Details:  log recorder for IDEActivityLogCommandInvocationSection “SwiftLint” was sent -addMessage: after it had already been asked to stop recording.
Object:   <IDEActivityLogCommandInvocationSectionRecorder: 0x819854fc0>
Method:   -addMessage:
Thread:   <NSThread: 0x81a3b1680>{number = 5, name = (null)}
Please file a bug at https://feedbackassistant.apple.com with this warning message and any useful information you can provide.
2026-09-21 17:41:26.783 xcodebuild[984:6025]  DVTAssertions: Warning in IDEFrameworks/IDEFoundation/Logging/ActivityLog/IDEActivityLogSectionRecorder.m:814
Details:  log recorder for IDEActivityLogCommandInvocationSection “SwiftLint” was sent -addMessage: after it had already been asked to stop recording.
Object:   <IDEActivityLogCommandInvocationSectionRecorder: 0x819854fc0>
Method:   -addMessage:
Thread:   <NSThread: 0x81a3b1680>{number = 5, name = (null)}
Please file a bug at https://feedbackassistant.apple.com with this warning message and any useful information you can provide.
2026-09-21 17:41:26.783 xcodebuild[984:6025]  DVTAssertions: Warning in IDEFrameworks/IDEFoundation/Logging/ActivityLog/IDEActivityLogSectionRecorder.m:814
Details:  log recorder for IDEActivityLogCommandInvocationSection “SwiftLint” was sent -addMessage: after it had already been asked to stop recording.
Object:   <IDEActivityLogCommandInvocationSectionRecorder: 0x819854fc0>
Method:   -addMessage:
Thread:   <NSThread: 0x81a3b1680>{number = 5, name = (null)}
Please file a bug at https://feedbackassistant.apple.com with this warning message and any useful information you can provide.
2026-09-21 17:41:26.783 xcodebuild[984:6025]  DVTAssertions: Warning in IDEFrameworks/IDEFoundation/Logging/ActivityLog/IDEActivityLogSectionRecorder.m:814
Details:  log recorder for IDEActivityLogCommandInvocationSection “SwiftLint” was sent -addMessage: after it had already been asked to stop recording.
Object:   <IDEActivityLogCommandInvocationSectionRecorder: 0x819854fc0>
Method:   -addMessage:
Thread:   <NSThread: 0x81a3b1680>{number = 5, name = (null)}
Please file a bug at https://feedbackassistant.apple.com with this warning message and any useful information you can provide.
2026-09-21 17:41:26.783 xcodebuild[984:6025]  DVTAssertions: Warning in IDEFrameworks/IDEFoundation/Logging/ActivityLog/IDEActivityLogSectionRecorder.m:814
Details:  log recorder for IDEActivityLogCommandInvocationSection “SwiftLint” was sent -addMessage: after it had already been asked to stop recording.
Object:   <IDEActivityLogCommandInvocationSectionRecorder: 0x819854fc0>
Method:   -addMessage:
Thread:   <NSThread: 0x81a3b1680>{number = 5, name = (null)}
Please file a bug at https://feedbackassistant.apple.com with this warning message and any useful information you can provide.
2026-09-21 17:41:26.783 xcodebuild[984:6025]  DVTAssertions: Warning in IDEFrameworks/IDEFoundation/Logging/ActivityLog/IDEActivityLogSectionRecorder.m:814
Details:  log recorder for IDEActivityLogCommandInvocationSection “SwiftLint” was sent -addMessage: after it had already been asked to stop recording.
Object:   <IDEActivityLogCommandInvocationSectionRecorder: 0x819854fc0>
Method:   -addMessage:
Thread:   <NSThread: 0x81a3b1680>{number = 5, name = (null)}
Please file a bug at https://feedbackassistant.apple.com with this warning message and any useful information you can provide.
2026-09-21 17:41:26.783 xcodebuild[984:6025]  DVTAssertions: Warning in IDEFrameworks/IDEFoundation/Logging/ActivityLog/IDEActivityLogSectionRecorder.m:814
Details:  log recorder for IDEActivityLogCommandInvocationSection “SwiftLint” was sent -addMessage: after it had already been asked to stop recording.
Object:   <IDEActivityLogCommandInvocationSectionRecorder: 0x819854fc0>
Method:   -addMessage:
Thread:   <NSThread: 0x81a3b1680>{number = 5, name = (null)}
Please file a bug at https://feedbackassistant.apple.com with this warning message and any useful information you can provide.
2026-09-21 17:41:26.783 xcodebuild[984:6025]  DVTAssertions: Warning in IDEFrameworks/IDEFoundation/Logging/ActivityLog/IDEActivityLogSectionRecorder.m:814
Details:  log recorder for IDEActivityLogCommandInvocationSection “SwiftLint” was sent -addMessage: after it had already been asked to stop recording.
Object:   <IDEActivityLogCommandInvocationSectionRecorder: 0x819854fc0>
Method:   -addMessage:
Thread:   <NSThread: 0x81a3b1680>{number = 5, name = (null)}
Please file a bug at https://feedbackassistant.apple.com with this warning message and any useful information you can provide.
2026-09-21 17:41:26.783 xcodebuild[984:6025]  DVTAssertions: Warning in IDEFrameworks/IDEFoundation/Logging/ActivityLog/IDEActivityLogSectionRecorder.m:814
Details:  log recorder for IDEActivityLogCommandInvocationSection “SwiftLint” was sent -addMessage: after it had already been asked to stop recording.
Object:   <IDEActivityLogCommandInvocationSectionRecorder: 0x819854fc0>
Method:   -addMessage:
Thread:   <NSThread: 0x81a3b1680>{number = 5, name = (null)}
Please file a bug at https://feedbackassistant.apple.com with this warning message and any useful information you can provide.
2026-09-21 17:41:26.783 xcodebuild[984:6025]  DVTAssertions: Warning in IDEFrameworks/IDEFoundation/Logging/ActivityLog/IDEActivityLogSectionRecorder.m:814
Details:  log recorder for IDEActivityLogCommandInvocationSection “SwiftLint” was sent -addMessage: after it had already been asked to stop recording.
Object:   <IDEActivityLogCommandInvocationSectionRecorder: 0x819854fc0>
Method:   -addMessage:
Thread:   <NSThread: 0x81a3b1680>{number = 5, name = (null)}
Please file a bug at https://feedbackassistant.apple.com with this warning message and any useful information you can provide.
2026-09-21 17:41:26.783 xcodebuild[984:6025]  DVTAssertions: Warning in IDEFrameworks/IDEFoundation/Logging/ActivityLog/IDEActivityLogSectionRecorder.m:814
Details:  log recorder for IDEActivityLogCommandInvocationSection “SwiftLint” was sent -addMessage: after it had already been asked to stop recording.
Object:   <IDEActivityLogCommandInvocationSectionRecorder: 0x819854fc0>
Method:   -addMessage:
Thread:   <NSThread: 0x81a3b1680>{number = 5, name = (null)}
Please file a bug at https://feedbackassistant.apple.com with this warning message and any useful information you can provide.
2026-09-21 17:41:26.784 xcodebuild[984:6025]  DVTAssertions: Warning in IDEFrameworks/IDEFoundation/Logging/ActivityLog/IDEActivityLogSectionRecorder.m:814
Details:  log recorder for IDEActivityLogCommandInvocationSection “SwiftLint” was sent -addMessage: after it had already been asked to stop recording.
Object:   <IDEActivityLogCommandInvocationSectionRecorder: 0x819854fc0>
Method:   -addMessage:
Thread:   <NSThread: 0x81a3b1680>{number = 5, name = (null)}
Please file a bug at https://feedbackassistant.apple.com with this warning message and any useful information you can provide.
2026-09-21 17:41:26.784 xcodebuild[984:6025]  DVTAssertions: Warning in IDEFrameworks/IDEFoundation/Logging/ActivityLog/IDEActivityLogSectionRecorder.m:814
Details:  log recorder for IDEActivityLogCommandInvocationSection “SwiftLint” was sent -addMessage: after it had already been asked to stop recording.
Object:   <IDEActivityLogCommandInvocationSectionRecorder: 0x819854fc0>
Method:   -addMessage:
Thread:   <NSThread: 0x81a3b1680>{number = 5, name = (null)}
Please file a bug at https://feedbackassistant.apple.com with this warning message and any useful information you can provide.
2026-09-21 17:41:26.784 xcodebuild[984:6025]  DVTAssertions: Warning in IDEFrameworks/IDEFoundation/Logging/ActivityLog/IDEActivityLogSectionRecorder.m:814
Details:  log recorder for IDEActivityLogCommandInvocationSection “SwiftLint” was sent -addMessage: after it had already been asked to stop recording.
Object:   <IDEActivityLogCommandInvocationSectionRecorder: 0x819854fc0>
Method:   -addMessage:
Thread:   <NSThread: 0x81a3b1680>{number = 5, name = (null)}
Please file a bug at https://feedbackassistant.apple.com with this warning message and any useful information you can provide.
2026-09-21 17:41:26.784 xcodebuild[984:6025]  DVTAssertions: Warning in IDEFrameworks/IDEFoundation/Logging/ActivityLog/IDEActivityLogSectionRecorder.m:814
Details:  log recorder for IDEActivityLogCommandInvocationSection “SwiftLint” was sent -addMessage: after it had already been asked to stop recording.
Object:   <IDEActivityLogCommandInvocationSectionRecorder: 0x819854fc0>
Method:   -addMessage:
Thread:   <NSThread: 0x81a3b1680>{number = 5, name = (null)}
Please file a bug at https://feedbackassistant.apple.com with this warning message and any useful information you can provide.
2026-09-21 17:41:26.784 xcodebuild[984:6025]  DVTAssertions: Warning in IDEFrameworks/IDEFoundation/Logging/ActivityLog/IDEActivityLogSectionRecorder.m:814
Details:  log recorder for IDEActivityLogCommandInvocationSection “SwiftLint” was sent -addMessage: after it had already been asked to stop recording.
Object:   <IDEActivityLogCommandInvocationSectionRecorder: 0x819854fc0>
Method:   -addMessage:
Thread:   <NSThread: 0x81a3b1680>{number = 5, name = (null)}
Please file a bug at https://feedbackassistant.apple.com with this warning message and any useful information you can provide.
2026-09-21 17:41:26.784 xcodebuild[984:6025]  DVTAssertions: Warning in IDEFrameworks/IDEFoundation/Logging/ActivityLog/IDEActivityLogSectionRecorder.m:814
Details:  log recorder for IDEActivityLogCommandInvocationSection “SwiftLint” was sent -addMessage: after it had already been asked to stop recording.
Object:   <IDEActivityLogCommandInvocationSectionRecorder: 0x819854fc0>
Method:   -addMessage:
Thread:   <NSThread: 0x81a3b1680>{number = 5, name = (null)}
Please file a bug at https://feedbackassistant.apple.com with this warning message and any useful information you can provide.
2026-09-21 17:41:26.784 xcodebuild[984:6025]  DVTAssertions: Warning in IDEFrameworks/IDEFoundation/Logging/ActivityLog/IDEActivityLogSectionRecorder.m:814
Details:  log recorder for IDEActivityLogCommandInvocationSection “SwiftLint” was sent -addMessage: after it had already been asked to stop recording.
Object:   <IDEActivityLogCommandInvocationSectionRecorder: 0x819854fc0>
Method:   -addMessage:
Thread:   <NSThread: 0x81a3b1680>{number = 5, name = (null)}
Please file a bug at https://feedbackassistant.apple.com with this warning message and any useful information you can provide.
2026-09-21 17:41:26.784 xcodebuild[984:6025]  DVTAssertions: Warning in IDEFrameworks/IDEFoundation/Logging/ActivityLog/IDEActivityLogSectionRecorder.m:814
Details:  log recorder for IDEActivityLogCommandInvocationSection “SwiftLint” was sent -addMessage: after it had already been asked to stop recording.
Object:   <IDEActivityLogCommandInvocationSectionRecorder: 0x819854fc0>
Method:   -addMessage:
Thread:   <NSThread: 0x81a3b1680>{number = 5, name = (null)}
Please file a bug at https://feedbackassistant.apple.com with this warning message and any useful information you can provide.
2026-09-21 17:41:26.784 xcodebuild[984:6025]  DVTAssertions: Warning in IDEFrameworks/IDEFoundation/Logging/ActivityLog/IDEActivityLogSectionRecorder.m:814
Details:  log recorder for IDEActivityLogCommandInvocationSection “SwiftLint” was sent -addMessage: after it had already been asked to stop recording.
Object:   <IDEActivityLogCommandInvocationSectionRecorder: 0x819854fc0>
Method:   -addMessage:
Thread:   <NSThread: 0x81a3b1680>{number = 5, name = (null)}
Please file a bug at https://feedbackassistant.apple.com with this warning message and any useful information you can provide.
2026-09-21 17:41:26.784 xcodebuild[984:6025]  DVTAssertions: Warning in IDEFrameworks/IDEFoundation/Logging/ActivityLog/IDEActivityLogSectionRecorder.m:814
Details:  log recorder for IDEActivityLogCommandInvocationSection “SwiftLint” was sent -addMessage: after it had already been asked to stop recording.
Object:   <IDEActivityLogCommandInvocationSectionRecorder: 0x819854fc0>
Method:   -addMessage:
Thread:   <NSThread: 0x81a3b1680>{number = 5, name = (null)}
Please file a bug at https://feedbackassistant.apple.com with this warning message and any useful information you can provide.
2026-09-21 17:41:26.784 xcodebuild[984:6025]  DVTAssertions: Warning in IDEFrameworks/IDEFoundation/Logging/ActivityLog/IDEActivityLogSectionRecorder.m:814
Details:  log recorder for IDEActivityLogCommandInvocationSection “SwiftLint” was sent -addMessage: after it had already been asked to stop recording.
Object:   <IDEActivityLogCommandInvocationSectionRecorder: 0x819854fc0>
Method:   -addMessage:
Thread:   <NSThread: 0x81a3b1680>{number = 5, name = (null)}
Please file a bug at https://feedbackassistant.apple.com with this warning message and any useful information you can provide.
2026-09-21 17:41:26.784 xcodebuild[984:6025]  DVTAssertions: Warning in IDEFrameworks/IDEFoundation/Logging/ActivityLog/IDEActivityLogSectionRecorder.m:814
Details:  log recorder for IDEActivityLogCommandInvocationSection “SwiftLint” was sent -addMessage: after it had already been asked to stop recording.
Object:   <IDEActivityLogCommandInvocationSectionRecorder: 0x819854fc0>
Method:   -addMessage:
Thread:   <NSThread: 0x81a3b1680>{number = 5, name = (null)}
Please file a bug at https://feedbackassistant.apple.com with this warning message and any useful information you can provide.
2026-09-21 17:41:26.784 xcodebuild[984:6025]  DVTAssertions: Warning in IDEFrameworks/IDEFoundation/Logging/ActivityLog/IDEActivityLogSectionRecorder.m:814
Details:  log recorder for IDEActivityLogCommandInvocationSection “SwiftLint” was sent -addMessage: after it had already been asked to stop recording.
Object:   <IDEActivityLogCommandInvocationSectionRecorder: 0x819854fc0>
Method:   -addMessage:
Thread:   <NSThread: 0x81a3b1680>{number = 5, name = (null)}
Please file a bug at https://feedbackassistant.apple.com with this warning message and any useful information you can provide.
2026-09-21 17:41:26.784 xcodebuild[984:6025]  DVTAssertions: Warning in IDEFrameworks/IDEFoundation/Logging/ActivityLog/IDEActivityLogSectionRecorder.m:814
Details:  log recorder for IDEActivityLogCommandInvocationSection “SwiftLint” was sent -addMessage: after it had already been asked to stop recording.
Object:   <IDEActivityLogCommandInvocationSectionRecorder: 0x819854fc0>
Method:   -addMessage:
Thread:   <NSThread: 0x81a3b1680>{number = 5, name = (null)}
Please file a bug at https://feedbackassistant.apple.com with this warning message and any useful information you can provide.
2026-09-21 17:41:26.784 xcodebuild[984:6025]  DVTAssertions: Warning in IDEFrameworks/IDEFoundation/Logging/ActivityLog/IDEActivityLogSectionRecorder.m:814
Details:  log recorder for IDEActivityLogCommandInvocationSection “SwiftLint” was sent -addMessage: after it had already been asked to stop recording.
Object:   <IDEActivityLogCommandInvocationSectionRecorder: 0x819854fc0>
Method:   -addMessage:
Thread:   <NSThread: 0x81a3b1680>{number = 5, name = (null)}
Please file a bug at https://feedbackassistant.apple.com with this warning message and any useful information you can provide.
2026-09-21 17:41:26.784 xcodebuild[984:6025]  DVTAssertions: Warning in IDEFrameworks/IDEFoundation/Logging/ActivityLog/IDEActivityLogSectionRecorder.m:814
Details:  log recorder for IDEActivityLogCommandInvocationSection “SwiftLint” was sent -addMessage: after it had already been asked to stop recording.
Object:   <IDEActivityLogCommandInvocationSectionRecorder: 0x819854fc0>
Method:   -addMessage:
Thread:   <NSThread: 0x81a3b1680>{number = 5, name = (null)}
Please file a bug at https://feedbackassistant.apple.com with this warning message and any useful information you can provide.
2026-09-21 17:41:26.785 xcodebuild[984:6025]  DVTAssertions: Warning in IDEFrameworks/IDEFoundation/Logging/ActivityLog/IDEActivityLogSectionRecorder.m:814
Details:  log recorder for IDEActivityLogCommandInvocationSection “SwiftLint” was sent -addMessage: after it had already been asked to stop recording.
Object:   <IDEActivityLogCommandInvocationSectionRecorder: 0x819854fc0>
Method:   -addMessage:
Thread:   <NSThread: 0x81a3b1680>{number = 5, name = (null)}
Please file a bug at https://feedbackassistant.apple.com with this warning message and any useful information you can provide.
2026-09-21 17:41:26.785 xcodebuild[984:6025]  DVTAssertions: Warning in IDEFrameworks/IDEFoundation/Logging/ActivityLog/IDEActivityLogSectionRecorder.m:814
Details:  log recorder for IDEActivityLogCommandInvocationSection “SwiftLint” was sent -addMessage: after it had already been asked to stop recording.
Object:   <IDEActivityLogCommandInvocationSectionRecorder: 0x819854fc0>
Method:   -addMessage:
Thread:   <NSThread: 0x81a3b1680>{number = 5, name = (null)}
Please file a bug at https://feedbackassistant.apple.com with this warning message and any useful information you can provide.
2026-09-21 17:41:26.785 xcodebuild[984:6025]  DVTAssertions: Warning in IDEFrameworks/IDEFoundation/Logging/ActivityLog/IDEActivityLogSectionRecorder.m:814
Details:  log recorder for IDEActivityLogCommandInvocationSection “SwiftLint” was sent -addMessage: after it had already been asked to stop recording.
Object:   <IDEActivityLogCommandInvocationSectionRecorder: 0x819854fc0>
Method:   -addMessage:
Thread:   <NSThread: 0x81a3b1680>{number = 5, name = (null)}
Please file a bug at https://feedbackassistant.apple.com with this warning message and any useful information you can provide.
2026-09-21 17:41:26.785 xcodebuild[984:6025]  DVTAssertions: Warning in IDEFrameworks/IDEFoundation/Logging/ActivityLog/IDEActivityLogSectionRecorder.m:814
Details:  log recorder for IDEActivityLogCommandInvocationSection “SwiftLint” was sent -addMessage: after it had already been asked to stop recording.
Object:   <IDEActivityLogCommandInvocationSectionRecorder: 0x819854fc0>
Method:   -addMessage:
Thread:   <NSThread: 0x81a3b1680>{number = 5, name = (null)}
Please file a bug at https://feedbackassistant.apple.com with this warning message and any useful information you can provide.
2026-09-21 17:41:26.785 xcodebuild[984:6025]  DVTAssertions: Warning in IDEFrameworks/IDEFoundation/Logging/ActivityLog/IDEActivityLogSectionRecorder.m:814
Details:  log recorder for IDEActivityLogCommandInvocationSection “SwiftLint” was sent -addMessage: after it had already been asked to stop recording.
Object:   <IDEActivityLogCommandInvocationSectionRecorder: 0x819854fc0>
Method:   -addMessage:
Thread:   <NSThread: 0x81a3b1680>{number = 5, name = (null)}
Please file a bug at https://feedbackassistant.apple.com with this warning message and any useful information you can provide.
2026-09-21 17:41:26.785 xcodebuild[984:6025]  DVTAssertions: Warning in IDEFrameworks/IDEFoundation/Logging/ActivityLog/IDEActivityLogSectionRecorder.m:814
Details:  log recorder for IDEActivityLogCommandInvocationSection “SwiftLint” was sent -addMessage: after it had already been asked to stop recording.
Object:   <IDEActivityLogCommandInvocationSectionRecorder: 0x819854fc0>
Method:   -addMessage:
Thread:   <NSThread: 0x81a3b1680>{number = 5, name = (null)}
Please file a bug at https://feedbackassistant.apple.com with this warning message and any useful information you can provide.
2026-09-21 17:41:26.785 xcodebuild[984:6025]  DVTAssertions: Warning in IDEFrameworks/IDEFoundation/Logging/ActivityLog/IDEActivityLogSectionRecorder.m:814
Details:  log recorder for IDEActivityLogCommandInvocationSection “SwiftLint” was sent -addMessage: after it had already been asked to stop recording.
Object:   <IDEActivityLogCommandInvocationSectionRecorder: 0x819854fc0>
Method:   -addMessage:
Thread:   <NSThread: 0x81a3b1680>{number = 5, name = (null)}
Please file a bug at https://feedbackassistant.apple.com with this warning message and any useful information you can provide.
2026-09-21 17:41:26.785 xcodebuild[984:6025]  DVTAssertions: Warning in IDEFrameworks/IDEFoundation/Logging/ActivityLog/IDEActivityLogSectionRecorder.m:814
Details:  log recorder for IDEActivityLogCommandInvocationSection “SwiftLint” was sent -addMessage: after it had already been asked to stop recording.
Object:   <IDEActivityLogCommandInvocationSectionRecorder: 0x819854fc0>
Method:   -addMessage:
Thread:   <NSThread: 0x81a3b1680>{number = 5, name = (null)}
Please file a bug at https://feedbackassistant.apple.com with this warning message and any useful information you can provide.
2026-09-21 17:41:26.785 xcodebuild[984:6025]  DVTAssertions: Warning in IDEFrameworks/IDEFoundation/Logging/ActivityLog/IDEActivityLogSectionRecorder.m:814
Details:  log recorder for IDEActivityLogCommandInvocationSection “SwiftLint” was sent -addMessage: after it had already been asked to stop recording.
Object:   <IDEActivityLogCommandInvocationSectionRecorder: 0x819854fc0>
Method:   -addMessage:
Thread:   <NSThread: 0x81a3b1680>{number = 5, name = (null)}
Please file a bug at https://feedbackassistant.apple.com with this warning message and any useful information you can provide.
2026-09-21 17:41:26.785 xcodebuild[984:6025]  DVTAssertions: Warning in IDEFrameworks/IDEFoundation/Logging/ActivityLog/IDEActivityLogSectionRecorder.m:814
Details:  log recorder for IDEActivityLogCommandInvocationSection “SwiftLint” was sent -addMessage: after it had already been asked to stop recording.
Object:   <IDEActivityLogCommandInvocationSectionRecorder: 0x819854fc0>
Method:   -addMessage:
Thread:   <NSThread: 0x81a3b1680>{number = 5, name = (null)}
Please file a bug at https://feedbackassistant.apple.com with this warning message and any useful information you can provide.
2026-09-21 17:41:26.785 xcodebuild[984:6025]  DVTAssertions: Warning in IDEFrameworks/IDEFoundation/Logging/ActivityLog/IDEActivityLogSectionRecorder.m:814
Details:  log recorder for IDEActivityLogCommandInvocationSection “SwiftLint” was sent -addMessage: after it had already been asked to stop recording.
Object:   <IDEActivityLogCommandInvocationSectionRecorder: 0x819854fc0>
Method:   -addMessage:
Thread:   <NSThread: 0x81a3b1680>{number = 5, name = (null)}
Please file a bug at https://feedbackassistant.apple.com with this warning message and any useful information you can provide.
2026-09-21 17:41:26.785 xcodebuild[984:6025]  DVTAssertions: Warning in IDEFrameworks/IDEFoundation/Logging/ActivityLog/IDEActivityLogSectionRecorder.m:814
Details:  log recorder for IDEActivityLogCommandInvocationSection “SwiftLint” was sent -addMessage: after it had already been asked to stop recording.
Object:   <IDEActivityLogCommandInvocationSectionRecorder: 0x819854fc0>
Method:   -addMessage:
Thread:   <NSThread: 0x81a3b1680>{number = 5, name = (null)}
Please file a bug at https://feedbackassistant.apple.com with this warning message and any useful information you can provide.
2026-09-21 17:41:26.785 xcodebuild[984:6025]  DVTAssertions: Warning in IDEFrameworks/IDEFoundation/Logging/ActivityLog/IDEActivityLogSectionRecorder.m:814
Details:  log recorder for IDEActivityLogCommandInvocationSection “SwiftLint” was sent -addMessage: after it had already been asked to stop recording.
Object:   <IDEActivityLogCommandInvocationSectionRecorder: 0x819854fc0>
Method:   -addMessage:
Thread:   <NSThread: 0x81a3b1680>{number = 5, name = (null)}
Please file a bug at https://feedbackassistant.apple.com with this warning message and any useful information you can provide.
2026-09-21 17:41:26.785 xcodebuild[984:6025]  DVTAssertions: Warning in IDEFrameworks/IDEFoundation/Logging/ActivityLog/IDEActivityLogSectionRecorder.m:814
Details:  log recorder for IDEActivityLogCommandInvocationSection “SwiftLint” was sent -addMessage: after it had already been asked to stop recording.
Object:   <IDEActivityLogCommandInvocationSectionRecorder: 0x819854fc0>
Method:   -addMessage:
Thread:   <NSThread: 0x81a3b1680>{number = 5, name = (null)}
Please file a bug at https://feedbackassistant.apple.com with this warning message and any useful information you can provide.
** BUILD FAILED **
The following build commands failed:
	SwiftCompile normal arm64 Compiling\ ListPropertyInspector.swift,\ SheetPropertyInspector.swift,\ PropertyToggleStyle.swift /Users/admin/builder/spi-builder-workspace/Development/Styles/ListPropertyInspector.swift /Users/admin/builder/spi-builder-workspace/Development/Styles/SheetPropertyInspector.swift /Users/admin/builder/spi-builder-workspace/Development/ToggleStyles/PropertyToggleStyle.swift (in target 'PropertyInspector' from project 'swiftui-property-inspector')
	SwiftCompile normal arm64 /Users/admin/builder/spi-builder-workspace/Development/Styles/SheetPropertyInspector.swift (in target 'PropertyInspector' from project 'swiftui-property-inspector')
	SwiftCompile normal arm64 /Users/admin/builder/spi-builder-workspace/Development/ToggleStyles/PropertyToggleStyle.swift (in target 'PropertyInspector' from project 'swiftui-property-inspector')
	SwiftCompile normal arm64 Compiling\ PropertyInspectorRow.swift,\ PropertyInspectorRows.swift,\ PropertyLocationView.swift /Users/admin/builder/spi-builder-workspace/Development/Views/PropertyInspectorRow.swift /Users/admin/builder/spi-builder-workspace/Development/Views/PropertyInspectorRows.swift /Users/admin/builder/spi-builder-workspace/Development/Views/PropertyLocationView.swift (in target 'PropertyInspector' from project 'swiftui-property-inspector')
	SwiftCompile normal arm64 /Users/admin/builder/spi-builder-workspace/Development/Views/PropertyInspectorRow.swift (in target 'PropertyInspector' from project 'swiftui-property-inspector')
	Building workspace swiftui-property-inspector with scheme swiftui-property-inspector-Package
(6 failures)
BUILD FAILURE 6.4 visionOS