The Swift Package Index logo.Swift Package Index

Build Information

Failed to build ELFKit, reference main (01441b), with Swift 6.1 for Wasm on 19 Aug 2026 11:24:00 UTC.

Build Command

bash -c docker run --pull=always --rm -v "checkouts-54344849-1":/host -w "$PWD" -e JAVA_HOME="/root/.sdkman/candidates/java/current" -e SPI_BUILD="1" -e SPI_PROCESSING="1" registry.gitlab.com/saguaro1/spi-images:wasm-6.1-latest swift build --swift-sdk wasm32-unknown-wasi 2>&1

Build Log

========================================
RunAll
========================================
Builder version: 5.0.2
Interrupt handler set up.
========================================
Checkout
========================================
Clone URL: https://github.com/p-x9/ELFKit.git
Reference: main
Initialized empty Git repository in /host/spi-builder-workspace/.git/
hint: Using 'master' as the name for the initial branch. This default branch name
hint: is subject to change. To configure the initial branch name to use in all
hint: of your new repositories, which will suppress this warning, call:
hint:
hint: 	git config --global init.defaultBranch <name>
hint:
hint: Names commonly chosen instead of 'master' are 'main', 'trunk' and
hint: 'development'. The just-created branch can be renamed via this command:
hint:
hint: 	git branch -m <name>
From https://github.com/p-x9/ELFKit
 * branch            main       -> FETCH_HEAD
 * [new branch]      main       -> origin/main
HEAD is now at 01441b1 Merge pull request #15 from hpr/android-bionic-guard-upstream
Cloned https://github.com/p-x9/ELFKit.git
Revision (git rev-parse @):
01441b13a7a0fe7dc6a32ff5151a6a231009d422
SPI manifest file found: $PWD/.spi.yml
SUCCESS checkout https://github.com/p-x9/ELFKit.git at main
========================================
Build
========================================
Selected platform:         wasm
Swift version:             6.1
Building package at path:  $PWD
https://github.com/p-x9/ELFKit.git
https://github.com/p-x9/ELFKit.git
WARNING: environment variable SUPPRESS_SWIFT_6_FLAGS is not set
Running build ...
bash -c docker run --pull=always --rm -v "checkouts-54344849-1":/host -w "$PWD" -e JAVA_HOME="/root/.sdkman/candidates/java/current" -e SPI_BUILD="1" -e SPI_PROCESSING="1" registry.gitlab.com/saguaro1/spi-images:wasm-6.1-latest swift build --swift-sdk wasm32-unknown-wasi -Xswiftc -Xfrontend -Xswiftc -stats-output-dir -Xswiftc -Xfrontend -Xswiftc .stats -Xswiftc -strict-concurrency=complete -Xswiftc -enable-upcoming-feature -Xswiftc StrictConcurrency -Xswiftc -enable-upcoming-feature -Xswiftc DisableOutwardActorInference -Xswiftc -enable-upcoming-feature -Xswiftc GlobalActorIsolatedTypesUsability -Xswiftc -enable-upcoming-feature -Xswiftc InferSendableFromCaptures 2>&1
wasm-6.1-latest: Pulling from saguaro1/spi-images
Digest: sha256:290f441d1f5b7bf0dbbe61e8b7514208804cdcb507d57b3c762463ad036298f7
Status: Image is up to date for registry.gitlab.com/saguaro1/spi-images:wasm-6.1-latest
Fetching https://github.com/p-x9/swift-fileio.git
Fetching https://github.com/p-x9/ObjectArchiveKit.git
Fetching https://github.com/p-x9/swift-binary-parse-support.git
Fetching https://github.com/p-x9/swift-fileio-extra.git
[1/326] Fetching swift-fileio
[327/585] Fetching swift-fileio, objectarchivekit
[366/827] Fetching swift-fileio, objectarchivekit, swift-binary-parse-support
[764/875] Fetching swift-fileio, objectarchivekit, swift-binary-parse-support, swift-fileio-extra
Fetched https://github.com/p-x9/swift-fileio-extra.git from cache (0.44s)
Fetched https://github.com/p-x9/swift-fileio.git from cache (0.44s)
Fetched https://github.com/p-x9/ObjectArchiveKit.git from cache (0.45s)
Fetched https://github.com/p-x9/swift-binary-parse-support.git from cache (0.45s)
Computing version for https://github.com/p-x9/swift-fileio-extra.git
Computed https://github.com/p-x9/swift-fileio-extra.git at 0.2.2 (0.69s)
Computing version for https://github.com/p-x9/swift-binary-parse-support.git
Computed https://github.com/p-x9/swift-binary-parse-support.git at 0.2.1 (0.21s)
Computing version for https://github.com/p-x9/swift-fileio.git
Computed https://github.com/p-x9/swift-fileio.git at 0.14.0 (0.26s)
Computing version for https://github.com/p-x9/ObjectArchiveKit.git
Computed https://github.com/p-x9/ObjectArchiveKit.git at 0.5.0 (0.27s)
Creating working copy for https://github.com/p-x9/swift-binary-parse-support.git
Working copy of https://github.com/p-x9/swift-binary-parse-support.git resolved at 0.2.1
Creating working copy for https://github.com/p-x9/swift-fileio.git
Working copy of https://github.com/p-x9/swift-fileio.git resolved at 0.14.0
Creating working copy for https://github.com/p-x9/ObjectArchiveKit.git
Working copy of https://github.com/p-x9/ObjectArchiveKit.git resolved at 0.5.0
Creating working copy for https://github.com/p-x9/swift-fileio-extra.git
Working copy of https://github.com/p-x9/swift-fileio-extra.git resolved at 0.2.2
Building for debugging...
[0/9] Write sources
[6/9] Compiling ObjectArchiveKitC dummy.c
[7/9] Compiling ELFKitC dummy.c
[8/9] Write swift-version-24593BA9C3E375BF.txt
error: emit-module command failed with exit code 1 (use -v to see invocation)
[10/29] Emitting module BinaryParseSupport
/root/.swiftpm/swift-sdks/swift-wasm-6.1-RELEASE-wasm32-unknown-wasi.artifactbundle/6.1-RELEASE-wasm32-unknown-wasi/wasm32-unknown-wasi/swift.xctoolchain/usr/lib/swift_static/CoreFoundation/CoreFoundation.h:28:10: note: while building module 'wasi_emulated_signal' imported from /root/.swiftpm/swift-sdks/swift-wasm-6.1-RELEASE-wasm32-unknown-wasi.artifactbundle/6.1-RELEASE-wasm32-unknown-wasi/wasm32-unknown-wasi/swift.xctoolchain/usr/lib/swift_static/CoreFoundation/CoreFoundation.h:28:
 26 | #include <setjmp.h>
 27 | #endif
 28 | #include <signal.h>
    |          `- note: while building module 'wasi_emulated_signal' imported from /root/.swiftpm/swift-sdks/swift-wasm-6.1-RELEASE-wasm32-unknown-wasi.artifactbundle/6.1-RELEASE-wasm32-unknown-wasi/wasm32-unknown-wasi/swift.xctoolchain/usr/lib/swift_static/CoreFoundation/CoreFoundation.h:28:
 29 | #include <stddef.h>
 30 | #include <stdio.h>
<module-includes>:1:10: note: in file included from <module-includes>:1:
1 | #include "signal.h"
  |          `- note: in file included from <module-includes>:1:
2 |
/root/.swiftpm/swift-sdks/swift-wasm-6.1-RELEASE-wasm32-unknown-wasi.artifactbundle/6.1-RELEASE-wasm32-unknown-wasi/wasm32-unknown-wasi/WASI.sdk/include/wasm32-wasi/signal.h:2:2: error: "wasm lacks signal support; to enable minimal signal emulation, compile with -D_WASI_EMULATED_SIGNAL and link with -lwasi-emulated-signal"
  1 | #ifndef _WASI_EMULATED_SIGNAL
  2 | #error "wasm lacks signal support; to enable minimal signal emulation, \
    |  `- error: "wasm lacks signal support; to enable minimal signal emulation, compile with -D_WASI_EMULATED_SIGNAL and link with -lwasi-emulated-signal"
  3 | compile with -D_WASI_EMULATED_SIGNAL and link with -lwasi-emulated-signal"
  4 | #else
<module-includes>:1:10: note: in file included from <module-includes>:1:
1 | #include "CoreFoundation.h"
  |          `- note: in file included from <module-includes>:1:
2 |
/root/.swiftpm/swift-sdks/swift-wasm-6.1-RELEASE-wasm32-unknown-wasi.artifactbundle/6.1-RELEASE-wasm32-unknown-wasi/wasm32-unknown-wasi/swift.xctoolchain/usr/lib/swift_static/CoreFoundation/CoreFoundation.h:28:10: error: could not build module 'wasi_emulated_signal'
 26 | #include <setjmp.h>
 27 | #endif
 28 | #include <signal.h>
    |          `- error: could not build module 'wasi_emulated_signal'
 29 | #include <stddef.h>
 30 | #include <stdio.h>
/root/.swiftpm/swift-sdks/swift-wasm-6.1-RELEASE-wasm32-unknown-wasi.artifactbundle/6.1-RELEASE-wasm32-unknown-wasi/wasm32-unknown-wasi/swift.xctoolchain/usr/lib/swift_static/CoreFoundation/ForSwiftFoundationOnly.h:86:10: note: while building module 'wasi_emulated_mman' imported from /root/.swiftpm/swift-sdks/swift-wasm-6.1-RELEASE-wasm32-unknown-wasi.artifactbundle/6.1-RELEASE-wasm32-unknown-wasi/wasm32-unknown-wasi/swift.xctoolchain/usr/lib/swift_static/CoreFoundation/ForSwiftFoundationOnly.h:86:
 84 | #undef _WASI_EMULATED_MMAN
 85 | #define _WASI_EMULATED_MMAN
 86 | #include <sys/mman.h>
    |          `- note: while building module 'wasi_emulated_mman' imported from /root/.swiftpm/swift-sdks/swift-wasm-6.1-RELEASE-wasm32-unknown-wasi.artifactbundle/6.1-RELEASE-wasm32-unknown-wasi/wasm32-unknown-wasi/swift.xctoolchain/usr/lib/swift_static/CoreFoundation/ForSwiftFoundationOnly.h:86:
 87 | #elif TARGET_OS_LINUX
 88 | #include <errno.h>
<module-includes>:1:10: note: in file included from <module-includes>:1:
1 | #include "sys/mman.h"
  |          `- note: in file included from <module-includes>:1:
2 |
/root/.swiftpm/swift-sdks/swift-wasm-6.1-RELEASE-wasm32-unknown-wasi.artifactbundle/6.1-RELEASE-wasm32-unknown-wasi/wasm32-unknown-wasi/WASI.sdk/include/wasm32-wasi/sys/mman.h:2:2: error: "WASI lacks a true mmap; to enable minimal mmap emulation, compile with -D_WASI_EMULATED_MMAN and link with -lwasi-emulated-mman"
  1 | #ifndef _WASI_EMULATED_MMAN
  2 | #error "WASI lacks a true mmap; to enable minimal mmap emulation, \
    |  `- error: "WASI lacks a true mmap; to enable minimal mmap emulation, compile with -D_WASI_EMULATED_MMAN and link with -lwasi-emulated-mman"
  3 | compile with -D_WASI_EMULATED_MMAN and link with -lwasi-emulated-mman"
  4 | #else
/host/spi-builder-workspace/.build/checkouts/swift-binary-parse-support/Sources/BinaryParseSupport/Model/Endian.swift:8:8: error: could not build C module 'CoreFoundation'
 6 | //
 7 | //
 8 | import CoreFoundation
   |        `- error: could not build C module 'CoreFoundation'
 9 |
10 | public enum Endian: Sendable {
[11/30] Compiling FileIO system.swift
[12/30] Compiling FileIO StreamedFile.swift
[13/30] Compiling FileIO FileIO.swift
[14/30] Compiling FileIO MemoryMappedFile.swift
/host/spi-builder-workspace/.build/checkouts/swift-fileio/Sources/FileIO/MemoryMappedFile.swift:61:27: error: cannot find 'PROT_READ' in scope
 59 |         }
 60 |
 61 |         var prot: Int32 = PROT_READ
    |                           `- error: cannot find 'PROT_READ' in scope
 62 |         if isWritable { prot |= PROT_WRITE }
 63 |         let ptr = mmap(nil, Int(fileSize), prot, MAP_SHARED, fd, 0)
/host/spi-builder-workspace/.build/checkouts/swift-fileio/Sources/FileIO/MemoryMappedFile.swift:62:33: error: cannot find 'PROT_WRITE' in scope
 60 |
 61 |         var prot: Int32 = PROT_READ
 62 |         if isWritable { prot |= PROT_WRITE }
    |                                 `- error: cannot find 'PROT_WRITE' in scope
 63 |         let ptr = mmap(nil, Int(fileSize), prot, MAP_SHARED, fd, 0)
 64 |         guard let ptr,
/host/spi-builder-workspace/.build/checkouts/swift-fileio/Sources/FileIO/MemoryMappedFile.swift:63:19: error: cannot find 'mmap' in scope
 61 |         var prot: Int32 = PROT_READ
 62 |         if isWritable { prot |= PROT_WRITE }
 63 |         let ptr = mmap(nil, Int(fileSize), prot, MAP_SHARED, fd, 0)
    |                   `- error: cannot find 'mmap' in scope
 64 |         guard let ptr,
 65 |               _fastPath(ptr != MAP_FAILED) else {
/host/spi-builder-workspace/.build/checkouts/swift-fileio/Sources/FileIO/MemoryMappedFile.swift:63:50: error: cannot find 'MAP_SHARED' in scope
 61 |         var prot: Int32 = PROT_READ
 62 |         if isWritable { prot |= PROT_WRITE }
 63 |         let ptr = mmap(nil, Int(fileSize), prot, MAP_SHARED, fd, 0)
    |                                                  `- error: cannot find 'MAP_SHARED' in scope
 64 |         guard let ptr,
 65 |               _fastPath(ptr != MAP_FAILED) else {
/host/spi-builder-workspace/.build/checkouts/swift-fileio/Sources/FileIO/MemoryMappedFile.swift:63:24: error: 'nil' requires a contextual type
 61 |         var prot: Int32 = PROT_READ
 62 |         if isWritable { prot |= PROT_WRITE }
 63 |         let ptr = mmap(nil, Int(fileSize), prot, MAP_SHARED, fd, 0)
    |                        `- error: 'nil' requires a contextual type
 64 |         guard let ptr,
 65 |               _fastPath(ptr != MAP_FAILED) else {
/host/spi-builder-workspace/.build/checkouts/swift-fileio/Sources/FileIO/MemoryMappedFile.swift:98:13: error: cannot find 'msync' in scope
 96 |         data.withUnsafeBytes { buffer in
 97 |             memcpy(ptr.advanced(by: offset), buffer.baseAddress!, count)
 98 |             msync(ptr.advanced(by: offset), count, MS_SYNC)
    |             `- error: cannot find 'msync' in scope
 99 |         }
100 |     }
/host/spi-builder-workspace/.build/checkouts/swift-fileio/Sources/FileIO/MemoryMappedFile.swift:98:52: error: cannot find 'MS_SYNC' in scope
 96 |         data.withUnsafeBytes { buffer in
 97 |             memcpy(ptr.advanced(by: offset), buffer.baseAddress!, count)
 98 |             msync(ptr.advanced(by: offset), count, MS_SYNC)
    |                                                    `- error: cannot find 'MS_SYNC' in scope
 99 |         }
100 |     }
/host/spi-builder-workspace/.build/checkouts/swift-fileio/Sources/FileIO/MemoryMappedFile.swift:104:9: error: cannot find 'msync' in scope
102 |     @inlinable @inline(__always)
103 |     public func sync() {
104 |         msync(ptr, size, MS_SYNC)
    |         `- error: cannot find 'msync' in scope
105 |     }
106 |
/host/spi-builder-workspace/.build/checkouts/swift-fileio/Sources/FileIO/MemoryMappedFile.swift:104:26: error: cannot find 'MS_SYNC' in scope
102 |     @inlinable @inline(__always)
103 |     public func sync() {
104 |         msync(ptr, size, MS_SYNC)
    |                          `- error: cannot find 'MS_SYNC' in scope
105 |     }
106 |
/host/spi-builder-workspace/.build/checkouts/swift-fileio/Sources/FileIO/MemoryMappedFile.swift:108:9: error: cannot find 'munmap' in scope
106 |
107 |     internal func unmap() {
108 |         munmap(ptr, size)
    |         `- error: cannot find 'munmap' in scope
109 |     }
110 | }
/host/spi-builder-workspace/.build/checkouts/swift-fileio/Sources/FileIO/MemoryMappedFile.swift:123:27: error: cannot find 'PROT_READ' in scope
121 |         unmap()
122 |
123 |         var prot: Int32 = PROT_READ
    |                           `- error: cannot find 'PROT_READ' in scope
124 |         if isWritable { prot |= PROT_WRITE }
125 |         let ptr = mmap(nil, newSize, prot, MAP_SHARED, fileDescriptor, 0)
/host/spi-builder-workspace/.build/checkouts/swift-fileio/Sources/FileIO/MemoryMappedFile.swift:124:33: error: cannot find 'PROT_WRITE' in scope
122 |
123 |         var prot: Int32 = PROT_READ
124 |         if isWritable { prot |= PROT_WRITE }
    |                                 `- error: cannot find 'PROT_WRITE' in scope
125 |         let ptr = mmap(nil, newSize, prot, MAP_SHARED, fileDescriptor, 0)
126 |         guard let ptr,
/host/spi-builder-workspace/.build/checkouts/swift-fileio/Sources/FileIO/MemoryMappedFile.swift:125:19: error: cannot find 'mmap' in scope
123 |         var prot: Int32 = PROT_READ
124 |         if isWritable { prot |= PROT_WRITE }
125 |         let ptr = mmap(nil, newSize, prot, MAP_SHARED, fileDescriptor, 0)
    |                   `- error: cannot find 'mmap' in scope
126 |         guard let ptr,
127 |               ptr != MAP_FAILED else {
/host/spi-builder-workspace/.build/checkouts/swift-fileio/Sources/FileIO/MemoryMappedFile.swift:125:44: error: cannot find 'MAP_SHARED' in scope
123 |         var prot: Int32 = PROT_READ
124 |         if isWritable { prot |= PROT_WRITE }
125 |         let ptr = mmap(nil, newSize, prot, MAP_SHARED, fileDescriptor, 0)
    |                                            `- error: cannot find 'MAP_SHARED' in scope
126 |         guard let ptr,
127 |               ptr != MAP_FAILED else {
/host/spi-builder-workspace/.build/checkouts/swift-fileio/Sources/FileIO/MemoryMappedFile.swift:125:24: error: 'nil' requires a contextual type
123 |         var prot: Int32 = PROT_READ
124 |         if isWritable { prot |= PROT_WRITE }
125 |         let ptr = mmap(nil, newSize, prot, MAP_SHARED, fileDescriptor, 0)
    |                        `- error: 'nil' requires a contextual type
126 |         guard let ptr,
127 |               ptr != MAP_FAILED else {
/host/spi-builder-workspace/.build/checkouts/swift-fileio/Sources/FileIO/MemoryMappedFile.swift:152:13: error: cannot find 'msync' in scope
150 |         data.withUnsafeBytes { buffer in
151 |             memcpy(ptr.advanced(by: offset), buffer.baseAddress!, count)
152 |             msync(ptr.advanced(by: offset), count + tailSize, MS_SYNC)
    |             `- error: cannot find 'msync' in scope
153 |         }
154 |     }
/host/spi-builder-workspace/.build/checkouts/swift-fileio/Sources/FileIO/MemoryMappedFile.swift:152:63: error: cannot find 'MS_SYNC' in scope
150 |         data.withUnsafeBytes { buffer in
151 |             memcpy(ptr.advanced(by: offset), buffer.baseAddress!, count)
152 |             msync(ptr.advanced(by: offset), count + tailSize, MS_SYNC)
    |                                                               `- error: cannot find 'MS_SYNC' in scope
153 |         }
154 |     }
/host/spi-builder-workspace/.build/checkouts/swift-fileio/Sources/FileIO/MemoryMappedFile.swift:205:9: error: cannot find 'msync' in scope
203 |             .assumingMemoryBound(to: T.self)
204 |             .pointee = value
205 |         msync(ptr.advanced(by: offset), length, MS_SYNC)
    |         `- error: cannot find 'msync' in scope
206 |     }
207 | }
/host/spi-builder-workspace/.build/checkouts/swift-fileio/Sources/FileIO/MemoryMappedFile.swift:205:49: error: cannot find 'MS_SYNC' in scope
203 |             .assumingMemoryBound(to: T.self)
204 |             .pointee = value
205 |         msync(ptr.advanced(by: offset), length, MS_SYNC)
    |                                                 `- error: cannot find 'MS_SYNC' in scope
206 |     }
207 | }
/host/spi-builder-workspace/.build/checkouts/swift-fileio/Sources/FileIO/MemoryMappedFile.swift:278:9: error: cannot find 'msync' in scope
276 |     @inlinable @inline(__always)
277 |     public func sync() {
278 |         msync(parent.ptr.advanced(by: baseOffset), size, MS_SYNC)
    |         `- error: cannot find 'msync' in scope
279 |     }
280 | }
/host/spi-builder-workspace/.build/checkouts/swift-fileio/Sources/FileIO/MemoryMappedFile.swift:278:58: error: cannot find 'MS_SYNC' in scope
276 |     @inlinable @inline(__always)
277 |     public func sync() {
278 |         msync(parent.ptr.advanced(by: baseOffset), size, MS_SYNC)
    |                                                          `- error: cannot find 'MS_SYNC' in scope
279 |     }
280 | }
/host/spi-builder-workspace/.build/checkouts/swift-fileio/Sources/FileIO/MemoryMappedFile.swift:337:9: error: cannot find 'msync' in scope
335 |             .assumingMemoryBound(to: T.self)
336 |             .pointee = value
337 |         msync(ptr.advanced(by: offset), length, MS_SYNC)
    |         `- error: cannot find 'msync' in scope
338 |     }
339 | }
/host/spi-builder-workspace/.build/checkouts/swift-fileio/Sources/FileIO/MemoryMappedFile.swift:337:49: error: cannot find 'MS_SYNC' in scope
335 |             .assumingMemoryBound(to: T.self)
336 |             .pointee = value
337 |         msync(ptr.advanced(by: offset), length, MS_SYNC)
    |                                                 `- error: cannot find 'MS_SYNC' in scope
338 |     }
339 | }
[15/30] Compiling FileIO ConcatenatedStreamedFile.swift
[16/30] Compiling FileIO ConcatenatedMemoryMappedFile.swift
/host/spi-builder-workspace/.build/checkouts/swift-fileio/Sources/FileIO/ConcatenatedMemoryMappedFile.swift:68:23: error: cannot find 'mmap' in scope
 66 |         let fullSize = fdAndSizes.reduce(0, { $0 + $1.size })
 67 |
 68 |         let basePtr = mmap(
    |                       `- error: cannot find 'mmap' in scope
 69 |             nil,
 70 |             numericCast(fullSize),
/host/spi-builder-workspace/.build/checkouts/swift-fileio/Sources/FileIO/ConcatenatedMemoryMappedFile.swift:71:13: error: cannot find 'PROT_NONE' in scope
 69 |             nil,
 70 |             numericCast(fullSize),
 71 |             PROT_NONE,
    |             `- error: cannot find 'PROT_NONE' in scope
 72 |             MAP_PRIVATE | MAP_ANONYMOUS,
 73 |             -1,
/host/spi-builder-workspace/.build/checkouts/swift-fileio/Sources/FileIO/ConcatenatedMemoryMappedFile.swift:72:13: error: cannot find 'MAP_PRIVATE' in scope
 70 |             numericCast(fullSize),
 71 |             PROT_NONE,
 72 |             MAP_PRIVATE | MAP_ANONYMOUS,
    |             `- error: cannot find 'MAP_PRIVATE' in scope
 73 |             -1,
 74 |             0
/host/spi-builder-workspace/.build/checkouts/swift-fileio/Sources/FileIO/ConcatenatedMemoryMappedFile.swift:72:27: error: cannot find 'MAP_ANONYMOUS' in scope
 70 |             numericCast(fullSize),
 71 |             PROT_NONE,
 72 |             MAP_PRIVATE | MAP_ANONYMOUS,
    |                           `- error: cannot find 'MAP_ANONYMOUS' in scope
 73 |             -1,
 74 |             0
/host/spi-builder-workspace/.build/checkouts/swift-fileio/Sources/FileIO/ConcatenatedMemoryMappedFile.swift:69:13: error: 'nil' requires a contextual type
 67 |
 68 |         let basePtr = mmap(
 69 |             nil,
    |             `- error: 'nil' requires a contextual type
 70 |             numericCast(fullSize),
 71 |             PROT_NONE,
/host/spi-builder-workspace/.build/checkouts/swift-fileio/Sources/FileIO/ConcatenatedMemoryMappedFile.swift:70:13: error: generic parameter 'U' could not be inferred
 68 |         let basePtr = mmap(
 69 |             nil,
 70 |             numericCast(fullSize),
    |             `- error: generic parameter 'U' could not be inferred
 71 |             PROT_NONE,
 72 |             MAP_PRIVATE | MAP_ANONYMOUS,
Swift.numericCast:1:24: note: in call to function 'numericCast'
1 | @inlinable public func numericCast<T, U>(_ x: T) -> U where T : BinaryInteger, U : BinaryInteger
  |                        `- note: in call to function 'numericCast'
/host/spi-builder-workspace/.build/checkouts/swift-fileio/Sources/FileIO/ConcatenatedMemoryMappedFile.swift:82:27: error: cannot find 'PROT_READ' in scope
 80 |         }
 81 |
 82 |         var prot: Int32 = PROT_READ
    |                           `- error: cannot find 'PROT_READ' in scope
 83 |         if isWritable { prot |= PROT_WRITE }
 84 |
/host/spi-builder-workspace/.build/checkouts/swift-fileio/Sources/FileIO/ConcatenatedMemoryMappedFile.swift:83:33: error: cannot find 'PROT_WRITE' in scope
 81 |
 82 |         var prot: Int32 = PROT_READ
 83 |         if isWritable { prot |= PROT_WRITE }
    |                                 `- error: cannot find 'PROT_WRITE' in scope
 84 |
 85 |         var offset = 0
/host/spi-builder-workspace/.build/checkouts/swift-fileio/Sources/FileIO/ConcatenatedMemoryMappedFile.swift:90:29: error: cannot find 'mmap' in scope
 88 |             let size: Int = numericCast(size)
 89 |             let ptr = basePtr.advanced(by: offset)
 90 |             let mappedPtr = mmap(ptr, size, prot, MAP_FIXED | MAP_PRIVATE, fd, 0)
    |                             `- error: cannot find 'mmap' in scope
 91 |             guard ptr == mappedPtr,
 92 |                   _fastPath(ptr != MAP_FAILED) else {
/host/spi-builder-workspace/.build/checkouts/swift-fileio/Sources/FileIO/ConcatenatedMemoryMappedFile.swift:90:51: error: cannot find 'MAP_FIXED' in scope
 88 |             let size: Int = numericCast(size)
 89 |             let ptr = basePtr.advanced(by: offset)
 90 |             let mappedPtr = mmap(ptr, size, prot, MAP_FIXED | MAP_PRIVATE, fd, 0)
    |                                                   `- error: cannot find 'MAP_FIXED' in scope
 91 |             guard ptr == mappedPtr,
 92 |                   _fastPath(ptr != MAP_FAILED) else {
/host/spi-builder-workspace/.build/checkouts/swift-fileio/Sources/FileIO/ConcatenatedMemoryMappedFile.swift:90:63: error: cannot find 'MAP_PRIVATE' in scope
 88 |             let size: Int = numericCast(size)
 89 |             let ptr = basePtr.advanced(by: offset)
 90 |             let mappedPtr = mmap(ptr, size, prot, MAP_FIXED | MAP_PRIVATE, fd, 0)
    |                                                               `- error: cannot find 'MAP_PRIVATE' in scope
 91 |             guard ptr == mappedPtr,
 92 |                   _fastPath(ptr != MAP_FAILED) else {
/host/spi-builder-workspace/.build/checkouts/swift-fileio/Sources/FileIO/ConcatenatedMemoryMappedFile.swift:155:13: error: cannot find 'msync' in scope
153 |         data.withUnsafeBytes { buffer in
154 |             memcpy(ptr.advanced(by: offset), buffer.baseAddress!, count)
155 |             msync(ptr.advanced(by: offset), count, MS_SYNC)
    |             `- error: cannot find 'msync' in scope
156 |         }
157 |     }
/host/spi-builder-workspace/.build/checkouts/swift-fileio/Sources/FileIO/ConcatenatedMemoryMappedFile.swift:155:52: error: cannot find 'MS_SYNC' in scope
153 |         data.withUnsafeBytes { buffer in
154 |             memcpy(ptr.advanced(by: offset), buffer.baseAddress!, count)
155 |             msync(ptr.advanced(by: offset), count, MS_SYNC)
    |                                                    `- error: cannot find 'MS_SYNC' in scope
156 |         }
157 |     }
/host/spi-builder-workspace/.build/checkouts/swift-fileio/Sources/FileIO/ConcatenatedMemoryMappedFile.swift:202:9: error: cannot find 'msync' in scope
200 |             .assumingMemoryBound(to: T.self)
201 |             .pointee = value
202 |         msync(ptr.advanced(by: offset), length, MS_SYNC)
    |         `- error: cannot find 'msync' in scope
203 |     }
204 | }
/host/spi-builder-workspace/.build/checkouts/swift-fileio/Sources/FileIO/ConcatenatedMemoryMappedFile.swift:202:49: error: cannot find 'MS_SYNC' in scope
200 |             .assumingMemoryBound(to: T.self)
201 |             .pointee = value
202 |         msync(ptr.advanced(by: offset), length, MS_SYNC)
    |                                                 `- error: cannot find 'MS_SYNC' in scope
203 |     }
204 | }
error: emit-module command failed with exit code 1 (use -v to see invocation)
[17/30] Emitting module FileIO
/host/spi-builder-workspace/.build/checkouts/swift-fileio/Sources/FileIO/ConcatenatedMemoryMappedFile.swift:155:13: error: cannot find 'msync' in scope
153 |         data.withUnsafeBytes { buffer in
154 |             memcpy(ptr.advanced(by: offset), buffer.baseAddress!, count)
155 |             msync(ptr.advanced(by: offset), count, MS_SYNC)
    |             `- error: cannot find 'msync' in scope
156 |         }
157 |     }
/host/spi-builder-workspace/.build/checkouts/swift-fileio/Sources/FileIO/ConcatenatedMemoryMappedFile.swift:155:52: error: cannot find 'MS_SYNC' in scope
153 |         data.withUnsafeBytes { buffer in
154 |             memcpy(ptr.advanced(by: offset), buffer.baseAddress!, count)
155 |             msync(ptr.advanced(by: offset), count, MS_SYNC)
    |                                                    `- error: cannot find 'MS_SYNC' in scope
156 |         }
157 |     }
/host/spi-builder-workspace/.build/checkouts/swift-fileio/Sources/FileIO/ConcatenatedMemoryMappedFile.swift:202:9: error: cannot find 'msync' in scope
200 |             .assumingMemoryBound(to: T.self)
201 |             .pointee = value
202 |         msync(ptr.advanced(by: offset), length, MS_SYNC)
    |         `- error: cannot find 'msync' in scope
203 |     }
204 | }
/host/spi-builder-workspace/.build/checkouts/swift-fileio/Sources/FileIO/ConcatenatedMemoryMappedFile.swift:202:49: error: cannot find 'MS_SYNC' in scope
200 |             .assumingMemoryBound(to: T.self)
201 |             .pointee = value
202 |         msync(ptr.advanced(by: offset), length, MS_SYNC)
    |                                                 `- error: cannot find 'MS_SYNC' in scope
203 |     }
204 | }
/host/spi-builder-workspace/.build/checkouts/swift-fileio/Sources/FileIO/MemoryMappedFile.swift:98:13: error: cannot find 'msync' in scope
 96 |         data.withUnsafeBytes { buffer in
 97 |             memcpy(ptr.advanced(by: offset), buffer.baseAddress!, count)
 98 |             msync(ptr.advanced(by: offset), count, MS_SYNC)
    |             `- error: cannot find 'msync' in scope
 99 |         }
100 |     }
/host/spi-builder-workspace/.build/checkouts/swift-fileio/Sources/FileIO/MemoryMappedFile.swift:98:52: error: cannot find 'MS_SYNC' in scope
 96 |         data.withUnsafeBytes { buffer in
 97 |             memcpy(ptr.advanced(by: offset), buffer.baseAddress!, count)
 98 |             msync(ptr.advanced(by: offset), count, MS_SYNC)
    |                                                    `- error: cannot find 'MS_SYNC' in scope
 99 |         }
100 |     }
/host/spi-builder-workspace/.build/checkouts/swift-fileio/Sources/FileIO/MemoryMappedFile.swift:104:9: error: cannot find 'msync' in scope
102 |     @inlinable @inline(__always)
103 |     public func sync() {
104 |         msync(ptr, size, MS_SYNC)
    |         `- error: cannot find 'msync' in scope
105 |     }
106 |
/host/spi-builder-workspace/.build/checkouts/swift-fileio/Sources/FileIO/MemoryMappedFile.swift:104:26: error: cannot find 'MS_SYNC' in scope
102 |     @inlinable @inline(__always)
103 |     public func sync() {
104 |         msync(ptr, size, MS_SYNC)
    |                          `- error: cannot find 'MS_SYNC' in scope
105 |     }
106 |
/host/spi-builder-workspace/.build/checkouts/swift-fileio/Sources/FileIO/MemoryMappedFile.swift:152:13: error: cannot find 'msync' in scope
150 |         data.withUnsafeBytes { buffer in
151 |             memcpy(ptr.advanced(by: offset), buffer.baseAddress!, count)
152 |             msync(ptr.advanced(by: offset), count + tailSize, MS_SYNC)
    |             `- error: cannot find 'msync' in scope
153 |         }
154 |     }
/host/spi-builder-workspace/.build/checkouts/swift-fileio/Sources/FileIO/MemoryMappedFile.swift:152:63: error: cannot find 'MS_SYNC' in scope
150 |         data.withUnsafeBytes { buffer in
151 |             memcpy(ptr.advanced(by: offset), buffer.baseAddress!, count)
152 |             msync(ptr.advanced(by: offset), count + tailSize, MS_SYNC)
    |                                                               `- error: cannot find 'MS_SYNC' in scope
153 |         }
154 |     }
/host/spi-builder-workspace/.build/checkouts/swift-fileio/Sources/FileIO/MemoryMappedFile.swift:205:9: error: cannot find 'msync' in scope
203 |             .assumingMemoryBound(to: T.self)
204 |             .pointee = value
205 |         msync(ptr.advanced(by: offset), length, MS_SYNC)
    |         `- error: cannot find 'msync' in scope
206 |     }
207 | }
/host/spi-builder-workspace/.build/checkouts/swift-fileio/Sources/FileIO/MemoryMappedFile.swift:205:49: error: cannot find 'MS_SYNC' in scope
203 |             .assumingMemoryBound(to: T.self)
204 |             .pointee = value
205 |         msync(ptr.advanced(by: offset), length, MS_SYNC)
    |                                                 `- error: cannot find 'MS_SYNC' in scope
206 |     }
207 | }
/host/spi-builder-workspace/.build/checkouts/swift-fileio/Sources/FileIO/MemoryMappedFile.swift:278:9: error: cannot find 'msync' in scope
276 |     @inlinable @inline(__always)
277 |     public func sync() {
278 |         msync(parent.ptr.advanced(by: baseOffset), size, MS_SYNC)
    |         `- error: cannot find 'msync' in scope
279 |     }
280 | }
/host/spi-builder-workspace/.build/checkouts/swift-fileio/Sources/FileIO/MemoryMappedFile.swift:278:58: error: cannot find 'MS_SYNC' in scope
276 |     @inlinable @inline(__always)
277 |     public func sync() {
278 |         msync(parent.ptr.advanced(by: baseOffset), size, MS_SYNC)
    |                                                          `- error: cannot find 'MS_SYNC' in scope
279 |     }
280 | }
/host/spi-builder-workspace/.build/checkouts/swift-fileio/Sources/FileIO/MemoryMappedFile.swift:337:9: error: cannot find 'msync' in scope
335 |             .assumingMemoryBound(to: T.self)
336 |             .pointee = value
337 |         msync(ptr.advanced(by: offset), length, MS_SYNC)
    |         `- error: cannot find 'msync' in scope
338 |     }
339 | }
/host/spi-builder-workspace/.build/checkouts/swift-fileio/Sources/FileIO/MemoryMappedFile.swift:337:49: error: cannot find 'MS_SYNC' in scope
335 |             .assumingMemoryBound(to: T.self)
336 |             .pointee = value
337 |         msync(ptr.advanced(by: offset), length, MS_SYNC)
    |                                                 `- error: cannot find 'MS_SYNC' in scope
338 |     }
339 | }
/root/.swiftpm/swift-sdks/swift-wasm-6.1-RELEASE-wasm32-unknown-wasi.artifactbundle/6.1-RELEASE-wasm32-unknown-wasi/wasm32-unknown-wasi/swift.xctoolchain/usr/lib/swift_static/CoreFoundation/CoreFoundation.h:28:10: note: while building module 'wasi_emulated_signal' imported from /root/.swiftpm/swift-sdks/swift-wasm-6.1-RELEASE-wasm32-unknown-wasi.artifactbundle/6.1-RELEASE-wasm32-unknown-wasi/wasm32-unknown-wasi/swift.xctoolchain/usr/lib/swift_static/CoreFoundation/CoreFoundation.h:28:
 26 | #include <setjmp.h>
 27 | #endif
 28 | #include <signal.h>
    |          `- note: while building module 'wasi_emulated_signal' imported from /root/.swiftpm/swift-sdks/swift-wasm-6.1-RELEASE-wasm32-unknown-wasi.artifactbundle/6.1-RELEASE-wasm32-unknown-wasi/wasm32-unknown-wasi/swift.xctoolchain/usr/lib/swift_static/CoreFoundation/CoreFoundation.h:28:
 29 | #include <stddef.h>
 30 | #include <stdio.h>
<module-includes>:1:10: note: in file included from <module-includes>:1:
1 | #include "signal.h"
  |          `- note: in file included from <module-includes>:1:
2 |
Running build ...
bash -c docker run --pull=always --rm -v "checkouts-54344849-1":/host -w "$PWD" -e JAVA_HOME="/root/.sdkman/candidates/java/current" -e SPI_BUILD="1" -e SPI_PROCESSING="1" registry.gitlab.com/saguaro1/spi-images:wasm-6.1-latest swift build --swift-sdk wasm32-unknown-wasi 2>&1
wasm-6.1-latest: Pulling from saguaro1/spi-images
Digest: sha256:290f441d1f5b7bf0dbbe61e8b7514208804cdcb507d57b3c762463ad036298f7
Status: Image is up to date for registry.gitlab.com/saguaro1/spi-images:wasm-6.1-latest
[0/1] Planning build
Building for debugging...
[0/1] Write swift-version-24593BA9C3E375BF.txt
[2/21] Compiling FileIO system.swift
error: emit-module command failed with exit code 1 (use -v to see invocation)
[3/21] Emitting module FileIO
/host/spi-builder-workspace/.build/checkouts/swift-fileio/Sources/FileIO/ConcatenatedMemoryMappedFile.swift:155:13: error: cannot find 'msync' in scope
153 |         data.withUnsafeBytes { buffer in
154 |             memcpy(ptr.advanced(by: offset), buffer.baseAddress!, count)
155 |             msync(ptr.advanced(by: offset), count, MS_SYNC)
    |             `- error: cannot find 'msync' in scope
156 |         }
157 |     }
/host/spi-builder-workspace/.build/checkouts/swift-fileio/Sources/FileIO/ConcatenatedMemoryMappedFile.swift:155:52: error: cannot find 'MS_SYNC' in scope
153 |         data.withUnsafeBytes { buffer in
154 |             memcpy(ptr.advanced(by: offset), buffer.baseAddress!, count)
155 |             msync(ptr.advanced(by: offset), count, MS_SYNC)
    |                                                    `- error: cannot find 'MS_SYNC' in scope
156 |         }
157 |     }
/host/spi-builder-workspace/.build/checkouts/swift-fileio/Sources/FileIO/ConcatenatedMemoryMappedFile.swift:202:9: error: cannot find 'msync' in scope
200 |             .assumingMemoryBound(to: T.self)
201 |             .pointee = value
202 |         msync(ptr.advanced(by: offset), length, MS_SYNC)
    |         `- error: cannot find 'msync' in scope
203 |     }
204 | }
/host/spi-builder-workspace/.build/checkouts/swift-fileio/Sources/FileIO/ConcatenatedMemoryMappedFile.swift:202:49: error: cannot find 'MS_SYNC' in scope
200 |             .assumingMemoryBound(to: T.self)
201 |             .pointee = value
202 |         msync(ptr.advanced(by: offset), length, MS_SYNC)
    |                                                 `- error: cannot find 'MS_SYNC' in scope
203 |     }
204 | }
/host/spi-builder-workspace/.build/checkouts/swift-fileio/Sources/FileIO/MemoryMappedFile.swift:98:13: error: cannot find 'msync' in scope
 96 |         data.withUnsafeBytes { buffer in
 97 |             memcpy(ptr.advanced(by: offset), buffer.baseAddress!, count)
 98 |             msync(ptr.advanced(by: offset), count, MS_SYNC)
    |             `- error: cannot find 'msync' in scope
 99 |         }
100 |     }
/host/spi-builder-workspace/.build/checkouts/swift-fileio/Sources/FileIO/MemoryMappedFile.swift:98:52: error: cannot find 'MS_SYNC' in scope
 96 |         data.withUnsafeBytes { buffer in
 97 |             memcpy(ptr.advanced(by: offset), buffer.baseAddress!, count)
 98 |             msync(ptr.advanced(by: offset), count, MS_SYNC)
    |                                                    `- error: cannot find 'MS_SYNC' in scope
 99 |         }
100 |     }
/host/spi-builder-workspace/.build/checkouts/swift-fileio/Sources/FileIO/MemoryMappedFile.swift:104:9: error: cannot find 'msync' in scope
102 |     @inlinable @inline(__always)
103 |     public func sync() {
104 |         msync(ptr, size, MS_SYNC)
    |         `- error: cannot find 'msync' in scope
105 |     }
106 |
/host/spi-builder-workspace/.build/checkouts/swift-fileio/Sources/FileIO/MemoryMappedFile.swift:104:26: error: cannot find 'MS_SYNC' in scope
102 |     @inlinable @inline(__always)
103 |     public func sync() {
104 |         msync(ptr, size, MS_SYNC)
    |                          `- error: cannot find 'MS_SYNC' in scope
105 |     }
106 |
/host/spi-builder-workspace/.build/checkouts/swift-fileio/Sources/FileIO/MemoryMappedFile.swift:152:13: error: cannot find 'msync' in scope
150 |         data.withUnsafeBytes { buffer in
151 |             memcpy(ptr.advanced(by: offset), buffer.baseAddress!, count)
152 |             msync(ptr.advanced(by: offset), count + tailSize, MS_SYNC)
    |             `- error: cannot find 'msync' in scope
153 |         }
154 |     }
/host/spi-builder-workspace/.build/checkouts/swift-fileio/Sources/FileIO/MemoryMappedFile.swift:152:63: error: cannot find 'MS_SYNC' in scope
150 |         data.withUnsafeBytes { buffer in
151 |             memcpy(ptr.advanced(by: offset), buffer.baseAddress!, count)
152 |             msync(ptr.advanced(by: offset), count + tailSize, MS_SYNC)
    |                                                               `- error: cannot find 'MS_SYNC' in scope
153 |         }
154 |     }
/host/spi-builder-workspace/.build/checkouts/swift-fileio/Sources/FileIO/MemoryMappedFile.swift:205:9: error: cannot find 'msync' in scope
203 |             .assumingMemoryBound(to: T.self)
204 |             .pointee = value
205 |         msync(ptr.advanced(by: offset), length, MS_SYNC)
    |         `- error: cannot find 'msync' in scope
206 |     }
207 | }
/host/spi-builder-workspace/.build/checkouts/swift-fileio/Sources/FileIO/MemoryMappedFile.swift:205:49: error: cannot find 'MS_SYNC' in scope
203 |             .assumingMemoryBound(to: T.self)
204 |             .pointee = value
205 |         msync(ptr.advanced(by: offset), length, MS_SYNC)
    |                                                 `- error: cannot find 'MS_SYNC' in scope
206 |     }
207 | }
/host/spi-builder-workspace/.build/checkouts/swift-fileio/Sources/FileIO/MemoryMappedFile.swift:278:9: error: cannot find 'msync' in scope
276 |     @inlinable @inline(__always)
277 |     public func sync() {
278 |         msync(parent.ptr.advanced(by: baseOffset), size, MS_SYNC)
    |         `- error: cannot find 'msync' in scope
279 |     }
280 | }
/host/spi-builder-workspace/.build/checkouts/swift-fileio/Sources/FileIO/MemoryMappedFile.swift:278:58: error: cannot find 'MS_SYNC' in scope
276 |     @inlinable @inline(__always)
277 |     public func sync() {
278 |         msync(parent.ptr.advanced(by: baseOffset), size, MS_SYNC)
    |                                                          `- error: cannot find 'MS_SYNC' in scope
279 |     }
280 | }
/host/spi-builder-workspace/.build/checkouts/swift-fileio/Sources/FileIO/MemoryMappedFile.swift:337:9: error: cannot find 'msync' in scope
335 |             .assumingMemoryBound(to: T.self)
336 |             .pointee = value
337 |         msync(ptr.advanced(by: offset), length, MS_SYNC)
    |         `- error: cannot find 'msync' in scope
338 |     }
339 | }
/host/spi-builder-workspace/.build/checkouts/swift-fileio/Sources/FileIO/MemoryMappedFile.swift:337:49: error: cannot find 'MS_SYNC' in scope
335 |             .assumingMemoryBound(to: T.self)
336 |             .pointee = value
337 |         msync(ptr.advanced(by: offset), length, MS_SYNC)
    |                                                 `- error: cannot find 'MS_SYNC' in scope
338 |     }
339 | }
[4/21] Compiling FileIO FileIO.swift
[5/21] Compiling FileIO ConcatenatedStreamedFile.swift
[6/21] Compiling FileIO ConcatenatedMemoryMappedFile.swift
/host/spi-builder-workspace/.build/checkouts/swift-fileio/Sources/FileIO/ConcatenatedMemoryMappedFile.swift:68:23: error: cannot find 'mmap' in scope
 66 |         let fullSize = fdAndSizes.reduce(0, { $0 + $1.size })
 67 |
 68 |         let basePtr = mmap(
    |                       `- error: cannot find 'mmap' in scope
 69 |             nil,
 70 |             numericCast(fullSize),
/host/spi-builder-workspace/.build/checkouts/swift-fileio/Sources/FileIO/ConcatenatedMemoryMappedFile.swift:71:13: error: cannot find 'PROT_NONE' in scope
 69 |             nil,
 70 |             numericCast(fullSize),
 71 |             PROT_NONE,
    |             `- error: cannot find 'PROT_NONE' in scope
 72 |             MAP_PRIVATE | MAP_ANONYMOUS,
 73 |             -1,
/host/spi-builder-workspace/.build/checkouts/swift-fileio/Sources/FileIO/ConcatenatedMemoryMappedFile.swift:72:13: error: cannot find 'MAP_PRIVATE' in scope
 70 |             numericCast(fullSize),
 71 |             PROT_NONE,
 72 |             MAP_PRIVATE | MAP_ANONYMOUS,
    |             `- error: cannot find 'MAP_PRIVATE' in scope
 73 |             -1,
 74 |             0
/host/spi-builder-workspace/.build/checkouts/swift-fileio/Sources/FileIO/ConcatenatedMemoryMappedFile.swift:72:27: error: cannot find 'MAP_ANONYMOUS' in scope
 70 |             numericCast(fullSize),
 71 |             PROT_NONE,
 72 |             MAP_PRIVATE | MAP_ANONYMOUS,
    |                           `- error: cannot find 'MAP_ANONYMOUS' in scope
 73 |             -1,
 74 |             0
/host/spi-builder-workspace/.build/checkouts/swift-fileio/Sources/FileIO/ConcatenatedMemoryMappedFile.swift:69:13: error: 'nil' requires a contextual type
 67 |
 68 |         let basePtr = mmap(
 69 |             nil,
    |             `- error: 'nil' requires a contextual type
 70 |             numericCast(fullSize),
 71 |             PROT_NONE,
/host/spi-builder-workspace/.build/checkouts/swift-fileio/Sources/FileIO/ConcatenatedMemoryMappedFile.swift:70:13: error: generic parameter 'U' could not be inferred
 68 |         let basePtr = mmap(
 69 |             nil,
 70 |             numericCast(fullSize),
    |             `- error: generic parameter 'U' could not be inferred
 71 |             PROT_NONE,
 72 |             MAP_PRIVATE | MAP_ANONYMOUS,
Swift.numericCast:1:24: note: in call to function 'numericCast'
1 | @inlinable public func numericCast<T, U>(_ x: T) -> U where T : BinaryInteger, U : BinaryInteger
  |                        `- note: in call to function 'numericCast'
/host/spi-builder-workspace/.build/checkouts/swift-fileio/Sources/FileIO/ConcatenatedMemoryMappedFile.swift:82:27: error: cannot find 'PROT_READ' in scope
 80 |         }
 81 |
 82 |         var prot: Int32 = PROT_READ
    |                           `- error: cannot find 'PROT_READ' in scope
 83 |         if isWritable { prot |= PROT_WRITE }
 84 |
/host/spi-builder-workspace/.build/checkouts/swift-fileio/Sources/FileIO/ConcatenatedMemoryMappedFile.swift:83:33: error: cannot find 'PROT_WRITE' in scope
 81 |
 82 |         var prot: Int32 = PROT_READ
 83 |         if isWritable { prot |= PROT_WRITE }
    |                                 `- error: cannot find 'PROT_WRITE' in scope
 84 |
 85 |         var offset = 0
/host/spi-builder-workspace/.build/checkouts/swift-fileio/Sources/FileIO/ConcatenatedMemoryMappedFile.swift:90:29: error: cannot find 'mmap' in scope
 88 |             let size: Int = numericCast(size)
 89 |             let ptr = basePtr.advanced(by: offset)
 90 |             let mappedPtr = mmap(ptr, size, prot, MAP_FIXED | MAP_PRIVATE, fd, 0)
    |                             `- error: cannot find 'mmap' in scope
 91 |             guard ptr == mappedPtr,
 92 |                   _fastPath(ptr != MAP_FAILED) else {
/host/spi-builder-workspace/.build/checkouts/swift-fileio/Sources/FileIO/ConcatenatedMemoryMappedFile.swift:90:51: error: cannot find 'MAP_FIXED' in scope
 88 |             let size: Int = numericCast(size)
 89 |             let ptr = basePtr.advanced(by: offset)
 90 |             let mappedPtr = mmap(ptr, size, prot, MAP_FIXED | MAP_PRIVATE, fd, 0)
    |                                                   `- error: cannot find 'MAP_FIXED' in scope
 91 |             guard ptr == mappedPtr,
 92 |                   _fastPath(ptr != MAP_FAILED) else {
/host/spi-builder-workspace/.build/checkouts/swift-fileio/Sources/FileIO/ConcatenatedMemoryMappedFile.swift:90:63: error: cannot find 'MAP_PRIVATE' in scope
 88 |             let size: Int = numericCast(size)
 89 |             let ptr = basePtr.advanced(by: offset)
 90 |             let mappedPtr = mmap(ptr, size, prot, MAP_FIXED | MAP_PRIVATE, fd, 0)
    |                                                               `- error: cannot find 'MAP_PRIVATE' in scope
 91 |             guard ptr == mappedPtr,
 92 |                   _fastPath(ptr != MAP_FAILED) else {
/host/spi-builder-workspace/.build/checkouts/swift-fileio/Sources/FileIO/ConcatenatedMemoryMappedFile.swift:155:13: error: cannot find 'msync' in scope
153 |         data.withUnsafeBytes { buffer in
154 |             memcpy(ptr.advanced(by: offset), buffer.baseAddress!, count)
155 |             msync(ptr.advanced(by: offset), count, MS_SYNC)
    |             `- error: cannot find 'msync' in scope
156 |         }
157 |     }
/host/spi-builder-workspace/.build/checkouts/swift-fileio/Sources/FileIO/ConcatenatedMemoryMappedFile.swift:155:52: error: cannot find 'MS_SYNC' in scope
153 |         data.withUnsafeBytes { buffer in
154 |             memcpy(ptr.advanced(by: offset), buffer.baseAddress!, count)
155 |             msync(ptr.advanced(by: offset), count, MS_SYNC)
    |                                                    `- error: cannot find 'MS_SYNC' in scope
156 |         }
157 |     }
/host/spi-builder-workspace/.build/checkouts/swift-fileio/Sources/FileIO/ConcatenatedMemoryMappedFile.swift:202:9: error: cannot find 'msync' in scope
200 |             .assumingMemoryBound(to: T.self)
201 |             .pointee = value
202 |         msync(ptr.advanced(by: offset), length, MS_SYNC)
    |         `- error: cannot find 'msync' in scope
203 |     }
204 | }
/host/spi-builder-workspace/.build/checkouts/swift-fileio/Sources/FileIO/ConcatenatedMemoryMappedFile.swift:202:49: error: cannot find 'MS_SYNC' in scope
200 |             .assumingMemoryBound(to: T.self)
201 |             .pointee = value
202 |         msync(ptr.advanced(by: offset), length, MS_SYNC)
    |                                                 `- error: cannot find 'MS_SYNC' in scope
203 |     }
204 | }
error: emit-module command failed with exit code 1 (use -v to see invocation)
[7/21] Emitting module BinaryParseSupport
/root/.swiftpm/swift-sdks/swift-wasm-6.1-RELEASE-wasm32-unknown-wasi.artifactbundle/6.1-RELEASE-wasm32-unknown-wasi/wasm32-unknown-wasi/swift.xctoolchain/usr/lib/swift_static/CoreFoundation/CoreFoundation.h:28:10: note: while building module 'wasi_emulated_signal' imported from /root/.swiftpm/swift-sdks/swift-wasm-6.1-RELEASE-wasm32-unknown-wasi.artifactbundle/6.1-RELEASE-wasm32-unknown-wasi/wasm32-unknown-wasi/swift.xctoolchain/usr/lib/swift_static/CoreFoundation/CoreFoundation.h:28:
 26 | #include <setjmp.h>
 27 | #endif
 28 | #include <signal.h>
    |          `- note: while building module 'wasi_emulated_signal' imported from /root/.swiftpm/swift-sdks/swift-wasm-6.1-RELEASE-wasm32-unknown-wasi.artifactbundle/6.1-RELEASE-wasm32-unknown-wasi/wasm32-unknown-wasi/swift.xctoolchain/usr/lib/swift_static/CoreFoundation/CoreFoundation.h:28:
 29 | #include <stddef.h>
 30 | #include <stdio.h>
<module-includes>:1:10: note: in file included from <module-includes>:1:
1 | #include "signal.h"
  |          `- note: in file included from <module-includes>:1:
2 |
/root/.swiftpm/swift-sdks/swift-wasm-6.1-RELEASE-wasm32-unknown-wasi.artifactbundle/6.1-RELEASE-wasm32-unknown-wasi/wasm32-unknown-wasi/WASI.sdk/include/wasm32-wasi/signal.h:2:2: error: "wasm lacks signal support; to enable minimal signal emulation, compile with -D_WASI_EMULATED_SIGNAL and link with -lwasi-emulated-signal"
  1 | #ifndef _WASI_EMULATED_SIGNAL
  2 | #error "wasm lacks signal support; to enable minimal signal emulation, \
    |  `- error: "wasm lacks signal support; to enable minimal signal emulation, compile with -D_WASI_EMULATED_SIGNAL and link with -lwasi-emulated-signal"
  3 | compile with -D_WASI_EMULATED_SIGNAL and link with -lwasi-emulated-signal"
  4 | #else
<module-includes>:1:10: note: in file included from <module-includes>:1:
1 | #include "CoreFoundation.h"
  |          `- note: in file included from <module-includes>:1:
2 |
/root/.swiftpm/swift-sdks/swift-wasm-6.1-RELEASE-wasm32-unknown-wasi.artifactbundle/6.1-RELEASE-wasm32-unknown-wasi/wasm32-unknown-wasi/swift.xctoolchain/usr/lib/swift_static/CoreFoundation/CoreFoundation.h:28:10: error: could not build module 'wasi_emulated_signal'
 26 | #include <setjmp.h>
 27 | #endif
 28 | #include <signal.h>
    |          `- error: could not build module 'wasi_emulated_signal'
 29 | #include <stddef.h>
 30 | #include <stdio.h>
/root/.swiftpm/swift-sdks/swift-wasm-6.1-RELEASE-wasm32-unknown-wasi.artifactbundle/6.1-RELEASE-wasm32-unknown-wasi/wasm32-unknown-wasi/swift.xctoolchain/usr/lib/swift_static/CoreFoundation/ForSwiftFoundationOnly.h:86:10: note: while building module 'wasi_emulated_mman' imported from /root/.swiftpm/swift-sdks/swift-wasm-6.1-RELEASE-wasm32-unknown-wasi.artifactbundle/6.1-RELEASE-wasm32-unknown-wasi/wasm32-unknown-wasi/swift.xctoolchain/usr/lib/swift_static/CoreFoundation/ForSwiftFoundationOnly.h:86:
 84 | #undef _WASI_EMULATED_MMAN
 85 | #define _WASI_EMULATED_MMAN
 86 | #include <sys/mman.h>
    |          `- note: while building module 'wasi_emulated_mman' imported from /root/.swiftpm/swift-sdks/swift-wasm-6.1-RELEASE-wasm32-unknown-wasi.artifactbundle/6.1-RELEASE-wasm32-unknown-wasi/wasm32-unknown-wasi/swift.xctoolchain/usr/lib/swift_static/CoreFoundation/ForSwiftFoundationOnly.h:86:
 87 | #elif TARGET_OS_LINUX
 88 | #include <errno.h>
<module-includes>:1:10: note: in file included from <module-includes>:1:
1 | #include "sys/mman.h"
  |          `- note: in file included from <module-includes>:1:
2 |
/root/.swiftpm/swift-sdks/swift-wasm-6.1-RELEASE-wasm32-unknown-wasi.artifactbundle/6.1-RELEASE-wasm32-unknown-wasi/wasm32-unknown-wasi/WASI.sdk/include/wasm32-wasi/sys/mman.h:2:2: error: "WASI lacks a true mmap; to enable minimal mmap emulation, compile with -D_WASI_EMULATED_MMAN and link with -lwasi-emulated-mman"
  1 | #ifndef _WASI_EMULATED_MMAN
  2 | #error "WASI lacks a true mmap; to enable minimal mmap emulation, \
    |  `- error: "WASI lacks a true mmap; to enable minimal mmap emulation, compile with -D_WASI_EMULATED_MMAN and link with -lwasi-emulated-mman"
  3 | compile with -D_WASI_EMULATED_MMAN and link with -lwasi-emulated-mman"
  4 | #else
/host/spi-builder-workspace/.build/checkouts/swift-binary-parse-support/Sources/BinaryParseSupport/Model/Endian.swift:8:8: error: could not build C module 'CoreFoundation'
 6 | //
 7 | //
 8 | import CoreFoundation
   |        `- error: could not build C module 'CoreFoundation'
 9 |
10 | public enum Endian: Sendable {
[8/22] Compiling BinaryParseSupport LayoutWrapper.swift
/root/.swiftpm/swift-sdks/swift-wasm-6.1-RELEASE-wasm32-unknown-wasi.artifactbundle/6.1-RELEASE-wasm32-unknown-wasi/wasm32-unknown-wasi/swift.xctoolchain/usr/lib/swift_static/CoreFoundation/CoreFoundation.h:28:10: note: while building module 'wasi_emulated_signal' imported from /root/.swiftpm/swift-sdks/swift-wasm-6.1-RELEASE-wasm32-unknown-wasi.artifactbundle/6.1-RELEASE-wasm32-unknown-wasi/wasm32-unknown-wasi/swift.xctoolchain/usr/lib/swift_static/CoreFoundation/CoreFoundation.h:28:
 26 | #include <setjmp.h>
 27 | #endif
 28 | #include <signal.h>
    |          `- note: while building module 'wasi_emulated_signal' imported from /root/.swiftpm/swift-sdks/swift-wasm-6.1-RELEASE-wasm32-unknown-wasi.artifactbundle/6.1-RELEASE-wasm32-unknown-wasi/wasm32-unknown-wasi/swift.xctoolchain/usr/lib/swift_static/CoreFoundation/CoreFoundation.h:28:
 29 | #include <stddef.h>
 30 | #include <stdio.h>
<module-includes>:1:10: note: in file included from <module-includes>:1:
1 | #include "signal.h"
  |          `- note: in file included from <module-includes>:1:
2 |
/root/.swiftpm/swift-sdks/swift-wasm-6.1-RELEASE-wasm32-unknown-wasi.artifactbundle/6.1-RELEASE-wasm32-unknown-wasi/wasm32-unknown-wasi/WASI.sdk/include/wasm32-wasi/signal.h:2:2: error: "wasm lacks signal support; to enable minimal signal emulation, compile with -D_WASI_EMULATED_SIGNAL and link with -lwasi-emulated-signal"
  1 | #ifndef _WASI_EMULATED_SIGNAL
  2 | #error "wasm lacks signal support; to enable minimal signal emulation, \
    |  `- error: "wasm lacks signal support; to enable minimal signal emulation, compile with -D_WASI_EMULATED_SIGNAL and link with -lwasi-emulated-signal"
  3 | compile with -D_WASI_EMULATED_SIGNAL and link with -lwasi-emulated-signal"
  4 | #else
<module-includes>:1:10: note: in file included from <module-includes>:1:
1 | #include "CoreFoundation.h"
  |          `- note: in file included from <module-includes>:1:
2 |
/root/.swiftpm/swift-sdks/swift-wasm-6.1-RELEASE-wasm32-unknown-wasi.artifactbundle/6.1-RELEASE-wasm32-unknown-wasi/wasm32-unknown-wasi/swift.xctoolchain/usr/lib/swift_static/CoreFoundation/CoreFoundation.h:28:10: error: could not build module 'wasi_emulated_signal'
 26 | #include <setjmp.h>
 27 | #endif
 28 | #include <signal.h>
    |          `- error: could not build module 'wasi_emulated_signal'
 29 | #include <stddef.h>
 30 | #include <stdio.h>
/root/.swiftpm/swift-sdks/swift-wasm-6.1-RELEASE-wasm32-unknown-wasi.artifactbundle/6.1-RELEASE-wasm32-unknown-wasi/wasm32-unknown-wasi/swift.xctoolchain/usr/lib/swift_static/CoreFoundation/ForSwiftFoundationOnly.h:86:10: note: while building module 'wasi_emulated_mman' imported from /root/.swiftpm/swift-sdks/swift-wasm-6.1-RELEASE-wasm32-unknown-wasi.artifactbundle/6.1-RELEASE-wasm32-unknown-wasi/wasm32-unknown-wasi/swift.xctoolchain/usr/lib/swift_static/CoreFoundation/ForSwiftFoundationOnly.h:86:
 84 | #undef _WASI_EMULATED_MMAN
 85 | #define _WASI_EMULATED_MMAN
 86 | #include <sys/mman.h>
    |          `- note: while building module 'wasi_emulated_mman' imported from /root/.swiftpm/swift-sdks/swift-wasm-6.1-RELEASE-wasm32-unknown-wasi.artifactbundle/6.1-RELEASE-wasm32-unknown-wasi/wasm32-unknown-wasi/swift.xctoolchain/usr/lib/swift_static/CoreFoundation/ForSwiftFoundationOnly.h:86:
 87 | #elif TARGET_OS_LINUX
 88 | #include <errno.h>
<module-includes>:1:10: note: in file included from <module-includes>:1:
1 | #include "sys/mman.h"
  |          `- note: in file included from <module-includes>:1:
2 |
/root/.swiftpm/swift-sdks/swift-wasm-6.1-RELEASE-wasm32-unknown-wasi.artifactbundle/6.1-RELEASE-wasm32-unknown-wasi/wasm32-unknown-wasi/WASI.sdk/include/wasm32-wasi/sys/mman.h:2:2: error: "WASI lacks a true mmap; to enable minimal mmap emulation, compile with -D_WASI_EMULATED_MMAN and link with -lwasi-emulated-mman"
  1 | #ifndef _WASI_EMULATED_MMAN
  2 | #error "WASI lacks a true mmap; to enable minimal mmap emulation, \
    |  `- error: "WASI lacks a true mmap; to enable minimal mmap emulation, compile with -D_WASI_EMULATED_MMAN and link with -lwasi-emulated-mman"
  3 | compile with -D_WASI_EMULATED_MMAN and link with -lwasi-emulated-mman"
  4 | #else
/host/spi-builder-workspace/.build/checkouts/swift-binary-parse-support/Sources/BinaryParseSupport/Model/Endian.swift:8:8: error: could not build C module 'CoreFoundation'
 6 | //
 7 | //
 8 | import CoreFoundation
   |        `- error: could not build C module 'CoreFoundation'
 9 |
10 | public enum Endian: Sendable {
[9/22] Compiling BinaryParseSupport StringTable.swift
/root/.swiftpm/swift-sdks/swift-wasm-6.1-RELEASE-wasm32-unknown-wasi.artifactbundle/6.1-RELEASE-wasm32-unknown-wasi/wasm32-unknown-wasi/swift.xctoolchain/usr/lib/swift_static/CoreFoundation/CoreFoundation.h:28:10: note: while building module 'wasi_emulated_signal' imported from /root/.swiftpm/swift-sdks/swift-wasm-6.1-RELEASE-wasm32-unknown-wasi.artifactbundle/6.1-RELEASE-wasm32-unknown-wasi/wasm32-unknown-wasi/swift.xctoolchain/usr/lib/swift_static/CoreFoundation/CoreFoundation.h:28:
 26 | #include <setjmp.h>
 27 | #endif
 28 | #include <signal.h>
    |          `- note: while building module 'wasi_emulated_signal' imported from /root/.swiftpm/swift-sdks/swift-wasm-6.1-RELEASE-wasm32-unknown-wasi.artifactbundle/6.1-RELEASE-wasm32-unknown-wasi/wasm32-unknown-wasi/swift.xctoolchain/usr/lib/swift_static/CoreFoundation/CoreFoundation.h:28:
 29 | #include <stddef.h>
 30 | #include <stdio.h>
<module-includes>:1:10: note: in file included from <module-includes>:1:
1 | #include "signal.h"
  |          `- note: in file included from <module-includes>:1:
2 |
/root/.swiftpm/swift-sdks/swift-wasm-6.1-RELEASE-wasm32-unknown-wasi.artifactbundle/6.1-RELEASE-wasm32-unknown-wasi/wasm32-unknown-wasi/WASI.sdk/include/wasm32-wasi/signal.h:2:2: error: "wasm lacks signal support; to enable minimal signal emulation, compile with -D_WASI_EMULATED_SIGNAL and link with -lwasi-emulated-signal"
  1 | #ifndef _WASI_EMULATED_SIGNAL
  2 | #error "wasm lacks signal support; to enable minimal signal emulation, \
    |  `- error: "wasm lacks signal support; to enable minimal signal emulation, compile with -D_WASI_EMULATED_SIGNAL and link with -lwasi-emulated-signal"
  3 | compile with -D_WASI_EMULATED_SIGNAL and link with -lwasi-emulated-signal"
  4 | #else
<module-includes>:1:10: note: in file included from <module-includes>:1:
1 | #include "CoreFoundation.h"
  |          `- note: in file included from <module-includes>:1:
2 |
/root/.swiftpm/swift-sdks/swift-wasm-6.1-RELEASE-wasm32-unknown-wasi.artifactbundle/6.1-RELEASE-wasm32-unknown-wasi/wasm32-unknown-wasi/swift.xctoolchain/usr/lib/swift_static/CoreFoundation/CoreFoundation.h:28:10: error: could not build module 'wasi_emulated_signal'
 26 | #include <setjmp.h>
 27 | #endif
 28 | #include <signal.h>
    |          `- error: could not build module 'wasi_emulated_signal'
 29 | #include <stddef.h>
 30 | #include <stdio.h>
/root/.swiftpm/swift-sdks/swift-wasm-6.1-RELEASE-wasm32-unknown-wasi.artifactbundle/6.1-RELEASE-wasm32-unknown-wasi/wasm32-unknown-wasi/swift.xctoolchain/usr/lib/swift_static/CoreFoundation/ForSwiftFoundationOnly.h:86:10: note: while building module 'wasi_emulated_mman' imported from /root/.swiftpm/swift-sdks/swift-wasm-6.1-RELEASE-wasm32-unknown-wasi.artifactbundle/6.1-RELEASE-wasm32-unknown-wasi/wasm32-unknown-wasi/swift.xctoolchain/usr/lib/swift_static/CoreFoundation/ForSwiftFoundationOnly.h:86:
 84 | #undef _WASI_EMULATED_MMAN
 85 | #define _WASI_EMULATED_MMAN
 86 | #include <sys/mman.h>
    |          `- note: while building module 'wasi_emulated_mman' imported from /root/.swiftpm/swift-sdks/swift-wasm-6.1-RELEASE-wasm32-unknown-wasi.artifactbundle/6.1-RELEASE-wasm32-unknown-wasi/wasm32-unknown-wasi/swift.xctoolchain/usr/lib/swift_static/CoreFoundation/ForSwiftFoundationOnly.h:86:
 87 | #elif TARGET_OS_LINUX
 88 | #include <errno.h>
<module-includes>:1:10: note: in file included from <module-includes>:1:
1 | #include "sys/mman.h"
  |          `- note: in file included from <module-includes>:1:
2 |
/root/.swiftpm/swift-sdks/swift-wasm-6.1-RELEASE-wasm32-unknown-wasi.artifactbundle/6.1-RELEASE-wasm32-unknown-wasi/wasm32-unknown-wasi/WASI.sdk/include/wasm32-wasi/sys/mman.h:2:2: error: "WASI lacks a true mmap; to enable minimal mmap emulation, compile with -D_WASI_EMULATED_MMAN and link with -lwasi-emulated-mman"
  1 | #ifndef _WASI_EMULATED_MMAN
  2 | #error "WASI lacks a true mmap; to enable minimal mmap emulation, \
    |  `- error: "WASI lacks a true mmap; to enable minimal mmap emulation, compile with -D_WASI_EMULATED_MMAN and link with -lwasi-emulated-mman"
  3 | compile with -D_WASI_EMULATED_MMAN and link with -lwasi-emulated-mman"
  4 | #else
/host/spi-builder-workspace/.build/checkouts/swift-binary-parse-support/Sources/BinaryParseSupport/Model/Endian.swift:8:8: error: could not build C module 'CoreFoundation'
 6 | //
 7 | //
 8 | import CoreFoundation
   |        `- error: could not build C module 'CoreFoundation'
 9 |
10 | public enum Endian: Sendable {
[10/22] Compiling BinaryParseSupport StringTableEntry.swift
/root/.swiftpm/swift-sdks/swift-wasm-6.1-RELEASE-wasm32-unknown-wasi.artifactbundle/6.1-RELEASE-wasm32-unknown-wasi/wasm32-unknown-wasi/swift.xctoolchain/usr/lib/swift_static/CoreFoundation/CoreFoundation.h:28:10: note: while building module 'wasi_emulated_signal' imported from /root/.swiftpm/swift-sdks/swift-wasm-6.1-RELEASE-wasm32-unknown-wasi.artifactbundle/6.1-RELEASE-wasm32-unknown-wasi/wasm32-unknown-wasi/swift.xctoolchain/usr/lib/swift_static/CoreFoundation/CoreFoundation.h:28:
 26 | #include <setjmp.h>
 27 | #endif
 28 | #include <signal.h>
    |          `- note: while building module 'wasi_emulated_signal' imported from /root/.swiftpm/swift-sdks/swift-wasm-6.1-RELEASE-wasm32-unknown-wasi.artifactbundle/6.1-RELEASE-wasm32-unknown-wasi/wasm32-unknown-wasi/swift.xctoolchain/usr/lib/swift_static/CoreFoundation/CoreFoundation.h:28:
 29 | #include <stddef.h>
 30 | #include <stdio.h>
<module-includes>:1:10: note: in file included from <module-includes>:1:
1 | #include "signal.h"
  |          `- note: in file included from <module-includes>:1:
2 |
/root/.swiftpm/swift-sdks/swift-wasm-6.1-RELEASE-wasm32-unknown-wasi.artifactbundle/6.1-RELEASE-wasm32-unknown-wasi/wasm32-unknown-wasi/WASI.sdk/include/wasm32-wasi/signal.h:2:2: error: "wasm lacks signal support; to enable minimal signal emulation, compile with -D_WASI_EMULATED_SIGNAL and link with -lwasi-emulated-signal"
  1 | #ifndef _WASI_EMULATED_SIGNAL
  2 | #error "wasm lacks signal support; to enable minimal signal emulation, \
    |  `- error: "wasm lacks signal support; to enable minimal signal emulation, compile with -D_WASI_EMULATED_SIGNAL and link with -lwasi-emulated-signal"
  3 | compile with -D_WASI_EMULATED_SIGNAL and link with -lwasi-emulated-signal"
  4 | #else
<module-includes>:1:10: note: in file included from <module-includes>:1:
1 | #include "CoreFoundation.h"
  |          `- note: in file included from <module-includes>:1:
2 |
/root/.swiftpm/swift-sdks/swift-wasm-6.1-RELEASE-wasm32-unknown-wasi.artifactbundle/6.1-RELEASE-wasm32-unknown-wasi/wasm32-unknown-wasi/swift.xctoolchain/usr/lib/swift_static/CoreFoundation/CoreFoundation.h:28:10: error: could not build module 'wasi_emulated_signal'
 26 | #include <setjmp.h>
 27 | #endif
 28 | #include <signal.h>
    |          `- error: could not build module 'wasi_emulated_signal'
 29 | #include <stddef.h>
 30 | #include <stdio.h>
/root/.swiftpm/swift-sdks/swift-wasm-6.1-RELEASE-wasm32-unknown-wasi.artifactbundle/6.1-RELEASE-wasm32-unknown-wasi/wasm32-unknown-wasi/swift.xctoolchain/usr/lib/swift_static/CoreFoundation/ForSwiftFoundationOnly.h:86:10: note: while building module 'wasi_emulated_mman' imported from /root/.swiftpm/swift-sdks/swift-wasm-6.1-RELEASE-wasm32-unknown-wasi.artifactbundle/6.1-RELEASE-wasm32-unknown-wasi/wasm32-unknown-wasi/swift.xctoolchain/usr/lib/swift_static/CoreFoundation/ForSwiftFoundationOnly.h:86:
 84 | #undef _WASI_EMULATED_MMAN
 85 | #define _WASI_EMULATED_MMAN
 86 | #include <sys/mman.h>
    |          `- note: while building module 'wasi_emulated_mman' imported from /root/.swiftpm/swift-sdks/swift-wasm-6.1-RELEASE-wasm32-unknown-wasi.artifactbundle/6.1-RELEASE-wasm32-unknown-wasi/wasm32-unknown-wasi/swift.xctoolchain/usr/lib/swift_static/CoreFoundation/ForSwiftFoundationOnly.h:86:
 87 | #elif TARGET_OS_LINUX
 88 | #include <errno.h>
<module-includes>:1:10: note: in file included from <module-includes>:1:
1 | #include "sys/mman.h"
  |          `- note: in file included from <module-includes>:1:
2 |
/root/.swiftpm/swift-sdks/swift-wasm-6.1-RELEASE-wasm32-unknown-wasi.artifactbundle/6.1-RELEASE-wasm32-unknown-wasi/wasm32-unknown-wasi/WASI.sdk/include/wasm32-wasi/sys/mman.h:2:2: error: "WASI lacks a true mmap; to enable minimal mmap emulation, compile with -D_WASI_EMULATED_MMAN and link with -lwasi-emulated-mman"
  1 | #ifndef _WASI_EMULATED_MMAN
  2 | #error "WASI lacks a true mmap; to enable minimal mmap emulation, \
    |  `- error: "WASI lacks a true mmap; to enable minimal mmap emulation, compile with -D_WASI_EMULATED_MMAN and link with -lwasi-emulated-mman"
  3 | compile with -D_WASI_EMULATED_MMAN and link with -lwasi-emulated-mman"
  4 | #else
/host/spi-builder-workspace/.build/checkouts/swift-binary-parse-support/Sources/BinaryParseSupport/Model/Endian.swift:8:8: error: could not build C module 'CoreFoundation'
 6 | //
 7 | //
 8 | import CoreFoundation
   |        `- error: could not build C module 'CoreFoundation'
 9 |
10 | public enum Endian: Sendable {
[11/22] Compiling BinaryParseSupport BitFlags.swift
/root/.swiftpm/swift-sdks/swift-wasm-6.1-RELEASE-wasm32-unknown-wasi.artifactbundle/6.1-RELEASE-wasm32-unknown-wasi/wasm32-unknown-wasi/swift.xctoolchain/usr/lib/swift_static/CoreFoundation/CoreFoundation.h:28:10: note: while building module 'wasi_emulated_signal' imported from /root/.swiftpm/swift-sdks/swift-wasm-6.1-RELEASE-wasm32-unknown-wasi.artifactbundle/6.1-RELEASE-wasm32-unknown-wasi/wasm32-unknown-wasi/swift.xctoolchain/usr/lib/swift_static/CoreFoundation/CoreFoundation.h:28:
 26 | #include <setjmp.h>
 27 | #endif
 28 | #include <signal.h>
    |          `- note: while building module 'wasi_emulated_signal' imported from /root/.swiftpm/swift-sdks/swift-wasm-6.1-RELEASE-wasm32-unknown-wasi.artifactbundle/6.1-RELEASE-wasm32-unknown-wasi/wasm32-unknown-wasi/swift.xctoolchain/usr/lib/swift_static/CoreFoundation/CoreFoundation.h:28:
 29 | #include <stddef.h>
 30 | #include <stdio.h>
<module-includes>:1:10: note: in file included from <module-includes>:1:
1 | #include "signal.h"
  |          `- note: in file included from <module-includes>:1:
2 |
/root/.swiftpm/swift-sdks/swift-wasm-6.1-RELEASE-wasm32-unknown-wasi.artifactbundle/6.1-RELEASE-wasm32-unknown-wasi/wasm32-unknown-wasi/WASI.sdk/include/wasm32-wasi/signal.h:2:2: error: "wasm lacks signal support; to enable minimal signal emulation, compile with -D_WASI_EMULATED_SIGNAL and link with -lwasi-emulated-signal"
  1 | #ifndef _WASI_EMULATED_SIGNAL
  2 | #error "wasm lacks signal support; to enable minimal signal emulation, \
    |  `- error: "wasm lacks signal support; to enable minimal signal emulation, compile with -D_WASI_EMULATED_SIGNAL and link with -lwasi-emulated-signal"
  3 | compile with -D_WASI_EMULATED_SIGNAL and link with -lwasi-emulated-signal"
  4 | #else
<module-includes>:1:10: note: in file included from <module-includes>:1:
1 | #include "CoreFoundation.h"
  |          `- note: in file included from <module-includes>:1:
2 |
/root/.swiftpm/swift-sdks/swift-wasm-6.1-RELEASE-wasm32-unknown-wasi.artifactbundle/6.1-RELEASE-wasm32-unknown-wasi/wasm32-unknown-wasi/swift.xctoolchain/usr/lib/swift_static/CoreFoundation/CoreFoundation.h:28:10: error: could not build module 'wasi_emulated_signal'
 26 | #include <setjmp.h>
 27 | #endif
 28 | #include <signal.h>
    |          `- error: could not build module 'wasi_emulated_signal'
 29 | #include <stddef.h>
 30 | #include <stdio.h>
/root/.swiftpm/swift-sdks/swift-wasm-6.1-RELEASE-wasm32-unknown-wasi.artifactbundle/6.1-RELEASE-wasm32-unknown-wasi/wasm32-unknown-wasi/swift.xctoolchain/usr/lib/swift_static/CoreFoundation/ForSwiftFoundationOnly.h:86:10: note: while building module 'wasi_emulated_mman' imported from /root/.swiftpm/swift-sdks/swift-wasm-6.1-RELEASE-wasm32-unknown-wasi.artifactbundle/6.1-RELEASE-wasm32-unknown-wasi/wasm32-unknown-wasi/swift.xctoolchain/usr/lib/swift_static/CoreFoundation/ForSwiftFoundationOnly.h:86:
 84 | #undef _WASI_EMULATED_MMAN
 85 | #define _WASI_EMULATED_MMAN
 86 | #include <sys/mman.h>
    |          `- note: while building module 'wasi_emulated_mman' imported from /root/.swiftpm/swift-sdks/swift-wasm-6.1-RELEASE-wasm32-unknown-wasi.artifactbundle/6.1-RELEASE-wasm32-unknown-wasi/wasm32-unknown-wasi/swift.xctoolchain/usr/lib/swift_static/CoreFoundation/ForSwiftFoundationOnly.h:86:
 87 | #elif TARGET_OS_LINUX
 88 | #include <errno.h>
<module-includes>:1:10: note: in file included from <module-includes>:1:
1 | #include "sys/mman.h"
  |          `- note: in file included from <module-includes>:1:
2 |
/root/.swiftpm/swift-sdks/swift-wasm-6.1-RELEASE-wasm32-unknown-wasi.artifactbundle/6.1-RELEASE-wasm32-unknown-wasi/wasm32-unknown-wasi/WASI.sdk/include/wasm32-wasi/sys/mman.h:2:2: error: "WASI lacks a true mmap; to enable minimal mmap emulation, compile with -D_WASI_EMULATED_MMAN and link with -lwasi-emulated-mman"
  1 | #ifndef _WASI_EMULATED_MMAN
  2 | #error "WASI lacks a true mmap; to enable minimal mmap emulation, \
    |  `- error: "WASI lacks a true mmap; to enable minimal mmap emulation, compile with -D_WASI_EMULATED_MMAN and link with -lwasi-emulated-mman"
  3 | compile with -D_WASI_EMULATED_MMAN and link with -lwasi-emulated-mman"
  4 | #else
/host/spi-builder-workspace/.build/checkouts/swift-binary-parse-support/Sources/BinaryParseSupport/Model/Endian.swift:8:8: error: could not build C module 'CoreFoundation'
 6 | //
 7 | //
 8 | import CoreFoundation
   |        `- error: could not build C module 'CoreFoundation'
 9 |
10 | public enum Endian: Sendable {
[12/22] Compiling FileIO StreamedFile.swift
[13/22] Compiling FileIO MemoryMappedFile.swift
/host/spi-builder-workspace/.build/checkouts/swift-fileio/Sources/FileIO/MemoryMappedFile.swift:61:27: error: cannot find 'PROT_READ' in scope
 59 |         }
 60 |
 61 |         var prot: Int32 = PROT_READ
    |                           `- error: cannot find 'PROT_READ' in scope
 62 |         if isWritable { prot |= PROT_WRITE }
 63 |         let ptr = mmap(nil, Int(fileSize), prot, MAP_SHARED, fd, 0)
/host/spi-builder-workspace/.build/checkouts/swift-fileio/Sources/FileIO/MemoryMappedFile.swift:62:33: error: cannot find 'PROT_WRITE' in scope
 60 |
 61 |         var prot: Int32 = PROT_READ
 62 |         if isWritable { prot |= PROT_WRITE }
    |                                 `- error: cannot find 'PROT_WRITE' in scope
 63 |         let ptr = mmap(nil, Int(fileSize), prot, MAP_SHARED, fd, 0)
 64 |         guard let ptr,
/host/spi-builder-workspace/.build/checkouts/swift-fileio/Sources/FileIO/MemoryMappedFile.swift:63:19: error: cannot find 'mmap' in scope
 61 |         var prot: Int32 = PROT_READ
 62 |         if isWritable { prot |= PROT_WRITE }
 63 |         let ptr = mmap(nil, Int(fileSize), prot, MAP_SHARED, fd, 0)
    |                   `- error: cannot find 'mmap' in scope
 64 |         guard let ptr,
 65 |               _fastPath(ptr != MAP_FAILED) else {
/host/spi-builder-workspace/.build/checkouts/swift-fileio/Sources/FileIO/MemoryMappedFile.swift:63:50: error: cannot find 'MAP_SHARED' in scope
 61 |         var prot: Int32 = PROT_READ
 62 |         if isWritable { prot |= PROT_WRITE }
 63 |         let ptr = mmap(nil, Int(fileSize), prot, MAP_SHARED, fd, 0)
    |                                                  `- error: cannot find 'MAP_SHARED' in scope
 64 |         guard let ptr,
 65 |               _fastPath(ptr != MAP_FAILED) else {
/host/spi-builder-workspace/.build/checkouts/swift-fileio/Sources/FileIO/MemoryMappedFile.swift:63:24: error: 'nil' requires a contextual type
 61 |         var prot: Int32 = PROT_READ
 62 |         if isWritable { prot |= PROT_WRITE }
 63 |         let ptr = mmap(nil, Int(fileSize), prot, MAP_SHARED, fd, 0)
    |                        `- error: 'nil' requires a contextual type
 64 |         guard let ptr,
 65 |               _fastPath(ptr != MAP_FAILED) else {
/host/spi-builder-workspace/.build/checkouts/swift-fileio/Sources/FileIO/MemoryMappedFile.swift:98:13: error: cannot find 'msync' in scope
 96 |         data.withUnsafeBytes { buffer in
 97 |             memcpy(ptr.advanced(by: offset), buffer.baseAddress!, count)
 98 |             msync(ptr.advanced(by: offset), count, MS_SYNC)
    |             `- error: cannot find 'msync' in scope
 99 |         }
100 |     }
/host/spi-builder-workspace/.build/checkouts/swift-fileio/Sources/FileIO/MemoryMappedFile.swift:98:52: error: cannot find 'MS_SYNC' in scope
 96 |         data.withUnsafeBytes { buffer in
 97 |             memcpy(ptr.advanced(by: offset), buffer.baseAddress!, count)
 98 |             msync(ptr.advanced(by: offset), count, MS_SYNC)
    |                                                    `- error: cannot find 'MS_SYNC' in scope
 99 |         }
100 |     }
/host/spi-builder-workspace/.build/checkouts/swift-fileio/Sources/FileIO/MemoryMappedFile.swift:104:9: error: cannot find 'msync' in scope
102 |     @inlinable @inline(__always)
103 |     public func sync() {
104 |         msync(ptr, size, MS_SYNC)
    |         `- error: cannot find 'msync' in scope
105 |     }
106 |
/host/spi-builder-workspace/.build/checkouts/swift-fileio/Sources/FileIO/MemoryMappedFile.swift:104:26: error: cannot find 'MS_SYNC' in scope
102 |     @inlinable @inline(__always)
103 |     public func sync() {
104 |         msync(ptr, size, MS_SYNC)
    |                          `- error: cannot find 'MS_SYNC' in scope
105 |     }
106 |
/host/spi-builder-workspace/.build/checkouts/swift-fileio/Sources/FileIO/MemoryMappedFile.swift:108:9: error: cannot find 'munmap' in scope
106 |
107 |     internal func unmap() {
108 |         munmap(ptr, size)
    |         `- error: cannot find 'munmap' in scope
109 |     }
110 | }
/host/spi-builder-workspace/.build/checkouts/swift-fileio/Sources/FileIO/MemoryMappedFile.swift:123:27: error: cannot find 'PROT_READ' in scope
121 |         unmap()
122 |
123 |         var prot: Int32 = PROT_READ
    |                           `- error: cannot find 'PROT_READ' in scope
124 |         if isWritable { prot |= PROT_WRITE }
125 |         let ptr = mmap(nil, newSize, prot, MAP_SHARED, fileDescriptor, 0)
/host/spi-builder-workspace/.build/checkouts/swift-fileio/Sources/FileIO/MemoryMappedFile.swift:124:33: error: cannot find 'PROT_WRITE' in scope
122 |
123 |         var prot: Int32 = PROT_READ
124 |         if isWritable { prot |= PROT_WRITE }
    |                                 `- error: cannot find 'PROT_WRITE' in scope
125 |         let ptr = mmap(nil, newSize, prot, MAP_SHARED, fileDescriptor, 0)
126 |         guard let ptr,
/host/spi-builder-workspace/.build/checkouts/swift-fileio/Sources/FileIO/MemoryMappedFile.swift:125:19: error: cannot find 'mmap' in scope
123 |         var prot: Int32 = PROT_READ
124 |         if isWritable { prot |= PROT_WRITE }
125 |         let ptr = mmap(nil, newSize, prot, MAP_SHARED, fileDescriptor, 0)
    |                   `- error: cannot find 'mmap' in scope
126 |         guard let ptr,
127 |               ptr != MAP_FAILED else {
/host/spi-builder-workspace/.build/checkouts/swift-fileio/Sources/FileIO/MemoryMappedFile.swift:125:44: error: cannot find 'MAP_SHARED' in scope
123 |         var prot: Int32 = PROT_READ
124 |         if isWritable { prot |= PROT_WRITE }
125 |         let ptr = mmap(nil, newSize, prot, MAP_SHARED, fileDescriptor, 0)
    |                                            `- error: cannot find 'MAP_SHARED' in scope
126 |         guard let ptr,
127 |               ptr != MAP_FAILED else {
/host/spi-builder-workspace/.build/checkouts/swift-fileio/Sources/FileIO/MemoryMappedFile.swift:125:24: error: 'nil' requires a contextual type
123 |         var prot: Int32 = PROT_READ
124 |         if isWritable { prot |= PROT_WRITE }
125 |         let ptr = mmap(nil, newSize, prot, MAP_SHARED, fileDescriptor, 0)
    |                        `- error: 'nil' requires a contextual type
126 |         guard let ptr,
127 |               ptr != MAP_FAILED else {
/host/spi-builder-workspace/.build/checkouts/swift-fileio/Sources/FileIO/MemoryMappedFile.swift:152:13: error: cannot find 'msync' in scope
150 |         data.withUnsafeBytes { buffer in
151 |             memcpy(ptr.advanced(by: offset), buffer.baseAddress!, count)
152 |             msync(ptr.advanced(by: offset), count + tailSize, MS_SYNC)
    |             `- error: cannot find 'msync' in scope
153 |         }
154 |     }
/host/spi-builder-workspace/.build/checkouts/swift-fileio/Sources/FileIO/MemoryMappedFile.swift:152:63: error: cannot find 'MS_SYNC' in scope
150 |         data.withUnsafeBytes { buffer in
151 |             memcpy(ptr.advanced(by: offset), buffer.baseAddress!, count)
152 |             msync(ptr.advanced(by: offset), count + tailSize, MS_SYNC)
    |                                                               `- error: cannot find 'MS_SYNC' in scope
153 |         }
154 |     }
/host/spi-builder-workspace/.build/checkouts/swift-fileio/Sources/FileIO/MemoryMappedFile.swift:205:9: error: cannot find 'msync' in scope
203 |             .assumingMemoryBound(to: T.self)
204 |             .pointee = value
205 |         msync(ptr.advanced(by: offset), length, MS_SYNC)
    |         `- error: cannot find 'msync' in scope
206 |     }
207 | }
/host/spi-builder-workspace/.build/checkouts/swift-fileio/Sources/FileIO/MemoryMappedFile.swift:205:49: error: cannot find 'MS_SYNC' in scope
203 |             .assumingMemoryBound(to: T.self)
204 |             .pointee = value
205 |         msync(ptr.advanced(by: offset), length, MS_SYNC)
    |                                                 `- error: cannot find 'MS_SYNC' in scope
206 |     }
207 | }
/host/spi-builder-workspace/.build/checkouts/swift-fileio/Sources/FileIO/MemoryMappedFile.swift:278:9: error: cannot find 'msync' in scope
276 |     @inlinable @inline(__always)
277 |     public func sync() {
278 |         msync(parent.ptr.advanced(by: baseOffset), size, MS_SYNC)
    |         `- error: cannot find 'msync' in scope
279 |     }
280 | }
/host/spi-builder-workspace/.build/checkouts/swift-fileio/Sources/FileIO/MemoryMappedFile.swift:278:58: error: cannot find 'MS_SYNC' in scope
276 |     @inlinable @inline(__always)
277 |     public func sync() {
278 |         msync(parent.ptr.advanced(by: baseOffset), size, MS_SYNC)
    |                                                          `- error: cannot find 'MS_SYNC' in scope
279 |     }
280 | }
/host/spi-builder-workspace/.build/checkouts/swift-fileio/Sources/FileIO/MemoryMappedFile.swift:337:9: error: cannot find 'msync' in scope
335 |             .assumingMemoryBound(to: T.self)
336 |             .pointee = value
337 |         msync(ptr.advanced(by: offset), length, MS_SYNC)
    |         `- error: cannot find 'msync' in scope
338 |     }
339 | }
/host/spi-builder-workspace/.build/checkouts/swift-fileio/Sources/FileIO/MemoryMappedFile.swift:337:49: error: cannot find 'MS_SYNC' in scope
335 |             .assumingMemoryBound(to: T.self)
336 |             .pointee = value
337 |         msync(ptr.advanced(by: offset), length, MS_SYNC)
    |                                                 `- error: cannot find 'MS_SYNC' in scope
338 |     }
339 | }
[14/22] Compiling BinaryParseSupport MemorySequence.swift
/root/.swiftpm/swift-sdks/swift-wasm-6.1-RELEASE-wasm32-unknown-wasi.artifactbundle/6.1-RELEASE-wasm32-unknown-wasi/wasm32-unknown-wasi/swift.xctoolchain/usr/lib/swift_static/CoreFoundation/CoreFoundation.h:28:10: note: while building module 'wasi_emulated_signal' imported from /root/.swiftpm/swift-sdks/swift-wasm-6.1-RELEASE-wasm32-unknown-wasi.artifactbundle/6.1-RELEASE-wasm32-unknown-wasi/wasm32-unknown-wasi/swift.xctoolchain/usr/lib/swift_static/CoreFoundation/CoreFoundation.h:28:
 26 | #include <setjmp.h>
 27 | #endif
 28 | #include <signal.h>
    |          `- note: while building module 'wasi_emulated_signal' imported from /root/.swiftpm/swift-sdks/swift-wasm-6.1-RELEASE-wasm32-unknown-wasi.artifactbundle/6.1-RELEASE-wasm32-unknown-wasi/wasm32-unknown-wasi/swift.xctoolchain/usr/lib/swift_static/CoreFoundation/CoreFoundation.h:28:
 29 | #include <stddef.h>
 30 | #include <stdio.h>
<module-includes>:1:10: note: in file included from <module-includes>:1:
1 | #include "signal.h"
  |          `- note: in file included from <module-includes>:1:
2 |
/root/.swiftpm/swift-sdks/swift-wasm-6.1-RELEASE-wasm32-unknown-wasi.artifactbundle/6.1-RELEASE-wasm32-unknown-wasi/wasm32-unknown-wasi/WASI.sdk/include/wasm32-wasi/signal.h:2:2: error: "wasm lacks signal support; to enable minimal signal emulation, compile with -D_WASI_EMULATED_SIGNAL and link with -lwasi-emulated-signal"
  1 | #ifndef _WASI_EMULATED_SIGNAL
  2 | #error "wasm lacks signal support; to enable minimal signal emulation, \
    |  `- error: "wasm lacks signal support; to enable minimal signal emulation, compile with -D_WASI_EMULATED_SIGNAL and link with -lwasi-emulated-signal"
  3 | compile with -D_WASI_EMULATED_SIGNAL and link with -lwasi-emulated-signal"
  4 | #else
<module-includes>:1:10: note: in file included from <module-includes>:1:
1 | #include "CoreFoundation.h"
  |          `- note: in file included from <module-includes>:1:
2 |
/root/.swiftpm/swift-sdks/swift-wasm-6.1-RELEASE-wasm32-unknown-wasi.artifactbundle/6.1-RELEASE-wasm32-unknown-wasi/wasm32-unknown-wasi/swift.xctoolchain/usr/lib/swift_static/CoreFoundation/CoreFoundation.h:28:10: error: could not build module 'wasi_emulated_signal'
 26 | #include <setjmp.h>
 27 | #endif
 28 | #include <signal.h>
    |          `- error: could not build module 'wasi_emulated_signal'
 29 | #include <stddef.h>
 30 | #include <stdio.h>
/root/.swiftpm/swift-sdks/swift-wasm-6.1-RELEASE-wasm32-unknown-wasi.artifactbundle/6.1-RELEASE-wasm32-unknown-wasi/wasm32-unknown-wasi/swift.xctoolchain/usr/lib/swift_static/CoreFoundation/ForSwiftFoundationOnly.h:86:10: note: while building module 'wasi_emulated_mman' imported from /root/.swiftpm/swift-sdks/swift-wasm-6.1-RELEASE-wasm32-unknown-wasi.artifactbundle/6.1-RELEASE-wasm32-unknown-wasi/wasm32-unknown-wasi/swift.xctoolchain/usr/lib/swift_static/CoreFoundation/ForSwiftFoundationOnly.h:86:
 84 | #undef _WASI_EMULATED_MMAN
 85 | #define _WASI_EMULATED_MMAN
 86 | #include <sys/mman.h>
    |          `- note: while building module 'wasi_emulated_mman' imported from /root/.swiftpm/swift-sdks/swift-wasm-6.1-RELEASE-wasm32-unknown-wasi.artifactbundle/6.1-RELEASE-wasm32-unknown-wasi/wasm32-unknown-wasi/swift.xctoolchain/usr/lib/swift_static/CoreFoundation/ForSwiftFoundationOnly.h:86:
 87 | #elif TARGET_OS_LINUX
 88 | #include <errno.h>
<module-includes>:1:10: note: in file included from <module-includes>:1:
1 | #include "sys/mman.h"
  |          `- note: in file included from <module-includes>:1:
2 |
/root/.swiftpm/swift-sdks/swift-wasm-6.1-RELEASE-wasm32-unknown-wasi.artifactbundle/6.1-RELEASE-wasm32-unknown-wasi/wasm32-unknown-wasi/WASI.sdk/include/wasm32-wasi/sys/mman.h:2:2: error: "WASI lacks a true mmap; to enable minimal mmap emulation, compile with -D_WASI_EMULATED_MMAN and link with -lwasi-emulated-mman"
  1 | #ifndef _WASI_EMULATED_MMAN
  2 | #error "WASI lacks a true mmap; to enable minimal mmap emulation, \
    |  `- error: "WASI lacks a true mmap; to enable minimal mmap emulation, compile with -D_WASI_EMULATED_MMAN and link with -lwasi-emulated-mman"
  3 | compile with -D_WASI_EMULATED_MMAN and link with -lwasi-emulated-mman"
  4 | #else
/host/spi-builder-workspace/.build/checkouts/swift-binary-parse-support/Sources/BinaryParseSupport/Model/Endian.swift:8:8: error: could not build C module 'CoreFoundation'
 6 | //
 7 | //
 8 | import CoreFoundation
   |        `- error: could not build C module 'CoreFoundation'
 9 |
10 | public enum Endian: Sendable {
[15/22] Compiling BinaryParseSupport DataSequence.swift
/root/.swiftpm/swift-sdks/swift-wasm-6.1-RELEASE-wasm32-unknown-wasi.artifactbundle/6.1-RELEASE-wasm32-unknown-wasi/wasm32-unknown-wasi/swift.xctoolchain/usr/lib/swift_static/CoreFoundation/CoreFoundation.h:28:10: note: while building module 'wasi_emulated_signal' imported from /root/.swiftpm/swift-sdks/swift-wasm-6.1-RELEASE-wasm32-unknown-wasi.artifactbundle/6.1-RELEASE-wasm32-unknown-wasi/wasm32-unknown-wasi/swift.xctoolchain/usr/lib/swift_static/CoreFoundation/CoreFoundation.h:28:
 26 | #include <setjmp.h>
 27 | #endif
 28 | #include <signal.h>
    |          `- note: while building module 'wasi_emulated_signal' imported from /root/.swiftpm/swift-sdks/swift-wasm-6.1-RELEASE-wasm32-unknown-wasi.artifactbundle/6.1-RELEASE-wasm32-unknown-wasi/wasm32-unknown-wasi/swift.xctoolchain/usr/lib/swift_static/CoreFoundation/CoreFoundation.h:28:
 29 | #include <stddef.h>
 30 | #include <stdio.h>
<module-includes>:1:10: note: in file included from <module-includes>:1:
1 | #include "signal.h"
  |          `- note: in file included from <module-includes>:1:
2 |
/root/.swiftpm/swift-sdks/swift-wasm-6.1-RELEASE-wasm32-unknown-wasi.artifactbundle/6.1-RELEASE-wasm32-unknown-wasi/wasm32-unknown-wasi/WASI.sdk/include/wasm32-wasi/signal.h:2:2: error: "wasm lacks signal support; to enable minimal signal emulation, compile with -D_WASI_EMULATED_SIGNAL and link with -lwasi-emulated-signal"
  1 | #ifndef _WASI_EMULATED_SIGNAL
  2 | #error "wasm lacks signal support; to enable minimal signal emulation, \
    |  `- error: "wasm lacks signal support; to enable minimal signal emulation, compile with -D_WASI_EMULATED_SIGNAL and link with -lwasi-emulated-signal"
  3 | compile with -D_WASI_EMULATED_SIGNAL and link with -lwasi-emulated-signal"
  4 | #else
<module-includes>:1:10: note: in file included from <module-includes>:1:
1 | #include "CoreFoundation.h"
  |          `- note: in file included from <module-includes>:1:
2 |
/root/.swiftpm/swift-sdks/swift-wasm-6.1-RELEASE-wasm32-unknown-wasi.artifactbundle/6.1-RELEASE-wasm32-unknown-wasi/wasm32-unknown-wasi/swift.xctoolchain/usr/lib/swift_static/CoreFoundation/CoreFoundation.h:28:10: error: could not build module 'wasi_emulated_signal'
 26 | #include <setjmp.h>
 27 | #endif
 28 | #include <signal.h>
    |          `- error: could not build module 'wasi_emulated_signal'
 29 | #include <stddef.h>
 30 | #include <stdio.h>
/root/.swiftpm/swift-sdks/swift-wasm-6.1-RELEASE-wasm32-unknown-wasi.artifactbundle/6.1-RELEASE-wasm32-unknown-wasi/wasm32-unknown-wasi/swift.xctoolchain/usr/lib/swift_static/CoreFoundation/ForSwiftFoundationOnly.h:86:10: note: while building module 'wasi_emulated_mman' imported from /root/.swiftpm/swift-sdks/swift-wasm-6.1-RELEASE-wasm32-unknown-wasi.artifactbundle/6.1-RELEASE-wasm32-unknown-wasi/wasm32-unknown-wasi/swift.xctoolchain/usr/lib/swift_static/CoreFoundation/ForSwiftFoundationOnly.h:86:
 84 | #undef _WASI_EMULATED_MMAN
 85 | #define _WASI_EMULATED_MMAN
 86 | #include <sys/mman.h>
    |          `- note: while building module 'wasi_emulated_mman' imported from /root/.swiftpm/swift-sdks/swift-wasm-6.1-RELEASE-wasm32-unknown-wasi.artifactbundle/6.1-RELEASE-wasm32-unknown-wasi/wasm32-unknown-wasi/swift.xctoolchain/usr/lib/swift_static/CoreFoundation/ForSwiftFoundationOnly.h:86:
 87 | #elif TARGET_OS_LINUX
 88 | #include <errno.h>
<module-includes>:1:10: note: in file included from <module-includes>:1:
1 | #include "sys/mman.h"
  |          `- note: in file included from <module-includes>:1:
2 |
/root/.swiftpm/swift-sdks/swift-wasm-6.1-RELEASE-wasm32-unknown-wasi.artifactbundle/6.1-RELEASE-wasm32-unknown-wasi/wasm32-unknown-wasi/WASI.sdk/include/wasm32-wasi/sys/mman.h:2:2: error: "WASI lacks a true mmap; to enable minimal mmap emulation, compile with -D_WASI_EMULATED_MMAN and link with -lwasi-emulated-mman"
  1 | #ifndef _WASI_EMULATED_MMAN
  2 | #error "WASI lacks a true mmap; to enable minimal mmap emulation, \
    |  `- error: "WASI lacks a true mmap; to enable minimal mmap emulation, compile with -D_WASI_EMULATED_MMAN and link with -lwasi-emulated-mman"
  3 | compile with -D_WASI_EMULATED_MMAN and link with -lwasi-emulated-mman"
  4 | #else
/host/spi-builder-workspace/.build/checkouts/swift-binary-parse-support/Sources/BinaryParseSupport/Model/Endian.swift:8:8: error: could not build C module 'CoreFoundation'
 6 | //
 7 | //
 8 | import CoreFoundation
   |        `- error: could not build C module 'CoreFoundation'
 9 |
10 | public enum Endian: Sendable {
/root/.swiftpm/swift-sdks/swift-wasm-6.1-RELEASE-wasm32-unknown-wasi.artifactbundle/6.1-RELEASE-wasm32-unknown-wasi/wasm32-unknown-wasi/swift.xctoolchain/usr/lib/swift_static/CoreFoundation/CoreFoundation.h:28:10: note: while building module 'wasi_emulated_signal' imported from /root/.swiftpm/swift-sdks/swift-wasm-6.1-RELEASE-wasm32-unknown-wasi.artifactbundle/6.1-RELEASE-wasm32-unknown-wasi/wasm32-unknown-wasi/swift.xctoolchain/usr/lib/swift_static/CoreFoundation/CoreFoundation.h:28:
 26 | #include <setjmp.h>
 27 | #endif
 28 | #include <signal.h>
    |          `- note: while building module 'wasi_emulated_signal' imported from /root/.swiftpm/swift-sdks/swift-wasm-6.1-RELEASE-wasm32-unknown-wasi.artifactbundle/6.1-RELEASE-wasm32-unknown-wasi/wasm32-unknown-wasi/swift.xctoolchain/usr/lib/swift_static/CoreFoundation/CoreFoundation.h:28:
 29 | #include <stddef.h>
 30 | #include <stdio.h>
<module-includes>:1:10: note: in file included from <module-includes>:1:
1 | #include "signal.h"
  |          `- note: in file included from <module-includes>:1:
2 |
/root/.swiftpm/swift-sdks/swift-wasm-6.1-RELEASE-wasm32-unknown-wasi.artifactbundle/6.1-RELEASE-wasm32-unknown-wasi/wasm32-unknown-wasi/WASI.sdk/include/wasm32-wasi/signal.h:2:2: error: "wasm lacks signal support; to enable minimal signal emulation, compile with -D_WASI_EMULATED_SIGNAL and link with -lwasi-emulated-signal"
  1 | #ifndef _WASI_EMULATED_SIGNAL
  2 | #error "wasm lacks signal support; to enable minimal signal emulation, \
    |  `- error: "wasm lacks signal support; to enable minimal signal emulation, compile with -D_WASI_EMULATED_SIGNAL and link with -lwasi-emulated-signal"
  3 | compile with -D_WASI_EMULATED_SIGNAL and link with -lwasi-emulated-signal"
  4 | #else
<module-includes>:1:10: note: in file included from <module-includes>:1:
1 | #include "CoreFoundation.h"
  |          `- note: in file included from <module-includes>:1:
2 |
BUILD FAILURE 6.1 wasm