Build Information
Failed to build OverlayContainer, reference 3.5.3 (df49c8), with Swift 6.2 for macOS (SPM) on 11 Aug 2026 01:54:10 UTC.
Build Command
env DEVELOPER_DIR=/Applications/Xcode-26.3.0.app xcrun swift build --arch arm64Build Log
========================================
RunAll
========================================
Builder version: undefined version: run 'make version' to update
Interrupt handler set up.
========================================
Checkout
========================================
Clone URL: https://github.com/gaetanzanella/OverlayContainer.git
Reference: 3.5.3
Initialized empty Git repository in /Users/admin/builder/spi-builder-workspace/.git/
From https://github.com/gaetanzanella/OverlayContainer
* tag 3.5.3 -> FETCH_HEAD
HEAD is now at df49c8f Bump to 3.5.3
Cloned https://github.com/gaetanzanella/OverlayContainer.git
Revision (git rev-parse @):
df49c8f5d115d7526f3f4f00345adfa80452d6f9
SUCCESS checkout https://github.com/gaetanzanella/OverlayContainer.git at 3.5.3
========================================
Build
========================================
Selected platform: macosSpm
Swift version: 6.2
Building package at path: $PWD
https://github.com/gaetanzanella/OverlayContainer.git
Running build ...
env DEVELOPER_DIR=/Applications/Xcode-26.3.0.app xcrun swift build --arch arm64
Building for debugging...
[0/2] Write sources
[1/2] Write swift-version--3CB7CFEC50E0D141.txt
[3/41] Compiling OverlayContainer ConcreteOverlayContainerContextTargetNotchPolicy.swift
/Users/admin/builder/spi-builder-workspace/Source/OverlayContainer/Internal/ConcreteOverlayContainerContextTargetNotchPolicy.swift:8:8: error: no such module 'UIKit'
6 | //
7 |
8 | import UIKit
| `- error: no such module 'UIKit'
9 |
10 | struct ConcreteOverlayContainerContextTargetNotchPolicy: OverlayContainerContextTargetNotchPolicy {
[4/41] Compiling OverlayContainer ConcreteOverlayContainerContextTransitioning.swift
/Users/admin/builder/spi-builder-workspace/Source/OverlayContainer/Internal/ConcreteOverlayContainerContextTargetNotchPolicy.swift:8:8: error: no such module 'UIKit'
6 | //
7 |
8 | import UIKit
| `- error: no such module 'UIKit'
9 |
10 | struct ConcreteOverlayContainerContextTargetNotchPolicy: OverlayContainerContextTargetNotchPolicy {
[5/41] Compiling OverlayContainer ConcreteOverlayContainerDimissingPolicyContext.swift
/Users/admin/builder/spi-builder-workspace/Source/OverlayContainer/Internal/ConcreteOverlayContainerContextTargetNotchPolicy.swift:8:8: error: no such module 'UIKit'
6 | //
7 |
8 | import UIKit
| `- error: no such module 'UIKit'
9 |
10 | struct ConcreteOverlayContainerContextTargetNotchPolicy: OverlayContainerContextTargetNotchPolicy {
[6/41] Compiling OverlayContainer ConcreteOverlayTranslationParameters.swift
/Users/admin/builder/spi-builder-workspace/Source/OverlayContainer/Internal/ConcreteOverlayContainerContextTargetNotchPolicy.swift:8:8: error: no such module 'UIKit'
6 | //
7 |
8 | import UIKit
| `- error: no such module 'UIKit'
9 |
10 | struct ConcreteOverlayContainerContextTargetNotchPolicy: OverlayContainerContextTargetNotchPolicy {
[7/41] Compiling OverlayContainer DraggingOverlayContainerTransitionCoordinator.swift
/Users/admin/builder/spi-builder-workspace/Source/OverlayContainer/Internal/ConcreteOverlayContainerContextTargetNotchPolicy.swift:8:8: error: no such module 'UIKit'
6 | //
7 |
8 | import UIKit
| `- error: no such module 'UIKit'
9 |
10 | struct ConcreteOverlayContainerContextTargetNotchPolicy: OverlayContainerContextTargetNotchPolicy {
[8/45] Compiling OverlayContainer OverlayContainerSheetDismissalPolicy.swift
/Users/admin/builder/spi-builder-workspace/Source/OverlayContainer/Internal/ConcreteOverlayContainerContextTargetNotchPolicy.swift:8:8: error: no such module 'UIKit'
6 | //
7 |
8 | import UIKit
| `- error: no such module 'UIKit'
9 |
10 | struct ConcreteOverlayContainerContextTargetNotchPolicy: OverlayContainerContextTargetNotchPolicy {
[9/45] Compiling OverlayContainer OverlayContainerSheetPresentationController.swift
/Users/admin/builder/spi-builder-workspace/Source/OverlayContainer/Internal/ConcreteOverlayContainerContextTargetNotchPolicy.swift:8:8: error: no such module 'UIKit'
6 | //
7 |
8 | import UIKit
| `- error: no such module 'UIKit'
9 |
10 | struct ConcreteOverlayContainerContextTargetNotchPolicy: OverlayContainerContextTargetNotchPolicy {
[10/45] Compiling OverlayContainer OverlayContainerSheetPresentationControllerDelegate.swift
/Users/admin/builder/spi-builder-workspace/Source/OverlayContainer/Internal/ConcreteOverlayContainerContextTargetNotchPolicy.swift:8:8: error: no such module 'UIKit'
6 | //
7 |
8 | import UIKit
| `- error: no such module 'UIKit'
9 |
10 | struct ConcreteOverlayContainerContextTargetNotchPolicy: OverlayContainerContextTargetNotchPolicy {
[11/45] Compiling OverlayContainer OverlayContainerTransitionCoordinator.swift
/Users/admin/builder/spi-builder-workspace/Source/OverlayContainer/Internal/ConcreteOverlayContainerContextTargetNotchPolicy.swift:8:8: error: no such module 'UIKit'
6 | //
7 |
8 | import UIKit
| `- error: no such module 'UIKit'
9 |
10 | struct ConcreteOverlayContainerContextTargetNotchPolicy: OverlayContainerContextTargetNotchPolicy {
[12/45] Compiling OverlayContainer OverlayScrollViewDelegateProxy.swift
/Users/admin/builder/spi-builder-workspace/Source/OverlayContainer/Internal/ConcreteOverlayContainerContextTargetNotchPolicy.swift:8:8: error: no such module 'UIKit'
6 | //
7 |
8 | import UIKit
| `- error: no such module 'UIKit'
9 |
10 | struct ConcreteOverlayContainerContextTargetNotchPolicy: OverlayContainerContextTargetNotchPolicy {
[13/45] Compiling OverlayContainer OverlayTranslationController.swift
/Users/admin/builder/spi-builder-workspace/Source/OverlayContainer/Internal/ConcreteOverlayContainerContextTargetNotchPolicy.swift:8:8: error: no such module 'UIKit'
6 | //
7 |
8 | import UIKit
| `- error: no such module 'UIKit'
9 |
10 | struct ConcreteOverlayContainerContextTargetNotchPolicy: OverlayContainerContextTargetNotchPolicy {
[14/45] Compiling OverlayContainer OverlayTranslationDriver.swift
/Users/admin/builder/spi-builder-workspace/Source/OverlayContainer/Internal/ConcreteOverlayContainerContextTargetNotchPolicy.swift:8:8: error: no such module 'UIKit'
6 | //
7 |
8 | import UIKit
| `- error: no such module 'UIKit'
9 |
10 | struct ConcreteOverlayContainerContextTargetNotchPolicy: OverlayContainerContextTargetNotchPolicy {
[15/45] Compiling OverlayContainer OverlayTranslationGestureRecognizer.swift
/Users/admin/builder/spi-builder-workspace/Source/OverlayContainer/Internal/ConcreteOverlayContainerContextTargetNotchPolicy.swift:8:8: error: no such module 'UIKit'
6 | //
7 |
8 | import UIKit
| `- error: no such module 'UIKit'
9 |
10 | struct ConcreteOverlayContainerContextTargetNotchPolicy: OverlayContainerContextTargetNotchPolicy {
[16/45] Compiling OverlayContainer UIView+Constraints.swift
/Users/admin/builder/spi-builder-workspace/Source/OverlayContainer/Internal/ConcreteOverlayContainerContextTargetNotchPolicy.swift:8:8: error: no such module 'UIKit'
6 | //
7 |
8 | import UIKit
| `- error: no such module 'UIKit'
9 |
10 | struct ConcreteOverlayContainerContextTargetNotchPolicy: OverlayContainerContextTargetNotchPolicy {
[17/45] Compiling OverlayContainer UIView+Subviews.swift
/Users/admin/builder/spi-builder-workspace/Source/OverlayContainer/Internal/ConcreteOverlayContainerContextTargetNotchPolicy.swift:8:8: error: no such module 'UIKit'
6 | //
7 |
8 | import UIKit
| `- error: no such module 'UIKit'
9 |
10 | struct ConcreteOverlayContainerContextTargetNotchPolicy: OverlayContainerContextTargetNotchPolicy {
[18/45] Compiling OverlayContainer UIViewController+Children.swift
/Users/admin/builder/spi-builder-workspace/Source/OverlayContainer/Internal/ConcreteOverlayContainerContextTargetNotchPolicy.swift:8:8: error: no such module 'UIKit'
6 | //
7 |
8 | import UIKit
| `- error: no such module 'UIKit'
9 |
10 | struct ConcreteOverlayContainerContextTargetNotchPolicy: OverlayContainerContextTargetNotchPolicy {
[19/45] Compiling OverlayContainer HeightContraintOverlayTranslationController.swift
/Users/admin/builder/spi-builder-workspace/Source/OverlayContainer/Internal/ConcreteOverlayContainerContextTargetNotchPolicy.swift:8:8: error: no such module 'UIKit'
6 | //
7 |
8 | import UIKit
| `- error: no such module 'UIKit'
9 |
10 | struct ConcreteOverlayContainerContextTargetNotchPolicy: OverlayContainerContextTargetNotchPolicy {
error: emit-module command failed with exit code 1 (use -v to see invocation)
[20/45] Emitting module OverlayContainer
/Users/admin/builder/spi-builder-workspace/Source/OverlayContainer/Internal/ConcreteOverlayContainerContextTargetNotchPolicy.swift:8:8: error: no such module 'UIKit'
6 | //
7 |
8 | import UIKit
| `- error: no such module 'UIKit'
9 |
10 | struct ConcreteOverlayContainerContextTargetNotchPolicy: OverlayContainerContextTargetNotchPolicy {
[21/45] Compiling OverlayContainer OverlayTranslationContainerView.swift
/Users/admin/builder/spi-builder-workspace/Source/OverlayContainer/Internal/ConcreteOverlayContainerContextTargetNotchPolicy.swift:8:8: error: no such module 'UIKit'
6 | //
7 |
8 | import UIKit
| `- error: no such module 'UIKit'
9 |
10 | struct ConcreteOverlayContainerContextTargetNotchPolicy: OverlayContainerContextTargetNotchPolicy {
[22/45] Compiling OverlayContainer OverlayTranslationView.swift
/Users/admin/builder/spi-builder-workspace/Source/OverlayContainer/Internal/ConcreteOverlayContainerContextTargetNotchPolicy.swift:8:8: error: no such module 'UIKit'
6 | //
7 |
8 | import UIKit
| `- error: no such module 'UIKit'
9 |
10 | struct ConcreteOverlayContainerContextTargetNotchPolicy: OverlayContainerContextTargetNotchPolicy {
[23/45] Compiling OverlayContainer OverlayContainerPresentationController.swift
/Users/admin/builder/spi-builder-workspace/Source/OverlayContainer/Internal/ConcreteOverlayContainerContextTargetNotchPolicy.swift:8:8: error: no such module 'UIKit'
6 | //
7 |
8 | import UIKit
| `- error: no such module 'UIKit'
9 |
10 | struct ConcreteOverlayContainerContextTargetNotchPolicy: OverlayContainerContextTargetNotchPolicy {
[24/45] Compiling OverlayContainer OverlayContainerSheetDimmingView.swift
/Users/admin/builder/spi-builder-workspace/Source/OverlayContainer/Internal/ConcreteOverlayContainerContextTargetNotchPolicy.swift:8:8: error: no such module 'UIKit'
6 | //
7 |
8 | import UIKit
| `- error: no such module 'UIKit'
9 |
10 | struct ConcreteOverlayContainerContextTargetNotchPolicy: OverlayContainerContextTargetNotchPolicy {
[25/45] Compiling OverlayContainer PanGestureOverlayTranslationDriver.swift
/Users/admin/builder/spi-builder-workspace/Source/OverlayContainer/Internal/ConcreteOverlayContainerContextTargetNotchPolicy.swift:8:8: error: no such module 'UIKit'
6 | //
7 |
8 | import UIKit
| `- error: no such module 'UIKit'
9 |
10 | struct ConcreteOverlayContainerContextTargetNotchPolicy: OverlayContainerContextTargetNotchPolicy {
[26/45] Compiling OverlayContainer ScrollViewOverlayTranslationDriver.swift
/Users/admin/builder/spi-builder-workspace/Source/OverlayContainer/Internal/ConcreteOverlayContainerContextTargetNotchPolicy.swift:8:8: error: no such module 'UIKit'
6 | //
7 |
8 | import UIKit
| `- error: no such module 'UIKit'
9 |
10 | struct ConcreteOverlayContainerContextTargetNotchPolicy: OverlayContainerContextTargetNotchPolicy {
[27/45] Compiling OverlayContainer GroundView.swift
/Users/admin/builder/spi-builder-workspace/Source/OverlayContainer/Internal/ConcreteOverlayContainerContextTargetNotchPolicy.swift:8:8: error: no such module 'UIKit'
6 | //
7 |
8 | import UIKit
| `- error: no such module 'UIKit'
9 |
10 | struct ConcreteOverlayContainerContextTargetNotchPolicy: OverlayContainerContextTargetNotchPolicy {
[28/45] Compiling OverlayContainer OverlayContainerView.swift
/Users/admin/builder/spi-builder-workspace/Source/OverlayContainer/Internal/ConcreteOverlayContainerContextTargetNotchPolicy.swift:8:8: error: no such module 'UIKit'
6 | //
7 |
8 | import UIKit
| `- error: no such module 'UIKit'
9 |
10 | struct ConcreteOverlayContainerContextTargetNotchPolicy: OverlayContainerContextTargetNotchPolicy {
[29/45] Compiling OverlayContainer OverlayContainerViewController.swift
/Users/admin/builder/spi-builder-workspace/Source/OverlayContainer/Internal/ConcreteOverlayContainerContextTargetNotchPolicy.swift:8:8: error: no such module 'UIKit'
6 | //
7 |
8 | import UIKit
| `- error: no such module 'UIKit'
9 |
10 | struct ConcreteOverlayContainerContextTargetNotchPolicy: OverlayContainerContextTargetNotchPolicy {
[30/45] Compiling OverlayContainer OverlayContainerViewControllerDelegate.swift
/Users/admin/builder/spi-builder-workspace/Source/OverlayContainer/Internal/ConcreteOverlayContainerContextTargetNotchPolicy.swift:8:8: error: no such module 'UIKit'
6 | //
7 |
8 | import UIKit
| `- error: no such module 'UIKit'
9 |
10 | struct ConcreteOverlayContainerContextTargetNotchPolicy: OverlayContainerContextTargetNotchPolicy {
[31/45] Compiling OverlayContainer OverlayTransitioningDelegate.swift
/Users/admin/builder/spi-builder-workspace/Source/OverlayContainer/Internal/ConcreteOverlayContainerContextTargetNotchPolicy.swift:8:8: error: no such module 'UIKit'
6 | //
7 |
8 | import UIKit
| `- error: no such module 'UIKit'
9 |
10 | struct ConcreteOverlayContainerContextTargetNotchPolicy: OverlayContainerContextTargetNotchPolicy {
[32/45] Compiling OverlayContainer OverlayTranslationFunction.swift
/Users/admin/builder/spi-builder-workspace/Source/OverlayContainer/Internal/ConcreteOverlayContainerContextTargetNotchPolicy.swift:8:8: error: no such module 'UIKit'
6 | //
7 |
8 | import UIKit
| `- error: no such module 'UIKit'
9 |
10 | struct ConcreteOverlayContainerContextTargetNotchPolicy: OverlayContainerContextTargetNotchPolicy {
[33/45] Compiling OverlayContainer InterruptibleAnimatorOverlayContainerTransitionCoordinator.swift
/Users/admin/builder/spi-builder-workspace/Source/OverlayContainer/Internal/ConcreteOverlayContainerContextTargetNotchPolicy.swift:8:8: error: no such module 'UIKit'
6 | //
7 |
8 | import UIKit
| `- error: no such module 'UIKit'
9 |
10 | struct ConcreteOverlayContainerContextTargetNotchPolicy: OverlayContainerContextTargetNotchPolicy {
[34/45] Compiling OverlayContainer OverlayContainerConfiguration.swift
/Users/admin/builder/spi-builder-workspace/Source/OverlayContainer/Internal/ConcreteOverlayContainerContextTargetNotchPolicy.swift:8:8: error: no such module 'UIKit'
6 | //
7 |
8 | import UIKit
| `- error: no such module 'UIKit'
9 |
10 | struct ConcreteOverlayContainerContextTargetNotchPolicy: OverlayContainerContextTargetNotchPolicy {
[35/45] Compiling OverlayContainer OverlayContainerConfigurationImplementation.swift
/Users/admin/builder/spi-builder-workspace/Source/OverlayContainer/Internal/ConcreteOverlayContainerContextTargetNotchPolicy.swift:8:8: error: no such module 'UIKit'
6 | //
7 |
8 | import UIKit
| `- error: no such module 'UIKit'
9 |
10 | struct ConcreteOverlayContainerContextTargetNotchPolicy: OverlayContainerContextTargetNotchPolicy {
[36/45] Compiling OverlayContainer OverlayScrollViewDelegate.swift
/Users/admin/builder/spi-builder-workspace/Source/OverlayContainer/Internal/ConcreteOverlayContainerContextTargetNotchPolicy.swift:8:8: error: no such module 'UIKit'
6 | //
7 |
8 | import UIKit
| `- error: no such module 'UIKit'
9 |
10 | struct ConcreteOverlayContainerContextTargetNotchPolicy: OverlayContainerContextTargetNotchPolicy {
[37/45] Compiling OverlayContainer PassThroughView.swift
/Users/admin/builder/spi-builder-workspace/Source/OverlayContainer/Internal/ConcreteOverlayContainerContextTargetNotchPolicy.swift:8:8: error: no such module 'UIKit'
6 | //
7 |
8 | import UIKit
| `- error: no such module 'UIKit'
9 |
10 | struct ConcreteOverlayContainerContextTargetNotchPolicy: OverlayContainerContextTargetNotchPolicy {
[38/45] Compiling OverlayContainer RubberBandOverlayTranslationFunction.swift
/Users/admin/builder/spi-builder-workspace/Source/OverlayContainer/Internal/ConcreteOverlayContainerContextTargetNotchPolicy.swift:8:8: error: no such module 'UIKit'
6 | //
7 |
8 | import UIKit
| `- error: no such module 'UIKit'
9 |
10 | struct ConcreteOverlayContainerContextTargetNotchPolicy: OverlayContainerContextTargetNotchPolicy {
[39/45] Compiling OverlayContainer RushingForwardTargetNotchPolicy.swift
/Users/admin/builder/spi-builder-workspace/Source/OverlayContainer/Internal/ConcreteOverlayContainerContextTargetNotchPolicy.swift:8:8: error: no such module 'UIKit'
6 | //
7 |
8 | import UIKit
| `- error: no such module 'UIKit'
9 |
10 | struct ConcreteOverlayContainerContextTargetNotchPolicy: OverlayContainerContextTargetNotchPolicy {
[40/45] Compiling OverlayContainer SpringOverlayTranslationAnimationController.swift
/Users/admin/builder/spi-builder-workspace/Source/OverlayContainer/Internal/ConcreteOverlayContainerContextTargetNotchPolicy.swift:8:8: error: no such module 'UIKit'
6 | //
7 |
8 | import UIKit
| `- error: no such module 'UIKit'
9 |
10 | struct ConcreteOverlayContainerContextTargetNotchPolicy: OverlayContainerContextTargetNotchPolicy {
[41/45] Compiling OverlayContainer CGFloat+Round.swift
/Users/admin/builder/spi-builder-workspace/Source/OverlayContainer/Internal/ConcreteOverlayContainerContextTargetNotchPolicy.swift:8:8: error: no such module 'UIKit'
6 | //
7 |
8 | import UIKit
| `- error: no such module 'UIKit'
9 |
10 | struct ConcreteOverlayContainerContextTargetNotchPolicy: OverlayContainerContextTargetNotchPolicy {
[42/45] Compiling OverlayContainer CGGeometry+Utils.swift
/Users/admin/builder/spi-builder-workspace/Source/OverlayContainer/Internal/ConcreteOverlayContainerContextTargetNotchPolicy.swift:8:8: error: no such module 'UIKit'
6 | //
7 |
8 | import UIKit
| `- error: no such module 'UIKit'
9 |
10 | struct ConcreteOverlayContainerContextTargetNotchPolicy: OverlayContainerContextTargetNotchPolicy {
[43/45] Compiling OverlayContainer OverlayContainerViewControllerDelegate+Defaults.swift
/Users/admin/builder/spi-builder-workspace/Source/OverlayContainer/Internal/ConcreteOverlayContainerContextTargetNotchPolicy.swift:8:8: error: no such module 'UIKit'
6 | //
7 |
8 | import UIKit
| `- error: no such module 'UIKit'
9 |
10 | struct ConcreteOverlayContainerContextTargetNotchPolicy: OverlayContainerContextTargetNotchPolicy {
[44/45] Compiling OverlayContainer UIPanGesture+Utils.swift
/Users/admin/builder/spi-builder-workspace/Source/OverlayContainer/Internal/ConcreteOverlayContainerContextTargetNotchPolicy.swift:8:8: error: no such module 'UIKit'
6 | //
7 |
8 | import UIKit
| `- error: no such module 'UIKit'
9 |
10 | struct ConcreteOverlayContainerContextTargetNotchPolicy: OverlayContainerContextTargetNotchPolicy {
[45/45] Compiling OverlayContainer UIScrollViiew+Utils.swift
/Users/admin/builder/spi-builder-workspace/Source/OverlayContainer/Internal/ConcreteOverlayContainerContextTargetNotchPolicy.swift:8:8: error: no such module 'UIKit'
6 | //
7 |
8 | import UIKit
| `- error: no such module 'UIKit'
9 |
10 | struct ConcreteOverlayContainerContextTargetNotchPolicy: OverlayContainerContextTargetNotchPolicy {
Fetching https://github.com/Quick/Nimble
Fetching https://github.com/Quick/Quick
[1/14906] Fetching quick
[1492/34885] Fetching quick, nimble
Fetched https://github.com/Quick/Quick from cache (2.58s)
Fetched https://github.com/Quick/Nimble from cache (2.58s)
Computing version for https://github.com/Quick/Quick
Computed https://github.com/Quick/Quick at 4.0.0 (3.28s)
Computing version for https://github.com/Quick/Nimble
Computed https://github.com/Quick/Nimble at 9.2.1 (0.66s)
Fetching https://github.com/mattgallagher/CwlPreconditionTesting.git
[1/1257] Fetching cwlpreconditiontesting
Fetched https://github.com/mattgallagher/CwlPreconditionTesting.git from cache (1.43s)
Computing version for https://github.com/mattgallagher/CwlPreconditionTesting.git
Computed https://github.com/mattgallagher/CwlPreconditionTesting.git at 2.2.2 (2.10s)
Fetching https://github.com/mattgallagher/CwlCatchException.git
[1/460] Fetching cwlcatchexception
Fetched https://github.com/mattgallagher/CwlCatchException.git from cache (0.84s)
Computing version for https://github.com/mattgallagher/CwlCatchException.git
Computed https://github.com/mattgallagher/CwlCatchException.git at 2.2.1 (1.55s)
Creating working copy for https://github.com/mattgallagher/CwlPreconditionTesting.git
Working copy of https://github.com/mattgallagher/CwlPreconditionTesting.git resolved at 2.2.2
Creating working copy for https://github.com/Quick/Nimble
Working copy of https://github.com/Quick/Nimble resolved at 9.2.1
Creating working copy for https://github.com/Quick/Quick
Working copy of https://github.com/Quick/Quick resolved at 4.0.0
Creating working copy for https://github.com/mattgallagher/CwlCatchException.git
Working copy of https://github.com/mattgallagher/CwlCatchException.git resolved at 2.2.1
BUILD FAILURE 6.2 macosSpm