Build Information
Failed to build Parma, reference v0.3.0 (3c8b43), with Swift 6.4 for macOS (Xcode) using Xcode 27.0 on 17 Sep 2026 17:14:39 UTC.
Build Command
env DEVELOPER_DIR=/Applications/Xcode-27.0.0-Release.Candidate.app xcrun xcodebuild -IDEClonedSourcePackagesDirPathOverride=$PWD/.dependencies -skipMacroValidation -skipPackagePluginValidation -derivedDataPath $PWD/.derivedData build -scheme Parma -destination platform=macOS,arch=arm64Build Log
========================================
RunAll
========================================
Builder version: 5.1.0
Interrupt handler set up.
========================================
Checkout
========================================
Clone URL: https://github.com/dasautoooo/Parma.git
Reference: v0.3.0
Initialized empty Git repository in /Users/admin/builder/spi-builder-workspace/.git/
From https://github.com/dasautoooo/Parma
* tag v0.3.0 -> FETCH_HEAD
HEAD is now at 3c8b431 Move escapeContent function.
Cloned https://github.com/dasautoooo/Parma.git
Revision (git rev-parse @):
3c8b431fd5ad3cf675c60d0aa89f011cbcbb036c
SUCCESS checkout https://github.com/dasautoooo/Parma.git at v0.3.0
========================================
Build
========================================
Selected platform: macosXcodebuild
Swift version: 6.4
Building package at path: $PWD
https://github.com/dasautoooo/Parma.git
Command line invocation:
/Applications/Xcode-27.0.0-Release.Candidate.app/Contents/Developer/usr/bin/xcodebuild -IDEClonedSourcePackagesDirPathOverride=/Users/admin/builder/spi-builder-workspace/.dependencies -resolvePackageDependencies
resolved source packages:
{
"dependencies" : [
{
"identity" : "down",
"requirement" : {
"range" : [
{
"lower_bound" : "0.9.3",
"upper_bound" : "1.0.0"
}
]
},
"type" : "sourceControl",
"url" : "https://github.com/iwasrobbed/Down"
}
],
"manifest_display_name" : "Parma",
"name" : "Parma",
"path" : "/Users/admin/builder/spi-builder-workspace",
"platforms" : [
{
"name" : "macos",
"version" : "10.15"
},
{
"name" : "ios",
"version" : "13.0"
},
{
"name" : "watchos",
"version" : "7.0"
}
],
"products" : [
{
"name" : "Parma",
"targets" : [
"Parma"
],
"type" : {
"library" : [
"automatic"
]
}
}
],
"targets" : [
{
"c99name" : "ParmaTests",
"module_type" : "SwiftTarget",
"name" : "ParmaTests",
"path" : "Tests/ParmaTests",
"sources" : [
"ParmaTests.swift",
"XCTestManifests.swift"
],
"target_dependencies" : [
"Parma"
],
"type" : "test"
},
{
"c99name" : "Parma",
"module_type" : "SwiftTarget",
"name" : "Parma",
"path" : "Sources/Parma",
"product_dependencies" : [
"Down"
],
"product_memberships" : [
"Parma"
],
"sources" : [
"Composer/CodeElementComposer.swift",
"Composer/Composer.swift",
"Composer/ComposingContext.swift",
"Composer/ElementComposer.swift",
"Composer/EmphasisElementComposer.swift",
"Composer/HeadingElementComposer.swift",
"Composer/ImageElementComposer.swift",
"Composer/LinkElementComposer.swift",
"Composer/ListElementComposer.swift",
"Composer/ListItemElementComposer.swift",
"Composer/ParagraphElementComposer.swift",
"Composer/PlainTextComposer.swift",
"Composer/StrongElementComposer.swift",
"Composer/UnknownElementComposer.swift",
"Element/Element.swift",
"Element/HeadingLevel.swift",
"Element/ListAttributes.swift",
"Element/ListDelimiter.swift",
"Element/ListType.swift",
"Parma.swift",
"ParmaCore.swift",
"Render/ParmaRender.swift",
"Render/ParmaRenderable.swift"
],
"type" : "library"
}
],
"tools_version" : "5.2"
}
{
"project" : {
"configurations" : [
"Debug",
"Release"
],
"name" : "Parma",
"schemes" : [
"Parma"
],
"targets" : [
"Parma",
"Down",
"DownPackageDescription",
"ParmaPackageDescription",
"ParmaPackageTests",
"ParmaTests",
"libcmark"
]
}
}
Running build ...
env DEVELOPER_DIR=/Applications/Xcode-27.0.0-Release.Candidate.app xcrun xcodebuild -IDEClonedSourcePackagesDirPathOverride=$PWD/.dependencies -skipMacroValidation -skipPackagePluginValidation -derivedDataPath $PWD/.derivedData build -scheme Parma -destination platform=macOS,arch=arm64
Command line invocation:
/Applications/Xcode-27.0.0-Release.Candidate.app/Contents/Developer/usr/bin/xcodebuild -IDEClonedSourcePackagesDirPathOverride=/Users/admin/builder/spi-builder-workspace/.dependencies -skipMacroValidation -skipPackagePluginValidation -derivedDataPath /Users/admin/builder/spi-builder-workspace/.derivedData build -scheme Parma -destination platform=macOS,arch=arm64
ComputePackagePrebuildTargetDependencyGraph
Prepare packages
CreateBuildRequest
SendProjectDescription
CreateBuildOperation
ComputeTargetDependencyGraph
note: Building targets in dependency order
note: Target dependency graph (3 targets)
Target 'Parma' in project 'Parma'
➜ Explicit dependency on target 'Down' in project 'Parma'
➜ Explicit dependency on target 'libcmark' in project 'Parma'
Target 'Down' in project 'Parma'
➜ Explicit dependency on target 'libcmark' in project 'Parma'
Target 'libcmark' in project 'Parma' (no dependencies)
GatherProvisioningInputs
CreateBuildDescription
ExecuteExternalTool /Applications/Xcode-27.0.0-Release.Candidate.app/Contents/Developer/Toolchains/XcodeDefault.xctoolchain/usr/bin/clang -v -E -dM -arch arm64 -isysroot /Applications/Xcode-27.0.0-Release.Candidate.app/Contents/Developer/Platforms/MacOSX.platform/Developer/SDKs/MacOSX27.0.sdk -x c -c /dev/null
ExecuteExternalTool /Applications/Xcode-27.0.0-Release.Candidate.app/Contents/Developer/Toolchains/XcodeDefault.xctoolchain/usr/bin/clang -v -E -dM -isysroot /Applications/Xcode-27.0.0-Release.Candidate.app/Contents/Developer/Platforms/MacOSX.platform/Developer/SDKs/MacOSX27.0.sdk -x c -c /dev/null
ExecuteExternalTool /Applications/Xcode-27.0.0-Release.Candidate.app/Contents/Developer/Toolchains/XcodeDefault.xctoolchain/usr/bin/swiftc --version
ExecuteExternalTool /Applications/Xcode-27.0.0-Release.Candidate.app/Contents/Developer/Toolchains/XcodeDefault.xctoolchain/usr/bin/ld -version_details
Build description signature: fff6d934588ca2174e56fc1095d75654
Build description path: /Users/admin/builder/spi-builder-workspace/.derivedData/Build/Intermediates.noindex/XCBuildData/fff6d934588ca2174e56fc1095d75654.xcbuilddata
/Users/admin/builder/spi-builder-workspace/Parma.xcodeproj: error: The macOS deployment target 'MACOSX_DEPLOYMENT_TARGET' is set to 10.11, but the range of supported deployment target versions is 12.0 to 27.0.x. (in target 'libcmark' from project 'Parma')
/Users/admin/builder/spi-builder-workspace/Parma.xcodeproj: error: The macOS deployment target 'MACOSX_DEPLOYMENT_TARGET' is set to 10.15, but the range of supported deployment target versions is 12.0 to 27.0.x. (in target 'Parma' from project 'Parma')
/Users/admin/builder/spi-builder-workspace/Parma.xcodeproj: error: The macOS deployment target 'MACOSX_DEPLOYMENT_TARGET' is set to 10.11, but the range of supported deployment target versions is 12.0 to 27.0.x. (in target 'Down' from project 'Parma')
** BUILD FAILED **
The following build commands failed:
Building project Parma with scheme Parma
(1 failure)
Command line invocation:
/Applications/Xcode-27.0.0-Release.Candidate.app/Contents/Developer/usr/bin/xcodebuild -IDEClonedSourcePackagesDirPathOverride=/Users/admin/builder/spi-builder-workspace/.dependencies -resolvePackageDependencies
resolved source packages:
{
"dependencies" : [
{
"identity" : "down",
"requirement" : {
"range" : [
{
"lower_bound" : "0.9.3",
"upper_bound" : "1.0.0"
}
]
},
"type" : "sourceControl",
"url" : "https://github.com/iwasrobbed/Down"
}
],
"manifest_display_name" : "Parma",
"name" : "Parma",
"path" : "/Users/admin/builder/spi-builder-workspace",
"platforms" : [
{
"name" : "macos",
"version" : "10.15"
},
{
"name" : "ios",
"version" : "13.0"
},
{
"name" : "watchos",
"version" : "7.0"
}
],
"products" : [
{
"name" : "Parma",
"targets" : [
"Parma"
],
"type" : {
"library" : [
"automatic"
]
}
}
],
"targets" : [
{
"c99name" : "ParmaTests",
"module_type" : "SwiftTarget",
"name" : "ParmaTests",
"path" : "Tests/ParmaTests",
"sources" : [
"ParmaTests.swift",
"XCTestManifests.swift"
],
"target_dependencies" : [
"Parma"
],
"type" : "test"
},
{
"c99name" : "Parma",
"module_type" : "SwiftTarget",
"name" : "Parma",
"path" : "Sources/Parma",
"product_dependencies" : [
"Down"
],
"product_memberships" : [
"Parma"
],
"sources" : [
"Composer/CodeElementComposer.swift",
"Composer/Composer.swift",
"Composer/ComposingContext.swift",
"Composer/ElementComposer.swift",
"Composer/EmphasisElementComposer.swift",
"Composer/HeadingElementComposer.swift",
"Composer/ImageElementComposer.swift",
"Composer/LinkElementComposer.swift",
"Composer/ListElementComposer.swift",
"Composer/ListItemElementComposer.swift",
"Composer/ParagraphElementComposer.swift",
"Composer/PlainTextComposer.swift",
"Composer/StrongElementComposer.swift",
"Composer/UnknownElementComposer.swift",
"Element/Element.swift",
"Element/HeadingLevel.swift",
"Element/ListAttributes.swift",
"Element/ListDelimiter.swift",
"Element/ListType.swift",
"Parma.swift",
"ParmaCore.swift",
"Render/ParmaRender.swift",
"Render/ParmaRenderable.swift"
],
"type" : "library"
}
],
"tools_version" : "5.2"
}
{
"project" : {
"configurations" : [
"Debug",
"Release"
],
"name" : "Parma",
"schemes" : [
"Parma"
],
"targets" : [
"Parma",
"Down",
"DownPackageDescription",
"ParmaPackageDescription",
"ParmaPackageTests",
"ParmaTests",
"libcmark"
]
}
}
Running build ...
env DEVELOPER_DIR=/Applications/Xcode-27.0.0-Release.Candidate.app xcrun xcodebuild -IDEClonedSourcePackagesDirPathOverride=$PWD/.dependencies -skipMacroValidation -skipPackagePluginValidation -derivedDataPath $PWD/.derivedData build -scheme Parma -destination platform=macOS,arch=arm64
Command line invocation:
/Applications/Xcode-27.0.0-Release.Candidate.app/Contents/Developer/usr/bin/xcodebuild -IDEClonedSourcePackagesDirPathOverride=/Users/admin/builder/spi-builder-workspace/.dependencies -skipMacroValidation -skipPackagePluginValidation -derivedDataPath /Users/admin/builder/spi-builder-workspace/.derivedData build -scheme Parma -destination platform=macOS,arch=arm64
ComputePackagePrebuildTargetDependencyGraph
Prepare packages
CreateBuildRequest
SendProjectDescription
CreateBuildOperation
ComputeTargetDependencyGraph
note: Building targets in dependency order
note: Target dependency graph (3 targets)
Target 'Parma' in project 'Parma'
➜ Explicit dependency on target 'Down' in project 'Parma'
➜ Explicit dependency on target 'libcmark' in project 'Parma'
Target 'Down' in project 'Parma'
➜ Explicit dependency on target 'libcmark' in project 'Parma'
Target 'libcmark' in project 'Parma' (no dependencies)
GatherProvisioningInputs
CreateBuildDescription
/Users/admin/builder/spi-builder-workspace/Parma.xcodeproj: error: The macOS deployment target 'MACOSX_DEPLOYMENT_TARGET' is set to 10.11, but the range of supported deployment target versions is 12.0 to 27.0.x. (in target 'Down' from project 'Parma')
/Users/admin/builder/spi-builder-workspace/Parma.xcodeproj: error: The macOS deployment target 'MACOSX_DEPLOYMENT_TARGET' is set to 10.15, but the range of supported deployment target versions is 12.0 to 27.0.x. (in target 'Parma' from project 'Parma')
/Users/admin/builder/spi-builder-workspace/Parma.xcodeproj: error: The macOS deployment target 'MACOSX_DEPLOYMENT_TARGET' is set to 10.11, but the range of supported deployment target versions is 12.0 to 27.0.x. (in target 'libcmark' from project 'Parma')
** BUILD FAILED **
The following build commands failed:
Building project Parma with scheme Parma
(1 failure)
BUILD FAILURE 6.4 macosXcodebuild