Build Information
Failed to build LoudKit, reference main (afac15), with Swift 6.1 for watchOS using Xcode 16.3 on 4 Oct 2026 04:21:27 UTC.
Build Command
env DEVELOPER_DIR=/Applications/Xcode-16.3.0.app xcrun xcodebuild -IDEClonedSourcePackagesDirPathOverride=$PWD/.dependencies -skipMacroValidation -skipPackagePluginValidation -derivedDataPath $PWD/.derivedData build -scheme LoudKit-Package -destination generic/platform=watchOSBuild Log
WriteAuxiliaryFile /Users/admin/builder/spi-builder-workspace/.derivedData/Build/Intermediates.noindex/LoudKit.build/Debug-watchos/Hello.build/Objects-normal/arm64_32/Hello.LinkFileList (in target 'Hello' from project 'LoudKit')
cd /Users/admin/builder/spi-builder-workspace
write-file /Users/admin/builder/spi-builder-workspace/.derivedData/Build/Intermediates.noindex/LoudKit.build/Debug-watchos/Hello.build/Objects-normal/arm64_32/Hello.LinkFileList
WriteAuxiliaryFile /Users/admin/builder/spi-builder-workspace/.derivedData/Build/Intermediates.noindex/LoudKit.build/Debug-watchos/Hello.build/Objects-normal/arm64_32/Hello-OutputFileMap.json (in target 'Hello' from project 'LoudKit')
cd /Users/admin/builder/spi-builder-workspace
write-file /Users/admin/builder/spi-builder-workspace/.derivedData/Build/Intermediates.noindex/LoudKit.build/Debug-watchos/Hello.build/Objects-normal/arm64_32/Hello-OutputFileMap.json
WriteAuxiliaryFile /Users/admin/builder/spi-builder-workspace/.derivedData/Build/Intermediates.noindex/LoudKit.build/Debug-watchos/Hello.build/Objects-normal/arm64/Hello_const_extract_protocols.json (in target 'Hello' from project 'LoudKit')
cd /Users/admin/builder/spi-builder-workspace
write-file /Users/admin/builder/spi-builder-workspace/.derivedData/Build/Intermediates.noindex/LoudKit.build/Debug-watchos/Hello.build/Objects-normal/arm64/Hello_const_extract_protocols.json
Copy /Users/admin/builder/spi-builder-workspace/.derivedData/Build/Intermediates.noindex/GeneratedModuleMaps-watchos/LoudKit.modulemap /Users/admin/builder/spi-builder-workspace/.derivedData/Build/Intermediates.noindex/LoudKit.build/Debug-watchos/LoudKit.build/LoudKit.modulemap (in target 'LoudKit' from project 'LoudKit')
cd /Users/admin/builder/spi-builder-workspace
builtin-copy -exclude .DS_Store -exclude CVS -exclude .svn -exclude .git -exclude .hg -resolve-src-symlinks /Users/admin/builder/spi-builder-workspace/.derivedData/Build/Intermediates.noindex/LoudKit.build/Debug-watchos/LoudKit.build/LoudKit.modulemap /Users/admin/builder/spi-builder-workspace/.derivedData/Build/Intermediates.noindex/GeneratedModuleMaps-watchos
WriteAuxiliaryFile /Users/admin/builder/spi-builder-workspace/.derivedData/Build/Intermediates.noindex/LoudKit.build/Debug-watchos/Hello.build/Objects-normal/arm64/Hello.SwiftFileList (in target 'Hello' from project 'LoudKit')
cd /Users/admin/builder/spi-builder-workspace
write-file /Users/admin/builder/spi-builder-workspace/.derivedData/Build/Intermediates.noindex/LoudKit.build/Debug-watchos/Hello.build/Objects-normal/arm64/Hello.SwiftFileList
WriteAuxiliaryFile /Users/admin/builder/spi-builder-workspace/.derivedData/Build/Intermediates.noindex/LoudKit.build/Debug-watchos/Hello.build/Objects-normal/arm64/Hello.LinkFileList (in target 'Hello' from project 'LoudKit')
cd /Users/admin/builder/spi-builder-workspace
write-file /Users/admin/builder/spi-builder-workspace/.derivedData/Build/Intermediates.noindex/LoudKit.build/Debug-watchos/Hello.build/Objects-normal/arm64/Hello.LinkFileList
WriteAuxiliaryFile /Users/admin/builder/spi-builder-workspace/.derivedData/Build/Intermediates.noindex/LoudKit.build/Debug-watchos/Hello.build/Objects-normal/arm64/Hello-OutputFileMap.json (in target 'Hello' from project 'LoudKit')
cd /Users/admin/builder/spi-builder-workspace
write-file /Users/admin/builder/spi-builder-workspace/.derivedData/Build/Intermediates.noindex/LoudKit.build/Debug-watchos/Hello.build/Objects-normal/arm64/Hello-OutputFileMap.json
WriteAuxiliaryFile /Users/admin/builder/spi-builder-workspace/.derivedData/Build/Intermediates.noindex/LoudKit.build/Debug-watchos/Hello.build/Hello.DependencyStaticMetadataFileList (in target 'Hello' from project 'LoudKit')
cd /Users/admin/builder/spi-builder-workspace
write-file /Users/admin/builder/spi-builder-workspace/.derivedData/Build/Intermediates.noindex/LoudKit.build/Debug-watchos/Hello.build/Hello.DependencyStaticMetadataFileList
WriteAuxiliaryFile /Users/admin/builder/spi-builder-workspace/.derivedData/Build/Intermediates.noindex/LoudKit.build/Debug-watchos/Hello.build/Hello.DependencyMetadataFileList (in target 'Hello' from project 'LoudKit')
cd /Users/admin/builder/spi-builder-workspace
write-file /Users/admin/builder/spi-builder-workspace/.derivedData/Build/Intermediates.noindex/LoudKit.build/Debug-watchos/Hello.build/Hello.DependencyMetadataFileList
MkDir /Users/admin/builder/spi-builder-workspace/.derivedData/Build/Products/Debug-watchos/LoudKit_LoudKitText.bundle (in target 'LoudKit_LoudKitText' from project 'LoudKit')
cd /Users/admin/builder/spi-builder-workspace
/bin/mkdir -p /Users/admin/builder/spi-builder-workspace/.derivedData/Build/Products/Debug-watchos/LoudKit_LoudKitText.bundle
MkDir /Users/admin/builder/spi-builder-workspace/.derivedData/Build/Products/Debug-watchos/LoudKit_LoudKit.bundle (in target 'LoudKit_LoudKit' from project 'LoudKit')
cd /Users/admin/builder/spi-builder-workspace
/bin/mkdir -p /Users/admin/builder/spi-builder-workspace/.derivedData/Build/Products/Debug-watchos/LoudKit_LoudKit.bundle
ProcessInfoPlistFile /Users/admin/builder/spi-builder-workspace/.derivedData/Build/Products/Debug-watchos/LoudKit_LoudKitText.bundle/Info.plist /Users/admin/builder/spi-builder-workspace/.derivedData/Build/Intermediates.noindex/LoudKit.build/Debug-watchos/LoudKit_LoudKitText.build/empty-LoudKit_LoudKitText.plist (in target 'LoudKit_LoudKitText' from project 'LoudKit')
cd /Users/admin/builder/spi-builder-workspace
builtin-infoPlistUtility /Users/admin/builder/spi-builder-workspace/.derivedData/Build/Intermediates.noindex/LoudKit.build/Debug-watchos/LoudKit_LoudKitText.build/empty-LoudKit_LoudKitText.plist -producttype com.apple.product-type.bundle -expandbuildsettings -format binary -platform watchos -o /Users/admin/builder/spi-builder-workspace/.derivedData/Build/Products/Debug-watchos/LoudKit_LoudKitText.bundle/Info.plist
CpResource /Users/admin/builder/spi-builder-workspace/.derivedData/Build/Products/Debug-watchos/LoudKit_LoudKitText.bundle/pl_respell_rules.json /Users/admin/builder/spi-builder-workspace/swift/LoudKitText/Resources/pl_respell_rules.json (in target 'LoudKit_LoudKitText' from project 'LoudKit')
cd /Users/admin/builder/spi-builder-workspace
builtin-copy -exclude .DS_Store -exclude CVS -exclude .svn -exclude .git -exclude .hg -resolve-src-symlinks /Users/admin/builder/spi-builder-workspace/swift/LoudKitText/Resources/pl_respell_rules.json /Users/admin/builder/spi-builder-workspace/.derivedData/Build/Products/Debug-watchos/LoudKit_LoudKitText.bundle
CpResource /Users/admin/builder/spi-builder-workspace/.derivedData/Build/Products/Debug-watchos/LoudKit_LoudKitText.bundle/pl_en_respell.json /Users/admin/builder/spi-builder-workspace/swift/LoudKitText/Resources/pl_en_respell.json (in target 'LoudKit_LoudKitText' from project 'LoudKit')
cd /Users/admin/builder/spi-builder-workspace
builtin-copy -exclude .DS_Store -exclude CVS -exclude .svn -exclude .git -exclude .hg -resolve-src-symlinks /Users/admin/builder/spi-builder-workspace/swift/LoudKitText/Resources/pl_en_respell.json /Users/admin/builder/spi-builder-workspace/.derivedData/Build/Products/Debug-watchos/LoudKit_LoudKitText.bundle
CpResource /Users/admin/builder/spi-builder-workspace/.derivedData/Build/Products/Debug-watchos/LoudKit_LoudKitText.bundle/numerals.json /Users/admin/builder/spi-builder-workspace/swift/LoudKitText/Resources/numerals.json (in target 'LoudKit_LoudKitText' from project 'LoudKit')
cd /Users/admin/builder/spi-builder-workspace
builtin-copy -exclude .DS_Store -exclude CVS -exclude .svn -exclude .git -exclude .hg -resolve-src-symlinks /Users/admin/builder/spi-builder-workspace/swift/LoudKitText/Resources/numerals.json /Users/admin/builder/spi-builder-workspace/.derivedData/Build/Products/Debug-watchos/LoudKit_LoudKitText.bundle
CpResource /Users/admin/builder/spi-builder-workspace/.derivedData/Build/Products/Debug-watchos/LoudKit_LoudKitText.bundle/numbers.json /Users/admin/builder/spi-builder-workspace/swift/LoudKitText/Resources/numbers.json (in target 'LoudKit_LoudKitText' from project 'LoudKit')
cd /Users/admin/builder/spi-builder-workspace
builtin-copy -exclude .DS_Store -exclude CVS -exclude .svn -exclude .git -exclude .hg -resolve-src-symlinks /Users/admin/builder/spi-builder-workspace/swift/LoudKitText/Resources/numbers.json /Users/admin/builder/spi-builder-workspace/.derivedData/Build/Products/Debug-watchos/LoudKit_LoudKitText.bundle
ProcessInfoPlistFile /Users/admin/builder/spi-builder-workspace/.derivedData/Build/Products/Debug-watchos/LoudKit_LoudKit.bundle/Info.plist /Users/admin/builder/spi-builder-workspace/.derivedData/Build/Intermediates.noindex/LoudKit.build/Debug-watchos/LoudKit_LoudKit.build/empty-LoudKit_LoudKit.plist (in target 'LoudKit_LoudKit' from project 'LoudKit')
cd /Users/admin/builder/spi-builder-workspace
builtin-infoPlistUtility /Users/admin/builder/spi-builder-workspace/.derivedData/Build/Intermediates.noindex/LoudKit.build/Debug-watchos/LoudKit_LoudKit.build/empty-LoudKit_LoudKit.plist -producttype com.apple.product-type.bundle -expandbuildsettings -format binary -platform watchos -o /Users/admin/builder/spi-builder-workspace/.derivedData/Build/Products/Debug-watchos/LoudKit_LoudKit.bundle/Info.plist
CpResource /Users/admin/builder/spi-builder-workspace/.derivedData/Build/Products/Debug-watchos/LoudKit_LoudKit.bundle/Resources /Users/admin/builder/spi-builder-workspace/swift/LoudKit/Resources (in target 'LoudKit_LoudKit' from project 'LoudKit')
cd /Users/admin/builder/spi-builder-workspace
builtin-copy -exclude .DS_Store -exclude CVS -exclude .svn -exclude .git -exclude .hg -resolve-src-symlinks /Users/admin/builder/spi-builder-workspace/swift/LoudKit/Resources /Users/admin/builder/spi-builder-workspace/.derivedData/Build/Products/Debug-watchos/LoudKit_LoudKit.bundle
RegisterExecutionPolicyException /Users/admin/builder/spi-builder-workspace/.derivedData/Build/Products/Debug-watchos/LoudKit_LoudKitText.bundle (in target 'LoudKit_LoudKitText' from project 'LoudKit')
cd /Users/admin/builder/spi-builder-workspace
builtin-RegisterExecutionPolicyException /Users/admin/builder/spi-builder-workspace/.derivedData/Build/Products/Debug-watchos/LoudKit_LoudKitText.bundle
RegisterExecutionPolicyException /Users/admin/builder/spi-builder-workspace/.derivedData/Build/Products/Debug-watchos/LoudKit_LoudKit.bundle (in target 'LoudKit_LoudKit' from project 'LoudKit')
cd /Users/admin/builder/spi-builder-workspace
builtin-RegisterExecutionPolicyException /Users/admin/builder/spi-builder-workspace/.derivedData/Build/Products/Debug-watchos/LoudKit_LoudKit.bundle
Touch /Users/admin/builder/spi-builder-workspace/.derivedData/Build/Products/Debug-watchos/LoudKit_LoudKitText.bundle (in target 'LoudKit_LoudKitText' from project 'LoudKit')
cd /Users/admin/builder/spi-builder-workspace
/usr/bin/touch -c /Users/admin/builder/spi-builder-workspace/.derivedData/Build/Products/Debug-watchos/LoudKit_LoudKitText.bundle
Touch /Users/admin/builder/spi-builder-workspace/.derivedData/Build/Products/Debug-watchos/LoudKit_LoudKit.bundle (in target 'LoudKit_LoudKit' from project 'LoudKit')
cd /Users/admin/builder/spi-builder-workspace
/usr/bin/touch -c /Users/admin/builder/spi-builder-workspace/.derivedData/Build/Products/Debug-watchos/LoudKit_LoudKit.bundle
SwiftDriver LoudKitText normal arm64_32 com.apple.xcode.tools.swift.compiler (in target 'LoudKitText' from project 'LoudKit')
cd /Users/admin/builder/spi-builder-workspace/.swiftpm/xcode
builtin-SwiftDriver -- /Applications/Xcode-16.3.0.app/Contents/Developer/Toolchains/XcodeDefault.xctoolchain/usr/bin/swiftc -module-name LoudKitText -Onone -enforce-exclusivity\=checked @/Users/admin/builder/spi-builder-workspace/.derivedData/Build/Intermediates.noindex/LoudKit.build/Debug-watchos/LoudKitText.build/Objects-normal/arm64_32/LoudKitText.SwiftFileList -DSWIFT_PACKAGE -DDEBUG -stats-output-dir .stats -strict-concurrency\=complete -enable-upcoming-feature StrictConcurrency -enable-upcoming-feature DisableOutwardActorInference -enable-upcoming-feature GlobalActorIsolatedTypesUsability -enable-upcoming-feature InferSendableFromCaptures -plugin-path /Applications/Xcode-16.3.0.app/Contents/Developer/Toolchains/XcodeDefault.xctoolchain/usr/lib/swift/host/plugins/testing -enable-experimental-feature DebugDescriptionMacro -sdk /Applications/Xcode-16.3.0.app/Contents/Developer/Platforms/WatchOS.platform/Developer/SDKs/WatchOS11.4.sdk -target arm64_32-apple-watchos10.0 -g -module-cache-path /Users/admin/builder/spi-builder-workspace/.derivedData/ModuleCache.noindex -Xfrontend -serialize-debugging-options -profile-coverage-mapping -profile-generate -enable-testing -index-store-path /Users/admin/builder/spi-builder-workspace/.derivedData/Index.noindex/DataStore -swift-version 5 -I /Users/admin/builder/spi-builder-workspace/.derivedData/Build/Products/Debug-watchos -I /Applications/Xcode-16.3.0.app/Contents/Developer/Platforms/WatchOS.platform/Developer/usr/lib -F /Users/admin/builder/spi-builder-workspace/.derivedData/Build/Products/Debug-watchos -F /Applications/Xcode-16.3.0.app/Contents/Developer/Platforms/WatchOS.platform/Developer/Library/Frameworks -F /Applications/Xcode-16.3.0.app/Contents/Developer/Platforms/WatchOS.platform/Developer/SDKs/WatchOS11.4.sdk/Developer/Library/Frameworks -c -j10 -enable-batch-mode -incremental -Xcc -ivfsstatcache -Xcc /Users/admin/builder/spi-builder-workspace/.derivedData/SDKStatCaches.noindex/watchos11.4-22T246-43efb940ff07ba2497b70ec94253f576.sdkstatcache -output-file-map /Users/admin/builder/spi-builder-workspace/.derivedData/Build/Intermediates.noindex/LoudKit.build/Debug-watchos/LoudKitText.build/Objects-normal/arm64_32/LoudKitText-OutputFileMap.json -use-frontend-parseable-output -save-temps -no-color-diagnostics -serialize-diagnostics -emit-dependencies -emit-module -emit-module-path /Users/admin/builder/spi-builder-workspace/.derivedData/Build/Intermediates.noindex/LoudKit.build/Debug-watchos/LoudKitText.build/Objects-normal/arm64_32/LoudKitText.swiftmodule -validate-clang-modules-once -clang-build-session-file /Users/admin/builder/spi-builder-workspace/.derivedData/ModuleCache.noindex/Session.modulevalidation -package-name spi_builder_workspace -Xcc -I/Users/admin/builder/spi-builder-workspace/.derivedData/Build/Intermediates.noindex/LoudKit.build/Debug-watchos/LoudKitText.build/swift-overrides.hmap -emit-const-values -Xfrontend -const-gather-protocols-file -Xfrontend /Users/admin/builder/spi-builder-workspace/.derivedData/Build/Intermediates.noindex/LoudKit.build/Debug-watchos/LoudKitText.build/Objects-normal/arm64_32/LoudKitText_const_extract_protocols.json -Xcc -I/Users/admin/builder/spi-builder-workspace/.derivedData/Build/Products/Debug-watchos/include -Xcc -I/Users/admin/builder/spi-builder-workspace/.derivedData/Build/Intermediates.noindex/LoudKit.build/Debug-watchos/LoudKitText.build/DerivedSources-normal/arm64_32 -Xcc -I/Users/admin/builder/spi-builder-workspace/.derivedData/Build/Intermediates.noindex/LoudKit.build/Debug-watchos/LoudKitText.build/DerivedSources/arm64_32 -Xcc -I/Users/admin/builder/spi-builder-workspace/.derivedData/Build/Intermediates.noindex/LoudKit.build/Debug-watchos/LoudKitText.build/DerivedSources -Xcc -DSWIFT_PACKAGE -Xcc -DDEBUG\=1 -emit-objc-header -emit-objc-header-path /Users/admin/builder/spi-builder-workspace/.derivedData/Build/Intermediates.noindex/LoudKit.build/Debug-watchos/LoudKitText.build/Objects-normal/arm64_32/LoudKitText-Swift.h -working-directory /Users/admin/builder/spi-builder-workspace/.swiftpm/xcode -experimental-emit-module-separately -disable-cmo
SwiftDriver LoudKitText normal arm64 com.apple.xcode.tools.swift.compiler (in target 'LoudKitText' from project 'LoudKit')
cd /Users/admin/builder/spi-builder-workspace/.swiftpm/xcode
builtin-SwiftDriver -- /Applications/Xcode-16.3.0.app/Contents/Developer/Toolchains/XcodeDefault.xctoolchain/usr/bin/swiftc -module-name LoudKitText -Onone -enforce-exclusivity\=checked @/Users/admin/builder/spi-builder-workspace/.derivedData/Build/Intermediates.noindex/LoudKit.build/Debug-watchos/LoudKitText.build/Objects-normal/arm64/LoudKitText.SwiftFileList -DSWIFT_PACKAGE -DDEBUG -stats-output-dir .stats -strict-concurrency\=complete -enable-upcoming-feature StrictConcurrency -enable-upcoming-feature DisableOutwardActorInference -enable-upcoming-feature GlobalActorIsolatedTypesUsability -enable-upcoming-feature InferSendableFromCaptures -plugin-path /Applications/Xcode-16.3.0.app/Contents/Developer/Toolchains/XcodeDefault.xctoolchain/usr/lib/swift/host/plugins/testing -enable-experimental-feature DebugDescriptionMacro -sdk /Applications/Xcode-16.3.0.app/Contents/Developer/Platforms/WatchOS.platform/Developer/SDKs/WatchOS11.4.sdk -target arm64-apple-watchos10.0 -g -module-cache-path /Users/admin/builder/spi-builder-workspace/.derivedData/ModuleCache.noindex -Xfrontend -serialize-debugging-options -profile-coverage-mapping -profile-generate -enable-testing -index-store-path /Users/admin/builder/spi-builder-workspace/.derivedData/Index.noindex/DataStore -swift-version 5 -I /Users/admin/builder/spi-builder-workspace/.derivedData/Build/Products/Debug-watchos -I /Applications/Xcode-16.3.0.app/Contents/Developer/Platforms/WatchOS.platform/Developer/usr/lib -F /Users/admin/builder/spi-builder-workspace/.derivedData/Build/Products/Debug-watchos -F /Applications/Xcode-16.3.0.app/Contents/Developer/Platforms/WatchOS.platform/Developer/Library/Frameworks -F /Applications/Xcode-16.3.0.app/Contents/Developer/Platforms/WatchOS.platform/Developer/SDKs/WatchOS11.4.sdk/Developer/Library/Frameworks -c -j10 -enable-batch-mode -incremental -Xcc -ivfsstatcache -Xcc /Users/admin/builder/spi-builder-workspace/.derivedData/SDKStatCaches.noindex/watchos11.4-22T246-43efb940ff07ba2497b70ec94253f576.sdkstatcache -output-file-map /Users/admin/builder/spi-builder-workspace/.derivedData/Build/Intermediates.noindex/LoudKit.build/Debug-watchos/LoudKitText.build/Objects-normal/arm64/LoudKitText-OutputFileMap.json -use-frontend-parseable-output -save-temps -no-color-diagnostics -serialize-diagnostics -emit-dependencies -emit-module -emit-module-path /Users/admin/builder/spi-builder-workspace/.derivedData/Build/Intermediates.noindex/LoudKit.build/Debug-watchos/LoudKitText.build/Objects-normal/arm64/LoudKitText.swiftmodule -validate-clang-modules-once -clang-build-session-file /Users/admin/builder/spi-builder-workspace/.derivedData/ModuleCache.noindex/Session.modulevalidation -package-name spi_builder_workspace -Xcc -I/Users/admin/builder/spi-builder-workspace/.derivedData/Build/Intermediates.noindex/LoudKit.build/Debug-watchos/LoudKitText.build/swift-overrides.hmap -emit-const-values -Xfrontend -const-gather-protocols-file -Xfrontend /Users/admin/builder/spi-builder-workspace/.derivedData/Build/Intermediates.noindex/LoudKit.build/Debug-watchos/LoudKitText.build/Objects-normal/arm64/LoudKitText_const_extract_protocols.json -Xcc -I/Users/admin/builder/spi-builder-workspace/.derivedData/Build/Products/Debug-watchos/include -Xcc -I/Users/admin/builder/spi-builder-workspace/.derivedData/Build/Intermediates.noindex/LoudKit.build/Debug-watchos/LoudKitText.build/DerivedSources-normal/arm64 -Xcc -I/Users/admin/builder/spi-builder-workspace/.derivedData/Build/Intermediates.noindex/LoudKit.build/Debug-watchos/LoudKitText.build/DerivedSources/arm64 -Xcc -I/Users/admin/builder/spi-builder-workspace/.derivedData/Build/Intermediates.noindex/LoudKit.build/Debug-watchos/LoudKitText.build/DerivedSources -Xcc -DSWIFT_PACKAGE -Xcc -DDEBUG\=1 -emit-objc-header -emit-objc-header-path /Users/admin/builder/spi-builder-workspace/.derivedData/Build/Intermediates.noindex/LoudKit.build/Debug-watchos/LoudKitText.build/Objects-normal/arm64/LoudKitText-Swift.h -working-directory /Users/admin/builder/spi-builder-workspace/.swiftpm/xcode -experimental-emit-module-separately -disable-cmo
SwiftCompile normal arm64 Compiling\ Dates.swift /Users/admin/builder/spi-builder-workspace/swift/LoudKitText/Dates.swift (in target 'LoudKitText' from project 'LoudKit')
SwiftCompile normal arm64 /Users/admin/builder/spi-builder-workspace/swift/LoudKitText/Dates.swift (in target 'LoudKitText' from project 'LoudKit')
cd /Users/admin/builder/spi-builder-workspace/.swiftpm/xcode
SwiftCompile normal arm64 Compiling\ resource_bundle_accessor.swift /Users/admin/builder/spi-builder-workspace/.derivedData/Build/Intermediates.noindex/LoudKit.build/Debug-watchos/LoudKitText.build/DerivedSources/resource_bundle_accessor.swift (in target 'LoudKitText' from project 'LoudKit')
SwiftCompile normal arm64 /Users/admin/builder/spi-builder-workspace/.derivedData/Build/Intermediates.noindex/LoudKit.build/Debug-watchos/LoudKitText.build/DerivedSources/resource_bundle_accessor.swift (in target 'LoudKitText' from project 'LoudKit')
cd /Users/admin/builder/spi-builder-workspace/.swiftpm/xcode
SwiftCompile normal arm64 Compiling\ Assets.swift /Users/admin/builder/spi-builder-workspace/swift/LoudKitText/Assets.swift (in target 'LoudKitText' from project 'LoudKit')
SwiftCompile normal arm64 /Users/admin/builder/spi-builder-workspace/swift/LoudKitText/Assets.swift (in target 'LoudKitText' from project 'LoudKit')
cd /Users/admin/builder/spi-builder-workspace/.swiftpm/xcode
SwiftCompile normal arm64 Compiling\ Letters.swift /Users/admin/builder/spi-builder-workspace/swift/LoudKitText/Letters.swift (in target 'LoudKitText' from project 'LoudKit')
SwiftCompile normal arm64 /Users/admin/builder/spi-builder-workspace/swift/LoudKitText/Letters.swift (in target 'LoudKitText' from project 'LoudKit')
cd /Users/admin/builder/spi-builder-workspace/.swiftpm/xcode
SwiftCompile normal arm64 Compiling\ LexicalRespelling.swift /Users/admin/builder/spi-builder-workspace/swift/LoudKitText/LexicalRespelling.swift (in target 'LoudKitText' from project 'LoudKit')
SwiftCompile normal arm64 /Users/admin/builder/spi-builder-workspace/swift/LoudKitText/LexicalRespelling.swift (in target 'LoudKitText' from project 'LoudKit')
cd /Users/admin/builder/spi-builder-workspace/.swiftpm/xcode
SwiftCompile normal arm64 Compiling\ Log.swift /Users/admin/builder/spi-builder-workspace/swift/LoudKitText/Log.swift (in target 'LoudKitText' from project 'LoudKit')
SwiftCompile normal arm64 /Users/admin/builder/spi-builder-workspace/swift/LoudKitText/Log.swift (in target 'LoudKitText' from project 'LoudKit')
cd /Users/admin/builder/spi-builder-workspace/.swiftpm/xcode
SwiftCompile normal arm64 Compiling\ Numbers.swift /Users/admin/builder/spi-builder-workspace/swift/LoudKitText/Numbers.swift (in target 'LoudKitText' from project 'LoudKit')
SwiftCompile normal arm64 /Users/admin/builder/spi-builder-workspace/swift/LoudKitText/Numbers.swift (in target 'LoudKitText' from project 'LoudKit')
cd /Users/admin/builder/spi-builder-workspace/.swiftpm/xcode
/Users/admin/builder/spi-builder-workspace/swift/LoudKitText/Numbers.swift:92:16: warning: static property 'grammarLanguages' is not concurrency-safe because non-'Sendable' type '[String : [String : Any]]' may have shared mutable state; this is an error in the Swift 6 language mode
static let grammarLanguages: [String: [String: Any]] = {
^
/Users/admin/builder/spi-builder-workspace/swift/LoudKitText/Numbers.swift:92:16: note: add '@MainActor' to make static property 'grammarLanguages' part of global actor 'MainActor'
static let grammarLanguages: [String: [String: Any]] = {
^
@MainActor
/Users/admin/builder/spi-builder-workspace/swift/LoudKitText/Numbers.swift:92:16: note: disable concurrency-safety checks if accesses are protected by an external synchronization mechanism
static let grammarLanguages: [String: [String: Any]] = {
^
nonisolated(unsafe)
SwiftEmitModule normal arm64 Emitting\ module\ for\ LoudKitText (in target 'LoudKitText' from project 'LoudKit')
EmitSwiftModule normal arm64 (in target 'LoudKitText' from project 'LoudKit')
cd /Users/admin/builder/spi-builder-workspace/.swiftpm/xcode
/Users/admin/builder/spi-builder-workspace/swift/LoudKitText/Numbers.swift:92:16: warning: static property 'grammarLanguages' is not concurrency-safe because non-'Sendable' type '[String : [String : Any]]' may have shared mutable state; this is an error in the Swift 6 language mode
static let grammarLanguages: [String: [String: Any]] = {
^
/Users/admin/builder/spi-builder-workspace/swift/LoudKitText/Numbers.swift:92:16: note: add '@MainActor' to make static property 'grammarLanguages' part of global actor 'MainActor'
static let grammarLanguages: [String: [String: Any]] = {
^
@MainActor
/Users/admin/builder/spi-builder-workspace/swift/LoudKitText/Numbers.swift:92:16: note: disable concurrency-safety checks if accesses are protected by an external synchronization mechanism
static let grammarLanguages: [String: [String: Any]] = {
^
nonisolated(unsafe)
SwiftEmitModule normal arm64_32 Emitting\ module\ for\ LoudKitText (in target 'LoudKitText' from project 'LoudKit')
EmitSwiftModule normal arm64_32 (in target 'LoudKitText' from project 'LoudKit')
cd /Users/admin/builder/spi-builder-workspace/.swiftpm/xcode
/Users/admin/builder/spi-builder-workspace/swift/LoudKitText/Numbers.swift:92:16: warning: static property 'grammarLanguages' is not concurrency-safe because non-'Sendable' type '[String : [String : Any]]' may have shared mutable state; this is an error in the Swift 6 language mode
static let grammarLanguages: [String: [String: Any]] = {
^
/Users/admin/builder/spi-builder-workspace/swift/LoudKitText/Numbers.swift:92:16: note: add '@MainActor' to make static property 'grammarLanguages' part of global actor 'MainActor'
static let grammarLanguages: [String: [String: Any]] = {
^
@MainActor
/Users/admin/builder/spi-builder-workspace/swift/LoudKitText/Numbers.swift:92:16: note: disable concurrency-safety checks if accesses are protected by an external synchronization mechanism
static let grammarLanguages: [String: [String: Any]] = {
^
nonisolated(unsafe)
SwiftCompile normal arm64_32 Compiling\ LexicalRespelling.swift /Users/admin/builder/spi-builder-workspace/swift/LoudKitText/LexicalRespelling.swift (in target 'LoudKitText' from project 'LoudKit')
SwiftCompile normal arm64_32 /Users/admin/builder/spi-builder-workspace/swift/LoudKitText/LexicalRespelling.swift (in target 'LoudKitText' from project 'LoudKit')
cd /Users/admin/builder/spi-builder-workspace/.swiftpm/xcode
SwiftCompile normal arm64_32 Compiling\ Letters.swift /Users/admin/builder/spi-builder-workspace/swift/LoudKitText/Letters.swift (in target 'LoudKitText' from project 'LoudKit')
SwiftCompile normal arm64_32 /Users/admin/builder/spi-builder-workspace/swift/LoudKitText/Letters.swift (in target 'LoudKitText' from project 'LoudKit')
cd /Users/admin/builder/spi-builder-workspace/.swiftpm/xcode
SwiftDriverJobDiscovery normal arm64_32 Emitting module for LoudKitText (in target 'LoudKitText' from project 'LoudKit')
SwiftDriver\ Compilation\ Requirements LoudKitText normal arm64_32 com.apple.xcode.tools.swift.compiler (in target 'LoudKitText' from project 'LoudKit')
cd /Users/admin/builder/spi-builder-workspace/.swiftpm/xcode
builtin-Swift-Compilation-Requirements -- /Applications/Xcode-16.3.0.app/Contents/Developer/Toolchains/XcodeDefault.xctoolchain/usr/bin/swiftc -module-name LoudKitText -Onone -enforce-exclusivity\=checked @/Users/admin/builder/spi-builder-workspace/.derivedData/Build/Intermediates.noindex/LoudKit.build/Debug-watchos/LoudKitText.build/Objects-normal/arm64_32/LoudKitText.SwiftFileList -DSWIFT_PACKAGE -DDEBUG -stats-output-dir .stats -strict-concurrency\=complete -enable-upcoming-feature StrictConcurrency -enable-upcoming-feature DisableOutwardActorInference -enable-upcoming-feature GlobalActorIsolatedTypesUsability -enable-upcoming-feature InferSendableFromCaptures -plugin-path /Applications/Xcode-16.3.0.app/Contents/Developer/Toolchains/XcodeDefault.xctoolchain/usr/lib/swift/host/plugins/testing -enable-experimental-feature DebugDescriptionMacro -sdk /Applications/Xcode-16.3.0.app/Contents/Developer/Platforms/WatchOS.platform/Developer/SDKs/WatchOS11.4.sdk -target arm64_32-apple-watchos10.0 -g -module-cache-path /Users/admin/builder/spi-builder-workspace/.derivedData/ModuleCache.noindex -Xfrontend -serialize-debugging-options -profile-coverage-mapping -profile-generate -enable-testing -index-store-path /Users/admin/builder/spi-builder-workspace/.derivedData/Index.noindex/DataStore -swift-version 5 -I /Users/admin/builder/spi-builder-workspace/.derivedData/Build/Products/Debug-watchos -I /Applications/Xcode-16.3.0.app/Contents/Developer/Platforms/WatchOS.platform/Developer/usr/lib -F /Users/admin/builder/spi-builder-workspace/.derivedData/Build/Products/Debug-watchos -F /Applications/Xcode-16.3.0.app/Contents/Developer/Platforms/WatchOS.platform/Developer/Library/Frameworks -F /Applications/Xcode-16.3.0.app/Contents/Developer/Platforms/WatchOS.platform/Developer/SDKs/WatchOS11.4.sdk/Developer/Library/Frameworks -c -j10 -enable-batch-mode -incremental -Xcc -ivfsstatcache -Xcc /Users/admin/builder/spi-builder-workspace/.derivedData/SDKStatCaches.noindex/watchos11.4-22T246-43efb940ff07ba2497b70ec94253f576.sdkstatcache -output-file-map /Users/admin/builder/spi-builder-workspace/.derivedData/Build/Intermediates.noindex/LoudKit.build/Debug-watchos/LoudKitText.build/Objects-normal/arm64_32/LoudKitText-OutputFileMap.json -use-frontend-parseable-output -save-temps -no-color-diagnostics -serialize-diagnostics -emit-dependencies -emit-module -emit-module-path /Users/admin/builder/spi-builder-workspace/.derivedData/Build/Intermediates.noindex/LoudKit.build/Debug-watchos/LoudKitText.build/Objects-normal/arm64_32/LoudKitText.swiftmodule -validate-clang-modules-once -clang-build-session-file /Users/admin/builder/spi-builder-workspace/.derivedData/ModuleCache.noindex/Session.modulevalidation -package-name spi_builder_workspace -Xcc -I/Users/admin/builder/spi-builder-workspace/.derivedData/Build/Intermediates.noindex/LoudKit.build/Debug-watchos/LoudKitText.build/swift-overrides.hmap -emit-const-values -Xfrontend -const-gather-protocols-file -Xfrontend /Users/admin/builder/spi-builder-workspace/.derivedData/Build/Intermediates.noindex/LoudKit.build/Debug-watchos/LoudKitText.build/Objects-normal/arm64_32/LoudKitText_const_extract_protocols.json -Xcc -I/Users/admin/builder/spi-builder-workspace/.derivedData/Build/Products/Debug-watchos/include -Xcc -I/Users/admin/builder/spi-builder-workspace/.derivedData/Build/Intermediates.noindex/LoudKit.build/Debug-watchos/LoudKitText.build/DerivedSources-normal/arm64_32 -Xcc -I/Users/admin/builder/spi-builder-workspace/.derivedData/Build/Intermediates.noindex/LoudKit.build/Debug-watchos/LoudKitText.build/DerivedSources/arm64_32 -Xcc -I/Users/admin/builder/spi-builder-workspace/.derivedData/Build/Intermediates.noindex/LoudKit.build/Debug-watchos/LoudKitText.build/DerivedSources -Xcc -DSWIFT_PACKAGE -Xcc -DDEBUG\=1 -emit-objc-header -emit-objc-header-path /Users/admin/builder/spi-builder-workspace/.derivedData/Build/Intermediates.noindex/LoudKit.build/Debug-watchos/LoudKitText.build/Objects-normal/arm64_32/LoudKitText-Swift.h -working-directory /Users/admin/builder/spi-builder-workspace/.swiftpm/xcode -experimental-emit-module-separately -disable-cmo
SwiftDriverJobDiscovery normal arm64 Emitting module for LoudKitText (in target 'LoudKitText' from project 'LoudKit')
SwiftDriver\ Compilation\ Requirements LoudKitText normal arm64 com.apple.xcode.tools.swift.compiler (in target 'LoudKitText' from project 'LoudKit')
cd /Users/admin/builder/spi-builder-workspace/.swiftpm/xcode
builtin-Swift-Compilation-Requirements -- /Applications/Xcode-16.3.0.app/Contents/Developer/Toolchains/XcodeDefault.xctoolchain/usr/bin/swiftc -module-name LoudKitText -Onone -enforce-exclusivity\=checked @/Users/admin/builder/spi-builder-workspace/.derivedData/Build/Intermediates.noindex/LoudKit.build/Debug-watchos/LoudKitText.build/Objects-normal/arm64/LoudKitText.SwiftFileList -DSWIFT_PACKAGE -DDEBUG -stats-output-dir .stats -strict-concurrency\=complete -enable-upcoming-feature StrictConcurrency -enable-upcoming-feature DisableOutwardActorInference -enable-upcoming-feature GlobalActorIsolatedTypesUsability -enable-upcoming-feature InferSendableFromCaptures -plugin-path /Applications/Xcode-16.3.0.app/Contents/Developer/Toolchains/XcodeDefault.xctoolchain/usr/lib/swift/host/plugins/testing -enable-experimental-feature DebugDescriptionMacro -sdk /Applications/Xcode-16.3.0.app/Contents/Developer/Platforms/WatchOS.platform/Developer/SDKs/WatchOS11.4.sdk -target arm64-apple-watchos10.0 -g -module-cache-path /Users/admin/builder/spi-builder-workspace/.derivedData/ModuleCache.noindex -Xfrontend -serialize-debugging-options -profile-coverage-mapping -profile-generate -enable-testing -index-store-path /Users/admin/builder/spi-builder-workspace/.derivedData/Index.noindex/DataStore -swift-version 5 -I /Users/admin/builder/spi-builder-workspace/.derivedData/Build/Products/Debug-watchos -I /Applications/Xcode-16.3.0.app/Contents/Developer/Platforms/WatchOS.platform/Developer/usr/lib -F /Users/admin/builder/spi-builder-workspace/.derivedData/Build/Products/Debug-watchos -F /Applications/Xcode-16.3.0.app/Contents/Developer/Platforms/WatchOS.platform/Developer/Library/Frameworks -F /Applications/Xcode-16.3.0.app/Contents/Developer/Platforms/WatchOS.platform/Developer/SDKs/WatchOS11.4.sdk/Developer/Library/Frameworks -c -j10 -enable-batch-mode -incremental -Xcc -ivfsstatcache -Xcc /Users/admin/builder/spi-builder-workspace/.derivedData/SDKStatCaches.noindex/watchos11.4-22T246-43efb940ff07ba2497b70ec94253f576.sdkstatcache -output-file-map /Users/admin/builder/spi-builder-workspace/.derivedData/Build/Intermediates.noindex/LoudKit.build/Debug-watchos/LoudKitText.build/Objects-normal/arm64/LoudKitText-OutputFileMap.json -use-frontend-parseable-output -save-temps -no-color-diagnostics -serialize-diagnostics -emit-dependencies -emit-module -emit-module-path /Users/admin/builder/spi-builder-workspace/.derivedData/Build/Intermediates.noindex/LoudKit.build/Debug-watchos/LoudKitText.build/Objects-normal/arm64/LoudKitText.swiftmodule -validate-clang-modules-once -clang-build-session-file /Users/admin/builder/spi-builder-workspace/.derivedData/ModuleCache.noindex/Session.modulevalidation -package-name spi_builder_workspace -Xcc -I/Users/admin/builder/spi-builder-workspace/.derivedData/Build/Intermediates.noindex/LoudKit.build/Debug-watchos/LoudKitText.build/swift-overrides.hmap -emit-const-values -Xfrontend -const-gather-protocols-file -Xfrontend /Users/admin/builder/spi-builder-workspace/.derivedData/Build/Intermediates.noindex/LoudKit.build/Debug-watchos/LoudKitText.build/Objects-normal/arm64/LoudKitText_const_extract_protocols.json -Xcc -I/Users/admin/builder/spi-builder-workspace/.derivedData/Build/Products/Debug-watchos/include -Xcc -I/Users/admin/builder/spi-builder-workspace/.derivedData/Build/Intermediates.noindex/LoudKit.build/Debug-watchos/LoudKitText.build/DerivedSources-normal/arm64 -Xcc -I/Users/admin/builder/spi-builder-workspace/.derivedData/Build/Intermediates.noindex/LoudKit.build/Debug-watchos/LoudKitText.build/DerivedSources/arm64 -Xcc -I/Users/admin/builder/spi-builder-workspace/.derivedData/Build/Intermediates.noindex/LoudKit.build/Debug-watchos/LoudKitText.build/DerivedSources -Xcc -DSWIFT_PACKAGE -Xcc -DDEBUG\=1 -emit-objc-header -emit-objc-header-path /Users/admin/builder/spi-builder-workspace/.derivedData/Build/Intermediates.noindex/LoudKit.build/Debug-watchos/LoudKitText.build/Objects-normal/arm64/LoudKitText-Swift.h -working-directory /Users/admin/builder/spi-builder-workspace/.swiftpm/xcode -experimental-emit-module-separately -disable-cmo
Copy /Users/admin/builder/spi-builder-workspace/.derivedData/Build/Products/Debug-watchos/LoudKitText.swiftmodule/arm64_32-apple-watchos.swiftmodule /Users/admin/builder/spi-builder-workspace/.derivedData/Build/Intermediates.noindex/LoudKit.build/Debug-watchos/LoudKitText.build/Objects-normal/arm64_32/LoudKitText.swiftmodule (in target 'LoudKitText' from project 'LoudKit')
cd /Users/admin/builder/spi-builder-workspace
builtin-copy -exclude .DS_Store -exclude CVS -exclude .svn -exclude .git -exclude .hg -resolve-src-symlinks -rename /Users/admin/builder/spi-builder-workspace/.derivedData/Build/Intermediates.noindex/LoudKit.build/Debug-watchos/LoudKitText.build/Objects-normal/arm64_32/LoudKitText.swiftmodule /Users/admin/builder/spi-builder-workspace/.derivedData/Build/Products/Debug-watchos/LoudKitText.swiftmodule/arm64_32-apple-watchos.swiftmodule
SwiftMergeGeneratedHeaders /Users/admin/builder/spi-builder-workspace/.derivedData/Build/Intermediates.noindex/GeneratedModuleMaps-watchos/LoudKitText-Swift.h /Users/admin/builder/spi-builder-workspace/.derivedData/Build/Intermediates.noindex/LoudKit.build/Debug-watchos/LoudKitText.build/Objects-normal/arm64/LoudKitText-Swift.h /Users/admin/builder/spi-builder-workspace/.derivedData/Build/Intermediates.noindex/LoudKit.build/Debug-watchos/LoudKitText.build/Objects-normal/arm64_32/LoudKitText-Swift.h (in target 'LoudKitText' from project 'LoudKit')
cd /Users/admin/builder/spi-builder-workspace
builtin-swiftHeaderTool -arch arm64 /Users/admin/builder/spi-builder-workspace/.derivedData/Build/Intermediates.noindex/LoudKit.build/Debug-watchos/LoudKitText.build/Objects-normal/arm64/LoudKitText-Swift.h -arch arm64_32 /Users/admin/builder/spi-builder-workspace/.derivedData/Build/Intermediates.noindex/LoudKit.build/Debug-watchos/LoudKitText.build/Objects-normal/arm64_32/LoudKitText-Swift.h -o /Users/admin/builder/spi-builder-workspace/.derivedData/Build/Intermediates.noindex/GeneratedModuleMaps-watchos/LoudKitText-Swift.h
Copy /Users/admin/builder/spi-builder-workspace/.derivedData/Build/Products/Debug-watchos/LoudKitText.swiftmodule/arm64_32-apple-watchos.swiftdoc /Users/admin/builder/spi-builder-workspace/.derivedData/Build/Intermediates.noindex/LoudKit.build/Debug-watchos/LoudKitText.build/Objects-normal/arm64_32/LoudKitText.swiftdoc (in target 'LoudKitText' from project 'LoudKit')
cd /Users/admin/builder/spi-builder-workspace
builtin-copy -exclude .DS_Store -exclude CVS -exclude .svn -exclude .git -exclude .hg -resolve-src-symlinks -rename /Users/admin/builder/spi-builder-workspace/.derivedData/Build/Intermediates.noindex/LoudKit.build/Debug-watchos/LoudKitText.build/Objects-normal/arm64_32/LoudKitText.swiftdoc /Users/admin/builder/spi-builder-workspace/.derivedData/Build/Products/Debug-watchos/LoudKitText.swiftmodule/arm64_32-apple-watchos.swiftdoc
Copy /Users/admin/builder/spi-builder-workspace/.derivedData/Build/Products/Debug-watchos/LoudKitText.swiftmodule/arm64_32-apple-watchos.abi.json /Users/admin/builder/spi-builder-workspace/.derivedData/Build/Intermediates.noindex/LoudKit.build/Debug-watchos/LoudKitText.build/Objects-normal/arm64_32/LoudKitText.abi.json (in target 'LoudKitText' from project 'LoudKit')
cd /Users/admin/builder/spi-builder-workspace
builtin-copy -exclude .DS_Store -exclude CVS -exclude .svn -exclude .git -exclude .hg -resolve-src-symlinks -rename /Users/admin/builder/spi-builder-workspace/.derivedData/Build/Intermediates.noindex/LoudKit.build/Debug-watchos/LoudKitText.build/Objects-normal/arm64_32/LoudKitText.abi.json /Users/admin/builder/spi-builder-workspace/.derivedData/Build/Products/Debug-watchos/LoudKitText.swiftmodule/arm64_32-apple-watchos.abi.json
Copy /Users/admin/builder/spi-builder-workspace/.derivedData/Build/Products/Debug-watchos/LoudKitText.swiftmodule/arm64-apple-watchos.swiftmodule /Users/admin/builder/spi-builder-workspace/.derivedData/Build/Intermediates.noindex/LoudKit.build/Debug-watchos/LoudKitText.build/Objects-normal/arm64/LoudKitText.swiftmodule (in target 'LoudKitText' from project 'LoudKit')
cd /Users/admin/builder/spi-builder-workspace
builtin-copy -exclude .DS_Store -exclude CVS -exclude .svn -exclude .git -exclude .hg -resolve-src-symlinks -rename /Users/admin/builder/spi-builder-workspace/.derivedData/Build/Intermediates.noindex/LoudKit.build/Debug-watchos/LoudKitText.build/Objects-normal/arm64/LoudKitText.swiftmodule /Users/admin/builder/spi-builder-workspace/.derivedData/Build/Products/Debug-watchos/LoudKitText.swiftmodule/arm64-apple-watchos.swiftmodule
Copy /Users/admin/builder/spi-builder-workspace/.derivedData/Build/Products/Debug-watchos/LoudKitText.swiftmodule/arm64-apple-watchos.swiftdoc /Users/admin/builder/spi-builder-workspace/.derivedData/Build/Intermediates.noindex/LoudKit.build/Debug-watchos/LoudKitText.build/Objects-normal/arm64/LoudKitText.swiftdoc (in target 'LoudKitText' from project 'LoudKit')
cd /Users/admin/builder/spi-builder-workspace
builtin-copy -exclude .DS_Store -exclude CVS -exclude .svn -exclude .git -exclude .hg -resolve-src-symlinks -rename /Users/admin/builder/spi-builder-workspace/.derivedData/Build/Intermediates.noindex/LoudKit.build/Debug-watchos/LoudKitText.build/Objects-normal/arm64/LoudKitText.swiftdoc /Users/admin/builder/spi-builder-workspace/.derivedData/Build/Products/Debug-watchos/LoudKitText.swiftmodule/arm64-apple-watchos.swiftdoc
Copy /Users/admin/builder/spi-builder-workspace/.derivedData/Build/Products/Debug-watchos/LoudKitText.swiftmodule/arm64-apple-watchos.abi.json /Users/admin/builder/spi-builder-workspace/.derivedData/Build/Intermediates.noindex/LoudKit.build/Debug-watchos/LoudKitText.build/Objects-normal/arm64/LoudKitText.abi.json (in target 'LoudKitText' from project 'LoudKit')
cd /Users/admin/builder/spi-builder-workspace
builtin-copy -exclude .DS_Store -exclude CVS -exclude .svn -exclude .git -exclude .hg -resolve-src-symlinks -rename /Users/admin/builder/spi-builder-workspace/.derivedData/Build/Intermediates.noindex/LoudKit.build/Debug-watchos/LoudKitText.build/Objects-normal/arm64/LoudKitText.abi.json /Users/admin/builder/spi-builder-workspace/.derivedData/Build/Products/Debug-watchos/LoudKitText.swiftmodule/arm64-apple-watchos.abi.json
Copy /Users/admin/builder/spi-builder-workspace/.derivedData/Build/Products/Debug-watchos/LoudKitText.swiftmodule/Project/arm64_32-apple-watchos.swiftsourceinfo /Users/admin/builder/spi-builder-workspace/.derivedData/Build/Intermediates.noindex/LoudKit.build/Debug-watchos/LoudKitText.build/Objects-normal/arm64_32/LoudKitText.swiftsourceinfo (in target 'LoudKitText' from project 'LoudKit')
cd /Users/admin/builder/spi-builder-workspace
builtin-copy -exclude .DS_Store -exclude CVS -exclude .svn -exclude .git -exclude .hg -resolve-src-symlinks -rename /Users/admin/builder/spi-builder-workspace/.derivedData/Build/Intermediates.noindex/LoudKit.build/Debug-watchos/LoudKitText.build/Objects-normal/arm64_32/LoudKitText.swiftsourceinfo /Users/admin/builder/spi-builder-workspace/.derivedData/Build/Products/Debug-watchos/LoudKitText.swiftmodule/Project/arm64_32-apple-watchos.swiftsourceinfo
Copy /Users/admin/builder/spi-builder-workspace/.derivedData/Build/Products/Debug-watchos/LoudKitText.swiftmodule/Project/arm64-apple-watchos.swiftsourceinfo /Users/admin/builder/spi-builder-workspace/.derivedData/Build/Intermediates.noindex/LoudKit.build/Debug-watchos/LoudKitText.build/Objects-normal/arm64/LoudKitText.swiftsourceinfo (in target 'LoudKitText' from project 'LoudKit')
cd /Users/admin/builder/spi-builder-workspace
builtin-copy -exclude .DS_Store -exclude CVS -exclude .svn -exclude .git -exclude .hg -resolve-src-symlinks -rename /Users/admin/builder/spi-builder-workspace/.derivedData/Build/Intermediates.noindex/LoudKit.build/Debug-watchos/LoudKitText.build/Objects-normal/arm64/LoudKitText.swiftsourceinfo /Users/admin/builder/spi-builder-workspace/.derivedData/Build/Products/Debug-watchos/LoudKitText.swiftmodule/Project/arm64-apple-watchos.swiftsourceinfo
SwiftCompile normal arm64_32 Compiling\ Assets.swift /Users/admin/builder/spi-builder-workspace/swift/LoudKitText/Assets.swift (in target 'LoudKitText' from project 'LoudKit')
SwiftCompile normal arm64_32 /Users/admin/builder/spi-builder-workspace/swift/LoudKitText/Assets.swift (in target 'LoudKitText' from project 'LoudKit')
cd /Users/admin/builder/spi-builder-workspace/.swiftpm/xcode
SwiftCompile normal arm64_32 Compiling\ Numerals.swift /Users/admin/builder/spi-builder-workspace/swift/LoudKitText/Numerals.swift (in target 'LoudKitText' from project 'LoudKit')
SwiftCompile normal arm64_32 /Users/admin/builder/spi-builder-workspace/swift/LoudKitText/Numerals.swift (in target 'LoudKitText' from project 'LoudKit')
cd /Users/admin/builder/spi-builder-workspace/.swiftpm/xcode
SwiftDriverJobDiscovery normal arm64_32 Compiling Letters.swift (in target 'LoudKitText' from project 'LoudKit')
SwiftCompile normal arm64 Compiling\ SpeechText.swift /Users/admin/builder/spi-builder-workspace/swift/LoudKitText/SpeechText.swift (in target 'LoudKitText' from project 'LoudKit')
SwiftCompile normal arm64 /Users/admin/builder/spi-builder-workspace/swift/LoudKitText/SpeechText.swift (in target 'LoudKitText' from project 'LoudKit')
cd /Users/admin/builder/spi-builder-workspace/.swiftpm/xcode
SwiftDriverJobDiscovery normal arm64 Compiling Dates.swift (in target 'LoudKitText' from project 'LoudKit')
SwiftCompile normal arm64_32 Compiling\ resource_bundle_accessor.swift /Users/admin/builder/spi-builder-workspace/.derivedData/Build/Intermediates.noindex/LoudKit.build/Debug-watchos/LoudKitText.build/DerivedSources/resource_bundle_accessor.swift (in target 'LoudKitText' from project 'LoudKit')
SwiftCompile normal arm64_32 /Users/admin/builder/spi-builder-workspace/.derivedData/Build/Intermediates.noindex/LoudKit.build/Debug-watchos/LoudKitText.build/DerivedSources/resource_bundle_accessor.swift (in target 'LoudKitText' from project 'LoudKit')
cd /Users/admin/builder/spi-builder-workspace/.swiftpm/xcode
SwiftDriverJobDiscovery normal arm64_32 Compiling Assets.swift (in target 'LoudKitText' from project 'LoudKit')
SwiftCompile normal arm64_32 Compiling\ Log.swift /Users/admin/builder/spi-builder-workspace/swift/LoudKitText/Log.swift (in target 'LoudKitText' from project 'LoudKit')
SwiftCompile normal arm64_32 /Users/admin/builder/spi-builder-workspace/swift/LoudKitText/Log.swift (in target 'LoudKitText' from project 'LoudKit')
cd /Users/admin/builder/spi-builder-workspace/.swiftpm/xcode
SwiftDriverJobDiscovery normal arm64 Compiling resource_bundle_accessor.swift (in target 'LoudKitText' from project 'LoudKit')
SwiftCompile normal arm64 Compiling\ Numerals.swift /Users/admin/builder/spi-builder-workspace/swift/LoudKitText/Numerals.swift (in target 'LoudKitText' from project 'LoudKit')
SwiftCompile normal arm64 /Users/admin/builder/spi-builder-workspace/swift/LoudKitText/Numerals.swift (in target 'LoudKitText' from project 'LoudKit')
cd /Users/admin/builder/spi-builder-workspace/.swiftpm/xcode
SwiftDriverJobDiscovery normal arm64 Compiling Assets.swift (in target 'LoudKitText' from project 'LoudKit')
SwiftCompile normal arm64_32 Compiling\ Numbers.swift /Users/admin/builder/spi-builder-workspace/swift/LoudKitText/Numbers.swift (in target 'LoudKitText' from project 'LoudKit')
SwiftCompile normal arm64_32 /Users/admin/builder/spi-builder-workspace/swift/LoudKitText/Numbers.swift (in target 'LoudKitText' from project 'LoudKit')
cd /Users/admin/builder/spi-builder-workspace/.swiftpm/xcode
/Users/admin/builder/spi-builder-workspace/swift/LoudKitText/Numbers.swift:92:16: warning: static property 'grammarLanguages' is not concurrency-safe because non-'Sendable' type '[String : [String : Any]]' may have shared mutable state; this is an error in the Swift 6 language mode
static let grammarLanguages: [String: [String: Any]] = {
^
/Users/admin/builder/spi-builder-workspace/swift/LoudKitText/Numbers.swift:92:16: note: add '@MainActor' to make static property 'grammarLanguages' part of global actor 'MainActor'
static let grammarLanguages: [String: [String: Any]] = {
^
@MainActor
/Users/admin/builder/spi-builder-workspace/swift/LoudKitText/Numbers.swift:92:16: note: disable concurrency-safety checks if accesses are protected by an external synchronization mechanism
static let grammarLanguages: [String: [String: Any]] = {
^
nonisolated(unsafe)
SwiftDriverJobDiscovery normal arm64 Compiling Numbers.swift (in target 'LoudKitText' from project 'LoudKit')
SwiftCompile normal arm64_32 Compiling\ SpeechText.swift /Users/admin/builder/spi-builder-workspace/swift/LoudKitText/SpeechText.swift (in target 'LoudKitText' from project 'LoudKit')
SwiftCompile normal arm64_32 /Users/admin/builder/spi-builder-workspace/swift/LoudKitText/SpeechText.swift (in target 'LoudKitText' from project 'LoudKit')
cd /Users/admin/builder/spi-builder-workspace/.swiftpm/xcode
SwiftDriverJobDiscovery normal arm64_32 Compiling LexicalRespelling.swift (in target 'LoudKitText' from project 'LoudKit')
SwiftCompile normal arm64_32 Compiling\ Dates.swift /Users/admin/builder/spi-builder-workspace/swift/LoudKitText/Dates.swift (in target 'LoudKitText' from project 'LoudKit')
SwiftCompile normal arm64_32 /Users/admin/builder/spi-builder-workspace/swift/LoudKitText/Dates.swift (in target 'LoudKitText' from project 'LoudKit')
cd /Users/admin/builder/spi-builder-workspace/.swiftpm/xcode
SwiftDriverJobDiscovery normal arm64 Compiling Log.swift (in target 'LoudKitText' from project 'LoudKit')
SwiftDriverJobDiscovery normal arm64 Compiling LexicalRespelling.swift (in target 'LoudKitText' from project 'LoudKit')
SwiftDriverJobDiscovery normal arm64 Compiling Letters.swift (in target 'LoudKitText' from project 'LoudKit')
SwiftDriver LoudKit normal arm64 com.apple.xcode.tools.swift.compiler (in target 'LoudKit' from project 'LoudKit')
cd /Users/admin/builder/spi-builder-workspace/.swiftpm/xcode
builtin-SwiftDriver -- /Applications/Xcode-16.3.0.app/Contents/Developer/Toolchains/XcodeDefault.xctoolchain/usr/bin/swiftc -module-name LoudKit -Onone -enforce-exclusivity\=checked @/Users/admin/builder/spi-builder-workspace/.derivedData/Build/Intermediates.noindex/LoudKit.build/Debug-watchos/LoudKit.build/Objects-normal/arm64/LoudKit.SwiftFileList -DSWIFT_PACKAGE -DDEBUG -stats-output-dir .stats -strict-concurrency\=complete -enable-upcoming-feature StrictConcurrency -enable-upcoming-feature DisableOutwardActorInference -enable-upcoming-feature GlobalActorIsolatedTypesUsability -enable-upcoming-feature InferSendableFromCaptures -plugin-path /Applications/Xcode-16.3.0.app/Contents/Developer/Toolchains/XcodeDefault.xctoolchain/usr/lib/swift/host/plugins/testing -enable-experimental-feature DebugDescriptionMacro -sdk /Applications/Xcode-16.3.0.app/Contents/Developer/Platforms/WatchOS.platform/Developer/SDKs/WatchOS11.4.sdk -target arm64-apple-watchos10.0 -g -module-cache-path /Users/admin/builder/spi-builder-workspace/.derivedData/ModuleCache.noindex -Xfrontend -serialize-debugging-options -profile-coverage-mapping -profile-generate -enable-testing -index-store-path /Users/admin/builder/spi-builder-workspace/.derivedData/Index.noindex/DataStore -swift-version 5 -I /Users/admin/builder/spi-builder-workspace/.derivedData/Build/Products/Debug-watchos -I /Applications/Xcode-16.3.0.app/Contents/Developer/Platforms/WatchOS.platform/Developer/usr/lib -F /Users/admin/builder/spi-builder-workspace/.derivedData/Build/Products/Debug-watchos/PackageFrameworks -F /Users/admin/builder/spi-builder-workspace/.derivedData/Build/Products/Debug-watchos -F /Applications/Xcode-16.3.0.app/Contents/Developer/Platforms/WatchOS.platform/Developer/Library/Frameworks -F /Applications/Xcode-16.3.0.app/Contents/Developer/Platforms/WatchOS.platform/Developer/SDKs/WatchOS11.4.sdk/Developer/Library/Frameworks -c -j10 -enable-batch-mode -incremental -Xcc -ivfsstatcache -Xcc /Users/admin/builder/spi-builder-workspace/.derivedData/SDKStatCaches.noindex/watchos11.4-22T246-43efb940ff07ba2497b70ec94253f576.sdkstatcache -output-file-map /Users/admin/builder/spi-builder-workspace/.derivedData/Build/Intermediates.noindex/LoudKit.build/Debug-watchos/LoudKit.build/Objects-normal/arm64/LoudKit-OutputFileMap.json -use-frontend-parseable-output -save-temps -no-color-diagnostics -serialize-diagnostics -emit-dependencies -emit-module -emit-module-path /Users/admin/builder/spi-builder-workspace/.derivedData/Build/Intermediates.noindex/LoudKit.build/Debug-watchos/LoudKit.build/Objects-normal/arm64/LoudKit.swiftmodule -validate-clang-modules-once -clang-build-session-file /Users/admin/builder/spi-builder-workspace/.derivedData/ModuleCache.noindex/Session.modulevalidation -package-name spi_builder_workspace -Xcc -I/Users/admin/builder/spi-builder-workspace/.derivedData/Build/Intermediates.noindex/LoudKit.build/Debug-watchos/LoudKit.build/swift-overrides.hmap -emit-const-values -Xfrontend -const-gather-protocols-file -Xfrontend /Users/admin/builder/spi-builder-workspace/.derivedData/Build/Intermediates.noindex/LoudKit.build/Debug-watchos/LoudKit.build/Objects-normal/arm64/LoudKit_const_extract_protocols.json -Xcc -I/Users/admin/builder/spi-builder-workspace/.derivedData/Build/Products/Debug-watchos/include -Xcc -I/Users/admin/builder/spi-builder-workspace/.derivedData/Build/Intermediates.noindex/LoudKit.build/Debug-watchos/LoudKit.build/DerivedSources-normal/arm64 -Xcc -I/Users/admin/builder/spi-builder-workspace/.derivedData/Build/Intermediates.noindex/LoudKit.build/Debug-watchos/LoudKit.build/DerivedSources/arm64 -Xcc -I/Users/admin/builder/spi-builder-workspace/.derivedData/Build/Intermediates.noindex/LoudKit.build/Debug-watchos/LoudKit.build/DerivedSources -Xcc -DSWIFT_PACKAGE -Xcc -DDEBUG\=1 -emit-objc-header -emit-objc-header-path /Users/admin/builder/spi-builder-workspace/.derivedData/Build/Intermediates.noindex/LoudKit.build/Debug-watchos/LoudKit.build/Objects-normal/arm64/LoudKit-Swift.h -working-directory /Users/admin/builder/spi-builder-workspace/.swiftpm/xcode -experimental-emit-module-separately -disable-cmo
SwiftDriver LoudKit normal arm64_32 com.apple.xcode.tools.swift.compiler (in target 'LoudKit' from project 'LoudKit')
cd /Users/admin/builder/spi-builder-workspace/.swiftpm/xcode
builtin-SwiftDriver -- /Applications/Xcode-16.3.0.app/Contents/Developer/Toolchains/XcodeDefault.xctoolchain/usr/bin/swiftc -module-name LoudKit -Onone -enforce-exclusivity\=checked @/Users/admin/builder/spi-builder-workspace/.derivedData/Build/Intermediates.noindex/LoudKit.build/Debug-watchos/LoudKit.build/Objects-normal/arm64_32/LoudKit.SwiftFileList -DSWIFT_PACKAGE -DDEBUG -stats-output-dir .stats -strict-concurrency\=complete -enable-upcoming-feature StrictConcurrency -enable-upcoming-feature DisableOutwardActorInference -enable-upcoming-feature GlobalActorIsolatedTypesUsability -enable-upcoming-feature InferSendableFromCaptures -plugin-path /Applications/Xcode-16.3.0.app/Contents/Developer/Toolchains/XcodeDefault.xctoolchain/usr/lib/swift/host/plugins/testing -enable-experimental-feature DebugDescriptionMacro -sdk /Applications/Xcode-16.3.0.app/Contents/Developer/Platforms/WatchOS.platform/Developer/SDKs/WatchOS11.4.sdk -target arm64_32-apple-watchos10.0 -g -module-cache-path /Users/admin/builder/spi-builder-workspace/.derivedData/ModuleCache.noindex -Xfrontend -serialize-debugging-options -profile-coverage-mapping -profile-generate -enable-testing -index-store-path /Users/admin/builder/spi-builder-workspace/.derivedData/Index.noindex/DataStore -swift-version 5 -I /Users/admin/builder/spi-builder-workspace/.derivedData/Build/Products/Debug-watchos -I /Applications/Xcode-16.3.0.app/Contents/Developer/Platforms/WatchOS.platform/Developer/usr/lib -F /Users/admin/builder/spi-builder-workspace/.derivedData/Build/Products/Debug-watchos/PackageFrameworks -F /Users/admin/builder/spi-builder-workspace/.derivedData/Build/Products/Debug-watchos -F /Applications/Xcode-16.3.0.app/Contents/Developer/Platforms/WatchOS.platform/Developer/Library/Frameworks -F /Applications/Xcode-16.3.0.app/Contents/Developer/Platforms/WatchOS.platform/Developer/SDKs/WatchOS11.4.sdk/Developer/Library/Frameworks -c -j10 -enable-batch-mode -incremental -Xcc -ivfsstatcache -Xcc /Users/admin/builder/spi-builder-workspace/.derivedData/SDKStatCaches.noindex/watchos11.4-22T246-43efb940ff07ba2497b70ec94253f576.sdkstatcache -output-file-map /Users/admin/builder/spi-builder-workspace/.derivedData/Build/Intermediates.noindex/LoudKit.build/Debug-watchos/LoudKit.build/Objects-normal/arm64_32/LoudKit-OutputFileMap.json -use-frontend-parseable-output -save-temps -no-color-diagnostics -serialize-diagnostics -emit-dependencies -emit-module -emit-module-path /Users/admin/builder/spi-builder-workspace/.derivedData/Build/Intermediates.noindex/LoudKit.build/Debug-watchos/LoudKit.build/Objects-normal/arm64_32/LoudKit.swiftmodule -validate-clang-modules-once -clang-build-session-file /Users/admin/builder/spi-builder-workspace/.derivedData/ModuleCache.noindex/Session.modulevalidation -package-name spi_builder_workspace -Xcc -I/Users/admin/builder/spi-builder-workspace/.derivedData/Build/Intermediates.noindex/LoudKit.build/Debug-watchos/LoudKit.build/swift-overrides.hmap -emit-const-values -Xfrontend -const-gather-protocols-file -Xfrontend /Users/admin/builder/spi-builder-workspace/.derivedData/Build/Intermediates.noindex/LoudKit.build/Debug-watchos/LoudKit.build/Objects-normal/arm64_32/LoudKit_const_extract_protocols.json -Xcc -I/Users/admin/builder/spi-builder-workspace/.derivedData/Build/Products/Debug-watchos/include -Xcc -I/Users/admin/builder/spi-builder-workspace/.derivedData/Build/Intermediates.noindex/LoudKit.build/Debug-watchos/LoudKit.build/DerivedSources-normal/arm64_32 -Xcc -I/Users/admin/builder/spi-builder-workspace/.derivedData/Build/Intermediates.noindex/LoudKit.build/Debug-watchos/LoudKit.build/DerivedSources/arm64_32 -Xcc -I/Users/admin/builder/spi-builder-workspace/.derivedData/Build/Intermediates.noindex/LoudKit.build/Debug-watchos/LoudKit.build/DerivedSources -Xcc -DSWIFT_PACKAGE -Xcc -DDEBUG\=1 -emit-objc-header -emit-objc-header-path /Users/admin/builder/spi-builder-workspace/.derivedData/Build/Intermediates.noindex/LoudKit.build/Debug-watchos/LoudKit.build/Objects-normal/arm64_32/LoudKit-Swift.h -working-directory /Users/admin/builder/spi-builder-workspace/.swiftpm/xcode -experimental-emit-module-separately -disable-cmo
SwiftEmitModule normal arm64_32 Emitting\ module\ for\ LoudKit (in target 'LoudKit' from project 'LoudKit')
EmitSwiftModule normal arm64_32 (in target 'LoudKit' from project 'LoudKit')
cd /Users/admin/builder/spi-builder-workspace/.swiftpm/xcode
/Users/admin/builder/spi-builder-workspace/swift/LoudKit/Hub.swift:799:17: warning: stored property 'continuation' of 'Sendable'-conforming class 'Watcher' is mutable; this is an error in the Swift 6 language mode
private var continuation: CheckedContinuation<Void, Error>?
^
SwiftEmitModule normal arm64 Emitting\ module\ for\ LoudKit (in target 'LoudKit' from project 'LoudKit')
EmitSwiftModule normal arm64 (in target 'LoudKit' from project 'LoudKit')
cd /Users/admin/builder/spi-builder-workspace/.swiftpm/xcode
/Users/admin/builder/spi-builder-workspace/swift/LoudKit/Hub.swift:799:17: warning: stored property 'continuation' of 'Sendable'-conforming class 'Watcher' is mutable; this is an error in the Swift 6 language mode
private var continuation: CheckedContinuation<Void, Error>?
^
SwiftCompile normal arm64_32 Compiling\ Renderer.swift,\ Safetensors.swift /Users/admin/builder/spi-builder-workspace/swift/LoudKit/Renderer.swift /Users/admin/builder/spi-builder-workspace/swift/LoudKit/Safetensors.swift (in target 'LoudKit' from project 'LoudKit')
SwiftCompile normal arm64_32 /Users/admin/builder/spi-builder-workspace/swift/LoudKit/Renderer.swift (in target 'LoudKit' from project 'LoudKit')
cd /Users/admin/builder/spi-builder-workspace/.swiftpm/xcode
/Users/admin/builder/spi-builder-workspace/swift/LoudKit/Renderer.swift:18:36: error: 'compileModel(at:)' is unavailable in watchOS
let compiled = try MLModel.compileModel(at: packageURL)
^~~~~~~~~~~~
CoreML.MLModel.compileModel:3:19: note: 'compileModel(at:)' has been explicitly marked unavailable here
open class func compileModel(at modelURL: URL) throws -> URL}
^
SwiftCompile normal arm64_32 /Users/admin/builder/spi-builder-workspace/swift/LoudKit/Safetensors.swift (in target 'LoudKit' from project 'LoudKit')
cd /Users/admin/builder/spi-builder-workspace/.swiftpm/xcode
Failed frontend command:
/Applications/Xcode-16.3.0.app/Contents/Developer/Toolchains/XcodeDefault.xctoolchain/usr/bin/swift-frontend -frontend -c /Users/admin/builder/spi-builder-workspace/.derivedData/Build/Intermediates.noindex/LoudKit.build/Debug-watchos/LoudKit.build/DerivedSources/resource_bundle_accessor.swift /Users/admin/builder/spi-builder-workspace/swift/LoudKit/AudioFile.swift /Users/admin/builder/spi-builder-workspace/swift/LoudKit/Checkpoint.swift /Users/admin/builder/spi-builder-workspace/swift/LoudKit/Checksums.swift /Users/admin/builder/spi-builder-workspace/swift/LoudKit/Chunking.swift /Users/admin/builder/spi-builder-workspace/swift/LoudKit/Config.swift /Users/admin/builder/spi-builder-workspace/swift/LoudKit/Engine.swift /Users/admin/builder/spi-builder-workspace/swift/LoudKit/Enrollment.swift /Users/admin/builder/spi-builder-workspace/swift/LoudKit/Hub.swift /Users/admin/builder/spi-builder-workspace/swift/LoudKit/ManifestReader.swift /Users/admin/builder/spi-builder-workspace/swift/LoudKit/ModelBundle.swift /Users/admin/builder/spi-builder-workspace/swift/LoudKit/Noise.swift /Users/admin/builder/spi-builder-workspace/swift/LoudKit/Philox.swift /Users/admin/builder/spi-builder-workspace/swift/LoudKit/Postprocess.swift -primary-file /Users/admin/builder/spi-builder-workspace/swift/LoudKit/Renderer.swift -primary-file /Users/admin/builder/spi-builder-workspace/swift/LoudKit/Safetensors.swift /Users/admin/builder/spi-builder-workspace/swift/LoudKit/Sampler.swift /Users/admin/builder/spi-builder-workspace/swift/LoudKit/TextFrontend.swift /Users/admin/builder/spi-builder-workspace/swift/LoudKit/TimeStretch.swift /Users/admin/builder/spi-builder-workspace/swift/LoudKit/Timing.swift /Users/admin/builder/spi-builder-workspace/swift/LoudKit/TokenGenerator.swift /Users/admin/builder/spi-builder-workspace/swift/LoudKit/VoiceProfile.swift /Users/admin/builder/spi-builder-workspace/swift/LoudKit/Wav.swift /Users/admin/builder/spi-builder-workspace/swift/LoudKit/Windowing.swift -emit-dependencies-path /Users/admin/builder/spi-builder-workspace/.derivedData/Build/Intermediates.noindex/LoudKit.build/Debug-watchos/LoudKit.build/Objects-normal/arm64_32/Renderer.d -emit-const-values-path /Users/admin/builder/spi-builder-workspace/.derivedData/Build/Intermediates.noindex/LoudKit.build/Debug-watchos/LoudKit.build/Objects-normal/arm64_32/Renderer.swiftconstvalues -emit-reference-dependencies-path /Users/admin/builder/spi-builder-workspace/.derivedData/Build/Intermediates.noindex/LoudKit.build/Debug-watchos/LoudKit.build/Objects-normal/arm64_32/Renderer.swiftdeps -serialize-diagnostics-path /Users/admin/builder/spi-builder-workspace/.derivedData/Build/Intermediates.noindex/LoudKit.build/Debug-watchos/LoudKit.build/Objects-normal/arm64_32/Renderer.dia -emit-dependencies-path /Users/admin/builder/spi-builder-workspace/.derivedData/Build/Intermediates.noindex/LoudKit.build/Debug-watchos/LoudKit.build/Objects-normal/arm64_32/Safetensors.d -emit-const-values-path /Users/admin/builder/spi-builder-workspace/.derivedData/Build/Intermediates.noindex/LoudKit.build/Debug-watchos/LoudKit.build/Objects-normal/arm64_32/Safetensors.swiftconstvalues -emit-reference-dependencies-path /Users/admin/builder/spi-builder-workspace/.derivedData/Build/Intermediates.noindex/LoudKit.build/Debug-watchos/LoudKit.build/Objects-normal/arm64_32/Safetensors.swiftdeps -serialize-diagnostics-path /Users/admin/builder/spi-builder-workspace/.derivedData/Build/Intermediates.noindex/LoudKit.build/Debug-watchos/LoudKit.build/Objects-normal/arm64_32/Safetensors.dia -target arm64_32-apple-watchos10.0 -enable-objc-interop -sdk /Applications/Xcode-16.3.0.app/Contents/Developer/Platforms/WatchOS.platform/Developer/SDKs/WatchOS11.4.sdk -I /Users/admin/builder/spi-builder-workspace/.derivedData/Build/Products/Debug-watchos -I /Applications/Xcode-16.3.0.app/Contents/Developer/Platforms/WatchOS.platform/Developer/usr/lib -F /Users/admin/builder/spi-builder-workspace/.derivedData/Build/Products/Debug-watchos/PackageFrameworks -F /Users/admin/builder/spi-builder-workspace/.derivedData/Build/Products/Debug-watchos -F /Applications/Xcode-16.3.0.app/Contents/Developer/Platforms/WatchOS.platform/Developer/Library/Frameworks -F /Applications/Xcode-16.3.0.app/Contents/Developer/Platforms/WatchOS.platform/Developer/SDKs/WatchOS11.4.sdk/Developer/Library/Frameworks -no-color-diagnostics -enable-testing -g -debug-info-format\=dwarf -dwarf-version\=4 -module-cache-path /Users/admin/builder/spi-builder-workspace/.derivedData/ModuleCache.noindex -profile-generate -profile-coverage-mapping -swift-version 5 -enforce-exclusivity\=checked -stats-output-dir /Users/admin/builder/spi-builder-workspace/.swiftpm/xcode/.stats -Onone -D SWIFT_PACKAGE -D DEBUG -serialize-debugging-options -const-gather-protocols-file /Users/admin/builder/spi-builder-workspace/.derivedData/Build/Intermediates.noindex/LoudKit.build/Debug-watchos/LoudKit.build/Objects-normal/arm64_32/LoudKit_const_extract_protocols.json -enable-upcoming-feature StrictConcurrency -enable-upcoming-feature DisableOutwardActorInference -enable-upcoming-feature GlobalActorIsolatedTypesUsability -enable-upcoming-feature InferSendableFromCaptures -enable-experimental-feature DebugDescriptionMacro -strict-concurrency\=complete -empty-abi-descriptor -plugin-path /Applications/Xcode-16.3.0.app/Contents/Developer/Toolchains/XcodeDefault.xctoolchain/usr/lib/swift/host/plugins/testing -validate-clang-modules-once -clang-build-session-file /Users/admin/builder/spi-builder-workspace/.derivedData/ModuleCache.noindex/Session.modulevalidation -Xcc -working-directory -Xcc /Users/admin/builder/spi-builder-workspace/.swiftpm/xcode -resource-dir /Applications/Xcode-16.3.0.app/Contents/Developer/Toolchains/XcodeDefault.xctoolchain/usr/lib/swift -enable-anonymous-context-mangled-names -file-compilation-dir /Users/admin/builder/spi-builder-workspace/.swiftpm/xcode -Xcc -ivfsstatcache -Xcc /Users/admin/builder/spi-builder-workspace/.derivedData/SDKStatCaches.noindex/watchos11.4-22T246-43efb940ff07ba2497b70ec94253f576.sdkstatcache -Xcc -I/Users/admin/builder/spi-builder-workspace/.derivedData/Build/Intermediates.noindex/LoudKit.build/Debug-watchos/LoudKit.build/swift-overrides.hmap -Xcc -I/Users/admin/builder/spi-builder-workspace/.derivedData/Build/Products/Debug-watchos/include -Xcc -I/Users/admin/builder/spi-builder-workspace/.derivedData/Build/Intermediates.noindex/LoudKit.build/Debug-watchos/LoudKit.build/DerivedSources-normal/arm64_32 -Xcc -I/Users/admin/builder/spi-builder-workspace/.derivedData/Build/Intermediates.noindex/LoudKit.build/Debug-watchos/LoudKit.build/DerivedSources/arm64_32 -Xcc -I/Users/admin/builder/spi-builder-workspace/.derivedData/Build/Intermediates.noindex/LoudKit.build/Debug-watchos/LoudKit.build/DerivedSources -Xcc -DSWIFT_PACKAGE -Xcc -DDEBUG\=1 -module-name LoudKit -package-name spi_builder_workspace -frontend-parseable-output -disable-clang-spi -target-sdk-version 11.4 -target-sdk-name watchos11.4 -external-plugin-path /Applications/Xcode-16.3.0.app/Contents/Developer/Platforms/WatchOS.platform/Developer/usr/lib/swift/host/plugins\#/Applications/Xcode-16.3.0.app/Contents/Developer/Platforms/WatchOS.platform/Developer/usr/bin/swift-plugin-server -external-plugin-path /Applications/Xcode-16.3.0.app/Contents/Developer/Platforms/WatchOS.platform/Developer/usr/local/lib/swift/host/plugins\#/Applications/Xcode-16.3.0.app/Contents/Developer/Platforms/WatchOS.platform/Developer/usr/bin/swift-plugin-server -in-process-plugin-server-path /Applications/Xcode-16.3.0.app/Contents/Developer/Toolchains/XcodeDefault.xctoolchain/usr/lib/swift/host/libSwiftInProcPluginServer.dylib -plugin-path /Applications/Xcode-16.3.0.app/Contents/Developer/Toolchains/XcodeDefault.xctoolchain/usr/lib/swift/host/plugins -plugin-path /Applications/Xcode-16.3.0.app/Contents/Developer/Toolchains/XcodeDefault.xctoolchain/usr/local/lib/swift/host/plugins -o /Users/admin/builder/spi-builder-workspace/.derivedData/Build/Intermediates.noindex/LoudKit.build/Debug-watchos/LoudKit.build/Objects-normal/arm64_32/Renderer.o -o /Users/admin/builder/spi-builder-workspace/.derivedData/Build/Intermediates.noindex/LoudKit.build/Debug-watchos/LoudKit.build/Objects-normal/arm64_32/Safetensors.o -index-unit-output-path /LoudKit.build/Debug-watchos/LoudKit.build/Objects-normal/arm64_32/Renderer.o -index-unit-output-path /LoudKit.build/Debug-watchos/LoudKit.build/Objects-normal/arm64_32/Safetensors.o -index-store-path /Users/admin/builder/spi-builder-workspace/.derivedData/Index.noindex/DataStore -index-system-modules
SwiftDriverJobDiscovery normal arm64_32 Compiling Numerals.swift (in target 'LoudKitText' from project 'LoudKit')
SwiftCompile normal arm64 Compiling\ resource_bundle_accessor.swift,\ AudioFile.swift,\ Checkpoint.swift /Users/admin/builder/spi-builder-workspace/.derivedData/Build/Intermediates.noindex/LoudKit.build/Debug-watchos/LoudKit.build/DerivedSources/resource_bundle_accessor.swift /Users/admin/builder/spi-builder-workspace/swift/LoudKit/AudioFile.swift /Users/admin/builder/spi-builder-workspace/swift/LoudKit/Checkpoint.swift (in target 'LoudKit' from project 'LoudKit')
SwiftCompile normal arm64 /Users/admin/builder/spi-builder-workspace/.derivedData/Build/Intermediates.noindex/LoudKit.build/Debug-watchos/LoudKit.build/DerivedSources/resource_bundle_accessor.swift (in target 'LoudKit' from project 'LoudKit')
cd /Users/admin/builder/spi-builder-workspace/.swiftpm/xcode
SwiftCompile normal arm64 /Users/admin/builder/spi-builder-workspace/swift/LoudKit/AudioFile.swift (in target 'LoudKit' from project 'LoudKit')
cd /Users/admin/builder/spi-builder-workspace/.swiftpm/xcode
SwiftCompile normal arm64 /Users/admin/builder/spi-builder-workspace/swift/LoudKit/Checkpoint.swift (in target 'LoudKit' from project 'LoudKit')
cd /Users/admin/builder/spi-builder-workspace/.swiftpm/xcode
SwiftDriverJobDiscovery normal arm64_32 Compiling resource_bundle_accessor.swift (in target 'LoudKitText' from project 'LoudKit')
SwiftCompile normal arm64_32 Compiling\ Checksums.swift,\ Chunking.swift,\ Config.swift /Users/admin/builder/spi-builder-workspace/swift/LoudKit/Checksums.swift /Users/admin/builder/spi-builder-workspace/swift/LoudKit/Chunking.swift /Users/admin/builder/spi-builder-workspace/swift/LoudKit/Config.swift (in target 'LoudKit' from project 'LoudKit')
SwiftCompile normal arm64_32 /Users/admin/builder/spi-builder-workspace/swift/LoudKit/Checksums.swift (in target 'LoudKit' from project 'LoudKit')
cd /Users/admin/builder/spi-builder-workspace/.swiftpm/xcode
SwiftCompile normal arm64_32 /Users/admin/builder/spi-builder-workspace/swift/LoudKit/Chunking.swift (in target 'LoudKit' from project 'LoudKit')
cd /Users/admin/builder/spi-builder-workspace/.swiftpm/xcode
SwiftCompile normal arm64_32 /Users/admin/builder/spi-builder-workspace/swift/LoudKit/Config.swift (in target 'LoudKit' from project 'LoudKit')
cd /Users/admin/builder/spi-builder-workspace/.swiftpm/xcode
SwiftDriverJobDiscovery normal arm64 Compiling Numerals.swift (in target 'LoudKitText' from project 'LoudKit')
SwiftCompile normal arm64_32 Compiling\ Philox.swift,\ Postprocess.swift /Users/admin/builder/spi-builder-workspace/swift/LoudKit/Philox.swift /Users/admin/builder/spi-builder-workspace/swift/LoudKit/Postprocess.swift (in target 'LoudKit' from project 'LoudKit')
SwiftCompile normal arm64_32 /Users/admin/builder/spi-builder-workspace/swift/LoudKit/Philox.swift (in target 'LoudKit' from project 'LoudKit')
cd /Users/admin/builder/spi-builder-workspace/.swiftpm/xcode
SwiftCompile normal arm64_32 /Users/admin/builder/spi-builder-workspace/swift/LoudKit/Postprocess.swift (in target 'LoudKit' from project 'LoudKit')
cd /Users/admin/builder/spi-builder-workspace/.swiftpm/xcode
SwiftDriverJobDiscovery normal arm64_32 Compiling Log.swift (in target 'LoudKitText' from project 'LoudKit')
SwiftCompile normal arm64 Compiling\ Engine.swift,\ Enrollment.swift,\ Hub.swift /Users/admin/builder/spi-builder-workspace/swift/LoudKit/Engine.swift /Users/admin/builder/spi-builder-workspace/swift/LoudKit/Enrollment.swift /Users/admin/builder/spi-builder-workspace/swift/LoudKit/Hub.swift (in target 'LoudKit' from project 'LoudKit')
SwiftCompile normal arm64 /Users/admin/builder/spi-builder-workspace/swift/LoudKit/Engine.swift (in target 'LoudKit' from project 'LoudKit')
cd /Users/admin/builder/spi-builder-workspace/.swiftpm/xcode
SwiftCompile normal arm64 /Users/admin/builder/spi-builder-workspace/swift/LoudKit/Enrollment.swift (in target 'LoudKit' from project 'LoudKit')
cd /Users/admin/builder/spi-builder-workspace/.swiftpm/xcode
SwiftCompile normal arm64 /Users/admin/builder/spi-builder-workspace/swift/LoudKit/Hub.swift (in target 'LoudKit' from project 'LoudKit')
cd /Users/admin/builder/spi-builder-workspace/.swiftpm/xcode
SwiftDriverJobDiscovery normal arm64 Compiling SpeechText.swift (in target 'LoudKitText' from project 'LoudKit')
SwiftDriver\ Compilation LoudKitText normal arm64 com.apple.xcode.tools.swift.compiler (in target 'LoudKitText' from project 'LoudKit')
cd /Users/admin/builder/spi-builder-workspace/.swiftpm/xcode
builtin-Swift-Compilation -- /Applications/Xcode-16.3.0.app/Contents/Developer/Toolchains/XcodeDefault.xctoolchain/usr/bin/swiftc -module-name LoudKitText -Onone -enforce-exclusivity\=checked @/Users/admin/builder/spi-builder-workspace/.derivedData/Build/Intermediates.noindex/LoudKit.build/Debug-watchos/LoudKitText.build/Objects-normal/arm64/LoudKitText.SwiftFileList -DSWIFT_PACKAGE -DDEBUG -stats-output-dir .stats -strict-concurrency\=complete -enable-upcoming-feature StrictConcurrency -enable-upcoming-feature DisableOutwardActorInference -enable-upcoming-feature GlobalActorIsolatedTypesUsability -enable-upcoming-feature InferSendableFromCaptures -plugin-path /Applications/Xcode-16.3.0.app/Contents/Developer/Toolchains/XcodeDefault.xctoolchain/usr/lib/swift/host/plugins/testing -enable-experimental-feature DebugDescriptionMacro -sdk /Applications/Xcode-16.3.0.app/Contents/Developer/Platforms/WatchOS.platform/Developer/SDKs/WatchOS11.4.sdk -target arm64-apple-watchos10.0 -g -module-cache-path /Users/admin/builder/spi-builder-workspace/.derivedData/ModuleCache.noindex -Xfrontend -serialize-debugging-options -profile-coverage-mapping -profile-generate -enable-testing -index-store-path /Users/admin/builder/spi-builder-workspace/.derivedData/Index.noindex/DataStore -swift-version 5 -I /Users/admin/builder/spi-builder-workspace/.derivedData/Build/Products/Debug-watchos -I /Applications/Xcode-16.3.0.app/Contents/Developer/Platforms/WatchOS.platform/Developer/usr/lib -F /Users/admin/builder/spi-builder-workspace/.derivedData/Build/Products/Debug-watchos -F /Applications/Xcode-16.3.0.app/Contents/Developer/Platforms/WatchOS.platform/Developer/Library/Frameworks -F /Applications/Xcode-16.3.0.app/Contents/Developer/Platforms/WatchOS.platform/Developer/SDKs/WatchOS11.4.sdk/Developer/Library/Frameworks -c -j10 -enable-batch-mode -incremental -Xcc -ivfsstatcache -Xcc /Users/admin/builder/spi-builder-workspace/.derivedData/SDKStatCaches.noindex/watchos11.4-22T246-43efb940ff07ba2497b70ec94253f576.sdkstatcache -output-file-map /Users/admin/builder/spi-builder-workspace/.derivedData/Build/Intermediates.noindex/LoudKit.build/Debug-watchos/LoudKitText.build/Objects-normal/arm64/LoudKitText-OutputFileMap.json -use-frontend-parseable-output -save-temps -no-color-diagnostics -serialize-diagnostics -emit-dependencies -emit-module -emit-module-path /Users/admin/builder/spi-builder-workspace/.derivedData/Build/Intermediates.noindex/LoudKit.build/Debug-watchos/LoudKitText.build/Objects-normal/arm64/LoudKitText.swiftmodule -validate-clang-modules-once -clang-build-session-file /Users/admin/builder/spi-builder-workspace/.derivedData/ModuleCache.noindex/Session.modulevalidation -package-name spi_builder_workspace -Xcc -I/Users/admin/builder/spi-builder-workspace/.derivedData/Build/Intermediates.noindex/LoudKit.build/Debug-watchos/LoudKitText.build/swift-overrides.hmap -emit-const-values -Xfrontend -const-gather-protocols-file -Xfrontend /Users/admin/builder/spi-builder-workspace/.derivedData/Build/Intermediates.noindex/LoudKit.build/Debug-watchos/LoudKitText.build/Objects-normal/arm64/LoudKitText_const_extract_protocols.json -Xcc -I/Users/admin/builder/spi-builder-workspace/.derivedData/Build/Products/Debug-watchos/include -Xcc -I/Users/admin/builder/spi-builder-workspace/.derivedData/Build/Intermediates.noindex/LoudKit.build/Debug-watchos/LoudKitText.build/DerivedSources-normal/arm64 -Xcc -I/Users/admin/builder/spi-builder-workspace/.derivedData/Build/Intermediates.noindex/LoudKit.build/Debug-watchos/LoudKitText.build/DerivedSources/arm64 -Xcc -I/Users/admin/builder/spi-builder-workspace/.derivedData/Build/Intermediates.noindex/LoudKit.build/Debug-watchos/LoudKitText.build/DerivedSources -Xcc -DSWIFT_PACKAGE -Xcc -DDEBUG\=1 -emit-objc-header -emit-objc-header-path /Users/admin/builder/spi-builder-workspace/.derivedData/Build/Intermediates.noindex/LoudKit.build/Debug-watchos/LoudKitText.build/Objects-normal/arm64/LoudKitText-Swift.h -working-directory /Users/admin/builder/spi-builder-workspace/.swiftpm/xcode -experimental-emit-module-separately -disable-cmo
SwiftDriverJobDiscovery normal arm64_32 Compiling SpeechText.swift (in target 'LoudKitText' from project 'LoudKit')
SwiftCompile normal arm64 Compiling\ Checksums.swift,\ Chunking.swift,\ Config.swift /Users/admin/builder/spi-builder-workspace/swift/LoudKit/Checksums.swift /Users/admin/builder/spi-builder-workspace/swift/LoudKit/Chunking.swift /Users/admin/builder/spi-builder-workspace/swift/LoudKit/Config.swift (in target 'LoudKit' from project 'LoudKit')
SwiftCompile normal arm64 /Users/admin/builder/spi-builder-workspace/swift/LoudKit/Checksums.swift (in target 'LoudKit' from project 'LoudKit')
cd /Users/admin/builder/spi-builder-workspace/.swiftpm/xcode
SwiftCompile normal arm64 /Users/admin/builder/spi-builder-workspace/swift/LoudKit/Chunking.swift (in target 'LoudKit' from project 'LoudKit')
cd /Users/admin/builder/spi-builder-workspace/.swiftpm/xcode
SwiftCompile normal arm64 /Users/admin/builder/spi-builder-workspace/swift/LoudKit/Config.swift (in target 'LoudKit' from project 'LoudKit')
cd /Users/admin/builder/spi-builder-workspace/.swiftpm/xcode
Ld /Users/admin/builder/spi-builder-workspace/.derivedData/Build/Intermediates.noindex/LoudKit.build/Debug-watchos/LoudKitText.build/Objects-normal/arm64/Binary/LoudKitText.o normal arm64 (in target 'LoudKitText' from project 'LoudKit')
cd /Users/admin/builder/spi-builder-workspace
/Applications/Xcode-16.3.0.app/Contents/Developer/Toolchains/XcodeDefault.xctoolchain/usr/bin/clang -Xlinker -reproducible -target arm64-apple-watchos10.0 -r -isysroot /Applications/Xcode-16.3.0.app/Contents/Developer/Platforms/WatchOS.platform/Developer/SDKs/WatchOS11.4.sdk -O0 -L/Users/admin/builder/spi-builder-workspace/.derivedData/Build/Intermediates.noindex/EagerLinkingTBDs/Debug-watchos -L/Users/admin/builder/spi-builder-workspace/.derivedData/Build/Products/Debug-watchos -L/Applications/Xcode-16.3.0.app/Contents/Developer/Platforms/WatchOS.platform/Developer/usr/lib -F/Users/admin/builder/spi-builder-workspace/.derivedData/Build/Intermediates.noindex/EagerLinkingTBDs/Debug-watchos -F/Users/admin/builder/spi-builder-workspace/.derivedData/Build/Products/Debug-watchos -iframework /Applications/Xcode-16.3.0.app/Contents/Developer/Platforms/WatchOS.platform/Developer/Library/Frameworks -iframework /Applications/Xcode-16.3.0.app/Contents/Developer/Platforms/WatchOS.platform/Developer/SDKs/WatchOS11.4.sdk/Developer/Library/Frameworks -filelist /Users/admin/builder/spi-builder-workspace/.derivedData/Build/Intermediates.noindex/LoudKit.build/Debug-watchos/LoudKitText.build/Objects-normal/arm64/LoudKitText.LinkFileList -nostdlib -Xlinker -object_path_lto -Xlinker /Users/admin/builder/spi-builder-workspace/.derivedData/Build/Intermediates.noindex/LoudKit.build/Debug-watchos/LoudKitText.build/Objects-normal/arm64/LoudKitText_lto.o -rdynamic -Xlinker -no_deduplicate -Xlinker -debug_variant -Xlinker -dependency_info -Xlinker /Users/admin/builder/spi-builder-workspace/.derivedData/Build/Intermediates.noindex/LoudKit.build/Debug-watchos/LoudKitText.build/Objects-normal/arm64/LoudKitText_dependency_info.dat -fobjc-link-runtime -L/Applications/Xcode-16.3.0.app/Contents/Developer/Toolchains/XcodeDefault.xctoolchain/usr/lib/swift/watchos -L/usr/lib/swift -Xlinker -add_ast_path -Xlinker /Users/admin/builder/spi-builder-workspace/.derivedData/Build/Intermediates.noindex/LoudKit.build/Debug-watchos/LoudKitText.build/Objects-normal/arm64/LoudKitText.swiftmodule -o /Users/admin/builder/spi-builder-workspace/.derivedData/Build/Intermediates.noindex/LoudKit.build/Debug-watchos/LoudKitText.build/Objects-normal/arm64/Binary/LoudKitText.o
SwiftDriverJobDiscovery normal arm64_32 Compiling Dates.swift (in target 'LoudKitText' from project 'LoudKit')
SwiftCompile normal arm64_32 Compiling\ TimeStretch.swift,\ Timing.swift /Users/admin/builder/spi-builder-workspace/swift/LoudKit/TimeStretch.swift /Users/admin/builder/spi-builder-workspace/swift/LoudKit/Timing.swift (in target 'LoudKit' from project 'LoudKit')
SwiftCompile normal arm64_32 /Users/admin/builder/spi-builder-workspace/swift/LoudKit/TimeStretch.swift (in target 'LoudKit' from project 'LoudKit')
cd /Users/admin/builder/spi-builder-workspace/.swiftpm/xcode
SwiftCompile normal arm64_32 /Users/admin/builder/spi-builder-workspace/swift/LoudKit/Timing.swift (in target 'LoudKit' from project 'LoudKit')
cd /Users/admin/builder/spi-builder-workspace/.swiftpm/xcode
SwiftCompile normal arm64_32 Compiling\ Sampler.swift,\ TextFrontend.swift /Users/admin/builder/spi-builder-workspace/swift/LoudKit/Sampler.swift /Users/admin/builder/spi-builder-workspace/swift/LoudKit/TextFrontend.swift (in target 'LoudKit' from project 'LoudKit')
SwiftCompile normal arm64_32 /Users/admin/builder/spi-builder-workspace/swift/LoudKit/Sampler.swift (in target 'LoudKit' from project 'LoudKit')
cd /Users/admin/builder/spi-builder-workspace/.swiftpm/xcode
SwiftCompile normal arm64_32 /Users/admin/builder/spi-builder-workspace/swift/LoudKit/TextFrontend.swift (in target 'LoudKit' from project 'LoudKit')
cd /Users/admin/builder/spi-builder-workspace/.swiftpm/xcode
SwiftDriverJobDiscovery normal arm64_32 Compiling Numbers.swift (in target 'LoudKitText' from project 'LoudKit')
SwiftDriver\ Compilation LoudKitText normal arm64_32 com.apple.xcode.tools.swift.compiler (in target 'LoudKitText' from project 'LoudKit')
cd /Users/admin/builder/spi-builder-workspace/.swiftpm/xcode
builtin-Swift-Compilation -- /Applications/Xcode-16.3.0.app/Contents/Developer/Toolchains/XcodeDefault.xctoolchain/usr/bin/swiftc -module-name LoudKitText -Onone -enforce-exclusivity\=checked @/Users/admin/builder/spi-builder-workspace/.derivedData/Build/Intermediates.noindex/LoudKit.build/Debug-watchos/LoudKitText.build/Objects-normal/arm64_32/LoudKitText.SwiftFileList -DSWIFT_PACKAGE -DDEBUG -stats-output-dir .stats -strict-concurrency\=complete -enable-upcoming-feature StrictConcurrency -enable-upcoming-feature DisableOutwardActorInference -enable-upcoming-feature GlobalActorIsolatedTypesUsability -enable-upcoming-feature InferSendableFromCaptures -plugin-path /Applications/Xcode-16.3.0.app/Contents/Developer/Toolchains/XcodeDefault.xctoolchain/usr/lib/swift/host/plugins/testing -enable-experimental-feature DebugDescriptionMacro -sdk /Applications/Xcode-16.3.0.app/Contents/Developer/Platforms/WatchOS.platform/Developer/SDKs/WatchOS11.4.sdk -target arm64_32-apple-watchos10.0 -g -module-cache-path /Users/admin/builder/spi-builder-workspace/.derivedData/ModuleCache.noindex -Xfrontend -serialize-debugging-options -profile-coverage-mapping -profile-generate -enable-testing -index-store-path /Users/admin/builder/spi-builder-workspace/.derivedData/Index.noindex/DataStore -swift-version 5 -I /Users/admin/builder/spi-builder-workspace/.derivedData/Build/Products/Debug-watchos -I /Applications/Xcode-16.3.0.app/Contents/Developer/Platforms/WatchOS.platform/Developer/usr/lib -F /Users/admin/builder/spi-builder-workspace/.derivedData/Build/Products/Debug-watchos -F /Applications/Xcode-16.3.0.app/Contents/Developer/Platforms/WatchOS.platform/Developer/Library/Frameworks -F /Applications/Xcode-16.3.0.app/Contents/Developer/Platforms/WatchOS.platform/Developer/SDKs/WatchOS11.4.sdk/Developer/Library/Frameworks -c -j10 -enable-batch-mode -incremental -Xcc -ivfsstatcache -Xcc /Users/admin/builder/spi-builder-workspace/.derivedData/SDKStatCaches.noindex/watchos11.4-22T246-43efb940ff07ba2497b70ec94253f576.sdkstatcache -output-file-map /Users/admin/builder/spi-builder-workspace/.derivedData/Build/Intermediates.noindex/LoudKit.build/Debug-watchos/LoudKitText.build/Objects-normal/arm64_32/LoudKitText-OutputFileMap.json -use-frontend-parseable-output -save-temps -no-color-diagnostics -serialize-diagnostics -emit-dependencies -emit-module -emit-module-path /Users/admin/builder/spi-builder-workspace/.derivedData/Build/Intermediates.noindex/LoudKit.build/Debug-watchos/LoudKitText.build/Objects-normal/arm64_32/LoudKitText.swiftmodule -validate-clang-modules-once -clang-build-session-file /Users/admin/builder/spi-builder-workspace/.derivedData/ModuleCache.noindex/Session.modulevalidation -package-name spi_builder_workspace -Xcc -I/Users/admin/builder/spi-builder-workspace/.derivedData/Build/Intermediates.noindex/LoudKit.build/Debug-watchos/LoudKitText.build/swift-overrides.hmap -emit-const-values -Xfrontend -const-gather-protocols-file -Xfrontend /Users/admin/builder/spi-builder-workspace/.derivedData/Build/Intermediates.noindex/LoudKit.build/Debug-watchos/LoudKitText.build/Objects-normal/arm64_32/LoudKitText_const_extract_protocols.json -Xcc -I/Users/admin/builder/spi-builder-workspace/.derivedData/Build/Products/Debug-watchos/include -Xcc -I/Users/admin/builder/spi-builder-workspace/.derivedData/Build/Intermediates.noindex/LoudKit.build/Debug-watchos/LoudKitText.build/DerivedSources-normal/arm64_32 -Xcc -I/Users/admin/builder/spi-builder-workspace/.derivedData/Build/Intermediates.noindex/LoudKit.build/Debug-watchos/LoudKitText.build/DerivedSources/arm64_32 -Xcc -I/Users/admin/builder/spi-builder-workspace/.derivedData/Build/Intermediates.noindex/LoudKit.build/Debug-watchos/LoudKitText.build/DerivedSources -Xcc -DSWIFT_PACKAGE -Xcc -DDEBUG\=1 -emit-objc-header -emit-objc-header-path /Users/admin/builder/spi-builder-workspace/.derivedData/Build/Intermediates.noindex/LoudKit.build/Debug-watchos/LoudKitText.build/Objects-normal/arm64_32/LoudKitText-Swift.h -working-directory /Users/admin/builder/spi-builder-workspace/.swiftpm/xcode -experimental-emit-module-separately -disable-cmo
SwiftDriverJobDiscovery normal arm64 Emitting module for LoudKit (in target 'LoudKit' from project 'LoudKit')
SwiftCompile normal arm64_32 Compiling\ Wav.swift,\ Windowing.swift /Users/admin/builder/spi-builder-workspace/swift/LoudKit/Wav.swift /Users/admin/builder/spi-builder-workspace/swift/LoudKit/Windowing.swift (in target 'LoudKit' from project 'LoudKit')
SwiftCompile normal arm64_32 /Users/admin/builder/spi-builder-workspace/swift/LoudKit/Wav.swift (in target 'LoudKit' from project 'LoudKit')
cd /Users/admin/builder/spi-builder-workspace/.swiftpm/xcode
SwiftCompile normal arm64_32 /Users/admin/builder/spi-builder-workspace/swift/LoudKit/Windowing.swift (in target 'LoudKit' from project 'LoudKit')
cd /Users/admin/builder/spi-builder-workspace/.swiftpm/xcode
SwiftDriver\ Compilation\ Requirements LoudKit normal arm64 com.apple.xcode.tools.swift.compiler (in target 'LoudKit' from project 'LoudKit')
cd /Users/admin/builder/spi-builder-workspace/.swiftpm/xcode
builtin-Swift-Compilation-Requirements -- /Applications/Xcode-16.3.0.app/Contents/Developer/Toolchains/XcodeDefault.xctoolchain/usr/bin/swiftc -module-name LoudKit -Onone -enforce-exclusivity\=checked @/Users/admin/builder/spi-builder-workspace/.derivedData/Build/Intermediates.noindex/LoudKit.build/Debug-watchos/LoudKit.build/Objects-normal/arm64/LoudKit.SwiftFileList -DSWIFT_PACKAGE -DDEBUG -stats-output-dir .stats -strict-concurrency\=complete -enable-upcoming-feature StrictConcurrency -enable-upcoming-feature DisableOutwardActorInference -enable-upcoming-feature GlobalActorIsolatedTypesUsability -enable-upcoming-feature InferSendableFromCaptures -plugin-path /Applications/Xcode-16.3.0.app/Contents/Developer/Toolchains/XcodeDefault.xctoolchain/usr/lib/swift/host/plugins/testing -enable-experimental-feature DebugDescriptionMacro -sdk /Applications/Xcode-16.3.0.app/Contents/Developer/Platforms/WatchOS.platform/Developer/SDKs/WatchOS11.4.sdk -target arm64-apple-watchos10.0 -g -module-cache-path /Users/admin/builder/spi-builder-workspace/.derivedData/ModuleCache.noindex -Xfrontend -serialize-debugging-options -profile-coverage-mapping -profile-generate -enable-testing -index-store-path /Users/admin/builder/spi-builder-workspace/.derivedData/Index.noindex/DataStore -swift-version 5 -I /Users/admin/builder/spi-builder-workspace/.derivedData/Build/Products/Debug-watchos -I /Applications/Xcode-16.3.0.app/Contents/Developer/Platforms/WatchOS.platform/Developer/usr/lib -F /Users/admin/builder/spi-builder-workspace/.derivedData/Build/Products/Debug-watchos/PackageFrameworks -F /Users/admin/builder/spi-builder-workspace/.derivedData/Build/Products/Debug-watchos -F /Applications/Xcode-16.3.0.app/Contents/Developer/Platforms/WatchOS.platform/Developer/Library/Frameworks -F /Applications/Xcode-16.3.0.app/Contents/Developer/Platforms/WatchOS.platform/Developer/SDKs/WatchOS11.4.sdk/Developer/Library/Frameworks -c -j10 -enable-batch-mode -incremental -Xcc -ivfsstatcache -Xcc /Users/admin/builder/spi-builder-workspace/.derivedData/SDKStatCaches.noindex/watchos11.4-22T246-43efb940ff07ba2497b70ec94253f576.sdkstatcache -output-file-map /Users/admin/builder/spi-builder-workspace/.derivedData/Build/Intermediates.noindex/LoudKit.build/Debug-watchos/LoudKit.build/Objects-normal/arm64/LoudKit-OutputFileMap.json -use-frontend-parseable-output -save-temps -no-color-diagnostics -serialize-diagnostics -emit-dependencies -emit-module -emit-module-path /Users/admin/builder/spi-builder-workspace/.derivedData/Build/Intermediates.noindex/LoudKit.build/Debug-watchos/LoudKit.build/Objects-normal/arm64/LoudKit.swiftmodule -validate-clang-modules-once -clang-build-session-file /Users/admin/builder/spi-builder-workspace/.derivedData/ModuleCache.noindex/Session.modulevalidation -package-name spi_builder_workspace -Xcc -I/Users/admin/builder/spi-builder-workspace/.derivedData/Build/Intermediates.noindex/LoudKit.build/Debug-watchos/LoudKit.build/swift-overrides.hmap -emit-const-values -Xfrontend -const-gather-protocols-file -Xfrontend /Users/admin/builder/spi-builder-workspace/.derivedData/Build/Intermediates.noindex/LoudKit.build/Debug-watchos/LoudKit.build/Objects-normal/arm64/LoudKit_const_extract_protocols.json -Xcc -I/Users/admin/builder/spi-builder-workspace/.derivedData/Build/Products/Debug-watchos/include -Xcc -I/Users/admin/builder/spi-builder-workspace/.derivedData/Build/Intermediates.noindex/LoudKit.build/Debug-watchos/LoudKit.build/DerivedSources-normal/arm64 -Xcc -I/Users/admin/builder/spi-builder-workspace/.derivedData/Build/Intermediates.noindex/LoudKit.build/Debug-watchos/LoudKit.build/DerivedSources/arm64 -Xcc -I/Users/admin/builder/spi-builder-workspace/.derivedData/Build/Intermediates.noindex/LoudKit.build/Debug-watchos/LoudKit.build/DerivedSources -Xcc -DSWIFT_PACKAGE -Xcc -DDEBUG\=1 -emit-objc-header -emit-objc-header-path /Users/admin/builder/spi-builder-workspace/.derivedData/Build/Intermediates.noindex/LoudKit.build/Debug-watchos/LoudKit.build/Objects-normal/arm64/LoudKit-Swift.h -working-directory /Users/admin/builder/spi-builder-workspace/.swiftpm/xcode -experimental-emit-module-separately -disable-cmo
SwiftDriverJobDiscovery normal arm64_32 Emitting module for LoudKit (in target 'LoudKit' from project 'LoudKit')
Ld /Users/admin/builder/spi-builder-workspace/.derivedData/Build/Intermediates.noindex/LoudKit.build/Debug-watchos/LoudKitText.build/Objects-normal/arm64_32/Binary/LoudKitText.o normal arm64_32 (in target 'LoudKitText' from project 'LoudKit')
cd /Users/admin/builder/spi-builder-workspace
/Applications/Xcode-16.3.0.app/Contents/Developer/Toolchains/XcodeDefault.xctoolchain/usr/bin/clang -Xlinker -reproducible -target arm64_32-apple-watchos10.0 -r -isysroot /Applications/Xcode-16.3.0.app/Contents/Developer/Platforms/WatchOS.platform/Developer/SDKs/WatchOS11.4.sdk -O0 -L/Users/admin/builder/spi-builder-workspace/.derivedData/Build/Intermediates.noindex/EagerLinkingTBDs/Debug-watchos -L/Users/admin/builder/spi-builder-workspace/.derivedData/Build/Products/Debug-watchos -L/Applications/Xcode-16.3.0.app/Contents/Developer/Platforms/WatchOS.platform/Developer/usr/lib -F/Users/admin/builder/spi-builder-workspace/.derivedData/Build/Intermediates.noindex/EagerLinkingTBDs/Debug-watchos -F/Users/admin/builder/spi-builder-workspace/.derivedData/Build/Products/Debug-watchos -iframework /Applications/Xcode-16.3.0.app/Contents/Developer/Platforms/WatchOS.platform/Developer/Library/Frameworks -iframework /Applications/Xcode-16.3.0.app/Contents/Developer/Platforms/WatchOS.platform/Developer/SDKs/WatchOS11.4.sdk/Developer/Library/Frameworks -filelist /Users/admin/builder/spi-builder-workspace/.derivedData/Build/Intermediates.noindex/LoudKit.build/Debug-watchos/LoudKitText.build/Objects-normal/arm64_32/LoudKitText.LinkFileList -nostdlib -Xlinker -object_path_lto -Xlinker /Users/admin/builder/spi-builder-workspace/.derivedData/Build/Intermediates.noindex/LoudKit.build/Debug-watchos/LoudKitText.build/Objects-normal/arm64_32/LoudKitText_lto.o -rdynamic -Xlinker -no_deduplicate -Xlinker -debug_variant -Xlinker -dependency_info -Xlinker /Users/admin/builder/spi-builder-workspace/.derivedData/Build/Intermediates.noindex/LoudKit.build/Debug-watchos/LoudKitText.build/Objects-normal/arm64_32/LoudKitText_dependency_info.dat -fobjc-link-runtime -L/Applications/Xcode-16.3.0.app/Contents/Developer/Toolchains/XcodeDefault.xctoolchain/usr/lib/swift/watchos -L/usr/lib/swift -Xlinker -add_ast_path -Xlinker /Users/admin/builder/spi-builder-workspace/.derivedData/Build/Intermediates.noindex/LoudKit.build/Debug-watchos/LoudKitText.build/Objects-normal/arm64_32/LoudKitText.swiftmodule -o /Users/admin/builder/spi-builder-workspace/.derivedData/Build/Intermediates.noindex/LoudKit.build/Debug-watchos/LoudKitText.build/Objects-normal/arm64_32/Binary/LoudKitText.o
SwiftDriver\ Compilation\ Requirements LoudKit normal arm64_32 com.apple.xcode.tools.swift.compiler (in target 'LoudKit' from project 'LoudKit')
cd /Users/admin/builder/spi-builder-workspace/.swiftpm/xcode
builtin-Swift-Compilation-Requirements -- /Applications/Xcode-16.3.0.app/Contents/Developer/Toolchains/XcodeDefault.xctoolchain/usr/bin/swiftc -module-name LoudKit -Onone -enforce-exclusivity\=checked @/Users/admin/builder/spi-builder-workspace/.derivedData/Build/Intermediates.noindex/LoudKit.build/Debug-watchos/LoudKit.build/Objects-normal/arm64_32/LoudKit.SwiftFileList -DSWIFT_PACKAGE -DDEBUG -stats-output-dir .stats -strict-concurrency\=complete -enable-upcoming-feature StrictConcurrency -enable-upcoming-feature DisableOutwardActorInference -enable-upcoming-feature GlobalActorIsolatedTypesUsability -enable-upcoming-feature InferSendableFromCaptures -plugin-path /Applications/Xcode-16.3.0.app/Contents/Developer/Toolchains/XcodeDefault.xctoolchain/usr/lib/swift/host/plugins/testing -enable-experimental-feature DebugDescriptionMacro -sdk /Applications/Xcode-16.3.0.app/Contents/Developer/Platforms/WatchOS.platform/Developer/SDKs/WatchOS11.4.sdk -target arm64_32-apple-watchos10.0 -g -module-cache-path /Users/admin/builder/spi-builder-workspace/.derivedData/ModuleCache.noindex -Xfrontend -serialize-debugging-options -profile-coverage-mapping -profile-generate -enable-testing -index-store-path /Users/admin/builder/spi-builder-workspace/.derivedData/Index.noindex/DataStore -swift-version 5 -I /Users/admin/builder/spi-builder-workspace/.derivedData/Build/Products/Debug-watchos -I /Applications/Xcode-16.3.0.app/Contents/Developer/Platforms/WatchOS.platform/Developer/usr/lib -F /Users/admin/builder/spi-builder-workspace/.derivedData/Build/Products/Debug-watchos/PackageFrameworks -F /Users/admin/builder/spi-builder-workspace/.derivedData/Build/Products/Debug-watchos -F /Applications/Xcode-16.3.0.app/Contents/Developer/Platforms/WatchOS.platform/Developer/Library/Frameworks -F /Applications/Xcode-16.3.0.app/Contents/Developer/Platforms/WatchOS.platform/Developer/SDKs/WatchOS11.4.sdk/Developer/Library/Frameworks -c -j10 -enable-batch-mode -incremental -Xcc -ivfsstatcache -Xcc /Users/admin/builder/spi-builder-workspace/.derivedData/SDKStatCaches.noindex/watchos11.4-22T246-43efb940ff07ba2497b70ec94253f576.sdkstatcache -output-file-map /Users/admin/builder/spi-builder-workspace/.derivedData/Build/Intermediates.noindex/LoudKit.build/Debug-watchos/LoudKit.build/Objects-normal/arm64_32/LoudKit-OutputFileMap.json -use-frontend-parseable-output -save-temps -no-color-diagnostics -serialize-diagnostics -emit-dependencies -emit-module -emit-module-path /Users/admin/builder/spi-builder-workspace/.derivedData/Build/Intermediates.noindex/LoudKit.build/Debug-watchos/LoudKit.build/Objects-normal/arm64_32/LoudKit.swiftmodule -validate-clang-modules-once -clang-build-session-file /Users/admin/builder/spi-builder-workspace/.derivedData/ModuleCache.noindex/Session.modulevalidation -package-name spi_builder_workspace -Xcc -I/Users/admin/builder/spi-builder-workspace/.derivedData/Build/Intermediates.noindex/LoudKit.build/Debug-watchos/LoudKit.build/swift-overrides.hmap -emit-const-values -Xfrontend -const-gather-protocols-file -Xfrontend /Users/admin/builder/spi-builder-workspace/.derivedData/Build/Intermediates.noindex/LoudKit.build/Debug-watchos/LoudKit.build/Objects-normal/arm64_32/LoudKit_const_extract_protocols.json -Xcc -I/Users/admin/builder/spi-builder-workspace/.derivedData/Build/Products/Debug-watchos/include -Xcc -I/Users/admin/builder/spi-builder-workspace/.derivedData/Build/Intermediates.noindex/LoudKit.build/Debug-watchos/LoudKit.build/DerivedSources-normal/arm64_32 -Xcc -I/Users/admin/builder/spi-builder-workspace/.derivedData/Build/Intermediates.noindex/LoudKit.build/Debug-watchos/LoudKit.build/DerivedSources/arm64_32 -Xcc -I/Users/admin/builder/spi-builder-workspace/.derivedData/Build/Intermediates.noindex/LoudKit.build/Debug-watchos/LoudKit.build/DerivedSources -Xcc -DSWIFT_PACKAGE -Xcc -DDEBUG\=1 -emit-objc-header -emit-objc-header-path /Users/admin/builder/spi-builder-workspace/.derivedData/Build/Intermediates.noindex/LoudKit.build/Debug-watchos/LoudKit.build/Objects-normal/arm64_32/LoudKit-Swift.h -working-directory /Users/admin/builder/spi-builder-workspace/.swiftpm/xcode -experimental-emit-module-separately -disable-cmo
CreateUniversalBinary /Users/admin/builder/spi-builder-workspace/.derivedData/Build/Products/Debug-watchos/LoudKitText.o normal arm64\ arm64_32 (in target 'LoudKitText' from project 'LoudKit')
cd /Users/admin/builder/spi-builder-workspace
/Applications/Xcode-16.3.0.app/Contents/Developer/Toolchains/XcodeDefault.xctoolchain/usr/bin/lipo -create /Users/admin/builder/spi-builder-workspace/.derivedData/Build/Intermediates.noindex/LoudKit.build/Debug-watchos/LoudKitText.build/Objects-normal/arm64/Binary/LoudKitText.o /Users/admin/builder/spi-builder-workspace/.derivedData/Build/Intermediates.noindex/LoudKit.build/Debug-watchos/LoudKitText.build/Objects-normal/arm64_32/Binary/LoudKitText.o -output /Users/admin/builder/spi-builder-workspace/.derivedData/Build/Products/Debug-watchos/LoudKitText.o
SwiftMergeGeneratedHeaders /Users/admin/builder/spi-builder-workspace/.derivedData/Build/Intermediates.noindex/GeneratedModuleMaps-watchos/LoudKit-Swift.h /Users/admin/builder/spi-builder-workspace/.derivedData/Build/Intermediates.noindex/LoudKit.build/Debug-watchos/LoudKit.build/Objects-normal/arm64/LoudKit-Swift.h /Users/admin/builder/spi-builder-workspace/.derivedData/Build/Intermediates.noindex/LoudKit.build/Debug-watchos/LoudKit.build/Objects-normal/arm64_32/LoudKit-Swift.h (in target 'LoudKit' from project 'LoudKit')
cd /Users/admin/builder/spi-builder-workspace
builtin-swiftHeaderTool -arch arm64 /Users/admin/builder/spi-builder-workspace/.derivedData/Build/Intermediates.noindex/LoudKit.build/Debug-watchos/LoudKit.build/Objects-normal/arm64/LoudKit-Swift.h -arch arm64_32 /Users/admin/builder/spi-builder-workspace/.derivedData/Build/Intermediates.noindex/LoudKit.build/Debug-watchos/LoudKit.build/Objects-normal/arm64_32/LoudKit-Swift.h -o /Users/admin/builder/spi-builder-workspace/.derivedData/Build/Intermediates.noindex/GeneratedModuleMaps-watchos/LoudKit-Swift.h
Copy /Users/admin/builder/spi-builder-workspace/.derivedData/Build/Products/Debug-watchos/LoudKit.swiftmodule/arm64_32-apple-watchos.swiftmodule /Users/admin/builder/spi-builder-workspace/.derivedData/Build/Intermediates.noindex/LoudKit.build/Debug-watchos/LoudKit.build/Objects-normal/arm64_32/LoudKit.swiftmodule (in target 'LoudKit' from project 'LoudKit')
cd /Users/admin/builder/spi-builder-workspace
builtin-copy -exclude .DS_Store -exclude CVS -exclude .svn -exclude .git -exclude .hg -resolve-src-symlinks -rename /Users/admin/builder/spi-builder-workspace/.derivedData/Build/Intermediates.noindex/LoudKit.build/Debug-watchos/LoudKit.build/Objects-normal/arm64_32/LoudKit.swiftmodule /Users/admin/builder/spi-builder-workspace/.derivedData/Build/Products/Debug-watchos/LoudKit.swiftmodule/arm64_32-apple-watchos.swiftmodule
Copy /Users/admin/builder/spi-builder-workspace/.derivedData/Build/Products/Debug-watchos/LoudKit.swiftmodule/arm64_32-apple-watchos.swiftdoc /Users/admin/builder/spi-builder-workspace/.derivedData/Build/Intermediates.noindex/LoudKit.build/Debug-watchos/LoudKit.build/Objects-normal/arm64_32/LoudKit.swiftdoc (in target 'LoudKit' from project 'LoudKit')
cd /Users/admin/builder/spi-builder-workspace
builtin-copy -exclude .DS_Store -exclude CVS -exclude .svn -exclude .git -exclude .hg -resolve-src-symlinks -rename /Users/admin/builder/spi-builder-workspace/.derivedData/Build/Intermediates.noindex/LoudKit.build/Debug-watchos/LoudKit.build/Objects-normal/arm64_32/LoudKit.swiftdoc /Users/admin/builder/spi-builder-workspace/.derivedData/Build/Products/Debug-watchos/LoudKit.swiftmodule/arm64_32-apple-watchos.swiftdoc
Copy /Users/admin/builder/spi-builder-workspace/.derivedData/Build/Products/Debug-watchos/LoudKit.swiftmodule/arm64_32-apple-watchos.abi.json /Users/admin/builder/spi-builder-workspace/.derivedData/Build/Intermediates.noindex/LoudKit.build/Debug-watchos/LoudKit.build/Objects-normal/arm64_32/LoudKit.abi.json (in target 'LoudKit' from project 'LoudKit')
cd /Users/admin/builder/spi-builder-workspace
builtin-copy -exclude .DS_Store -exclude CVS -exclude .svn -exclude .git -exclude .hg -resolve-src-symlinks -rename /Users/admin/builder/spi-builder-workspace/.derivedData/Build/Intermediates.noindex/LoudKit.build/Debug-watchos/LoudKit.build/Objects-normal/arm64_32/LoudKit.abi.json /Users/admin/builder/spi-builder-workspace/.derivedData/Build/Products/Debug-watchos/LoudKit.swiftmodule/arm64_32-apple-watchos.abi.json
Copy /Users/admin/builder/spi-builder-workspace/.derivedData/Build/Products/Debug-watchos/LoudKit.swiftmodule/arm64-apple-watchos.swiftmodule /Users/admin/builder/spi-builder-workspace/.derivedData/Build/Intermediates.noindex/LoudKit.build/Debug-watchos/LoudKit.build/Objects-normal/arm64/LoudKit.swiftmodule (in target 'LoudKit' from project 'LoudKit')
cd /Users/admin/builder/spi-builder-workspace
builtin-copy -exclude .DS_Store -exclude CVS -exclude .svn -exclude .git -exclude .hg -resolve-src-symlinks -rename /Users/admin/builder/spi-builder-workspace/.derivedData/Build/Intermediates.noindex/LoudKit.build/Debug-watchos/LoudKit.build/Objects-normal/arm64/LoudKit.swiftmodule /Users/admin/builder/spi-builder-workspace/.derivedData/Build/Products/Debug-watchos/LoudKit.swiftmodule/arm64-apple-watchos.swiftmodule
Copy /Users/admin/builder/spi-builder-workspace/.derivedData/Build/Products/Debug-watchos/LoudKit.swiftmodule/arm64-apple-watchos.swiftdoc /Users/admin/builder/spi-builder-workspace/.derivedData/Build/Intermediates.noindex/LoudKit.build/Debug-watchos/LoudKit.build/Objects-normal/arm64/LoudKit.swiftdoc (in target 'LoudKit' from project 'LoudKit')
cd /Users/admin/builder/spi-builder-workspace
builtin-copy -exclude .DS_Store -exclude CVS -exclude .svn -exclude .git -exclude .hg -resolve-src-symlinks -rename /Users/admin/builder/spi-builder-workspace/.derivedData/Build/Intermediates.noindex/LoudKit.build/Debug-watchos/LoudKit.build/Objects-normal/arm64/LoudKit.swiftdoc /Users/admin/builder/spi-builder-workspace/.derivedData/Build/Products/Debug-watchos/LoudKit.swiftmodule/arm64-apple-watchos.swiftdoc
SwiftDriverJobDiscovery normal arm64_32 Compiling TimeStretch.swift, Timing.swift (in target 'LoudKit' from project 'LoudKit')
Copy /Users/admin/builder/spi-builder-workspace/.derivedData/Build/Products/Debug-watchos/LoudKit.swiftmodule/arm64-apple-watchos.abi.json /Users/admin/builder/spi-builder-workspace/.derivedData/Build/Intermediates.noindex/LoudKit.build/Debug-watchos/LoudKit.build/Objects-normal/arm64/LoudKit.abi.json (in target 'LoudKit' from project 'LoudKit')
cd /Users/admin/builder/spi-builder-workspace
builtin-copy -exclude .DS_Store -exclude CVS -exclude .svn -exclude .git -exclude .hg -resolve-src-symlinks -rename /Users/admin/builder/spi-builder-workspace/.derivedData/Build/Intermediates.noindex/LoudKit.build/Debug-watchos/LoudKit.build/Objects-normal/arm64/LoudKit.abi.json /Users/admin/builder/spi-builder-workspace/.derivedData/Build/Products/Debug-watchos/LoudKit.swiftmodule/arm64-apple-watchos.abi.json
Copy /Users/admin/builder/spi-builder-workspace/.derivedData/Build/Products/Debug-watchos/LoudKit.swiftmodule/Project/arm64_32-apple-watchos.swiftsourceinfo /Users/admin/builder/spi-builder-workspace/.derivedData/Build/Intermediates.noindex/LoudKit.build/Debug-watchos/LoudKit.build/Objects-normal/arm64_32/LoudKit.swiftsourceinfo (in target 'LoudKit' from project 'LoudKit')
cd /Users/admin/builder/spi-builder-workspace
builtin-copy -exclude .DS_Store -exclude CVS -exclude .svn -exclude .git -exclude .hg -resolve-src-symlinks -rename /Users/admin/builder/spi-builder-workspace/.derivedData/Build/Intermediates.noindex/LoudKit.build/Debug-watchos/LoudKit.build/Objects-normal/arm64_32/LoudKit.swiftsourceinfo /Users/admin/builder/spi-builder-workspace/.derivedData/Build/Products/Debug-watchos/LoudKit.swiftmodule/Project/arm64_32-apple-watchos.swiftsourceinfo
Copy /Users/admin/builder/spi-builder-workspace/.derivedData/Build/Products/Debug-watchos/LoudKit.swiftmodule/Project/arm64-apple-watchos.swiftsourceinfo /Users/admin/builder/spi-builder-workspace/.derivedData/Build/Intermediates.noindex/LoudKit.build/Debug-watchos/LoudKit.build/Objects-normal/arm64/LoudKit.swiftsourceinfo (in target 'LoudKit' from project 'LoudKit')
cd /Users/admin/builder/spi-builder-workspace
builtin-copy -exclude .DS_Store -exclude CVS -exclude .svn -exclude .git -exclude .hg -resolve-src-symlinks -rename /Users/admin/builder/spi-builder-workspace/.derivedData/Build/Intermediates.noindex/LoudKit.build/Debug-watchos/LoudKit.build/Objects-normal/arm64/LoudKit.swiftsourceinfo /Users/admin/builder/spi-builder-workspace/.derivedData/Build/Products/Debug-watchos/LoudKit.swiftmodule/Project/arm64-apple-watchos.swiftsourceinfo
SwiftCompile normal arm64 Compiling\ TokenGenerator.swift,\ VoiceProfile.swift /Users/admin/builder/spi-builder-workspace/swift/LoudKit/TokenGenerator.swift /Users/admin/builder/spi-builder-workspace/swift/LoudKit/VoiceProfile.swift (in target 'LoudKit' from project 'LoudKit')
SwiftCompile normal arm64 /Users/admin/builder/spi-builder-workspace/swift/LoudKit/TokenGenerator.swift (in target 'LoudKit' from project 'LoudKit')
cd /Users/admin/builder/spi-builder-workspace/.swiftpm/xcode
SwiftCompile normal arm64 /Users/admin/builder/spi-builder-workspace/swift/LoudKit/VoiceProfile.swift (in target 'LoudKit' from project 'LoudKit')
cd /Users/admin/builder/spi-builder-workspace/.swiftpm/xcode
SwiftCompile normal arm64_32 Compiling\ Engine.swift,\ Enrollment.swift,\ Hub.swift /Users/admin/builder/spi-builder-workspace/swift/LoudKit/Engine.swift /Users/admin/builder/spi-builder-workspace/swift/LoudKit/Enrollment.swift /Users/admin/builder/spi-builder-workspace/swift/LoudKit/Hub.swift (in target 'LoudKit' from project 'LoudKit')
SwiftCompile normal arm64_32 /Users/admin/builder/spi-builder-workspace/swift/LoudKit/Engine.swift (in target 'LoudKit' from project 'LoudKit')
cd /Users/admin/builder/spi-builder-workspace/.swiftpm/xcode
SwiftCompile normal arm64_32 /Users/admin/builder/spi-builder-workspace/swift/LoudKit/Enrollment.swift (in target 'LoudKit' from project 'LoudKit')
cd /Users/admin/builder/spi-builder-workspace/.swiftpm/xcode
SwiftCompile normal arm64_32 /Users/admin/builder/spi-builder-workspace/swift/LoudKit/Hub.swift (in target 'LoudKit' from project 'LoudKit')
cd /Users/admin/builder/spi-builder-workspace/.swiftpm/xcode
SwiftCompile normal arm64_32 Compiling\ ManifestReader.swift,\ ModelBundle.swift,\ Noise.swift /Users/admin/builder/spi-builder-workspace/swift/LoudKit/ManifestReader.swift /Users/admin/builder/spi-builder-workspace/swift/LoudKit/ModelBundle.swift /Users/admin/builder/spi-builder-workspace/swift/LoudKit/Noise.swift (in target 'LoudKit' from project 'LoudKit')
SwiftCompile normal arm64_32 /Users/admin/builder/spi-builder-workspace/swift/LoudKit/ManifestReader.swift (in target 'LoudKit' from project 'LoudKit')
cd /Users/admin/builder/spi-builder-workspace/.swiftpm/xcode
SwiftCompile normal arm64_32 /Users/admin/builder/spi-builder-workspace/swift/LoudKit/ModelBundle.swift (in target 'LoudKit' from project 'LoudKit')
cd /Users/admin/builder/spi-builder-workspace/.swiftpm/xcode
SwiftCompile normal arm64_32 /Users/admin/builder/spi-builder-workspace/swift/LoudKit/Noise.swift (in target 'LoudKit' from project 'LoudKit')
cd /Users/admin/builder/spi-builder-workspace/.swiftpm/xcode
SwiftDriverJobDiscovery normal arm64_32 Compiling Sampler.swift, TextFrontend.swift (in target 'LoudKit' from project 'LoudKit')
SwiftCompile normal arm64 Compiling\ TimeStretch.swift,\ Timing.swift /Users/admin/builder/spi-builder-workspace/swift/LoudKit/TimeStretch.swift /Users/admin/builder/spi-builder-workspace/swift/LoudKit/Timing.swift (in target 'LoudKit' from project 'LoudKit')
Command SwiftCompile failed with a nonzero exit code
** BUILD FAILED **
The following build commands failed:
SwiftCompile normal arm64_32 /Users/admin/builder/spi-builder-workspace/swift/LoudKit/Renderer.swift (in target 'LoudKit' from project 'LoudKit')
SwiftCompile normal arm64_32 Compiling\ Renderer.swift,\ Safetensors.swift /Users/admin/builder/spi-builder-workspace/swift/LoudKit/Renderer.swift /Users/admin/builder/spi-builder-workspace/swift/LoudKit/Safetensors.swift (in target 'LoudKit' from project 'LoudKit')
SwiftCompile normal arm64 Compiling\ TimeStretch.swift,\ Timing.swift /Users/admin/builder/spi-builder-workspace/swift/LoudKit/TimeStretch.swift /Users/admin/builder/spi-builder-workspace/swift/LoudKit/Timing.swift (in target 'LoudKit' from project 'LoudKit')
Building workspace spi-builder-workspace with scheme LoudKit-Package
(4 failures)
Command line invocation:
/Applications/Xcode-16.3.0.app/Contents/Developer/usr/bin/xcodebuild -IDEClonedSourcePackagesDirPathOverride=/Users/admin/builder/spi-builder-workspace/.dependencies -resolvePackageDependencies
Resolve Package Graph
Resolved source packages:
LoudKit: /Users/admin/builder/spi-builder-workspace
resolved source packages: LoudKit
{
"dependencies" : [
],
"manifest_display_name" : "LoudKit",
"name" : "LoudKit",
"path" : "/Users/admin/builder/spi-builder-workspace",
"platforms" : [
{
"name" : "macos",
"version" : "14.0"
},
{
"name" : "ios",
"version" : "17.0"
}
],
"products" : [
{
"name" : "LoudKit",
"targets" : [
"LoudKit"
],
"type" : {
"library" : [
"automatic"
]
}
},
{
"name" : "LoudKitText",
"targets" : [
"LoudKitText"
],
"type" : {
"library" : [
"automatic"
]
}
},
{
"name" : "Hello",
"targets" : [
"Hello"
],
"type" : {
"executable" : null
}
}
],
"targets" : [
{
"c99name" : "LoudKitTextTests",
"module_type" : "SwiftTarget",
"name" : "LoudKitTextTests",
"path" : "tests/LoudKitTextTests",
"sources" : [
"GrammarDigestTests.swift",
"NotQuantityTests.swift",
"NumbersTests.swift",
"RespellingTests.swift",
"SpeechFunnelTests.swift"
],
"target_dependencies" : [
"LoudKitText"
],
"type" : "test"
},
{
"c99name" : "LoudKitText",
"module_type" : "SwiftTarget",
"name" : "LoudKitText",
"path" : "swift/LoudKitText",
"product_memberships" : [
"LoudKit",
"LoudKitText",
"Hello"
],
"resources" : [
{
"path" : "/Users/admin/builder/spi-builder-workspace/swift/LoudKitText/Resources/numbers.json",
"rule" : {
"copy" : {
}
}
},
{
"path" : "/Users/admin/builder/spi-builder-workspace/swift/LoudKitText/Resources/numerals.json",
"rule" : {
"copy" : {
}
}
},
{
"path" : "/Users/admin/builder/spi-builder-workspace/swift/LoudKitText/Resources/pl_en_respell.json",
"rule" : {
"copy" : {
}
}
},
{
"path" : "/Users/admin/builder/spi-builder-workspace/swift/LoudKitText/Resources/pl_respell_rules.json",
"rule" : {
"copy" : {
}
}
}
],
"sources" : [
"Assets.swift",
"Dates.swift",
"Letters.swift",
"LexicalRespelling.swift",
"Log.swift",
"Numbers.swift",
"Numerals.swift",
"SpeechText.swift"
],
"type" : "library"
},
{
"c99name" : "LoudKitTests",
"module_type" : "SwiftTarget",
"name" : "LoudKitTests",
"path" : "tests/LoudKitTests",
"sources" : [
"AbbreviationBoundaryTests.swift",
"BundleTests.swift",
"CancelTests.swift",
"CarryFromTests.swift",
"ChunkTrimTests.swift",
"ChunkingTests.swift",
"ConfigTests.swift",
"ConformanceTests.swift",
"DocCommentTests.swift",
"DownloadTests.swift",
"EndToEndTests.swift",
"EngineDoorsTests.swift",
"EnrollmentTests.swift",
"ExportRecordTests.swift",
"Fixture.swift",
"GeneratorBenchTests.swift",
"GraphemeComparisonTests.swift",
"LanguageTests.swift",
"ManifestFreezeTests.swift",
"PairDecoderTests.swift",
"PostprocessTests.swift",
"ReaderDoorTests.swift",
"SafetensorsTests.swift",
"SnippetTests.swift",
"TimeStretchTests.swift",
"TimingTests.swift",
"VoiceRoundtripTests.swift",
"WavTests.swift"
],
"target_dependencies" : [
"LoudKit"
],
"type" : "test"
},
{
"c99name" : "LoudKit",
"module_type" : "SwiftTarget",
"name" : "LoudKit",
"path" : "swift/LoudKit",
"product_memberships" : [
"LoudKit",
"Hello"
],
"resources" : [
{
"path" : "/Users/admin/builder/spi-builder-workspace/swift/LoudKit/Resources",
"rule" : {
"copy" : {
}
}
}
],
"sources" : [
"AudioFile.swift",
"Checkpoint.swift",
"Checksums.swift",
"Chunking.swift",
"Config.swift",
"Engine.swift",
"Enrollment.swift",
"Hub.swift",
"ManifestReader.swift",
"ModelBundle.swift",
"Noise.swift",
"Philox.swift",
"Postprocess.swift",
"Renderer.swift",
"Safetensors.swift",
"Sampler.swift",
"TextFrontend.swift",
"TimeStretch.swift",
"Timing.swift",
"TokenGenerator.swift",
"VoiceProfile.swift",
"Wav.swift",
"Windowing.swift"
],
"target_dependencies" : [
"LoudKitText"
],
"type" : "library"
},
{
"c99name" : "Hello",
"module_type" : "SwiftTarget",
"name" : "Hello",
"path" : "swift/Examples/Hello",
"product_memberships" : [
"Hello"
],
"sources" : [
"main.swift"
],
"target_dependencies" : [
"LoudKit"
],
"type" : "executable"
}
],
"tools_version" : "5.9"
}
{
"workspace" : {
"name" : "spi-builder-workspace",
"schemes" : [
"Hello",
"LoudKit",
"LoudKit-Package",
"LoudKitText"
]
}
}
Running build ...
env DEVELOPER_DIR=/Applications/Xcode-16.3.0.app xcrun xcodebuild -IDEClonedSourcePackagesDirPathOverride=$PWD/.dependencies -skipMacroValidation -skipPackagePluginValidation -derivedDataPath $PWD/.derivedData build -scheme LoudKit-Package -destination generic/platform=watchOS
Command line invocation:
/Applications/Xcode-16.3.0.app/Contents/Developer/usr/bin/xcodebuild -IDEClonedSourcePackagesDirPathOverride=/Users/admin/builder/spi-builder-workspace/.dependencies -skipMacroValidation -skipPackagePluginValidation -derivedDataPath /Users/admin/builder/spi-builder-workspace/.derivedData build -scheme LoudKit-Package -destination generic/platform=watchOS
Resolve Package Graph
Resolved source packages:
LoudKit: /Users/admin/builder/spi-builder-workspace
ComputePackagePrebuildTargetDependencyGraph
Prepare packages
CreateBuildRequest
SendProjectDescription
CreateBuildOperation
ComputeTargetDependencyGraph
note: Building targets in dependency order
note: Target dependency graph (7 targets)
Target 'Hello' in project 'LoudKit'
➜ Explicit dependency on target 'LoudKitText' in project 'LoudKit'
➜ Explicit dependency on target 'LoudKit' in project 'LoudKit'
Target 'LoudKitText' in project 'LoudKit'
➜ Explicit dependency on target 'LoudKitText' in project 'LoudKit'
➜ Explicit dependency on target 'LoudKit_LoudKitText' in project 'LoudKit'
Target 'LoudKit' in project 'LoudKit'
➜ Explicit dependency on target 'LoudKit' in project 'LoudKit'
➜ Explicit dependency on target 'LoudKit_LoudKit' in project 'LoudKit'
➜ Explicit dependency on target 'LoudKitText' in project 'LoudKit'
Target 'LoudKit' in project 'LoudKit'
➜ Explicit dependency on target 'LoudKit_LoudKit' in project 'LoudKit'
➜ Explicit dependency on target 'LoudKitText' in project 'LoudKit'
Target 'LoudKitText' in project 'LoudKit'
➜ Explicit dependency on target 'LoudKit_LoudKitText' in project 'LoudKit'
Target 'LoudKit_LoudKitText' in project 'LoudKit' (no dependencies)
Target 'LoudKit_LoudKit' in project 'LoudKit' (no dependencies)
GatherProvisioningInputs
CreateBuildDescription
ExecuteExternalTool /Applications/Xcode-16.3.0.app/Contents/Developer/Toolchains/XcodeDefault.xctoolchain/usr/bin/swiftc --version
ExecuteExternalTool /Applications/Xcode-16.3.0.app/Contents/Developer/Toolchains/XcodeDefault.xctoolchain/usr/bin/clang -v -E -dM -isysroot /Applications/Xcode-16.3.0.app/Contents/Developer/Platforms/WatchOS.platform/Developer/SDKs/WatchOS11.4.sdk -x c -c /dev/null
ExecuteExternalTool /Applications/Xcode-16.3.0.app/Contents/Developer/Toolchains/XcodeDefault.xctoolchain/usr/bin/ld -version_details
Build description signature: bbf6307901d6b7aaac427795559a3aff
Build description path: /Users/admin/builder/spi-builder-workspace/.derivedData/Build/Intermediates.noindex/XCBuildData/bbf6307901d6b7aaac427795559a3aff.xcbuilddata
ClangStatCache /Applications/Xcode-16.3.0.app/Contents/Developer/Toolchains/XcodeDefault.xctoolchain/usr/bin/clang-stat-cache /Applications/Xcode-16.3.0.app/Contents/Developer/Platforms/WatchOS.platform/Developer/SDKs/WatchOS11.4.sdk /Users/admin/builder/spi-builder-workspace/.derivedData/SDKStatCaches.noindex/watchos11.4-22T246-43efb940ff07ba2497b70ec94253f576.sdkstatcache
cd /Users/admin/builder/spi-builder-workspace/.swiftpm/xcode
/Applications/Xcode-16.3.0.app/Contents/Developer/Toolchains/XcodeDefault.xctoolchain/usr/bin/clang-stat-cache /Applications/Xcode-16.3.0.app/Contents/Developer/Platforms/WatchOS.platform/Developer/SDKs/WatchOS11.4.sdk -o /Users/admin/builder/spi-builder-workspace/.derivedData/SDKStatCaches.noindex/watchos11.4-22T246-43efb940ff07ba2497b70ec94253f576.sdkstatcache
ProcessInfoPlistFile /Users/admin/builder/spi-builder-workspace/.derivedData/Build/Products/Debug-watchos/LoudKit_LoudKitText.bundle/Info.plist /Users/admin/builder/spi-builder-workspace/.derivedData/Build/Intermediates.noindex/LoudKit.build/Debug-watchos/LoudKit_LoudKitText.build/empty-LoudKit_LoudKitText.plist (in target 'LoudKit_LoudKitText' from project 'LoudKit')
cd /Users/admin/builder/spi-builder-workspace
builtin-infoPlistUtility /Users/admin/builder/spi-builder-workspace/.derivedData/Build/Intermediates.noindex/LoudKit.build/Debug-watchos/LoudKit_LoudKitText.build/empty-LoudKit_LoudKitText.plist -producttype com.apple.product-type.bundle -expandbuildsettings -format binary -platform watchos -o /Users/admin/builder/spi-builder-workspace/.derivedData/Build/Products/Debug-watchos/LoudKit_LoudKitText.bundle/Info.plist
ProcessInfoPlistFile /Users/admin/builder/spi-builder-workspace/.derivedData/Build/Products/Debug-watchos/LoudKit_LoudKit.bundle/Info.plist /Users/admin/builder/spi-builder-workspace/.derivedData/Build/Intermediates.noindex/LoudKit.build/Debug-watchos/LoudKit_LoudKit.build/empty-LoudKit_LoudKit.plist (in target 'LoudKit_LoudKit' from project 'LoudKit')
cd /Users/admin/builder/spi-builder-workspace
builtin-infoPlistUtility /Users/admin/builder/spi-builder-workspace/.derivedData/Build/Intermediates.noindex/LoudKit.build/Debug-watchos/LoudKit_LoudKit.build/empty-LoudKit_LoudKit.plist -producttype com.apple.product-type.bundle -expandbuildsettings -format binary -platform watchos -o /Users/admin/builder/spi-builder-workspace/.derivedData/Build/Products/Debug-watchos/LoudKit_LoudKit.bundle/Info.plist
SwiftDriver LoudKitText normal arm64_32 com.apple.xcode.tools.swift.compiler (in target 'LoudKitText' from project 'LoudKit')
cd /Users/admin/builder/spi-builder-workspace/.swiftpm/xcode
builtin-SwiftDriver -- /Applications/Xcode-16.3.0.app/Contents/Developer/Toolchains/XcodeDefault.xctoolchain/usr/bin/swiftc -module-name LoudKitText -Onone -enforce-exclusivity\=checked @/Users/admin/builder/spi-builder-workspace/.derivedData/Build/Intermediates.noindex/LoudKit.build/Debug-watchos/LoudKitText.build/Objects-normal/arm64_32/LoudKitText.SwiftFileList -DSWIFT_PACKAGE -DDEBUG -DXcode -plugin-path /Applications/Xcode-16.3.0.app/Contents/Developer/Toolchains/XcodeDefault.xctoolchain/usr/lib/swift/host/plugins/testing -enable-experimental-feature DebugDescriptionMacro -sdk /Applications/Xcode-16.3.0.app/Contents/Developer/Platforms/WatchOS.platform/Developer/SDKs/WatchOS11.4.sdk -target arm64_32-apple-watchos10.0 -g -module-cache-path /Users/admin/builder/spi-builder-workspace/.derivedData/ModuleCache.noindex -Xfrontend -serialize-debugging-options -profile-coverage-mapping -profile-generate -enable-testing -index-store-path /Users/admin/builder/spi-builder-workspace/.derivedData/Index.noindex/DataStore -swift-version 5 -I /Users/admin/builder/spi-builder-workspace/.derivedData/Build/Products/Debug-watchos -I /Applications/Xcode-16.3.0.app/Contents/Developer/Platforms/WatchOS.platform/Developer/usr/lib -F /Users/admin/builder/spi-builder-workspace/.derivedData/Build/Products/Debug-watchos -F /Applications/Xcode-16.3.0.app/Contents/Developer/Platforms/WatchOS.platform/Developer/Library/Frameworks -F /Applications/Xcode-16.3.0.app/Contents/Developer/Platforms/WatchOS.platform/Developer/SDKs/WatchOS11.4.sdk/Developer/Library/Frameworks -c -j10 -enable-batch-mode -incremental -Xcc -ivfsstatcache -Xcc /Users/admin/builder/spi-builder-workspace/.derivedData/SDKStatCaches.noindex/watchos11.4-22T246-43efb940ff07ba2497b70ec94253f576.sdkstatcache -output-file-map /Users/admin/builder/spi-builder-workspace/.derivedData/Build/Intermediates.noindex/LoudKit.build/Debug-watchos/LoudKitText.build/Objects-normal/arm64_32/LoudKitText-OutputFileMap.json -use-frontend-parseable-output -save-temps -no-color-diagnostics -serialize-diagnostics -emit-dependencies -emit-module -emit-module-path /Users/admin/builder/spi-builder-workspace/.derivedData/Build/Intermediates.noindex/LoudKit.build/Debug-watchos/LoudKitText.build/Objects-normal/arm64_32/LoudKitText.swiftmodule -validate-clang-modules-once -clang-build-session-file /Users/admin/builder/spi-builder-workspace/.derivedData/ModuleCache.noindex/Session.modulevalidation -package-name spi_builder_workspace -Xcc -I/Users/admin/builder/spi-builder-workspace/.derivedData/Build/Intermediates.noindex/LoudKit.build/Debug-watchos/LoudKitText.build/swift-overrides.hmap -emit-const-values -Xfrontend -const-gather-protocols-file -Xfrontend /Users/admin/builder/spi-builder-workspace/.derivedData/Build/Intermediates.noindex/LoudKit.build/Debug-watchos/LoudKitText.build/Objects-normal/arm64_32/LoudKitText_const_extract_protocols.json -Xcc -I/Users/admin/builder/spi-builder-workspace/.derivedData/Build/Products/Debug-watchos/include -Xcc -I/Users/admin/builder/spi-builder-workspace/.derivedData/Build/Intermediates.noindex/LoudKit.build/Debug-watchos/LoudKitText.build/DerivedSources-normal/arm64_32 -Xcc -I/Users/admin/builder/spi-builder-workspace/.derivedData/Build/Intermediates.noindex/LoudKit.build/Debug-watchos/LoudKitText.build/DerivedSources/arm64_32 -Xcc -I/Users/admin/builder/spi-builder-workspace/.derivedData/Build/Intermediates.noindex/LoudKit.build/Debug-watchos/LoudKitText.build/DerivedSources -Xcc -DSWIFT_PACKAGE -Xcc -DDEBUG\=1 -emit-objc-header -emit-objc-header-path /Users/admin/builder/spi-builder-workspace/.derivedData/Build/Intermediates.noindex/LoudKit.build/Debug-watchos/LoudKitText.build/Objects-normal/arm64_32/LoudKitText-Swift.h -working-directory /Users/admin/builder/spi-builder-workspace/.swiftpm/xcode -experimental-emit-module-separately -disable-cmo
SwiftDriver LoudKitText normal arm64 com.apple.xcode.tools.swift.compiler (in target 'LoudKitText' from project 'LoudKit')
cd /Users/admin/builder/spi-builder-workspace/.swiftpm/xcode
builtin-SwiftDriver -- /Applications/Xcode-16.3.0.app/Contents/Developer/Toolchains/XcodeDefault.xctoolchain/usr/bin/swiftc -module-name LoudKitText -Onone -enforce-exclusivity\=checked @/Users/admin/builder/spi-builder-workspace/.derivedData/Build/Intermediates.noindex/LoudKit.build/Debug-watchos/LoudKitText.build/Objects-normal/arm64/LoudKitText.SwiftFileList -DSWIFT_PACKAGE -DDEBUG -DXcode -plugin-path /Applications/Xcode-16.3.0.app/Contents/Developer/Toolchains/XcodeDefault.xctoolchain/usr/lib/swift/host/plugins/testing -enable-experimental-feature DebugDescriptionMacro -sdk /Applications/Xcode-16.3.0.app/Contents/Developer/Platforms/WatchOS.platform/Developer/SDKs/WatchOS11.4.sdk -target arm64-apple-watchos10.0 -g -module-cache-path /Users/admin/builder/spi-builder-workspace/.derivedData/ModuleCache.noindex -Xfrontend -serialize-debugging-options -profile-coverage-mapping -profile-generate -enable-testing -index-store-path /Users/admin/builder/spi-builder-workspace/.derivedData/Index.noindex/DataStore -swift-version 5 -I /Users/admin/builder/spi-builder-workspace/.derivedData/Build/Products/Debug-watchos -I /Applications/Xcode-16.3.0.app/Contents/Developer/Platforms/WatchOS.platform/Developer/usr/lib -F /Users/admin/builder/spi-builder-workspace/.derivedData/Build/Products/Debug-watchos -F /Applications/Xcode-16.3.0.app/Contents/Developer/Platforms/WatchOS.platform/Developer/Library/Frameworks -F /Applications/Xcode-16.3.0.app/Contents/Developer/Platforms/WatchOS.platform/Developer/SDKs/WatchOS11.4.sdk/Developer/Library/Frameworks -c -j10 -enable-batch-mode -incremental -Xcc -ivfsstatcache -Xcc /Users/admin/builder/spi-builder-workspace/.derivedData/SDKStatCaches.noindex/watchos11.4-22T246-43efb940ff07ba2497b70ec94253f576.sdkstatcache -output-file-map /Users/admin/builder/spi-builder-workspace/.derivedData/Build/Intermediates.noindex/LoudKit.build/Debug-watchos/LoudKitText.build/Objects-normal/arm64/LoudKitText-OutputFileMap.json -use-frontend-parseable-output -save-temps -no-color-diagnostics -serialize-diagnostics -emit-dependencies -emit-module -emit-module-path /Users/admin/builder/spi-builder-workspace/.derivedData/Build/Intermediates.noindex/LoudKit.build/Debug-watchos/LoudKitText.build/Objects-normal/arm64/LoudKitText.swiftmodule -validate-clang-modules-once -clang-build-session-file /Users/admin/builder/spi-builder-workspace/.derivedData/ModuleCache.noindex/Session.modulevalidation -package-name spi_builder_workspace -Xcc -I/Users/admin/builder/spi-builder-workspace/.derivedData/Build/Intermediates.noindex/LoudKit.build/Debug-watchos/LoudKitText.build/swift-overrides.hmap -emit-const-values -Xfrontend -const-gather-protocols-file -Xfrontend /Users/admin/builder/spi-builder-workspace/.derivedData/Build/Intermediates.noindex/LoudKit.build/Debug-watchos/LoudKitText.build/Objects-normal/arm64/LoudKitText_const_extract_protocols.json -Xcc -I/Users/admin/builder/spi-builder-workspace/.derivedData/Build/Products/Debug-watchos/include -Xcc -I/Users/admin/builder/spi-builder-workspace/.derivedData/Build/Intermediates.noindex/LoudKit.build/Debug-watchos/LoudKitText.build/DerivedSources-normal/arm64 -Xcc -I/Users/admin/builder/spi-builder-workspace/.derivedData/Build/Intermediates.noindex/LoudKit.build/Debug-watchos/LoudKitText.build/DerivedSources/arm64 -Xcc -I/Users/admin/builder/spi-builder-workspace/.derivedData/Build/Intermediates.noindex/LoudKit.build/Debug-watchos/LoudKitText.build/DerivedSources -Xcc -DSWIFT_PACKAGE -Xcc -DDEBUG\=1 -emit-objc-header -emit-objc-header-path /Users/admin/builder/spi-builder-workspace/.derivedData/Build/Intermediates.noindex/LoudKit.build/Debug-watchos/LoudKitText.build/Objects-normal/arm64/LoudKitText-Swift.h -working-directory /Users/admin/builder/spi-builder-workspace/.swiftpm/xcode -experimental-emit-module-separately -disable-cmo
SwiftEmitModule normal arm64 Emitting\ module\ for\ LoudKitText (in target 'LoudKitText' from project 'LoudKit')
EmitSwiftModule normal arm64 (in target 'LoudKitText' from project 'LoudKit')
cd /Users/admin/builder/spi-builder-workspace/.swiftpm/xcode
SwiftCompile normal arm64 Compiling\ Log.swift /Users/admin/builder/spi-builder-workspace/swift/LoudKitText/Log.swift (in target 'LoudKitText' from project 'LoudKit')
SwiftCompile normal arm64 /Users/admin/builder/spi-builder-workspace/swift/LoudKitText/Log.swift (in target 'LoudKitText' from project 'LoudKit')
cd /Users/admin/builder/spi-builder-workspace/.swiftpm/xcode
SwiftCompile normal arm64 Compiling\ resource_bundle_accessor.swift /Users/admin/builder/spi-builder-workspace/.derivedData/Build/Intermediates.noindex/LoudKit.build/Debug-watchos/LoudKitText.build/DerivedSources/resource_bundle_accessor.swift (in target 'LoudKitText' from project 'LoudKit')
SwiftCompile normal arm64 /Users/admin/builder/spi-builder-workspace/.derivedData/Build/Intermediates.noindex/LoudKit.build/Debug-watchos/LoudKitText.build/DerivedSources/resource_bundle_accessor.swift (in target 'LoudKitText' from project 'LoudKit')
cd /Users/admin/builder/spi-builder-workspace/.swiftpm/xcode
SwiftCompile normal arm64 Compiling\ Dates.swift /Users/admin/builder/spi-builder-workspace/swift/LoudKitText/Dates.swift (in target 'LoudKitText' from project 'LoudKit')
SwiftCompile normal arm64 /Users/admin/builder/spi-builder-workspace/swift/LoudKitText/Dates.swift (in target 'LoudKitText' from project 'LoudKit')
cd /Users/admin/builder/spi-builder-workspace/.swiftpm/xcode
SwiftCompile normal arm64 Compiling\ Letters.swift /Users/admin/builder/spi-builder-workspace/swift/LoudKitText/Letters.swift (in target 'LoudKitText' from project 'LoudKit')
SwiftCompile normal arm64 /Users/admin/builder/spi-builder-workspace/swift/LoudKitText/Letters.swift (in target 'LoudKitText' from project 'LoudKit')
cd /Users/admin/builder/spi-builder-workspace/.swiftpm/xcode
SwiftCompile normal arm64 Compiling\ LexicalRespelling.swift /Users/admin/builder/spi-builder-workspace/swift/LoudKitText/LexicalRespelling.swift (in target 'LoudKitText' from project 'LoudKit')
SwiftCompile normal arm64 /Users/admin/builder/spi-builder-workspace/swift/LoudKitText/LexicalRespelling.swift (in target 'LoudKitText' from project 'LoudKit')
cd /Users/admin/builder/spi-builder-workspace/.swiftpm/xcode
SwiftCompile normal arm64 Compiling\ SpeechText.swift /Users/admin/builder/spi-builder-workspace/swift/LoudKitText/SpeechText.swift (in target 'LoudKitText' from project 'LoudKit')
SwiftCompile normal arm64 /Users/admin/builder/spi-builder-workspace/swift/LoudKitText/SpeechText.swift (in target 'LoudKitText' from project 'LoudKit')
cd /Users/admin/builder/spi-builder-workspace/.swiftpm/xcode
SwiftEmitModule normal arm64_32 Emitting\ module\ for\ LoudKitText (in target 'LoudKitText' from project 'LoudKit')
EmitSwiftModule normal arm64_32 (in target 'LoudKitText' from project 'LoudKit')
cd /Users/admin/builder/spi-builder-workspace/.swiftpm/xcode
SwiftCompile normal arm64_32 Compiling\ Log.swift /Users/admin/builder/spi-builder-workspace/swift/LoudKitText/Log.swift (in target 'LoudKitText' from project 'LoudKit')
SwiftCompile normal arm64_32 /Users/admin/builder/spi-builder-workspace/swift/LoudKitText/Log.swift (in target 'LoudKitText' from project 'LoudKit')
cd /Users/admin/builder/spi-builder-workspace/.swiftpm/xcode
SwiftCompile normal arm64_32 Compiling\ Assets.swift /Users/admin/builder/spi-builder-workspace/swift/LoudKitText/Assets.swift (in target 'LoudKitText' from project 'LoudKit')
SwiftCompile normal arm64_32 /Users/admin/builder/spi-builder-workspace/swift/LoudKitText/Assets.swift (in target 'LoudKitText' from project 'LoudKit')
cd /Users/admin/builder/spi-builder-workspace/.swiftpm/xcode
SwiftCompile normal arm64_32 Compiling\ resource_bundle_accessor.swift /Users/admin/builder/spi-builder-workspace/.derivedData/Build/Intermediates.noindex/LoudKit.build/Debug-watchos/LoudKitText.build/DerivedSources/resource_bundle_accessor.swift (in target 'LoudKitText' from project 'LoudKit')
SwiftCompile normal arm64_32 /Users/admin/builder/spi-builder-workspace/.derivedData/Build/Intermediates.noindex/LoudKit.build/Debug-watchos/LoudKitText.build/DerivedSources/resource_bundle_accessor.swift (in target 'LoudKitText' from project 'LoudKit')
cd /Users/admin/builder/spi-builder-workspace/.swiftpm/xcode
SwiftDriverJobDiscovery normal arm64_32 Compiling Assets.swift (in target 'LoudKitText' from project 'LoudKit')
SwiftCompile normal arm64_32 Compiling\ LexicalRespelling.swift /Users/admin/builder/spi-builder-workspace/swift/LoudKitText/LexicalRespelling.swift (in target 'LoudKitText' from project 'LoudKit')
SwiftCompile normal arm64_32 /Users/admin/builder/spi-builder-workspace/swift/LoudKitText/LexicalRespelling.swift (in target 'LoudKitText' from project 'LoudKit')
cd /Users/admin/builder/spi-builder-workspace/.swiftpm/xcode
SwiftDriverJobDiscovery normal arm64 Compiling resource_bundle_accessor.swift (in target 'LoudKitText' from project 'LoudKit')
SwiftCompile normal arm64_32 Compiling\ Numerals.swift /Users/admin/builder/spi-builder-workspace/swift/LoudKitText/Numerals.swift (in target 'LoudKitText' from project 'LoudKit')
SwiftCompile normal arm64_32 /Users/admin/builder/spi-builder-workspace/swift/LoudKitText/Numerals.swift (in target 'LoudKitText' from project 'LoudKit')
cd /Users/admin/builder/spi-builder-workspace/.swiftpm/xcode
SwiftDriverJobDiscovery normal arm64 Compiling Log.swift (in target 'LoudKitText' from project 'LoudKit')
SwiftCompile normal arm64_32 Compiling\ Letters.swift /Users/admin/builder/spi-builder-workspace/swift/LoudKitText/Letters.swift (in target 'LoudKitText' from project 'LoudKit')
SwiftCompile normal arm64_32 /Users/admin/builder/spi-builder-workspace/swift/LoudKitText/Letters.swift (in target 'LoudKitText' from project 'LoudKit')
cd /Users/admin/builder/spi-builder-workspace/.swiftpm/xcode
SwiftDriverJobDiscovery normal arm64_32 Compiling Log.swift (in target 'LoudKitText' from project 'LoudKit')
SwiftCompile normal arm64_32 Compiling\ Dates.swift /Users/admin/builder/spi-builder-workspace/swift/LoudKitText/Dates.swift (in target 'LoudKitText' from project 'LoudKit')
SwiftCompile normal arm64_32 /Users/admin/builder/spi-builder-workspace/swift/LoudKitText/Dates.swift (in target 'LoudKitText' from project 'LoudKit')
cd /Users/admin/builder/spi-builder-workspace/.swiftpm/xcode
SwiftDriverJobDiscovery normal arm64 Compiling Letters.swift (in target 'LoudKitText' from project 'LoudKit')
SwiftCompile normal arm64_32 Compiling\ SpeechText.swift /Users/admin/builder/spi-builder-workspace/swift/LoudKitText/SpeechText.swift (in target 'LoudKitText' from project 'LoudKit')
SwiftCompile normal arm64_32 /Users/admin/builder/spi-builder-workspace/swift/LoudKitText/SpeechText.swift (in target 'LoudKitText' from project 'LoudKit')
cd /Users/admin/builder/spi-builder-workspace/.swiftpm/xcode
SwiftDriverJobDiscovery normal arm64 Emitting module for LoudKitText (in target 'LoudKitText' from project 'LoudKit')
SwiftDriver\ Compilation\ Requirements LoudKitText normal arm64 com.apple.xcode.tools.swift.compiler (in target 'LoudKitText' from project 'LoudKit')
cd /Users/admin/builder/spi-builder-workspace/.swiftpm/xcode
builtin-Swift-Compilation-Requirements -- /Applications/Xcode-16.3.0.app/Contents/Developer/Toolchains/XcodeDefault.xctoolchain/usr/bin/swiftc -module-name LoudKitText -Onone -enforce-exclusivity\=checked @/Users/admin/builder/spi-builder-workspace/.derivedData/Build/Intermediates.noindex/LoudKit.build/Debug-watchos/LoudKitText.build/Objects-normal/arm64/LoudKitText.SwiftFileList -DSWIFT_PACKAGE -DDEBUG -DXcode -plugin-path /Applications/Xcode-16.3.0.app/Contents/Developer/Toolchains/XcodeDefault.xctoolchain/usr/lib/swift/host/plugins/testing -enable-experimental-feature DebugDescriptionMacro -sdk /Applications/Xcode-16.3.0.app/Contents/Developer/Platforms/WatchOS.platform/Developer/SDKs/WatchOS11.4.sdk -target arm64-apple-watchos10.0 -g -module-cache-path /Users/admin/builder/spi-builder-workspace/.derivedData/ModuleCache.noindex -Xfrontend -serialize-debugging-options -profile-coverage-mapping -profile-generate -enable-testing -index-store-path /Users/admin/builder/spi-builder-workspace/.derivedData/Index.noindex/DataStore -swift-version 5 -I /Users/admin/builder/spi-builder-workspace/.derivedData/Build/Products/Debug-watchos -I /Applications/Xcode-16.3.0.app/Contents/Developer/Platforms/WatchOS.platform/Developer/usr/lib -F /Users/admin/builder/spi-builder-workspace/.derivedData/Build/Products/Debug-watchos -F /Applications/Xcode-16.3.0.app/Contents/Developer/Platforms/WatchOS.platform/Developer/Library/Frameworks -F /Applications/Xcode-16.3.0.app/Contents/Developer/Platforms/WatchOS.platform/Developer/SDKs/WatchOS11.4.sdk/Developer/Library/Frameworks -c -j10 -enable-batch-mode -incremental -Xcc -ivfsstatcache -Xcc /Users/admin/builder/spi-builder-workspace/.derivedData/SDKStatCaches.noindex/watchos11.4-22T246-43efb940ff07ba2497b70ec94253f576.sdkstatcache -output-file-map /Users/admin/builder/spi-builder-workspace/.derivedData/Build/Intermediates.noindex/LoudKit.build/Debug-watchos/LoudKitText.build/Objects-normal/arm64/LoudKitText-OutputFileMap.json -use-frontend-parseable-output -save-temps -no-color-diagnostics -serialize-diagnostics -emit-dependencies -emit-module -emit-module-path /Users/admin/builder/spi-builder-workspace/.derivedData/Build/Intermediates.noindex/LoudKit.build/Debug-watchos/LoudKitText.build/Objects-normal/arm64/LoudKitText.swiftmodule -validate-clang-modules-once -clang-build-session-file /Users/admin/builder/spi-builder-workspace/.derivedData/ModuleCache.noindex/Session.modulevalidation -package-name spi_builder_workspace -Xcc -I/Users/admin/builder/spi-builder-workspace/.derivedData/Build/Intermediates.noindex/LoudKit.build/Debug-watchos/LoudKitText.build/swift-overrides.hmap -emit-const-values -Xfrontend -const-gather-protocols-file -Xfrontend /Users/admin/builder/spi-builder-workspace/.derivedData/Build/Intermediates.noindex/LoudKit.build/Debug-watchos/LoudKitText.build/Objects-normal/arm64/LoudKitText_const_extract_protocols.json -Xcc -I/Users/admin/builder/spi-builder-workspace/.derivedData/Build/Products/Debug-watchos/include -Xcc -I/Users/admin/builder/spi-builder-workspace/.derivedData/Build/Intermediates.noindex/LoudKit.build/Debug-watchos/LoudKitText.build/DerivedSources-normal/arm64 -Xcc -I/Users/admin/builder/spi-builder-workspace/.derivedData/Build/Intermediates.noindex/LoudKit.build/Debug-watchos/LoudKitText.build/DerivedSources/arm64 -Xcc -I/Users/admin/builder/spi-builder-workspace/.derivedData/Build/Intermediates.noindex/LoudKit.build/Debug-watchos/LoudKitText.build/DerivedSources -Xcc -DSWIFT_PACKAGE -Xcc -DDEBUG\=1 -emit-objc-header -emit-objc-header-path /Users/admin/builder/spi-builder-workspace/.derivedData/Build/Intermediates.noindex/LoudKit.build/Debug-watchos/LoudKitText.build/Objects-normal/arm64/LoudKitText-Swift.h -working-directory /Users/admin/builder/spi-builder-workspace/.swiftpm/xcode -experimental-emit-module-separately -disable-cmo
SwiftDriverJobDiscovery normal arm64_32 Emitting module for LoudKitText (in target 'LoudKitText' from project 'LoudKit')
SwiftDriver\ Compilation\ Requirements LoudKitText normal arm64_32 com.apple.xcode.tools.swift.compiler (in target 'LoudKitText' from project 'LoudKit')
cd /Users/admin/builder/spi-builder-workspace/.swiftpm/xcode
builtin-Swift-Compilation-Requirements -- /Applications/Xcode-16.3.0.app/Contents/Developer/Toolchains/XcodeDefault.xctoolchain/usr/bin/swiftc -module-name LoudKitText -Onone -enforce-exclusivity\=checked @/Users/admin/builder/spi-builder-workspace/.derivedData/Build/Intermediates.noindex/LoudKit.build/Debug-watchos/LoudKitText.build/Objects-normal/arm64_32/LoudKitText.SwiftFileList -DSWIFT_PACKAGE -DDEBUG -DXcode -plugin-path /Applications/Xcode-16.3.0.app/Contents/Developer/Toolchains/XcodeDefault.xctoolchain/usr/lib/swift/host/plugins/testing -enable-experimental-feature DebugDescriptionMacro -sdk /Applications/Xcode-16.3.0.app/Contents/Developer/Platforms/WatchOS.platform/Developer/SDKs/WatchOS11.4.sdk -target arm64_32-apple-watchos10.0 -g -module-cache-path /Users/admin/builder/spi-builder-workspace/.derivedData/ModuleCache.noindex -Xfrontend -serialize-debugging-options -profile-coverage-mapping -profile-generate -enable-testing -index-store-path /Users/admin/builder/spi-builder-workspace/.derivedData/Index.noindex/DataStore -swift-version 5 -I /Users/admin/builder/spi-builder-workspace/.derivedData/Build/Products/Debug-watchos -I /Applications/Xcode-16.3.0.app/Contents/Developer/Platforms/WatchOS.platform/Developer/usr/lib -F /Users/admin/builder/spi-builder-workspace/.derivedData/Build/Products/Debug-watchos -F /Applications/Xcode-16.3.0.app/Contents/Developer/Platforms/WatchOS.platform/Developer/Library/Frameworks -F /Applications/Xcode-16.3.0.app/Contents/Developer/Platforms/WatchOS.platform/Developer/SDKs/WatchOS11.4.sdk/Developer/Library/Frameworks -c -j10 -enable-batch-mode -incremental -Xcc -ivfsstatcache -Xcc /Users/admin/builder/spi-builder-workspace/.derivedData/SDKStatCaches.noindex/watchos11.4-22T246-43efb940ff07ba2497b70ec94253f576.sdkstatcache -output-file-map /Users/admin/builder/spi-builder-workspace/.derivedData/Build/Intermediates.noindex/LoudKit.build/Debug-watchos/LoudKitText.build/Objects-normal/arm64_32/LoudKitText-OutputFileMap.json -use-frontend-parseable-output -save-temps -no-color-diagnostics -serialize-diagnostics -emit-dependencies -emit-module -emit-module-path /Users/admin/builder/spi-builder-workspace/.derivedData/Build/Intermediates.noindex/LoudKit.build/Debug-watchos/LoudKitText.build/Objects-normal/arm64_32/LoudKitText.swiftmodule -validate-clang-modules-once -clang-build-session-file /Users/admin/builder/spi-builder-workspace/.derivedData/ModuleCache.noindex/Session.modulevalidation -package-name spi_builder_workspace -Xcc -I/Users/admin/builder/spi-builder-workspace/.derivedData/Build/Intermediates.noindex/LoudKit.build/Debug-watchos/LoudKitText.build/swift-overrides.hmap -emit-const-values -Xfrontend -const-gather-protocols-file -Xfrontend /Users/admin/builder/spi-builder-workspace/.derivedData/Build/Intermediates.noindex/LoudKit.build/Debug-watchos/LoudKitText.build/Objects-normal/arm64_32/LoudKitText_const_extract_protocols.json -Xcc -I/Users/admin/builder/spi-builder-workspace/.derivedData/Build/Products/Debug-watchos/include -Xcc -I/Users/admin/builder/spi-builder-workspace/.derivedData/Build/Intermediates.noindex/LoudKit.build/Debug-watchos/LoudKitText.build/DerivedSources-normal/arm64_32 -Xcc -I/Users/admin/builder/spi-builder-workspace/.derivedData/Build/Intermediates.noindex/LoudKit.build/Debug-watchos/LoudKitText.build/DerivedSources/arm64_32 -Xcc -I/Users/admin/builder/spi-builder-workspace/.derivedData/Build/Intermediates.noindex/LoudKit.build/Debug-watchos/LoudKitText.build/DerivedSources -Xcc -DSWIFT_PACKAGE -Xcc -DDEBUG\=1 -emit-objc-header -emit-objc-header-path /Users/admin/builder/spi-builder-workspace/.derivedData/Build/Intermediates.noindex/LoudKit.build/Debug-watchos/LoudKitText.build/Objects-normal/arm64_32/LoudKitText-Swift.h -working-directory /Users/admin/builder/spi-builder-workspace/.swiftpm/xcode -experimental-emit-module-separately -disable-cmo
SwiftCompile normal arm64 Compiling\ Numerals.swift /Users/admin/builder/spi-builder-workspace/swift/LoudKitText/Numerals.swift (in target 'LoudKitText' from project 'LoudKit')
SwiftCompile normal arm64 /Users/admin/builder/spi-builder-workspace/swift/LoudKitText/Numerals.swift (in target 'LoudKitText' from project 'LoudKit')
cd /Users/admin/builder/spi-builder-workspace/.swiftpm/xcode
Copy /Users/admin/builder/spi-builder-workspace/.derivedData/Build/Products/Debug-watchos/LoudKitText.swiftmodule/arm64_32-apple-watchos.abi.json /Users/admin/builder/spi-builder-workspace/.derivedData/Build/Intermediates.noindex/LoudKit.build/Debug-watchos/LoudKitText.build/Objects-normal/arm64_32/LoudKitText.abi.json (in target 'LoudKitText' from project 'LoudKit')
cd /Users/admin/builder/spi-builder-workspace
builtin-copy -exclude .DS_Store -exclude CVS -exclude .svn -exclude .git -exclude .hg -resolve-src-symlinks -rename /Users/admin/builder/spi-builder-workspace/.derivedData/Build/Intermediates.noindex/LoudKit.build/Debug-watchos/LoudKitText.build/Objects-normal/arm64_32/LoudKitText.abi.json /Users/admin/builder/spi-builder-workspace/.derivedData/Build/Products/Debug-watchos/LoudKitText.swiftmodule/arm64_32-apple-watchos.abi.json
SwiftDriverJobDiscovery normal arm64_32 Compiling resource_bundle_accessor.swift (in target 'LoudKitText' from project 'LoudKit')
Copy /Users/admin/builder/spi-builder-workspace/.derivedData/Build/Products/Debug-watchos/LoudKitText.swiftmodule/arm64-apple-watchos.abi.json /Users/admin/builder/spi-builder-workspace/.derivedData/Build/Intermediates.noindex/LoudKit.build/Debug-watchos/LoudKitText.build/Objects-normal/arm64/LoudKitText.abi.json (in target 'LoudKitText' from project 'LoudKit')
cd /Users/admin/builder/spi-builder-workspace
builtin-copy -exclude .DS_Store -exclude CVS -exclude .svn -exclude .git -exclude .hg -resolve-src-symlinks -rename /Users/admin/builder/spi-builder-workspace/.derivedData/Build/Intermediates.noindex/LoudKit.build/Debug-watchos/LoudKitText.build/Objects-normal/arm64/LoudKitText.abi.json /Users/admin/builder/spi-builder-workspace/.derivedData/Build/Products/Debug-watchos/LoudKitText.swiftmodule/arm64-apple-watchos.abi.json
SwiftCompile normal arm64_32 Compiling\ Numbers.swift /Users/admin/builder/spi-builder-workspace/swift/LoudKitText/Numbers.swift (in target 'LoudKitText' from project 'LoudKit')
SwiftCompile normal arm64_32 /Users/admin/builder/spi-builder-workspace/swift/LoudKitText/Numbers.swift (in target 'LoudKitText' from project 'LoudKit')
cd /Users/admin/builder/spi-builder-workspace/.swiftpm/xcode
SwiftCompile normal arm64 Compiling\ Assets.swift /Users/admin/builder/spi-builder-workspace/swift/LoudKitText/Assets.swift (in target 'LoudKitText' from project 'LoudKit')
SwiftCompile normal arm64 /Users/admin/builder/spi-builder-workspace/swift/LoudKitText/Assets.swift (in target 'LoudKitText' from project 'LoudKit')
cd /Users/admin/builder/spi-builder-workspace/.swiftpm/xcode
SwiftDriverJobDiscovery normal arm64 Compiling SpeechText.swift (in target 'LoudKitText' from project 'LoudKit')
SwiftDriver LoudKit normal arm64_32 com.apple.xcode.tools.swift.compiler (in target 'LoudKit' from project 'LoudKit')
cd /Users/admin/builder/spi-builder-workspace/.swiftpm/xcode
builtin-SwiftDriver -- /Applications/Xcode-16.3.0.app/Contents/Developer/Toolchains/XcodeDefault.xctoolchain/usr/bin/swiftc -module-name LoudKit -Onone -enforce-exclusivity\=checked @/Users/admin/builder/spi-builder-workspace/.derivedData/Build/Intermediates.noindex/LoudKit.build/Debug-watchos/LoudKit.build/Objects-normal/arm64_32/LoudKit.SwiftFileList -DSWIFT_PACKAGE -DDEBUG -DXcode -plugin-path /Applications/Xcode-16.3.0.app/Contents/Developer/Toolchains/XcodeDefault.xctoolchain/usr/lib/swift/host/plugins/testing -enable-experimental-feature DebugDescriptionMacro -sdk /Applications/Xcode-16.3.0.app/Contents/Developer/Platforms/WatchOS.platform/Developer/SDKs/WatchOS11.4.sdk -target arm64_32-apple-watchos10.0 -g -module-cache-path /Users/admin/builder/spi-builder-workspace/.derivedData/ModuleCache.noindex -Xfrontend -serialize-debugging-options -profile-coverage-mapping -profile-generate -enable-testing -index-store-path /Users/admin/builder/spi-builder-workspace/.derivedData/Index.noindex/DataStore -swift-version 5 -I /Users/admin/builder/spi-builder-workspace/.derivedData/Build/Products/Debug-watchos -I /Applications/Xcode-16.3.0.app/Contents/Developer/Platforms/WatchOS.platform/Developer/usr/lib -F /Users/admin/builder/spi-builder-workspace/.derivedData/Build/Products/Debug-watchos/PackageFrameworks -F /Users/admin/builder/spi-builder-workspace/.derivedData/Build/Products/Debug-watchos -F /Applications/Xcode-16.3.0.app/Contents/Developer/Platforms/WatchOS.platform/Developer/Library/Frameworks -F /Applications/Xcode-16.3.0.app/Contents/Developer/Platforms/WatchOS.platform/Developer/SDKs/WatchOS11.4.sdk/Developer/Library/Frameworks -c -j10 -enable-batch-mode -incremental -Xcc -ivfsstatcache -Xcc /Users/admin/builder/spi-builder-workspace/.derivedData/SDKStatCaches.noindex/watchos11.4-22T246-43efb940ff07ba2497b70ec94253f576.sdkstatcache -output-file-map /Users/admin/builder/spi-builder-workspace/.derivedData/Build/Intermediates.noindex/LoudKit.build/Debug-watchos/LoudKit.build/Objects-normal/arm64_32/LoudKit-OutputFileMap.json -use-frontend-parseable-output -save-temps -no-color-diagnostics -serialize-diagnostics -emit-dependencies -emit-module -emit-module-path /Users/admin/builder/spi-builder-workspace/.derivedData/Build/Intermediates.noindex/LoudKit.build/Debug-watchos/LoudKit.build/Objects-normal/arm64_32/LoudKit.swiftmodule -validate-clang-modules-once -clang-build-session-file /Users/admin/builder/spi-builder-workspace/.derivedData/ModuleCache.noindex/Session.modulevalidation -package-name spi_builder_workspace -Xcc -I/Users/admin/builder/spi-builder-workspace/.derivedData/Build/Intermediates.noindex/LoudKit.build/Debug-watchos/LoudKit.build/swift-overrides.hmap -emit-const-values -Xfrontend -const-gather-protocols-file -Xfrontend /Users/admin/builder/spi-builder-workspace/.derivedData/Build/Intermediates.noindex/LoudKit.build/Debug-watchos/LoudKit.build/Objects-normal/arm64_32/LoudKit_const_extract_protocols.json -Xcc -I/Users/admin/builder/spi-builder-workspace/.derivedData/Build/Products/Debug-watchos/include -Xcc -I/Users/admin/builder/spi-builder-workspace/.derivedData/Build/Intermediates.noindex/LoudKit.build/Debug-watchos/LoudKit.build/DerivedSources-normal/arm64_32 -Xcc -I/Users/admin/builder/spi-builder-workspace/.derivedData/Build/Intermediates.noindex/LoudKit.build/Debug-watchos/LoudKit.build/DerivedSources/arm64_32 -Xcc -I/Users/admin/builder/spi-builder-workspace/.derivedData/Build/Intermediates.noindex/LoudKit.build/Debug-watchos/LoudKit.build/DerivedSources -Xcc -DSWIFT_PACKAGE -Xcc -DDEBUG\=1 -emit-objc-header -emit-objc-header-path /Users/admin/builder/spi-builder-workspace/.derivedData/Build/Intermediates.noindex/LoudKit.build/Debug-watchos/LoudKit.build/Objects-normal/arm64_32/LoudKit-Swift.h -working-directory /Users/admin/builder/spi-builder-workspace/.swiftpm/xcode -experimental-emit-module-separately -disable-cmo
SwiftDriverJobDiscovery normal arm64_32 Compiling Numerals.swift (in target 'LoudKitText' from project 'LoudKit')
SwiftDriver LoudKit normal arm64 com.apple.xcode.tools.swift.compiler (in target 'LoudKit' from project 'LoudKit')
cd /Users/admin/builder/spi-builder-workspace/.swiftpm/xcode
builtin-SwiftDriver -- /Applications/Xcode-16.3.0.app/Contents/Developer/Toolchains/XcodeDefault.xctoolchain/usr/bin/swiftc -module-name LoudKit -Onone -enforce-exclusivity\=checked @/Users/admin/builder/spi-builder-workspace/.derivedData/Build/Intermediates.noindex/LoudKit.build/Debug-watchos/LoudKit.build/Objects-normal/arm64/LoudKit.SwiftFileList -DSWIFT_PACKAGE -DDEBUG -DXcode -plugin-path /Applications/Xcode-16.3.0.app/Contents/Developer/Toolchains/XcodeDefault.xctoolchain/usr/lib/swift/host/plugins/testing -enable-experimental-feature DebugDescriptionMacro -sdk /Applications/Xcode-16.3.0.app/Contents/Developer/Platforms/WatchOS.platform/Developer/SDKs/WatchOS11.4.sdk -target arm64-apple-watchos10.0 -g -module-cache-path /Users/admin/builder/spi-builder-workspace/.derivedData/ModuleCache.noindex -Xfrontend -serialize-debugging-options -profile-coverage-mapping -profile-generate -enable-testing -index-store-path /Users/admin/builder/spi-builder-workspace/.derivedData/Index.noindex/DataStore -swift-version 5 -I /Users/admin/builder/spi-builder-workspace/.derivedData/Build/Products/Debug-watchos -I /Applications/Xcode-16.3.0.app/Contents/Developer/Platforms/WatchOS.platform/Developer/usr/lib -F /Users/admin/builder/spi-builder-workspace/.derivedData/Build/Products/Debug-watchos/PackageFrameworks -F /Users/admin/builder/spi-builder-workspace/.derivedData/Build/Products/Debug-watchos -F /Applications/Xcode-16.3.0.app/Contents/Developer/Platforms/WatchOS.platform/Developer/Library/Frameworks -F /Applications/Xcode-16.3.0.app/Contents/Developer/Platforms/WatchOS.platform/Developer/SDKs/WatchOS11.4.sdk/Developer/Library/Frameworks -c -j10 -enable-batch-mode -incremental -Xcc -ivfsstatcache -Xcc /Users/admin/builder/spi-builder-workspace/.derivedData/SDKStatCaches.noindex/watchos11.4-22T246-43efb940ff07ba2497b70ec94253f576.sdkstatcache -output-file-map /Users/admin/builder/spi-builder-workspace/.derivedData/Build/Intermediates.noindex/LoudKit.build/Debug-watchos/LoudKit.build/Objects-normal/arm64/LoudKit-OutputFileMap.json -use-frontend-parseable-output -save-temps -no-color-diagnostics -serialize-diagnostics -emit-dependencies -emit-module -emit-module-path /Users/admin/builder/spi-builder-workspace/.derivedData/Build/Intermediates.noindex/LoudKit.build/Debug-watchos/LoudKit.build/Objects-normal/arm64/LoudKit.swiftmodule -validate-clang-modules-once -clang-build-session-file /Users/admin/builder/spi-builder-workspace/.derivedData/ModuleCache.noindex/Session.modulevalidation -package-name spi_builder_workspace -Xcc -I/Users/admin/builder/spi-builder-workspace/.derivedData/Build/Intermediates.noindex/LoudKit.build/Debug-watchos/LoudKit.build/swift-overrides.hmap -emit-const-values -Xfrontend -const-gather-protocols-file -Xfrontend /Users/admin/builder/spi-builder-workspace/.derivedData/Build/Intermediates.noindex/LoudKit.build/Debug-watchos/LoudKit.build/Objects-normal/arm64/LoudKit_const_extract_protocols.json -Xcc -I/Users/admin/builder/spi-builder-workspace/.derivedData/Build/Products/Debug-watchos/include -Xcc -I/Users/admin/builder/spi-builder-workspace/.derivedData/Build/Intermediates.noindex/LoudKit.build/Debug-watchos/LoudKit.build/DerivedSources-normal/arm64 -Xcc -I/Users/admin/builder/spi-builder-workspace/.derivedData/Build/Intermediates.noindex/LoudKit.build/Debug-watchos/LoudKit.build/DerivedSources/arm64 -Xcc -I/Users/admin/builder/spi-builder-workspace/.derivedData/Build/Intermediates.noindex/LoudKit.build/Debug-watchos/LoudKit.build/DerivedSources -Xcc -DSWIFT_PACKAGE -Xcc -DDEBUG\=1 -emit-objc-header -emit-objc-header-path /Users/admin/builder/spi-builder-workspace/.derivedData/Build/Intermediates.noindex/LoudKit.build/Debug-watchos/LoudKit.build/Objects-normal/arm64/LoudKit-Swift.h -working-directory /Users/admin/builder/spi-builder-workspace/.swiftpm/xcode -experimental-emit-module-separately -disable-cmo
SwiftEmitModule normal arm64_32 Emitting\ module\ for\ LoudKit (in target 'LoudKit' from project 'LoudKit')
EmitSwiftModule normal arm64_32 (in target 'LoudKit' from project 'LoudKit')
cd /Users/admin/builder/spi-builder-workspace/.swiftpm/xcode
SwiftDriverJobDiscovery normal arm64 Compiling Dates.swift (in target 'LoudKitText' from project 'LoudKit')
SwiftCompile normal arm64 Compiling\ Numbers.swift /Users/admin/builder/spi-builder-workspace/swift/LoudKitText/Numbers.swift (in target 'LoudKitText' from project 'LoudKit')
SwiftCompile normal arm64 /Users/admin/builder/spi-builder-workspace/swift/LoudKitText/Numbers.swift (in target 'LoudKitText' from project 'LoudKit')
cd /Users/admin/builder/spi-builder-workspace/.swiftpm/xcode
SwiftEmitModule normal arm64 Emitting\ module\ for\ LoudKit (in target 'LoudKit' from project 'LoudKit')
EmitSwiftModule normal arm64 (in target 'LoudKit' from project 'LoudKit')
cd /Users/admin/builder/spi-builder-workspace/.swiftpm/xcode
SwiftDriverJobDiscovery normal arm64_32 Compiling Letters.swift (in target 'LoudKitText' from project 'LoudKit')
SwiftCompile normal arm64 Compiling\ TimeStretch.swift,\ Timing.swift /Users/admin/builder/spi-builder-workspace/swift/LoudKit/TimeStretch.swift /Users/admin/builder/spi-builder-workspace/swift/LoudKit/Timing.swift (in target 'LoudKit' from project 'LoudKit')
SwiftCompile normal arm64 /Users/admin/builder/spi-builder-workspace/swift/LoudKit/TimeStretch.swift (in target 'LoudKit' from project 'LoudKit')
cd /Users/admin/builder/spi-builder-workspace/.swiftpm/xcode
SwiftCompile normal arm64 /Users/admin/builder/spi-builder-workspace/swift/LoudKit/Timing.swift (in target 'LoudKit' from project 'LoudKit')
cd /Users/admin/builder/spi-builder-workspace/.swiftpm/xcode
SwiftDriverJobDiscovery normal arm64 Compiling LexicalRespelling.swift (in target 'LoudKitText' from project 'LoudKit')
SwiftCompile normal arm64 Compiling\ Checksums.swift,\ Chunking.swift,\ Config.swift /Users/admin/builder/spi-builder-workspace/swift/LoudKit/Checksums.swift /Users/admin/builder/spi-builder-workspace/swift/LoudKit/Chunking.swift /Users/admin/builder/spi-builder-workspace/swift/LoudKit/Config.swift (in target 'LoudKit' from project 'LoudKit')
SwiftCompile normal arm64 /Users/admin/builder/spi-builder-workspace/swift/LoudKit/Checksums.swift (in target 'LoudKit' from project 'LoudKit')
cd /Users/admin/builder/spi-builder-workspace/.swiftpm/xcode
SwiftCompile normal arm64 /Users/admin/builder/spi-builder-workspace/swift/LoudKit/Chunking.swift (in target 'LoudKit' from project 'LoudKit')
cd /Users/admin/builder/spi-builder-workspace/.swiftpm/xcode
SwiftCompile normal arm64 /Users/admin/builder/spi-builder-workspace/swift/LoudKit/Config.swift (in target 'LoudKit' from project 'LoudKit')
cd /Users/admin/builder/spi-builder-workspace/.swiftpm/xcode
SwiftDriverJobDiscovery normal arm64 Compiling Numerals.swift (in target 'LoudKitText' from project 'LoudKit')
SwiftCompile normal arm64_32 Compiling\ Sampler.swift,\ TextFrontend.swift /Users/admin/builder/spi-builder-workspace/swift/LoudKit/Sampler.swift /Users/admin/builder/spi-builder-workspace/swift/LoudKit/TextFrontend.swift (in target 'LoudKit' from project 'LoudKit')
SwiftCompile normal arm64_32 /Users/admin/builder/spi-builder-workspace/swift/LoudKit/Sampler.swift (in target 'LoudKit' from project 'LoudKit')
cd /Users/admin/builder/spi-builder-workspace/.swiftpm/xcode
SwiftCompile normal arm64_32 /Users/admin/builder/spi-builder-workspace/swift/LoudKit/TextFrontend.swift (in target 'LoudKit' from project 'LoudKit')
cd /Users/admin/builder/spi-builder-workspace/.swiftpm/xcode
SwiftDriverJobDiscovery normal arm64 Compiling Assets.swift (in target 'LoudKitText' from project 'LoudKit')
SwiftCompile normal arm64 Compiling\ Renderer.swift,\ Safetensors.swift /Users/admin/builder/spi-builder-workspace/swift/LoudKit/Renderer.swift /Users/admin/builder/spi-builder-workspace/swift/LoudKit/Safetensors.swift (in target 'LoudKit' from project 'LoudKit')
Failed frontend command:
/Applications/Xcode-16.3.0.app/Contents/Developer/Toolchains/XcodeDefault.xctoolchain/usr/bin/swift-frontend -frontend -c /Users/admin/builder/spi-builder-workspace/.derivedData/Build/Intermediates.noindex/LoudKit.build/Debug-watchos/LoudKit.build/DerivedSources/resource_bundle_accessor.swift /Users/admin/builder/spi-builder-workspace/swift/LoudKit/AudioFile.swift /Users/admin/builder/spi-builder-workspace/swift/LoudKit/Checkpoint.swift /Users/admin/builder/spi-builder-workspace/swift/LoudKit/Checksums.swift /Users/admin/builder/spi-builder-workspace/swift/LoudKit/Chunking.swift /Users/admin/builder/spi-builder-workspace/swift/LoudKit/Config.swift /Users/admin/builder/spi-builder-workspace/swift/LoudKit/Engine.swift /Users/admin/builder/spi-builder-workspace/swift/LoudKit/Enrollment.swift /Users/admin/builder/spi-builder-workspace/swift/LoudKit/Hub.swift /Users/admin/builder/spi-builder-workspace/swift/LoudKit/ManifestReader.swift /Users/admin/builder/spi-builder-workspace/swift/LoudKit/ModelBundle.swift /Users/admin/builder/spi-builder-workspace/swift/LoudKit/Noise.swift /Users/admin/builder/spi-builder-workspace/swift/LoudKit/Philox.swift /Users/admin/builder/spi-builder-workspace/swift/LoudKit/Postprocess.swift -primary-file /Users/admin/builder/spi-builder-workspace/swift/LoudKit/Renderer.swift -primary-file /Users/admin/builder/spi-builder-workspace/swift/LoudKit/Safetensors.swift /Users/admin/builder/spi-builder-workspace/swift/LoudKit/Sampler.swift /Users/admin/builder/spi-builder-workspace/swift/LoudKit/TextFrontend.swift /Users/admin/builder/spi-builder-workspace/swift/LoudKit/TimeStretch.swift /Users/admin/builder/spi-builder-workspace/swift/LoudKit/Timing.swift /Users/admin/builder/spi-builder-workspace/swift/LoudKit/TokenGenerator.swift /Users/admin/builder/spi-builder-workspace/swift/LoudKit/VoiceProfile.swift /Users/admin/builder/spi-builder-workspace/swift/LoudKit/Wav.swift /Users/admin/builder/spi-builder-workspace/swift/LoudKit/Windowing.swift -emit-dependencies-path /Users/admin/builder/spi-builder-workspace/.derivedData/Build/Intermediates.noindex/LoudKit.build/Debug-watchos/LoudKit.build/Objects-normal/arm64/Renderer.d -emit-const-values-path /Users/admin/builder/spi-builder-workspace/.derivedData/Build/Intermediates.noindex/LoudKit.build/Debug-watchos/LoudKit.build/Objects-normal/arm64/Renderer.swiftconstvalues -emit-reference-dependencies-path /Users/admin/builder/spi-builder-workspace/.derivedData/Build/Intermediates.noindex/LoudKit.build/Debug-watchos/LoudKit.build/Objects-normal/arm64/Renderer.swiftdeps -serialize-diagnostics-path /Users/admin/builder/spi-builder-workspace/.derivedData/Build/Intermediates.noindex/LoudKit.build/Debug-watchos/LoudKit.build/Objects-normal/arm64/Renderer.dia -emit-dependencies-path /Users/admin/builder/spi-builder-workspace/.derivedData/Build/Intermediates.noindex/LoudKit.build/Debug-watchos/LoudKit.build/Objects-normal/arm64/Safetensors.d -emit-const-values-path /Users/admin/builder/spi-builder-workspace/.derivedData/Build/Intermediates.noindex/LoudKit.build/Debug-watchos/LoudKit.build/Objects-normal/arm64/Safetensors.swiftconstvalues -emit-reference-dependencies-path /Users/admin/builder/spi-builder-workspace/.derivedData/Build/Intermediates.noindex/LoudKit.build/Debug-watchos/LoudKit.build/Objects-normal/arm64/Safetensors.swiftdeps -serialize-diagnostics-path /Users/admin/builder/spi-builder-workspace/.derivedData/Build/Intermediates.noindex/LoudKit.build/Debug-watchos/LoudKit.build/Objects-normal/arm64/Safetensors.dia -target arm64-apple-watchos10.0 -Xllvm -aarch64-use-tbi -enable-objc-interop -stack-check -sdk /Applications/Xcode-16.3.0.app/Contents/Developer/Platforms/WatchOS.platform/Developer/SDKs/WatchOS11.4.sdk -I /Users/admin/builder/spi-builder-workspace/.derivedData/Build/Products/Debug-watchos -I /Applications/Xcode-16.3.0.app/Contents/Developer/Platforms/WatchOS.platform/Developer/usr/lib -F /Users/admin/builder/spi-builder-workspace/.derivedData/Build/Products/Debug-watchos/PackageFrameworks -F /Users/admin/builder/spi-builder-workspace/.derivedData/Build/Products/Debug-watchos -F /Applications/Xcode-16.3.0.app/Contents/Developer/Platforms/WatchOS.platform/Developer/Library/Frameworks -F /Applications/Xcode-16.3.0.app/Contents/Developer/Platforms/WatchOS.platform/Developer/SDKs/WatchOS11.4.sdk/Developer/Library/Frameworks -no-color-diagnostics -enable-testing -g -debug-info-format\=dwarf -dwarf-version\=4 -module-cache-path /Users/admin/builder/spi-builder-workspace/.derivedData/ModuleCache.noindex -profile-generate -profile-coverage-mapping -swift-version 5 -enforce-exclusivity\=checked -Onone -D SWIFT_PACKAGE -D DEBUG -D Xcode -serialize-debugging-options -const-gather-protocols-file /Users/admin/builder/spi-builder-workspace/.derivedData/Build/Intermediates.noindex/LoudKit.build/Debug-watchos/LoudKit.build/Objects-normal/arm64/LoudKit_const_extract_protocols.json -enable-experimental-feature DebugDescriptionMacro -empty-abi-descriptor -plugin-path /Applications/Xcode-16.3.0.app/Contents/Developer/Toolchains/XcodeDefault.xctoolchain/usr/lib/swift/host/plugins/testing -validate-clang-modules-once -clang-build-session-file /Users/admin/builder/spi-builder-workspace/.derivedData/ModuleCache.noindex/Session.modulevalidation -Xcc -working-directory -Xcc /Users/admin/builder/spi-builder-workspace/.swiftpm/xcode -resource-dir /Applications/Xcode-16.3.0.app/Contents/Developer/Toolchains/XcodeDefault.xctoolchain/usr/lib/swift -enable-anonymous-context-mangled-names -file-compilation-dir /Users/admin/builder/spi-builder-workspace/.swiftpm/xcode -Xcc -ivfsstatcache -Xcc /Users/admin/builder/spi-builder-workspace/.derivedData/SDKStatCaches.noindex/watchos11.4-22T246-43efb940ff07ba2497b70ec94253f576.sdkstatcache -Xcc -I/Users/admin/builder/spi-builder-workspace/.derivedData/Build/Intermediates.noindex/LoudKit.build/Debug-watchos/LoudKit.build/swift-overrides.hmap -Xcc -I/Users/admin/builder/spi-builder-workspace/.derivedData/Build/Products/Debug-watchos/include -Xcc -I/Users/admin/builder/spi-builder-workspace/.derivedData/Build/Intermediates.noindex/LoudKit.build/Debug-watchos/LoudKit.build/DerivedSources-normal/arm64 -Xcc -I/Users/admin/builder/spi-builder-workspace/.derivedData/Build/Intermediates.noindex/LoudKit.build/Debug-watchos/LoudKit.build/DerivedSources/arm64 -Xcc -I/Users/admin/builder/spi-builder-workspace/.derivedData/Build/Intermediates.noindex/LoudKit.build/Debug-watchos/LoudKit.build/DerivedSources -Xcc -DSWIFT_PACKAGE -Xcc -DDEBUG\=1 -module-name LoudKit -package-name spi_builder_workspace -frontend-parseable-output -disable-clang-spi -target-sdk-version 11.4 -target-sdk-name watchos11.4 -external-plugin-path /Applications/Xcode-16.3.0.app/Contents/Developer/Platforms/WatchOS.platform/Developer/usr/lib/swift/host/plugins\#/Applications/Xcode-16.3.0.app/Contents/Developer/Platforms/WatchOS.platform/Developer/usr/bin/swift-plugin-server -external-plugin-path /Applications/Xcode-16.3.0.app/Contents/Developer/Platforms/WatchOS.platform/Developer/usr/local/lib/swift/host/plugins\#/Applications/Xcode-16.3.0.app/Contents/Developer/Platforms/WatchOS.platform/Developer/usr/bin/swift-plugin-server -in-process-plugin-server-path /Applications/Xcode-16.3.0.app/Contents/Developer/Toolchains/XcodeDefault.xctoolchain/usr/lib/swift/host/libSwiftInProcPluginServer.dylib -plugin-path /Applications/Xcode-16.3.0.app/Contents/Developer/Toolchains/XcodeDefault.xctoolchain/usr/lib/swift/host/plugins -plugin-path /Applications/Xcode-16.3.0.app/Contents/Developer/Toolchains/XcodeDefault.xctoolchain/usr/local/lib/swift/host/plugins -o /Users/admin/builder/spi-builder-workspace/.derivedData/Build/Intermediates.noindex/LoudKit.build/Debug-watchos/LoudKit.build/Objects-normal/arm64/Renderer.o -o /Users/admin/builder/spi-builder-workspace/.derivedData/Build/Intermediates.noindex/LoudKit.build/Debug-watchos/LoudKit.build/Objects-normal/arm64/Safetensors.o -index-unit-output-path /LoudKit.build/Debug-watchos/LoudKit.build/Objects-normal/arm64/Renderer.o -index-unit-output-path /LoudKit.build/Debug-watchos/LoudKit.build/Objects-normal/arm64/Safetensors.o -index-store-path /Users/admin/builder/spi-builder-workspace/.derivedData/Index.noindex/DataStore -index-system-modules
SwiftCompile normal arm64 /Users/admin/builder/spi-builder-workspace/swift/LoudKit/Renderer.swift (in target 'LoudKit' from project 'LoudKit')
cd /Users/admin/builder/spi-builder-workspace/.swiftpm/xcode
/Users/admin/builder/spi-builder-workspace/swift/LoudKit/Renderer.swift:18:36: error: 'compileModel(at:)' is unavailable in watchOS
let compiled = try MLModel.compileModel(at: packageURL)
^~~~~~~~~~~~
CoreML.MLModel.compileModel:3:19: note: 'compileModel(at:)' has been explicitly marked unavailable here
open class func compileModel(at modelURL: URL) throws -> URL}
^
SwiftCompile normal arm64 /Users/admin/builder/spi-builder-workspace/swift/LoudKit/Safetensors.swift (in target 'LoudKit' from project 'LoudKit')
cd /Users/admin/builder/spi-builder-workspace/.swiftpm/xcode
SwiftDriverJobDiscovery normal arm64_32 Compiling LexicalRespelling.swift (in target 'LoudKitText' from project 'LoudKit')
SwiftCompile normal arm64 Compiling\ Sampler.swift,\ TextFrontend.swift /Users/admin/builder/spi-builder-workspace/swift/LoudKit/Sampler.swift /Users/admin/builder/spi-builder-workspace/swift/LoudKit/TextFrontend.swift (in target 'LoudKit' from project 'LoudKit')
SwiftCompile normal arm64 /Users/admin/builder/spi-builder-workspace/swift/LoudKit/Sampler.swift (in target 'LoudKit' from project 'LoudKit')
cd /Users/admin/builder/spi-builder-workspace/.swiftpm/xcode
SwiftCompile normal arm64 /Users/admin/builder/spi-builder-workspace/swift/LoudKit/TextFrontend.swift (in target 'LoudKit' from project 'LoudKit')
cd /Users/admin/builder/spi-builder-workspace/.swiftpm/xcode
SwiftDriverJobDiscovery normal arm64_32 Compiling Dates.swift (in target 'LoudKitText' from project 'LoudKit')
SwiftCompile normal arm64 Compiling\ Philox.swift,\ Postprocess.swift /Users/admin/builder/spi-builder-workspace/swift/LoudKit/Philox.swift /Users/admin/builder/spi-builder-workspace/swift/LoudKit/Postprocess.swift (in target 'LoudKit' from project 'LoudKit')
SwiftCompile normal arm64 /Users/admin/builder/spi-builder-workspace/swift/LoudKit/Philox.swift (in target 'LoudKit' from project 'LoudKit')
cd /Users/admin/builder/spi-builder-workspace/.swiftpm/xcode
SwiftCompile normal arm64 /Users/admin/builder/spi-builder-workspace/swift/LoudKit/Postprocess.swift (in target 'LoudKit' from project 'LoudKit')
cd /Users/admin/builder/spi-builder-workspace/.swiftpm/xcode
SwiftDriverJobDiscovery normal arm64_32 Compiling SpeechText.swift (in target 'LoudKitText' from project 'LoudKit')
SwiftCompile normal arm64 Compiling\ ManifestReader.swift,\ ModelBundle.swift,\ Noise.swift /Users/admin/builder/spi-builder-workspace/swift/LoudKit/ManifestReader.swift /Users/admin/builder/spi-builder-workspace/swift/LoudKit/ModelBundle.swift /Users/admin/builder/spi-builder-workspace/swift/LoudKit/Noise.swift (in target 'LoudKit' from project 'LoudKit')
SwiftCompile normal arm64 /Users/admin/builder/spi-builder-workspace/swift/LoudKit/ManifestReader.swift (in target 'LoudKit' from project 'LoudKit')
cd /Users/admin/builder/spi-builder-workspace/.swiftpm/xcode
SwiftCompile normal arm64 /Users/admin/builder/spi-builder-workspace/swift/LoudKit/ModelBundle.swift (in target 'LoudKit' from project 'LoudKit')
cd /Users/admin/builder/spi-builder-workspace/.swiftpm/xcode
SwiftCompile normal arm64 /Users/admin/builder/spi-builder-workspace/swift/LoudKit/Noise.swift (in target 'LoudKit' from project 'LoudKit')
cd /Users/admin/builder/spi-builder-workspace/.swiftpm/xcode
SwiftDriverJobDiscovery normal arm64_32 Emitting module for LoudKit (in target 'LoudKit' from project 'LoudKit')
SwiftDriver\ Compilation\ Requirements LoudKit normal arm64_32 com.apple.xcode.tools.swift.compiler (in target 'LoudKit' from project 'LoudKit')
cd /Users/admin/builder/spi-builder-workspace/.swiftpm/xcode
builtin-Swift-Compilation-Requirements -- /Applications/Xcode-16.3.0.app/Contents/Developer/Toolchains/XcodeDefault.xctoolchain/usr/bin/swiftc -module-name LoudKit -Onone -enforce-exclusivity\=checked @/Users/admin/builder/spi-builder-workspace/.derivedData/Build/Intermediates.noindex/LoudKit.build/Debug-watchos/LoudKit.build/Objects-normal/arm64_32/LoudKit.SwiftFileList -DSWIFT_PACKAGE -DDEBUG -DXcode -plugin-path /Applications/Xcode-16.3.0.app/Contents/Developer/Toolchains/XcodeDefault.xctoolchain/usr/lib/swift/host/plugins/testing -enable-experimental-feature DebugDescriptionMacro -sdk /Applications/Xcode-16.3.0.app/Contents/Developer/Platforms/WatchOS.platform/Developer/SDKs/WatchOS11.4.sdk -target arm64_32-apple-watchos10.0 -g -module-cache-path /Users/admin/builder/spi-builder-workspace/.derivedData/ModuleCache.noindex -Xfrontend -serialize-debugging-options -profile-coverage-mapping -profile-generate -enable-testing -index-store-path /Users/admin/builder/spi-builder-workspace/.derivedData/Index.noindex/DataStore -swift-version 5 -I /Users/admin/builder/spi-builder-workspace/.derivedData/Build/Products/Debug-watchos -I /Applications/Xcode-16.3.0.app/Contents/Developer/Platforms/WatchOS.platform/Developer/usr/lib -F /Users/admin/builder/spi-builder-workspace/.derivedData/Build/Products/Debug-watchos/PackageFrameworks -F /Users/admin/builder/spi-builder-workspace/.derivedData/Build/Products/Debug-watchos -F /Applications/Xcode-16.3.0.app/Contents/Developer/Platforms/WatchOS.platform/Developer/Library/Frameworks -F /Applications/Xcode-16.3.0.app/Contents/Developer/Platforms/WatchOS.platform/Developer/SDKs/WatchOS11.4.sdk/Developer/Library/Frameworks -c -j10 -enable-batch-mode -incremental -Xcc -ivfsstatcache -Xcc /Users/admin/builder/spi-builder-workspace/.derivedData/SDKStatCaches.noindex/watchos11.4-22T246-43efb940ff07ba2497b70ec94253f576.sdkstatcache -output-file-map /Users/admin/builder/spi-builder-workspace/.derivedData/Build/Intermediates.noindex/LoudKit.build/Debug-watchos/LoudKit.build/Objects-normal/arm64_32/LoudKit-OutputFileMap.json -use-frontend-parseable-output -save-temps -no-color-diagnostics -serialize-diagnostics -emit-dependencies -emit-module -emit-module-path /Users/admin/builder/spi-builder-workspace/.derivedData/Build/Intermediates.noindex/LoudKit.build/Debug-watchos/LoudKit.build/Objects-normal/arm64_32/LoudKit.swiftmodule -validate-clang-modules-once -clang-build-session-file /Users/admin/builder/spi-builder-workspace/.derivedData/ModuleCache.noindex/Session.modulevalidation -package-name spi_builder_workspace -Xcc -I/Users/admin/builder/spi-builder-workspace/.derivedData/Build/Intermediates.noindex/LoudKit.build/Debug-watchos/LoudKit.build/swift-overrides.hmap -emit-const-values -Xfrontend -const-gather-protocols-file -Xfrontend /Users/admin/builder/spi-builder-workspace/.derivedData/Build/Intermediates.noindex/LoudKit.build/Debug-watchos/LoudKit.build/Objects-normal/arm64_32/LoudKit_const_extract_protocols.json -Xcc -I/Users/admin/builder/spi-builder-workspace/.derivedData/Build/Products/Debug-watchos/include -Xcc -I/Users/admin/builder/spi-builder-workspace/.derivedData/Build/Intermediates.noindex/LoudKit.build/Debug-watchos/LoudKit.build/DerivedSources-normal/arm64_32 -Xcc -I/Users/admin/builder/spi-builder-workspace/.derivedData/Build/Intermediates.noindex/LoudKit.build/Debug-watchos/LoudKit.build/DerivedSources/arm64_32 -Xcc -I/Users/admin/builder/spi-builder-workspace/.derivedData/Build/Intermediates.noindex/LoudKit.build/Debug-watchos/LoudKit.build/DerivedSources -Xcc -DSWIFT_PACKAGE -Xcc -DDEBUG\=1 -emit-objc-header -emit-objc-header-path /Users/admin/builder/spi-builder-workspace/.derivedData/Build/Intermediates.noindex/LoudKit.build/Debug-watchos/LoudKit.build/Objects-normal/arm64_32/LoudKit-Swift.h -working-directory /Users/admin/builder/spi-builder-workspace/.swiftpm/xcode -experimental-emit-module-separately -disable-cmo
SwiftDriverJobDiscovery normal arm64 Emitting module for LoudKit (in target 'LoudKit' from project 'LoudKit')
SwiftDriver\ Compilation\ Requirements LoudKit normal arm64 com.apple.xcode.tools.swift.compiler (in target 'LoudKit' from project 'LoudKit')
cd /Users/admin/builder/spi-builder-workspace/.swiftpm/xcode
builtin-Swift-Compilation-Requirements -- /Applications/Xcode-16.3.0.app/Contents/Developer/Toolchains/XcodeDefault.xctoolchain/usr/bin/swiftc -module-name LoudKit -Onone -enforce-exclusivity\=checked @/Users/admin/builder/spi-builder-workspace/.derivedData/Build/Intermediates.noindex/LoudKit.build/Debug-watchos/LoudKit.build/Objects-normal/arm64/LoudKit.SwiftFileList -DSWIFT_PACKAGE -DDEBUG -DXcode -plugin-path /Applications/Xcode-16.3.0.app/Contents/Developer/Toolchains/XcodeDefault.xctoolchain/usr/lib/swift/host/plugins/testing -enable-experimental-feature DebugDescriptionMacro -sdk /Applications/Xcode-16.3.0.app/Contents/Developer/Platforms/WatchOS.platform/Developer/SDKs/WatchOS11.4.sdk -target arm64-apple-watchos10.0 -g -module-cache-path /Users/admin/builder/spi-builder-workspace/.derivedData/ModuleCache.noindex -Xfrontend -serialize-debugging-options -profile-coverage-mapping -profile-generate -enable-testing -index-store-path /Users/admin/builder/spi-builder-workspace/.derivedData/Index.noindex/DataStore -swift-version 5 -I /Users/admin/builder/spi-builder-workspace/.derivedData/Build/Products/Debug-watchos -I /Applications/Xcode-16.3.0.app/Contents/Developer/Platforms/WatchOS.platform/Developer/usr/lib -F /Users/admin/builder/spi-builder-workspace/.derivedData/Build/Products/Debug-watchos/PackageFrameworks -F /Users/admin/builder/spi-builder-workspace/.derivedData/Build/Products/Debug-watchos -F /Applications/Xcode-16.3.0.app/Contents/Developer/Platforms/WatchOS.platform/Developer/Library/Frameworks -F /Applications/Xcode-16.3.0.app/Contents/Developer/Platforms/WatchOS.platform/Developer/SDKs/WatchOS11.4.sdk/Developer/Library/Frameworks -c -j10 -enable-batch-mode -incremental -Xcc -ivfsstatcache -Xcc /Users/admin/builder/spi-builder-workspace/.derivedData/SDKStatCaches.noindex/watchos11.4-22T246-43efb940ff07ba2497b70ec94253f576.sdkstatcache -output-file-map /Users/admin/builder/spi-builder-workspace/.derivedData/Build/Intermediates.noindex/LoudKit.build/Debug-watchos/LoudKit.build/Objects-normal/arm64/LoudKit-OutputFileMap.json -use-frontend-parseable-output -save-temps -no-color-diagnostics -serialize-diagnostics -emit-dependencies -emit-module -emit-module-path /Users/admin/builder/spi-builder-workspace/.derivedData/Build/Intermediates.noindex/LoudKit.build/Debug-watchos/LoudKit.build/Objects-normal/arm64/LoudKit.swiftmodule -validate-clang-modules-once -clang-build-session-file /Users/admin/builder/spi-builder-workspace/.derivedData/ModuleCache.noindex/Session.modulevalidation -package-name spi_builder_workspace -Xcc -I/Users/admin/builder/spi-builder-workspace/.derivedData/Build/Intermediates.noindex/LoudKit.build/Debug-watchos/LoudKit.build/swift-overrides.hmap -emit-const-values -Xfrontend -const-gather-protocols-file -Xfrontend /Users/admin/builder/spi-builder-workspace/.derivedData/Build/Intermediates.noindex/LoudKit.build/Debug-watchos/LoudKit.build/Objects-normal/arm64/LoudKit_const_extract_protocols.json -Xcc -I/Users/admin/builder/spi-builder-workspace/.derivedData/Build/Products/Debug-watchos/include -Xcc -I/Users/admin/builder/spi-builder-workspace/.derivedData/Build/Intermediates.noindex/LoudKit.build/Debug-watchos/LoudKit.build/DerivedSources-normal/arm64 -Xcc -I/Users/admin/builder/spi-builder-workspace/.derivedData/Build/Intermediates.noindex/LoudKit.build/Debug-watchos/LoudKit.build/DerivedSources/arm64 -Xcc -I/Users/admin/builder/spi-builder-workspace/.derivedData/Build/Intermediates.noindex/LoudKit.build/Debug-watchos/LoudKit.build/DerivedSources -Xcc -DSWIFT_PACKAGE -Xcc -DDEBUG\=1 -emit-objc-header -emit-objc-header-path /Users/admin/builder/spi-builder-workspace/.derivedData/Build/Intermediates.noindex/LoudKit.build/Debug-watchos/LoudKit.build/Objects-normal/arm64/LoudKit-Swift.h -working-directory /Users/admin/builder/spi-builder-workspace/.swiftpm/xcode -experimental-emit-module-separately -disable-cmo
Copy /Users/admin/builder/spi-builder-workspace/.derivedData/Build/Products/Debug-watchos/LoudKit.swiftmodule/arm64_32-apple-watchos.abi.json /Users/admin/builder/spi-builder-workspace/.derivedData/Build/Intermediates.noindex/LoudKit.build/Debug-watchos/LoudKit.build/Objects-normal/arm64_32/LoudKit.abi.json (in target 'LoudKit' from project 'LoudKit')
cd /Users/admin/builder/spi-builder-workspace
builtin-copy -exclude .DS_Store -exclude CVS -exclude .svn -exclude .git -exclude .hg -resolve-src-symlinks -rename /Users/admin/builder/spi-builder-workspace/.derivedData/Build/Intermediates.noindex/LoudKit.build/Debug-watchos/LoudKit.build/Objects-normal/arm64_32/LoudKit.abi.json /Users/admin/builder/spi-builder-workspace/.derivedData/Build/Products/Debug-watchos/LoudKit.swiftmodule/arm64_32-apple-watchos.abi.json
Copy /Users/admin/builder/spi-builder-workspace/.derivedData/Build/Products/Debug-watchos/LoudKit.swiftmodule/arm64-apple-watchos.abi.json /Users/admin/builder/spi-builder-workspace/.derivedData/Build/Intermediates.noindex/LoudKit.build/Debug-watchos/LoudKit.build/Objects-normal/arm64/LoudKit.abi.json (in target 'LoudKit' from project 'LoudKit')
cd /Users/admin/builder/spi-builder-workspace
builtin-copy -exclude .DS_Store -exclude CVS -exclude .svn -exclude .git -exclude .hg -resolve-src-symlinks -rename /Users/admin/builder/spi-builder-workspace/.derivedData/Build/Intermediates.noindex/LoudKit.build/Debug-watchos/LoudKit.build/Objects-normal/arm64/LoudKit.abi.json /Users/admin/builder/spi-builder-workspace/.derivedData/Build/Products/Debug-watchos/LoudKit.swiftmodule/arm64-apple-watchos.abi.json
SwiftCompile normal arm64 Compiling\ resource_bundle_accessor.swift,\ AudioFile.swift,\ Checkpoint.swift /Users/admin/builder/spi-builder-workspace/.derivedData/Build/Intermediates.noindex/LoudKit.build/Debug-watchos/LoudKit.build/DerivedSources/resource_bundle_accessor.swift /Users/admin/builder/spi-builder-workspace/swift/LoudKit/AudioFile.swift /Users/admin/builder/spi-builder-workspace/swift/LoudKit/Checkpoint.swift (in target 'LoudKit' from project 'LoudKit')
SwiftCompile normal arm64 /Users/admin/builder/spi-builder-workspace/.derivedData/Build/Intermediates.noindex/LoudKit.build/Debug-watchos/LoudKit.build/DerivedSources/resource_bundle_accessor.swift (in target 'LoudKit' from project 'LoudKit')
cd /Users/admin/builder/spi-builder-workspace/.swiftpm/xcode
SwiftCompile normal arm64 /Users/admin/builder/spi-builder-workspace/swift/LoudKit/AudioFile.swift (in target 'LoudKit' from project 'LoudKit')
cd /Users/admin/builder/spi-builder-workspace/.swiftpm/xcode
SwiftCompile normal arm64 /Users/admin/builder/spi-builder-workspace/swift/LoudKit/Checkpoint.swift (in target 'LoudKit' from project 'LoudKit')
cd /Users/admin/builder/spi-builder-workspace/.swiftpm/xcode
SwiftCompile normal arm64_32 Compiling\ TokenGenerator.swift,\ VoiceProfile.swift /Users/admin/builder/spi-builder-workspace/swift/LoudKit/TokenGenerator.swift /Users/admin/builder/spi-builder-workspace/swift/LoudKit/VoiceProfile.swift (in target 'LoudKit' from project 'LoudKit')
SwiftCompile normal arm64_32 /Users/admin/builder/spi-builder-workspace/swift/LoudKit/TokenGenerator.swift (in target 'LoudKit' from project 'LoudKit')
cd /Users/admin/builder/spi-builder-workspace/.swiftpm/xcode
SwiftCompile normal arm64_32 /Users/admin/builder/spi-builder-workspace/swift/LoudKit/VoiceProfile.swift (in target 'LoudKit' from project 'LoudKit')
cd /Users/admin/builder/spi-builder-workspace/.swiftpm/xcode
SwiftDriverJobDiscovery normal arm64 Compiling TimeStretch.swift, Timing.swift (in target 'LoudKit' from project 'LoudKit')
SwiftCompile normal arm64 Compiling\ TokenGenerator.swift,\ VoiceProfile.swift /Users/admin/builder/spi-builder-workspace/swift/LoudKit/TokenGenerator.swift /Users/admin/builder/spi-builder-workspace/swift/LoudKit/VoiceProfile.swift (in target 'LoudKit' from project 'LoudKit')
SwiftCompile normal arm64 /Users/admin/builder/spi-builder-workspace/swift/LoudKit/TokenGenerator.swift (in target 'LoudKit' from project 'LoudKit')
cd /Users/admin/builder/spi-builder-workspace/.swiftpm/xcode
SwiftCompile normal arm64 /Users/admin/builder/spi-builder-workspace/swift/LoudKit/VoiceProfile.swift (in target 'LoudKit' from project 'LoudKit')
cd /Users/admin/builder/spi-builder-workspace/.swiftpm/xcode
SwiftDriverJobDiscovery normal arm64_32 Compiling Sampler.swift, TextFrontend.swift (in target 'LoudKit' from project 'LoudKit')
SwiftCompile normal arm64_32 Compiling\ resource_bundle_accessor.swift,\ AudioFile.swift,\ Checkpoint.swift /Users/admin/builder/spi-builder-workspace/.derivedData/Build/Intermediates.noindex/LoudKit.build/Debug-watchos/LoudKit.build/DerivedSources/resource_bundle_accessor.swift /Users/admin/builder/spi-builder-workspace/swift/LoudKit/AudioFile.swift /Users/admin/builder/spi-builder-workspace/swift/LoudKit/Checkpoint.swift (in target 'LoudKit' from project 'LoudKit')
SwiftCompile normal arm64_32 /Users/admin/builder/spi-builder-workspace/.derivedData/Build/Intermediates.noindex/LoudKit.build/Debug-watchos/LoudKit.build/DerivedSources/resource_bundle_accessor.swift (in target 'LoudKit' from project 'LoudKit')
cd /Users/admin/builder/spi-builder-workspace/.swiftpm/xcode
SwiftCompile normal arm64_32 /Users/admin/builder/spi-builder-workspace/swift/LoudKit/AudioFile.swift (in target 'LoudKit' from project 'LoudKit')
cd /Users/admin/builder/spi-builder-workspace/.swiftpm/xcode
SwiftCompile normal arm64_32 /Users/admin/builder/spi-builder-workspace/swift/LoudKit/Checkpoint.swift (in target 'LoudKit' from project 'LoudKit')
cd /Users/admin/builder/spi-builder-workspace/.swiftpm/xcode
SwiftDriverJobDiscovery normal arm64 Compiling Sampler.swift, TextFrontend.swift (in target 'LoudKit' from project 'LoudKit')
SwiftCompile normal arm64_32 Compiling\ Philox.swift,\ Postprocess.swift /Users/admin/builder/spi-builder-workspace/swift/LoudKit/Philox.swift /Users/admin/builder/spi-builder-workspace/swift/LoudKit/Postprocess.swift (in target 'LoudKit' from project 'LoudKit')
SwiftCompile normal arm64_32 /Users/admin/builder/spi-builder-workspace/swift/LoudKit/Philox.swift (in target 'LoudKit' from project 'LoudKit')
cd /Users/admin/builder/spi-builder-workspace/.swiftpm/xcode
SwiftCompile normal arm64_32 /Users/admin/builder/spi-builder-workspace/swift/LoudKit/Postprocess.swift (in target 'LoudKit' from project 'LoudKit')
cd /Users/admin/builder/spi-builder-workspace/.swiftpm/xcode
SwiftDriverJobDiscovery normal arm64_32 Compiling Numbers.swift (in target 'LoudKitText' from project 'LoudKit')
SwiftDriver\ Compilation LoudKitText normal arm64_32 com.apple.xcode.tools.swift.compiler (in target 'LoudKitText' from project 'LoudKit')
cd /Users/admin/builder/spi-builder-workspace/.swiftpm/xcode
builtin-Swift-Compilation -- /Applications/Xcode-16.3.0.app/Contents/Developer/Toolchains/XcodeDefault.xctoolchain/usr/bin/swiftc -module-name LoudKitText -Onone -enforce-exclusivity\=checked @/Users/admin/builder/spi-builder-workspace/.derivedData/Build/Intermediates.noindex/LoudKit.build/Debug-watchos/LoudKitText.build/Objects-normal/arm64_32/LoudKitText.SwiftFileList -DSWIFT_PACKAGE -DDEBUG -DXcode -plugin-path /Applications/Xcode-16.3.0.app/Contents/Developer/Toolchains/XcodeDefault.xctoolchain/usr/lib/swift/host/plugins/testing -enable-experimental-feature DebugDescriptionMacro -sdk /Applications/Xcode-16.3.0.app/Contents/Developer/Platforms/WatchOS.platform/Developer/SDKs/WatchOS11.4.sdk -target arm64_32-apple-watchos10.0 -g -module-cache-path /Users/admin/builder/spi-builder-workspace/.derivedData/ModuleCache.noindex -Xfrontend -serialize-debugging-options -profile-coverage-mapping -profile-generate -enable-testing -index-store-path /Users/admin/builder/spi-builder-workspace/.derivedData/Index.noindex/DataStore -swift-version 5 -I /Users/admin/builder/spi-builder-workspace/.derivedData/Build/Products/Debug-watchos -I /Applications/Xcode-16.3.0.app/Contents/Developer/Platforms/WatchOS.platform/Developer/usr/lib -F /Users/admin/builder/spi-builder-workspace/.derivedData/Build/Products/Debug-watchos -F /Applications/Xcode-16.3.0.app/Contents/Developer/Platforms/WatchOS.platform/Developer/Library/Frameworks -F /Applications/Xcode-16.3.0.app/Contents/Developer/Platforms/WatchOS.platform/Developer/SDKs/WatchOS11.4.sdk/Developer/Library/Frameworks -c -j10 -enable-batch-mode -incremental -Xcc -ivfsstatcache -Xcc /Users/admin/builder/spi-builder-workspace/.derivedData/SDKStatCaches.noindex/watchos11.4-22T246-43efb940ff07ba2497b70ec94253f576.sdkstatcache -output-file-map /Users/admin/builder/spi-builder-workspace/.derivedData/Build/Intermediates.noindex/LoudKit.build/Debug-watchos/LoudKitText.build/Objects-normal/arm64_32/LoudKitText-OutputFileMap.json -use-frontend-parseable-output -save-temps -no-color-diagnostics -serialize-diagnostics -emit-dependencies -emit-module -emit-module-path /Users/admin/builder/spi-builder-workspace/.derivedData/Build/Intermediates.noindex/LoudKit.build/Debug-watchos/LoudKitText.build/Objects-normal/arm64_32/LoudKitText.swiftmodule -validate-clang-modules-once -clang-build-session-file /Users/admin/builder/spi-builder-workspace/.derivedData/ModuleCache.noindex/Session.modulevalidation -package-name spi_builder_workspace -Xcc -I/Users/admin/builder/spi-builder-workspace/.derivedData/Build/Intermediates.noindex/LoudKit.build/Debug-watchos/LoudKitText.build/swift-overrides.hmap -emit-const-values -Xfrontend -const-gather-protocols-file -Xfrontend /Users/admin/builder/spi-builder-workspace/.derivedData/Build/Intermediates.noindex/LoudKit.build/Debug-watchos/LoudKitText.build/Objects-normal/arm64_32/LoudKitText_const_extract_protocols.json -Xcc -I/Users/admin/builder/spi-builder-workspace/.derivedData/Build/Products/Debug-watchos/include -Xcc -I/Users/admin/builder/spi-builder-workspace/.derivedData/Build/Intermediates.noindex/LoudKit.build/Debug-watchos/LoudKitText.build/DerivedSources-normal/arm64_32 -Xcc -I/Users/admin/builder/spi-builder-workspace/.derivedData/Build/Intermediates.noindex/LoudKit.build/Debug-watchos/LoudKitText.build/DerivedSources/arm64_32 -Xcc -I/Users/admin/builder/spi-builder-workspace/.derivedData/Build/Intermediates.noindex/LoudKit.build/Debug-watchos/LoudKitText.build/DerivedSources -Xcc -DSWIFT_PACKAGE -Xcc -DDEBUG\=1 -emit-objc-header -emit-objc-header-path /Users/admin/builder/spi-builder-workspace/.derivedData/Build/Intermediates.noindex/LoudKit.build/Debug-watchos/LoudKitText.build/Objects-normal/arm64_32/LoudKitText-Swift.h -working-directory /Users/admin/builder/spi-builder-workspace/.swiftpm/xcode -experimental-emit-module-separately -disable-cmo
SwiftDriverJobDiscovery normal arm64 Compiling Numbers.swift (in target 'LoudKitText' from project 'LoudKit')
SwiftCompile normal arm64_32 Compiling\ Checksums.swift,\ Chunking.swift,\ Config.swift /Users/admin/builder/spi-builder-workspace/swift/LoudKit/Checksums.swift /Users/admin/builder/spi-builder-workspace/swift/LoudKit/Chunking.swift /Users/admin/builder/spi-builder-workspace/swift/LoudKit/Config.swift (in target 'LoudKit' from project 'LoudKit')
SwiftCompile normal arm64_32 /Users/admin/builder/spi-builder-workspace/swift/LoudKit/Checksums.swift (in target 'LoudKit' from project 'LoudKit')
cd /Users/admin/builder/spi-builder-workspace/.swiftpm/xcode
SwiftCompile normal arm64_32 /Users/admin/builder/spi-builder-workspace/swift/LoudKit/Chunking.swift (in target 'LoudKit' from project 'LoudKit')
cd /Users/admin/builder/spi-builder-workspace/.swiftpm/xcode
SwiftCompile normal arm64_32 /Users/admin/builder/spi-builder-workspace/swift/LoudKit/Config.swift (in target 'LoudKit' from project 'LoudKit')
cd /Users/admin/builder/spi-builder-workspace/.swiftpm/xcode
SwiftDriver\ Compilation LoudKitText normal arm64 com.apple.xcode.tools.swift.compiler (in target 'LoudKitText' from project 'LoudKit')
cd /Users/admin/builder/spi-builder-workspace/.swiftpm/xcode
builtin-Swift-Compilation -- /Applications/Xcode-16.3.0.app/Contents/Developer/Toolchains/XcodeDefault.xctoolchain/usr/bin/swiftc -module-name LoudKitText -Onone -enforce-exclusivity\=checked @/Users/admin/builder/spi-builder-workspace/.derivedData/Build/Intermediates.noindex/LoudKit.build/Debug-watchos/LoudKitText.build/Objects-normal/arm64/LoudKitText.SwiftFileList -DSWIFT_PACKAGE -DDEBUG -DXcode -plugin-path /Applications/Xcode-16.3.0.app/Contents/Developer/Toolchains/XcodeDefault.xctoolchain/usr/lib/swift/host/plugins/testing -enable-experimental-feature DebugDescriptionMacro -sdk /Applications/Xcode-16.3.0.app/Contents/Developer/Platforms/WatchOS.platform/Developer/SDKs/WatchOS11.4.sdk -target arm64-apple-watchos10.0 -g -module-cache-path /Users/admin/builder/spi-builder-workspace/.derivedData/ModuleCache.noindex -Xfrontend -serialize-debugging-options -profile-coverage-mapping -profile-generate -enable-testing -index-store-path /Users/admin/builder/spi-builder-workspace/.derivedData/Index.noindex/DataStore -swift-version 5 -I /Users/admin/builder/spi-builder-workspace/.derivedData/Build/Products/Debug-watchos -I /Applications/Xcode-16.3.0.app/Contents/Developer/Platforms/WatchOS.platform/Developer/usr/lib -F /Users/admin/builder/spi-builder-workspace/.derivedData/Build/Products/Debug-watchos -F /Applications/Xcode-16.3.0.app/Contents/Developer/Platforms/WatchOS.platform/Developer/Library/Frameworks -F /Applications/Xcode-16.3.0.app/Contents/Developer/Platforms/WatchOS.platform/Developer/SDKs/WatchOS11.4.sdk/Developer/Library/Frameworks -c -j10 -enable-batch-mode -incremental -Xcc -ivfsstatcache -Xcc /Users/admin/builder/spi-builder-workspace/.derivedData/SDKStatCaches.noindex/watchos11.4-22T246-43efb940ff07ba2497b70ec94253f576.sdkstatcache -output-file-map /Users/admin/builder/spi-builder-workspace/.derivedData/Build/Intermediates.noindex/LoudKit.build/Debug-watchos/LoudKitText.build/Objects-normal/arm64/LoudKitText-OutputFileMap.json -use-frontend-parseable-output -save-temps -no-color-diagnostics -serialize-diagnostics -emit-dependencies -emit-module -emit-module-path /Users/admin/builder/spi-builder-workspace/.derivedData/Build/Intermediates.noindex/LoudKit.build/Debug-watchos/LoudKitText.build/Objects-normal/arm64/LoudKitText.swiftmodule -validate-clang-modules-once -clang-build-session-file /Users/admin/builder/spi-builder-workspace/.derivedData/ModuleCache.noindex/Session.modulevalidation -package-name spi_builder_workspace -Xcc -I/Users/admin/builder/spi-builder-workspace/.derivedData/Build/Intermediates.noindex/LoudKit.build/Debug-watchos/LoudKitText.build/swift-overrides.hmap -emit-const-values -Xfrontend -const-gather-protocols-file -Xfrontend /Users/admin/builder/spi-builder-workspace/.derivedData/Build/Intermediates.noindex/LoudKit.build/Debug-watchos/LoudKitText.build/Objects-normal/arm64/LoudKitText_const_extract_protocols.json -Xcc -I/Users/admin/builder/spi-builder-workspace/.derivedData/Build/Products/Debug-watchos/include -Xcc -I/Users/admin/builder/spi-builder-workspace/.derivedData/Build/Intermediates.noindex/LoudKit.build/Debug-watchos/LoudKitText.build/DerivedSources-normal/arm64 -Xcc -I/Users/admin/builder/spi-builder-workspace/.derivedData/Build/Intermediates.noindex/LoudKit.build/Debug-watchos/LoudKitText.build/DerivedSources/arm64 -Xcc -I/Users/admin/builder/spi-builder-workspace/.derivedData/Build/Intermediates.noindex/LoudKit.build/Debug-watchos/LoudKitText.build/DerivedSources -Xcc -DSWIFT_PACKAGE -Xcc -DDEBUG\=1 -emit-objc-header -emit-objc-header-path /Users/admin/builder/spi-builder-workspace/.derivedData/Build/Intermediates.noindex/LoudKit.build/Debug-watchos/LoudKitText.build/Objects-normal/arm64/LoudKitText-Swift.h -working-directory /Users/admin/builder/spi-builder-workspace/.swiftpm/xcode -experimental-emit-module-separately -disable-cmo
** BUILD FAILED **
The following build commands failed:
SwiftCompile normal arm64 Compiling\ Renderer.swift,\ Safetensors.swift /Users/admin/builder/spi-builder-workspace/swift/LoudKit/Renderer.swift /Users/admin/builder/spi-builder-workspace/swift/LoudKit/Safetensors.swift (in target 'LoudKit' from project 'LoudKit')
SwiftCompile normal arm64 /Users/admin/builder/spi-builder-workspace/swift/LoudKit/Renderer.swift (in target 'LoudKit' from project 'LoudKit')
Building workspace spi-builder-workspace with scheme LoudKit-Package
(3 failures)
BUILD FAILURE 6.1 watchOS