Build Information
Failed to build Plinth, reference 2.13.0 (bba185), with Swift 6.4 for watchOS using Xcode 27.0 on 22 Sep 2026 22:54:49 UTC.
Build Command
env DEVELOPER_DIR=/Applications/Xcode-27.0.0-Release.Candidate.app xcrun xcodebuild -IDEClonedSourcePackagesDirPathOverride=$PWD/.dependencies -skipMacroValidation -skipPackagePluginValidation -derivedDataPath $PWD/.derivedData build -scheme Plinth -destination generic/platform=watchOSBuild Log
SwiftMergeGeneratedHeaders /Users/admin/builder/spi-builder-workspace/.derivedData/Build/Intermediates.noindex/GeneratedModuleMaps-watchos/Numerics-Swift.h /Users/admin/builder/spi-builder-workspace/.derivedData/Build/Intermediates.noindex/swift-numerics.build/Debug-watchos/Numerics-t.build/Objects-normal/arm64/Numerics-Swift.h /Users/admin/builder/spi-builder-workspace/.derivedData/Build/Intermediates.noindex/swift-numerics.build/Debug-watchos/Numerics-t.build/Objects-normal/arm64_32/Numerics-Swift.h (in target 'Numerics' from project 'swift-numerics')
cd /Users/admin/builder/spi-builder-workspace/.dependencies/checkouts/swift-numerics
builtin-swiftHeaderTool -arch arm64 /Users/admin/builder/spi-builder-workspace/.derivedData/Build/Intermediates.noindex/swift-numerics.build/Debug-watchos/Numerics-t.build/Objects-normal/arm64/Numerics-Swift.h -arch arm64_32 /Users/admin/builder/spi-builder-workspace/.derivedData/Build/Intermediates.noindex/swift-numerics.build/Debug-watchos/Numerics-t.build/Objects-normal/arm64_32/Numerics-Swift.h -o /Users/admin/builder/spi-builder-workspace/.derivedData/Build/Intermediates.noindex/GeneratedModuleMaps-watchos/Numerics-Swift.h
Copy /Users/admin/builder/spi-builder-workspace/.derivedData/Build/Products/Debug-watchos/Numerics.swiftmodule/arm64-apple-watchos.swiftmodule /Users/admin/builder/spi-builder-workspace/.derivedData/Build/Intermediates.noindex/swift-numerics.build/Debug-watchos/Numerics-t.build/Objects-normal/arm64/Numerics.swiftmodule (in target 'Numerics' from project 'swift-numerics')
cd /Users/admin/builder/spi-builder-workspace/.dependencies/checkouts/swift-numerics
builtin-copy -exclude .DS_Store -exclude CVS -exclude .svn -exclude .git -exclude .hg -resolve-src-symlinks -rename /Users/admin/builder/spi-builder-workspace/.derivedData/Build/Intermediates.noindex/swift-numerics.build/Debug-watchos/Numerics-t.build/Objects-normal/arm64/Numerics.swiftmodule /Users/admin/builder/spi-builder-workspace/.derivedData/Build/Products/Debug-watchos/Numerics.swiftmodule/arm64-apple-watchos.swiftmodule
Copy /Users/admin/builder/spi-builder-workspace/.derivedData/Build/Products/Debug-watchos/Numerics.swiftmodule/arm64-apple-watchos.abi.json /Users/admin/builder/spi-builder-workspace/.derivedData/Build/Intermediates.noindex/swift-numerics.build/Debug-watchos/Numerics-t.build/Objects-normal/arm64/Numerics.abi.json (in target 'Numerics' from project 'swift-numerics')
cd /Users/admin/builder/spi-builder-workspace/.dependencies/checkouts/swift-numerics
builtin-copy -exclude .DS_Store -exclude CVS -exclude .svn -exclude .git -exclude .hg -resolve-src-symlinks -rename /Users/admin/builder/spi-builder-workspace/.derivedData/Build/Intermediates.noindex/swift-numerics.build/Debug-watchos/Numerics-t.build/Objects-normal/arm64/Numerics.abi.json /Users/admin/builder/spi-builder-workspace/.derivedData/Build/Products/Debug-watchos/Numerics.swiftmodule/arm64-apple-watchos.abi.json
Copy /Users/admin/builder/spi-builder-workspace/.derivedData/Build/Products/Debug-watchos/Numerics.swiftmodule/arm64-apple-watchos.swiftdoc /Users/admin/builder/spi-builder-workspace/.derivedData/Build/Intermediates.noindex/swift-numerics.build/Debug-watchos/Numerics-t.build/Objects-normal/arm64/Numerics.swiftdoc (in target 'Numerics' from project 'swift-numerics')
cd /Users/admin/builder/spi-builder-workspace/.dependencies/checkouts/swift-numerics
builtin-copy -exclude .DS_Store -exclude CVS -exclude .svn -exclude .git -exclude .hg -resolve-src-symlinks -rename /Users/admin/builder/spi-builder-workspace/.derivedData/Build/Intermediates.noindex/swift-numerics.build/Debug-watchos/Numerics-t.build/Objects-normal/arm64/Numerics.swiftdoc /Users/admin/builder/spi-builder-workspace/.derivedData/Build/Products/Debug-watchos/Numerics.swiftmodule/arm64-apple-watchos.swiftdoc
Copy /Users/admin/builder/spi-builder-workspace/.derivedData/Build/Products/Debug-watchos/Numerics.swiftmodule/Project/arm64-apple-watchos.swiftsourceinfo /Users/admin/builder/spi-builder-workspace/.derivedData/Build/Intermediates.noindex/swift-numerics.build/Debug-watchos/Numerics-t.build/Objects-normal/arm64/Numerics.swiftsourceinfo (in target 'Numerics' from project 'swift-numerics')
cd /Users/admin/builder/spi-builder-workspace/.dependencies/checkouts/swift-numerics
builtin-copy -exclude .DS_Store -exclude CVS -exclude .svn -exclude .git -exclude .hg -resolve-src-symlinks -rename /Users/admin/builder/spi-builder-workspace/.derivedData/Build/Intermediates.noindex/swift-numerics.build/Debug-watchos/Numerics-t.build/Objects-normal/arm64/Numerics.swiftsourceinfo /Users/admin/builder/spi-builder-workspace/.derivedData/Build/Products/Debug-watchos/Numerics.swiftmodule/Project/arm64-apple-watchos.swiftsourceinfo
SwiftDriverJobDiscovery normal arm64 Compiling Numerics.swift (in target 'Numerics' from project 'swift-numerics')
SwiftDriver\ Compilation Numerics normal arm64 com.apple.xcode.tools.swift.compiler (in target 'Numerics' from project 'swift-numerics')
cd /Users/admin/builder/spi-builder-workspace/.swiftpm/xcode
builtin-Swift-Compilation -- /Applications/Xcode-27.0.0-Release.Candidate.app/Contents/Developer/Toolchains/XcodeDefault.xctoolchain/usr/bin/swiftc -parse-as-library -module-name Numerics -Onone @/Users/admin/builder/spi-builder-workspace/.derivedData/Build/Intermediates.noindex/swift-numerics.build/Debug-watchos/Numerics-t.build/Objects-normal/arm64/Numerics.SwiftFileList -DSWIFT_PACKAGE -DDEBUG -DSWIFT_MODULE_RESOURCE_BUNDLE_UNAVAILABLE -Xcc -fmodule-map-file\=/Users/admin/builder/spi-builder-workspace/.dependencies/checkouts/swift-numerics/Sources/_NumericsShims/include/module.modulemap -DXcode -plugin-path /Applications/Xcode-27.0.0-Release.Candidate.app/Contents/Developer/Toolchains/XcodeDefault.xctoolchain/usr/lib/swift/host/plugins/testing -enable-experimental-feature DebugDescriptionMacro -sdk /Applications/Xcode-27.0.0-Release.Candidate.app/Contents/Developer/Platforms/WatchOS.platform/Developer/SDKs/WatchOS27.0.sdk -target arm64-apple-watchos9.0 -g -module-cache-path /Users/admin/builder/spi-builder-workspace/.derivedData/ModuleCache.noindex -Xfrontend -serialize-debugging-options -enable-testing -suppress-warnings -index-store-path /Users/admin/builder/spi-builder-workspace/.derivedData/Index.noindex/DataStore -Xcc -D_LIBCPP_HARDENING_MODE\=_LIBCPP_HARDENING_MODE_DEBUG -swift-version 5 -I /Users/admin/builder/spi-builder-workspace/.derivedData/Build/Products/Debug-watchos -Isystem /Applications/Xcode-27.0.0-Release.Candidate.app/Contents/Developer/Platforms/WatchOS.platform/Developer/usr/lib -F /Users/admin/builder/spi-builder-workspace/.derivedData/Build/Products/Debug-watchos/PackageFrameworks -F /Users/admin/builder/spi-builder-workspace/.derivedData/Build/Products/Debug-watchos -F /Applications/Xcode-27.0.0-Release.Candidate.app/Contents/Developer/Platforms/WatchOS.platform/Developer/Library/Frameworks -F /Applications/Xcode-27.0.0-Release.Candidate.app/Contents/Developer/Platforms/WatchOS.platform/Developer/SDKs/WatchOS27.0.sdk/Developer/Library/Frameworks -c -j10 -enable-batch-mode -incremental -Xcc -ivfsstatcache -Xcc /Users/admin/builder/spi-builder-workspace/.derivedData/SDKStatCaches.noindex/watchos27.0-24R360-e829b21a6f8c9b70876ba0858053c04477534ef55a1706bf4c1112bbb242f0a2.sdkstatcache -output-file-map /Users/admin/builder/spi-builder-workspace/.derivedData/Build/Intermediates.noindex/swift-numerics.build/Debug-watchos/Numerics-t.build/Objects-normal/arm64/Numerics-OutputFileMap.json -save-temps -no-color-diagnostics -explicit-module-build -module-cache-path /Users/admin/builder/spi-builder-workspace/.derivedData/Build/Intermediates.noindex/SwiftExplicitPrecompiledModules -clang-scanner-module-cache-path /Users/admin/builder/spi-builder-workspace/.derivedData/ModuleCache.noindex -sdk-module-cache-path /Users/admin/builder/spi-builder-workspace/.derivedData/SDKExplicitPrecompiledModules -emit-dependencies -emit-module -emit-module-path /Users/admin/builder/spi-builder-workspace/.derivedData/Build/Intermediates.noindex/swift-numerics.build/Debug-watchos/Numerics-t.build/Objects-normal/arm64/Numerics.swiftmodule -serialize-diagnostics -dependency-scan-serialize-diagnostics-path /Users/admin/builder/spi-builder-workspace/.derivedData/Build/Intermediates.noindex/swift-numerics.build/Debug-watchos/Numerics-t.build/Objects-normal/arm64/Numerics-dependency-scan.dia -validate-clang-modules-once -clang-build-session-file /Users/admin/builder/spi-builder-workspace/.derivedData/ModuleCache.noindex/Session.modulevalidation -Xcc -fmodules-prune-interval\=86400 -Xcc -fmodules-prune-after\=345600 -package-name swift_numerics -emit-const-values -const-gather-protocols-list /Users/admin/builder/spi-builder-workspace/.derivedData/Build/Intermediates.noindex/swift-numerics.build/Debug-watchos/Numerics-t.build/Objects-normal/arm64/Numerics_const_extract_protocols.json -Xcc -I/Users/admin/builder/spi-builder-workspace/.dependencies/checkouts/swift-numerics/Sources/_NumericsShims/include -Xcc -I/Users/admin/builder/spi-builder-workspace/.derivedData/Build/Products/Debug-watchos/include -Xcc -I/Users/admin/builder/spi-builder-workspace/.derivedData/Build/Intermediates.noindex/swift-numerics.build/Debug-watchos/Numerics-t.build/DerivedSources-normal/arm64 -Xcc -I/Users/admin/builder/spi-builder-workspace/.derivedData/Build/Intermediates.noindex/swift-numerics.build/Debug-watchos/Numerics-t.build/DerivedSources/arm64 -Xcc -I/Users/admin/builder/spi-builder-workspace/.derivedData/Build/Intermediates.noindex/swift-numerics.build/Debug-watchos/Numerics-t.build/DerivedSources -Xcc -DSWIFT_PACKAGE -Xcc -DDEBUG\=1 -emit-objc-header -emit-objc-header-path /Users/admin/builder/spi-builder-workspace/.derivedData/Build/Intermediates.noindex/swift-numerics.build/Debug-watchos/Numerics-t.build/Objects-normal/arm64/Numerics-Swift.h -working-directory /Users/admin/builder/spi-builder-workspace/.swiftpm/xcode -experimental-emit-module-separately -disable-cmo
SwiftDriver Plinth normal arm64_32 com.apple.xcode.tools.swift.compiler (in target 'Plinth' from project 'Plinth')
cd /Users/admin/builder/spi-builder-workspace/.swiftpm/xcode
builtin-SwiftDriver -- /Applications/Xcode-27.0.0-Release.Candidate.app/Contents/Developer/Toolchains/XcodeDefault.xctoolchain/usr/bin/swiftc -parse-as-library -module-name Plinth -Onone @/Users/admin/builder/spi-builder-workspace/.derivedData/Build/Intermediates.noindex/Plinth.build/Debug-watchos/Plinth-t.build/Objects-normal/arm64_32/Plinth.SwiftFileList -DSWIFT_PACKAGE -DDEBUG -DSWIFT_MODULE_RESOURCE_BUNDLE_UNAVAILABLE -Xcc -fmodule-map-file\=/Users/admin/builder/spi-builder-workspace/.dependencies/checkouts/swift-numerics/Sources/_NumericsShims/include/module.modulemap -DXcode -plugin-path /Applications/Xcode-27.0.0-Release.Candidate.app/Contents/Developer/Toolchains/XcodeDefault.xctoolchain/usr/lib/swift/host/plugins/testing -enable-experimental-feature DebugDescriptionMacro -sdk /Applications/Xcode-27.0.0-Release.Candidate.app/Contents/Developer/Platforms/WatchOS.platform/Developer/SDKs/WatchOS27.0.sdk -target arm64_32-apple-watchos9.0 -g -module-cache-path /Users/admin/builder/spi-builder-workspace/.derivedData/ModuleCache.noindex -Xfrontend -serialize-debugging-options -enable-testing -index-store-path /Users/admin/builder/spi-builder-workspace/.derivedData/Index.noindex/DataStore -Xcc -D_LIBCPP_HARDENING_MODE\=_LIBCPP_HARDENING_MODE_DEBUG -swift-version 5 -I /Users/admin/builder/spi-builder-workspace/.derivedData/Build/Products/Debug-watchos -Isystem /Applications/Xcode-27.0.0-Release.Candidate.app/Contents/Developer/Platforms/WatchOS.platform/Developer/usr/lib -F /Users/admin/builder/spi-builder-workspace/.derivedData/Build/Products/Debug-watchos/PackageFrameworks -F /Users/admin/builder/spi-builder-workspace/.derivedData/Build/Products/Debug-watchos -F /Applications/Xcode-27.0.0-Release.Candidate.app/Contents/Developer/Platforms/WatchOS.platform/Developer/Library/Frameworks -F /Applications/Xcode-27.0.0-Release.Candidate.app/Contents/Developer/Platforms/WatchOS.platform/Developer/SDKs/WatchOS27.0.sdk/Developer/Library/Frameworks -c -j10 -enable-batch-mode -incremental -Xcc -ivfsstatcache -Xcc /Users/admin/builder/spi-builder-workspace/.derivedData/SDKStatCaches.noindex/watchos27.0-24R360-e829b21a6f8c9b70876ba0858053c04477534ef55a1706bf4c1112bbb242f0a2.sdkstatcache -output-file-map /Users/admin/builder/spi-builder-workspace/.derivedData/Build/Intermediates.noindex/Plinth.build/Debug-watchos/Plinth-t.build/Objects-normal/arm64_32/Plinth-OutputFileMap.json -save-temps -no-color-diagnostics -explicit-module-build -module-cache-path /Users/admin/builder/spi-builder-workspace/.derivedData/Build/Intermediates.noindex/SwiftExplicitPrecompiledModules -clang-scanner-module-cache-path /Users/admin/builder/spi-builder-workspace/.derivedData/ModuleCache.noindex -sdk-module-cache-path /Users/admin/builder/spi-builder-workspace/.derivedData/SDKExplicitPrecompiledModules -emit-dependencies -emit-module -emit-module-path /Users/admin/builder/spi-builder-workspace/.derivedData/Build/Intermediates.noindex/Plinth.build/Debug-watchos/Plinth-t.build/Objects-normal/arm64_32/Plinth.swiftmodule -serialize-diagnostics -dependency-scan-serialize-diagnostics-path /Users/admin/builder/spi-builder-workspace/.derivedData/Build/Intermediates.noindex/Plinth.build/Debug-watchos/Plinth-t.build/Objects-normal/arm64_32/Plinth-dependency-scan.dia -validate-clang-modules-once -clang-build-session-file /Users/admin/builder/spi-builder-workspace/.derivedData/ModuleCache.noindex/Session.modulevalidation -Xcc -fmodules-prune-interval\=86400 -Xcc -fmodules-prune-after\=345600 -emit-const-values -const-gather-protocols-list /Users/admin/builder/spi-builder-workspace/.derivedData/Build/Intermediates.noindex/Plinth.build/Debug-watchos/Plinth-t.build/Objects-normal/arm64_32/Plinth_const_extract_protocols.json -Xcc -I/Users/admin/builder/spi-builder-workspace/.dependencies/checkouts/swift-numerics/Sources/_NumericsShims/include -Xcc -I/Users/admin/builder/spi-builder-workspace/.derivedData/Build/Products/Debug-watchos/include -Xcc -I/Users/admin/builder/spi-builder-workspace/.derivedData/Build/Intermediates.noindex/Plinth.build/Debug-watchos/Plinth-t.build/DerivedSources-normal/arm64_32 -Xcc -I/Users/admin/builder/spi-builder-workspace/.derivedData/Build/Intermediates.noindex/Plinth.build/Debug-watchos/Plinth-t.build/DerivedSources/arm64_32 -Xcc -I/Users/admin/builder/spi-builder-workspace/.derivedData/Build/Intermediates.noindex/Plinth.build/Debug-watchos/Plinth-t.build/DerivedSources -Xcc -DSWIFT_PACKAGE -Xcc -DDEBUG\=1 -emit-objc-header -emit-objc-header-path /Users/admin/builder/spi-builder-workspace/.derivedData/Build/Intermediates.noindex/Plinth.build/Debug-watchos/Plinth-t.build/Objects-normal/arm64_32/Plinth-Swift.h -working-directory /Users/admin/builder/spi-builder-workspace/.swiftpm/xcode -experimental-emit-module-separately -disable-cmo
/Users/admin/builder/spi-builder-workspace/Sources/Plinth/Extensions/Linear Algebra/Circulant.swift:9:8: warning: File 'Circulant.swift' is part of module 'Plinth'; ignoring import (in target 'Plinth' from project 'Plinth')
/Users/admin/builder/spi-builder-workspace/Sources/Plinth/Extensions/Signal Processing/Convolution2D.swift:8:8: warning: File 'Convolution2D.swift' is part of module 'Plinth'; ignoring import (in target 'Plinth' from project 'Plinth')
/Users/admin/builder/spi-builder-workspace/Sources/Plinth/Extensions/Signal Processing/Resampling.swift:8:8: warning: File 'Resampling.swift' is part of module 'Plinth'; ignoring import (in target 'Plinth' from project 'Plinth')
/Users/admin/builder/spi-builder-workspace/Sources/Plinth/Extensions/Transformations/Reverse.swift:9:8: warning: File 'Reverse.swift' is part of module 'Plinth'; ignoring import (in target 'Plinth' from project 'Plinth')
SwiftDriver Plinth normal arm64 com.apple.xcode.tools.swift.compiler (in target 'Plinth' from project 'Plinth')
cd /Users/admin/builder/spi-builder-workspace/.swiftpm/xcode
builtin-SwiftDriver -- /Applications/Xcode-27.0.0-Release.Candidate.app/Contents/Developer/Toolchains/XcodeDefault.xctoolchain/usr/bin/swiftc -parse-as-library -module-name Plinth -Onone @/Users/admin/builder/spi-builder-workspace/.derivedData/Build/Intermediates.noindex/Plinth.build/Debug-watchos/Plinth-t.build/Objects-normal/arm64/Plinth.SwiftFileList -DSWIFT_PACKAGE -DDEBUG -DSWIFT_MODULE_RESOURCE_BUNDLE_UNAVAILABLE -Xcc -fmodule-map-file\=/Users/admin/builder/spi-builder-workspace/.dependencies/checkouts/swift-numerics/Sources/_NumericsShims/include/module.modulemap -DXcode -plugin-path /Applications/Xcode-27.0.0-Release.Candidate.app/Contents/Developer/Toolchains/XcodeDefault.xctoolchain/usr/lib/swift/host/plugins/testing -enable-experimental-feature DebugDescriptionMacro -sdk /Applications/Xcode-27.0.0-Release.Candidate.app/Contents/Developer/Platforms/WatchOS.platform/Developer/SDKs/WatchOS27.0.sdk -target arm64-apple-watchos9.0 -g -module-cache-path /Users/admin/builder/spi-builder-workspace/.derivedData/ModuleCache.noindex -Xfrontend -serialize-debugging-options -enable-testing -index-store-path /Users/admin/builder/spi-builder-workspace/.derivedData/Index.noindex/DataStore -Xcc -D_LIBCPP_HARDENING_MODE\=_LIBCPP_HARDENING_MODE_DEBUG -swift-version 5 -I /Users/admin/builder/spi-builder-workspace/.derivedData/Build/Products/Debug-watchos -Isystem /Applications/Xcode-27.0.0-Release.Candidate.app/Contents/Developer/Platforms/WatchOS.platform/Developer/usr/lib -F /Users/admin/builder/spi-builder-workspace/.derivedData/Build/Products/Debug-watchos/PackageFrameworks -F /Users/admin/builder/spi-builder-workspace/.derivedData/Build/Products/Debug-watchos -F /Applications/Xcode-27.0.0-Release.Candidate.app/Contents/Developer/Platforms/WatchOS.platform/Developer/Library/Frameworks -F /Applications/Xcode-27.0.0-Release.Candidate.app/Contents/Developer/Platforms/WatchOS.platform/Developer/SDKs/WatchOS27.0.sdk/Developer/Library/Frameworks -c -j10 -enable-batch-mode -incremental -Xcc -ivfsstatcache -Xcc /Users/admin/builder/spi-builder-workspace/.derivedData/SDKStatCaches.noindex/watchos27.0-24R360-e829b21a6f8c9b70876ba0858053c04477534ef55a1706bf4c1112bbb242f0a2.sdkstatcache -output-file-map /Users/admin/builder/spi-builder-workspace/.derivedData/Build/Intermediates.noindex/Plinth.build/Debug-watchos/Plinth-t.build/Objects-normal/arm64/Plinth-OutputFileMap.json -save-temps -no-color-diagnostics -explicit-module-build -module-cache-path /Users/admin/builder/spi-builder-workspace/.derivedData/Build/Intermediates.noindex/SwiftExplicitPrecompiledModules -clang-scanner-module-cache-path /Users/admin/builder/spi-builder-workspace/.derivedData/ModuleCache.noindex -sdk-module-cache-path /Users/admin/builder/spi-builder-workspace/.derivedData/SDKExplicitPrecompiledModules -emit-dependencies -emit-module -emit-module-path /Users/admin/builder/spi-builder-workspace/.derivedData/Build/Intermediates.noindex/Plinth.build/Debug-watchos/Plinth-t.build/Objects-normal/arm64/Plinth.swiftmodule -serialize-diagnostics -dependency-scan-serialize-diagnostics-path /Users/admin/builder/spi-builder-workspace/.derivedData/Build/Intermediates.noindex/Plinth.build/Debug-watchos/Plinth-t.build/Objects-normal/arm64/Plinth-dependency-scan.dia -validate-clang-modules-once -clang-build-session-file /Users/admin/builder/spi-builder-workspace/.derivedData/ModuleCache.noindex/Session.modulevalidation -Xcc -fmodules-prune-interval\=86400 -Xcc -fmodules-prune-after\=345600 -emit-const-values -const-gather-protocols-list /Users/admin/builder/spi-builder-workspace/.derivedData/Build/Intermediates.noindex/Plinth.build/Debug-watchos/Plinth-t.build/Objects-normal/arm64/Plinth_const_extract_protocols.json -Xcc -I/Users/admin/builder/spi-builder-workspace/.dependencies/checkouts/swift-numerics/Sources/_NumericsShims/include -Xcc -I/Users/admin/builder/spi-builder-workspace/.derivedData/Build/Products/Debug-watchos/include -Xcc -I/Users/admin/builder/spi-builder-workspace/.derivedData/Build/Intermediates.noindex/Plinth.build/Debug-watchos/Plinth-t.build/DerivedSources-normal/arm64 -Xcc -I/Users/admin/builder/spi-builder-workspace/.derivedData/Build/Intermediates.noindex/Plinth.build/Debug-watchos/Plinth-t.build/DerivedSources/arm64 -Xcc -I/Users/admin/builder/spi-builder-workspace/.derivedData/Build/Intermediates.noindex/Plinth.build/Debug-watchos/Plinth-t.build/DerivedSources -Xcc -DSWIFT_PACKAGE -Xcc -DDEBUG\=1 -emit-objc-header -emit-objc-header-path /Users/admin/builder/spi-builder-workspace/.derivedData/Build/Intermediates.noindex/Plinth.build/Debug-watchos/Plinth-t.build/Objects-normal/arm64/Plinth-Swift.h -working-directory /Users/admin/builder/spi-builder-workspace/.swiftpm/xcode -experimental-emit-module-separately -disable-cmo
/Users/admin/builder/spi-builder-workspace/Sources/Plinth/Extensions/Linear Algebra/Circulant.swift:9:8: warning: File 'Circulant.swift' is part of module 'Plinth'; ignoring import (in target 'Plinth' from project 'Plinth')
/Users/admin/builder/spi-builder-workspace/Sources/Plinth/Extensions/Signal Processing/Convolution2D.swift:8:8: warning: File 'Convolution2D.swift' is part of module 'Plinth'; ignoring import (in target 'Plinth' from project 'Plinth')
/Users/admin/builder/spi-builder-workspace/Sources/Plinth/Extensions/Signal Processing/Resampling.swift:8:8: warning: File 'Resampling.swift' is part of module 'Plinth'; ignoring import (in target 'Plinth' from project 'Plinth')
/Users/admin/builder/spi-builder-workspace/Sources/Plinth/Extensions/Transformations/Reverse.swift:9:8: warning: File 'Reverse.swift' is part of module 'Plinth'; ignoring import (in target 'Plinth' from project 'Plinth')
SwiftDriverJobDiscovery normal arm64 Compiling Complex.swift (in target 'ComplexModule' from project 'swift-numerics')
SwiftDriver\ Compilation ComplexModule normal arm64 com.apple.xcode.tools.swift.compiler (in target 'ComplexModule' from project 'swift-numerics')
cd /Users/admin/builder/spi-builder-workspace/.swiftpm/xcode
builtin-Swift-Compilation -- /Applications/Xcode-27.0.0-Release.Candidate.app/Contents/Developer/Toolchains/XcodeDefault.xctoolchain/usr/bin/swiftc -parse-as-library -module-name ComplexModule -Onone @/Users/admin/builder/spi-builder-workspace/.derivedData/Build/Intermediates.noindex/swift-numerics.build/Debug-watchos/ComplexModule-t.build/Objects-normal/arm64/ComplexModule.SwiftFileList -DSWIFT_PACKAGE -DDEBUG -DSWIFT_MODULE_RESOURCE_BUNDLE_UNAVAILABLE -Xcc -fmodule-map-file\=/Users/admin/builder/spi-builder-workspace/.dependencies/checkouts/swift-numerics/Sources/_NumericsShims/include/module.modulemap -DXcode -plugin-path /Applications/Xcode-27.0.0-Release.Candidate.app/Contents/Developer/Toolchains/XcodeDefault.xctoolchain/usr/lib/swift/host/plugins/testing -enable-experimental-feature DebugDescriptionMacro -sdk /Applications/Xcode-27.0.0-Release.Candidate.app/Contents/Developer/Platforms/WatchOS.platform/Developer/SDKs/WatchOS27.0.sdk -target arm64-apple-watchos9.0 -g -module-cache-path /Users/admin/builder/spi-builder-workspace/.derivedData/ModuleCache.noindex -Xfrontend -serialize-debugging-options -enable-testing -suppress-warnings -index-store-path /Users/admin/builder/spi-builder-workspace/.derivedData/Index.noindex/DataStore -Xcc -D_LIBCPP_HARDENING_MODE\=_LIBCPP_HARDENING_MODE_DEBUG -swift-version 5 -I /Users/admin/builder/spi-builder-workspace/.derivedData/Build/Products/Debug-watchos -Isystem /Applications/Xcode-27.0.0-Release.Candidate.app/Contents/Developer/Platforms/WatchOS.platform/Developer/usr/lib -F /Users/admin/builder/spi-builder-workspace/.derivedData/Build/Products/Debug-watchos/PackageFrameworks -F /Users/admin/builder/spi-builder-workspace/.derivedData/Build/Products/Debug-watchos -F /Applications/Xcode-27.0.0-Release.Candidate.app/Contents/Developer/Platforms/WatchOS.platform/Developer/Library/Frameworks -F /Applications/Xcode-27.0.0-Release.Candidate.app/Contents/Developer/Platforms/WatchOS.platform/Developer/SDKs/WatchOS27.0.sdk/Developer/Library/Frameworks -c -j10 -enable-batch-mode -incremental -Xcc -ivfsstatcache -Xcc /Users/admin/builder/spi-builder-workspace/.derivedData/SDKStatCaches.noindex/watchos27.0-24R360-e829b21a6f8c9b70876ba0858053c04477534ef55a1706bf4c1112bbb242f0a2.sdkstatcache -output-file-map /Users/admin/builder/spi-builder-workspace/.derivedData/Build/Intermediates.noindex/swift-numerics.build/Debug-watchos/ComplexModule-t.build/Objects-normal/arm64/ComplexModule-OutputFileMap.json -save-temps -no-color-diagnostics -explicit-module-build -module-cache-path /Users/admin/builder/spi-builder-workspace/.derivedData/Build/Intermediates.noindex/SwiftExplicitPrecompiledModules -clang-scanner-module-cache-path /Users/admin/builder/spi-builder-workspace/.derivedData/ModuleCache.noindex -sdk-module-cache-path /Users/admin/builder/spi-builder-workspace/.derivedData/SDKExplicitPrecompiledModules -emit-dependencies -emit-module -emit-module-path /Users/admin/builder/spi-builder-workspace/.derivedData/Build/Intermediates.noindex/swift-numerics.build/Debug-watchos/ComplexModule-t.build/Objects-normal/arm64/ComplexModule.swiftmodule -serialize-diagnostics -dependency-scan-serialize-diagnostics-path /Users/admin/builder/spi-builder-workspace/.derivedData/Build/Intermediates.noindex/swift-numerics.build/Debug-watchos/ComplexModule-t.build/Objects-normal/arm64/ComplexModule-dependency-scan.dia -validate-clang-modules-once -clang-build-session-file /Users/admin/builder/spi-builder-workspace/.derivedData/ModuleCache.noindex/Session.modulevalidation -Xcc -fmodules-prune-interval\=86400 -Xcc -fmodules-prune-after\=345600 -package-name swift_numerics -emit-const-values -const-gather-protocols-list /Users/admin/builder/spi-builder-workspace/.derivedData/Build/Intermediates.noindex/swift-numerics.build/Debug-watchos/ComplexModule-t.build/Objects-normal/arm64/ComplexModule_const_extract_protocols.json -Xcc -I/Users/admin/builder/spi-builder-workspace/.dependencies/checkouts/swift-numerics/Sources/_NumericsShims/include -Xcc -I/Users/admin/builder/spi-builder-workspace/.derivedData/Build/Products/Debug-watchos/include -Xcc -I/Users/admin/builder/spi-builder-workspace/.derivedData/Build/Intermediates.noindex/swift-numerics.build/Debug-watchos/ComplexModule-t.build/DerivedSources-normal/arm64 -Xcc -I/Users/admin/builder/spi-builder-workspace/.derivedData/Build/Intermediates.noindex/swift-numerics.build/Debug-watchos/ComplexModule-t.build/DerivedSources/arm64 -Xcc -I/Users/admin/builder/spi-builder-workspace/.derivedData/Build/Intermediates.noindex/swift-numerics.build/Debug-watchos/ComplexModule-t.build/DerivedSources -Xcc -DSWIFT_PACKAGE -Xcc -DDEBUG\=1 -emit-objc-header -emit-objc-header-path /Users/admin/builder/spi-builder-workspace/.derivedData/Build/Intermediates.noindex/swift-numerics.build/Debug-watchos/ComplexModule-t.build/Objects-normal/arm64/ComplexModule-Swift.h -working-directory /Users/admin/builder/spi-builder-workspace/.swiftpm/xcode -experimental-emit-module-separately -disable-cmo
Ld /Users/admin/builder/spi-builder-workspace/.derivedData/Build/Intermediates.noindex/swift-numerics.build/Debug-watchos/ComplexModule-t.build/Objects-normal/arm64/Binary/ComplexModule.o normal arm64 (in target 'ComplexModule' from project 'swift-numerics')
cd /Users/admin/builder/spi-builder-workspace/.dependencies/checkouts/swift-numerics
/Applications/Xcode-27.0.0-Release.Candidate.app/Contents/Developer/Toolchains/XcodeDefault.xctoolchain/usr/bin/clang -Xlinker -reproducible -target arm64-apple-watchos9.0 -r -isysroot /Applications/Xcode-27.0.0-Release.Candidate.app/Contents/Developer/Platforms/WatchOS.platform/Developer/SDKs/WatchOS27.0.sdk -O0 -w -Xlinker -no_warn_duplicate_libraries -F/Users/admin/builder/spi-builder-workspace/.derivedData/Build/Intermediates.noindex/EagerLinkingTBDs/Debug-watchos -F/Users/admin/builder/spi-builder-workspace/.derivedData/Build/Products/Debug-watchos/PackageFrameworks -F/Users/admin/builder/spi-builder-workspace/.derivedData/Build/Products/Debug-watchos -iframework /Applications/Xcode-27.0.0-Release.Candidate.app/Contents/Developer/Platforms/WatchOS.platform/Developer/Library/Frameworks -iframework /Applications/Xcode-27.0.0-Release.Candidate.app/Contents/Developer/Platforms/WatchOS.platform/Developer/SDKs/WatchOS27.0.sdk/Developer/Library/Frameworks -filelist /Users/admin/builder/spi-builder-workspace/.derivedData/Build/Intermediates.noindex/swift-numerics.build/Debug-watchos/ComplexModule-t.build/Objects-normal/arm64/ComplexModule.LinkFileList -nostdlib -Xlinker -object_path_lto -Xlinker /Users/admin/builder/spi-builder-workspace/.derivedData/Build/Intermediates.noindex/swift-numerics.build/Debug-watchos/ComplexModule-t.build/Objects-normal/arm64/ComplexModule_lto.o -Xlinker -no_deduplicate -Xlinker -dependency_info -Xlinker /Users/admin/builder/spi-builder-workspace/.derivedData/Build/Intermediates.noindex/swift-numerics.build/Debug-watchos/ComplexModule-t.build/Objects-normal/arm64/ComplexModule_dependency_info.dat -fobjc-link-runtime -L/Applications/Xcode-27.0.0-Release.Candidate.app/Contents/Developer/Toolchains/XcodeDefault.xctoolchain/usr/lib/swift/watchos -L/usr/lib/swift -Xlinker -add_ast_path -Xlinker /Users/admin/builder/spi-builder-workspace/.derivedData/Build/Intermediates.noindex/swift-numerics.build/Debug-watchos/ComplexModule-t.build/Objects-normal/arm64/ComplexModule.swiftmodule -o /Users/admin/builder/spi-builder-workspace/.derivedData/Build/Intermediates.noindex/swift-numerics.build/Debug-watchos/ComplexModule-t.build/Objects-normal/arm64/Binary/ComplexModule.o
Ld /Users/admin/builder/spi-builder-workspace/.derivedData/Build/Intermediates.noindex/swift-numerics.build/Debug-watchos/ComplexModule-t.build/Objects-normal/arm64_32/Binary/ComplexModule.o normal arm64_32 (in target 'ComplexModule' from project 'swift-numerics')
cd /Users/admin/builder/spi-builder-workspace/.dependencies/checkouts/swift-numerics
/Applications/Xcode-27.0.0-Release.Candidate.app/Contents/Developer/Toolchains/XcodeDefault.xctoolchain/usr/bin/clang -Xlinker -reproducible -target arm64_32-apple-watchos9.0 -r -isysroot /Applications/Xcode-27.0.0-Release.Candidate.app/Contents/Developer/Platforms/WatchOS.platform/Developer/SDKs/WatchOS27.0.sdk -O0 -w -Xlinker -no_warn_duplicate_libraries -F/Users/admin/builder/spi-builder-workspace/.derivedData/Build/Intermediates.noindex/EagerLinkingTBDs/Debug-watchos -F/Users/admin/builder/spi-builder-workspace/.derivedData/Build/Products/Debug-watchos/PackageFrameworks -F/Users/admin/builder/spi-builder-workspace/.derivedData/Build/Products/Debug-watchos -iframework /Applications/Xcode-27.0.0-Release.Candidate.app/Contents/Developer/Platforms/WatchOS.platform/Developer/Library/Frameworks -iframework /Applications/Xcode-27.0.0-Release.Candidate.app/Contents/Developer/Platforms/WatchOS.platform/Developer/SDKs/WatchOS27.0.sdk/Developer/Library/Frameworks -filelist /Users/admin/builder/spi-builder-workspace/.derivedData/Build/Intermediates.noindex/swift-numerics.build/Debug-watchos/ComplexModule-t.build/Objects-normal/arm64_32/ComplexModule.LinkFileList -nostdlib -Xlinker -object_path_lto -Xlinker /Users/admin/builder/spi-builder-workspace/.derivedData/Build/Intermediates.noindex/swift-numerics.build/Debug-watchos/ComplexModule-t.build/Objects-normal/arm64_32/ComplexModule_lto.o -Xlinker -no_deduplicate -Xlinker -dependency_info -Xlinker /Users/admin/builder/spi-builder-workspace/.derivedData/Build/Intermediates.noindex/swift-numerics.build/Debug-watchos/ComplexModule-t.build/Objects-normal/arm64_32/ComplexModule_dependency_info.dat -fobjc-link-runtime -L/Applications/Xcode-27.0.0-Release.Candidate.app/Contents/Developer/Toolchains/XcodeDefault.xctoolchain/usr/lib/swift/watchos -L/usr/lib/swift -Xlinker -add_ast_path -Xlinker /Users/admin/builder/spi-builder-workspace/.derivedData/Build/Intermediates.noindex/swift-numerics.build/Debug-watchos/ComplexModule-t.build/Objects-normal/arm64_32/ComplexModule.swiftmodule -o /Users/admin/builder/spi-builder-workspace/.derivedData/Build/Intermediates.noindex/swift-numerics.build/Debug-watchos/ComplexModule-t.build/Objects-normal/arm64_32/Binary/ComplexModule.o
CreateUniversalBinary /Users/admin/builder/spi-builder-workspace/.derivedData/Build/Products/Debug-watchos/ComplexModule.o normal arm64\ arm64_32 (in target 'ComplexModule' from project 'swift-numerics')
cd /Users/admin/builder/spi-builder-workspace/.dependencies/checkouts/swift-numerics
/Applications/Xcode-27.0.0-Release.Candidate.app/Contents/Developer/Toolchains/XcodeDefault.xctoolchain/usr/bin/lipo -create /Users/admin/builder/spi-builder-workspace/.derivedData/Build/Intermediates.noindex/swift-numerics.build/Debug-watchos/ComplexModule-t.build/Objects-normal/arm64/Binary/ComplexModule.o /Users/admin/builder/spi-builder-workspace/.derivedData/Build/Intermediates.noindex/swift-numerics.build/Debug-watchos/ComplexModule-t.build/Objects-normal/arm64_32/Binary/ComplexModule.o -output /Users/admin/builder/spi-builder-workspace/.derivedData/Build/Products/Debug-watchos/ComplexModule.o
ExtractAppIntentsMetadata (in target 'ComplexModule' from project 'swift-numerics')
cd /Users/admin/builder/spi-builder-workspace/.dependencies/checkouts/swift-numerics
/Applications/Xcode-27.0.0-Release.Candidate.app/Contents/Developer/Toolchains/XcodeDefault.xctoolchain/usr/bin/appintentsmetadataprocessor --toolchain-dir /var/run/com.apple.security.cryptexd/mnt/com.apple.MobileAsset.MetalToolchain-v27.1.266.1.xOSTVG/Metal.xctoolchain --module-name ComplexModule --sdk-root /Applications/Xcode-27.0.0-Release.Candidate.app/Contents/Developer/Platforms/WatchOS.platform/Developer/SDKs/WatchOS27.0.sdk --xcode-version 27A266a --platform-family watchOS --deployment-target 9.0 --bundle-identifier swift-numerics.ComplexModule --output /Users/admin/builder/spi-builder-workspace/.derivedData/Build/Products/Debug-watchos/ComplexModule.appintents --target-triple arm64-apple-watchos9.0 --target-triple arm64_32-apple-watchos9.0 --binary-file /Users/admin/builder/spi-builder-workspace/.derivedData/Build/Products/Debug-watchos/ComplexModule.o --dependency-file /Users/admin/builder/spi-builder-workspace/.derivedData/Build/Intermediates.noindex/swift-numerics.build/Debug-watchos/ComplexModule-t.build/Objects-normal/arm64/ComplexModule_dependency_info.dat --dependency-file /Users/admin/builder/spi-builder-workspace/.derivedData/Build/Intermediates.noindex/swift-numerics.build/Debug-watchos/ComplexModule-t.build/Objects-normal/arm64_32/ComplexModule_dependency_info.dat --stringsdata-file /Users/admin/builder/spi-builder-workspace/.derivedData/Build/Intermediates.noindex/swift-numerics.build/Debug-watchos/ComplexModule-t.build/Objects-normal/arm64/ExtractedAppShortcutsMetadata.stringsdata --stringsdata-file /Users/admin/builder/spi-builder-workspace/.derivedData/Build/Intermediates.noindex/swift-numerics.build/Debug-watchos/ComplexModule-t.build/Objects-normal/arm64_32/ExtractedAppShortcutsMetadata.stringsdata --source-file-list /Users/admin/builder/spi-builder-workspace/.derivedData/Build/Intermediates.noindex/swift-numerics.build/Debug-watchos/ComplexModule-t.build/Objects-normal/arm64/ComplexModule.SwiftFileList --source-file-list /Users/admin/builder/spi-builder-workspace/.derivedData/Build/Intermediates.noindex/swift-numerics.build/Debug-watchos/ComplexModule-t.build/Objects-normal/arm64_32/ComplexModule.SwiftFileList --metadata-file-list /Users/admin/builder/spi-builder-workspace/.derivedData/Build/Intermediates.noindex/swift-numerics.build/Debug-watchos/ComplexModule-t.build/ComplexModule.DependencyMetadataFileList --static-metadata-file-list /Users/admin/builder/spi-builder-workspace/.derivedData/Build/Intermediates.noindex/swift-numerics.build/Debug-watchos/ComplexModule-t.build/ComplexModule.DependencyStaticMetadataFileList --swift-const-vals-list /Users/admin/builder/spi-builder-workspace/.derivedData/Build/Intermediates.noindex/swift-numerics.build/Debug-watchos/ComplexModule-t.build/Objects-normal/arm64/ComplexModule.SwiftConstValuesFileList --swift-const-vals-list /Users/admin/builder/spi-builder-workspace/.derivedData/Build/Intermediates.noindex/swift-numerics.build/Debug-watchos/ComplexModule-t.build/Objects-normal/arm64_32/ComplexModule.SwiftConstValuesFileList --force --compile-time-extraction --deployment-aware-processing --no-app-shortcuts-localization
2026-09-22 18:54:40.398 appintentsmetadataprocessor[784:4663] Starting appintentsmetadataprocessor export
2026-09-22 18:54:40.470 appintentsmetadataprocessor[784:4663] Extracted no relevant App Intents symbols, skipping writing output
Ld /Users/admin/builder/spi-builder-workspace/.derivedData/Build/Intermediates.noindex/swift-numerics.build/Debug-watchos/Numerics-t.build/Objects-normal/arm64_32/Binary/Numerics.o normal arm64_32 (in target 'Numerics' from project 'swift-numerics')
cd /Users/admin/builder/spi-builder-workspace/.dependencies/checkouts/swift-numerics
/Applications/Xcode-27.0.0-Release.Candidate.app/Contents/Developer/Toolchains/XcodeDefault.xctoolchain/usr/bin/clang -Xlinker -reproducible -target arm64_32-apple-watchos9.0 -r -isysroot /Applications/Xcode-27.0.0-Release.Candidate.app/Contents/Developer/Platforms/WatchOS.platform/Developer/SDKs/WatchOS27.0.sdk -O0 -w -Xlinker -no_warn_duplicate_libraries -F/Users/admin/builder/spi-builder-workspace/.derivedData/Build/Intermediates.noindex/EagerLinkingTBDs/Debug-watchos -F/Users/admin/builder/spi-builder-workspace/.derivedData/Build/Products/Debug-watchos/PackageFrameworks -F/Users/admin/builder/spi-builder-workspace/.derivedData/Build/Products/Debug-watchos -iframework /Applications/Xcode-27.0.0-Release.Candidate.app/Contents/Developer/Platforms/WatchOS.platform/Developer/Library/Frameworks -iframework /Applications/Xcode-27.0.0-Release.Candidate.app/Contents/Developer/Platforms/WatchOS.platform/Developer/SDKs/WatchOS27.0.sdk/Developer/Library/Frameworks -filelist /Users/admin/builder/spi-builder-workspace/.derivedData/Build/Intermediates.noindex/swift-numerics.build/Debug-watchos/Numerics-t.build/Objects-normal/arm64_32/Numerics.LinkFileList -nostdlib -Xlinker -object_path_lto -Xlinker /Users/admin/builder/spi-builder-workspace/.derivedData/Build/Intermediates.noindex/swift-numerics.build/Debug-watchos/Numerics-t.build/Objects-normal/arm64_32/Numerics_lto.o -Xlinker -no_deduplicate -Xlinker -dependency_info -Xlinker /Users/admin/builder/spi-builder-workspace/.derivedData/Build/Intermediates.noindex/swift-numerics.build/Debug-watchos/Numerics-t.build/Objects-normal/arm64_32/Numerics_dependency_info.dat -fobjc-link-runtime -L/Applications/Xcode-27.0.0-Release.Candidate.app/Contents/Developer/Toolchains/XcodeDefault.xctoolchain/usr/lib/swift/watchos -L/usr/lib/swift -Xlinker -add_ast_path -Xlinker /Users/admin/builder/spi-builder-workspace/.derivedData/Build/Intermediates.noindex/swift-numerics.build/Debug-watchos/Numerics-t.build/Objects-normal/arm64_32/Numerics.swiftmodule -o /Users/admin/builder/spi-builder-workspace/.derivedData/Build/Intermediates.noindex/swift-numerics.build/Debug-watchos/Numerics-t.build/Objects-normal/arm64_32/Binary/Numerics.o
Ld /Users/admin/builder/spi-builder-workspace/.derivedData/Build/Intermediates.noindex/swift-numerics.build/Debug-watchos/Numerics-t.build/Objects-normal/arm64/Binary/Numerics.o normal arm64 (in target 'Numerics' from project 'swift-numerics')
cd /Users/admin/builder/spi-builder-workspace/.dependencies/checkouts/swift-numerics
/Applications/Xcode-27.0.0-Release.Candidate.app/Contents/Developer/Toolchains/XcodeDefault.xctoolchain/usr/bin/clang -Xlinker -reproducible -target arm64-apple-watchos9.0 -r -isysroot /Applications/Xcode-27.0.0-Release.Candidate.app/Contents/Developer/Platforms/WatchOS.platform/Developer/SDKs/WatchOS27.0.sdk -O0 -w -Xlinker -no_warn_duplicate_libraries -F/Users/admin/builder/spi-builder-workspace/.derivedData/Build/Intermediates.noindex/EagerLinkingTBDs/Debug-watchos -F/Users/admin/builder/spi-builder-workspace/.derivedData/Build/Products/Debug-watchos/PackageFrameworks -F/Users/admin/builder/spi-builder-workspace/.derivedData/Build/Products/Debug-watchos -iframework /Applications/Xcode-27.0.0-Release.Candidate.app/Contents/Developer/Platforms/WatchOS.platform/Developer/Library/Frameworks -iframework /Applications/Xcode-27.0.0-Release.Candidate.app/Contents/Developer/Platforms/WatchOS.platform/Developer/SDKs/WatchOS27.0.sdk/Developer/Library/Frameworks -filelist /Users/admin/builder/spi-builder-workspace/.derivedData/Build/Intermediates.noindex/swift-numerics.build/Debug-watchos/Numerics-t.build/Objects-normal/arm64/Numerics.LinkFileList -nostdlib -Xlinker -object_path_lto -Xlinker /Users/admin/builder/spi-builder-workspace/.derivedData/Build/Intermediates.noindex/swift-numerics.build/Debug-watchos/Numerics-t.build/Objects-normal/arm64/Numerics_lto.o -Xlinker -no_deduplicate -Xlinker -dependency_info -Xlinker /Users/admin/builder/spi-builder-workspace/.derivedData/Build/Intermediates.noindex/swift-numerics.build/Debug-watchos/Numerics-t.build/Objects-normal/arm64/Numerics_dependency_info.dat -fobjc-link-runtime -L/Applications/Xcode-27.0.0-Release.Candidate.app/Contents/Developer/Toolchains/XcodeDefault.xctoolchain/usr/lib/swift/watchos -L/usr/lib/swift -Xlinker -add_ast_path -Xlinker /Users/admin/builder/spi-builder-workspace/.derivedData/Build/Intermediates.noindex/swift-numerics.build/Debug-watchos/Numerics-t.build/Objects-normal/arm64/Numerics.swiftmodule -o /Users/admin/builder/spi-builder-workspace/.derivedData/Build/Intermediates.noindex/swift-numerics.build/Debug-watchos/Numerics-t.build/Objects-normal/arm64/Binary/Numerics.o
CreateUniversalBinary /Users/admin/builder/spi-builder-workspace/.derivedData/Build/Products/Debug-watchos/Numerics.o normal arm64\ arm64_32 (in target 'Numerics' from project 'swift-numerics')
cd /Users/admin/builder/spi-builder-workspace/.dependencies/checkouts/swift-numerics
/Applications/Xcode-27.0.0-Release.Candidate.app/Contents/Developer/Toolchains/XcodeDefault.xctoolchain/usr/bin/lipo -create /Users/admin/builder/spi-builder-workspace/.derivedData/Build/Intermediates.noindex/swift-numerics.build/Debug-watchos/Numerics-t.build/Objects-normal/arm64/Binary/Numerics.o /Users/admin/builder/spi-builder-workspace/.derivedData/Build/Intermediates.noindex/swift-numerics.build/Debug-watchos/Numerics-t.build/Objects-normal/arm64_32/Binary/Numerics.o -output /Users/admin/builder/spi-builder-workspace/.derivedData/Build/Products/Debug-watchos/Numerics.o
ExtractAppIntentsMetadata (in target 'Numerics' from project 'swift-numerics')
cd /Users/admin/builder/spi-builder-workspace/.dependencies/checkouts/swift-numerics
/Applications/Xcode-27.0.0-Release.Candidate.app/Contents/Developer/Toolchains/XcodeDefault.xctoolchain/usr/bin/appintentsmetadataprocessor --toolchain-dir /var/run/com.apple.security.cryptexd/mnt/com.apple.MobileAsset.MetalToolchain-v27.1.266.1.xOSTVG/Metal.xctoolchain --module-name Numerics --sdk-root /Applications/Xcode-27.0.0-Release.Candidate.app/Contents/Developer/Platforms/WatchOS.platform/Developer/SDKs/WatchOS27.0.sdk --xcode-version 27A266a --platform-family watchOS --deployment-target 9.0 --bundle-identifier swift-numerics.Numerics --output /Users/admin/builder/spi-builder-workspace/.derivedData/Build/Products/Debug-watchos/Numerics.appintents --target-triple arm64-apple-watchos9.0 --target-triple arm64_32-apple-watchos9.0 --binary-file /Users/admin/builder/spi-builder-workspace/.derivedData/Build/Products/Debug-watchos/Numerics.o --dependency-file /Users/admin/builder/spi-builder-workspace/.derivedData/Build/Intermediates.noindex/swift-numerics.build/Debug-watchos/Numerics-t.build/Objects-normal/arm64/Numerics_dependency_info.dat --dependency-file /Users/admin/builder/spi-builder-workspace/.derivedData/Build/Intermediates.noindex/swift-numerics.build/Debug-watchos/Numerics-t.build/Objects-normal/arm64_32/Numerics_dependency_info.dat --stringsdata-file /Users/admin/builder/spi-builder-workspace/.derivedData/Build/Intermediates.noindex/swift-numerics.build/Debug-watchos/Numerics-t.build/Objects-normal/arm64/ExtractedAppShortcutsMetadata.stringsdata --stringsdata-file /Users/admin/builder/spi-builder-workspace/.derivedData/Build/Intermediates.noindex/swift-numerics.build/Debug-watchos/Numerics-t.build/Objects-normal/arm64_32/ExtractedAppShortcutsMetadata.stringsdata --source-file-list /Users/admin/builder/spi-builder-workspace/.derivedData/Build/Intermediates.noindex/swift-numerics.build/Debug-watchos/Numerics-t.build/Objects-normal/arm64/Numerics.SwiftFileList --source-file-list /Users/admin/builder/spi-builder-workspace/.derivedData/Build/Intermediates.noindex/swift-numerics.build/Debug-watchos/Numerics-t.build/Objects-normal/arm64_32/Numerics.SwiftFileList --metadata-file-list /Users/admin/builder/spi-builder-workspace/.derivedData/Build/Intermediates.noindex/swift-numerics.build/Debug-watchos/Numerics-t.build/Numerics.DependencyMetadataFileList --static-metadata-file-list /Users/admin/builder/spi-builder-workspace/.derivedData/Build/Intermediates.noindex/swift-numerics.build/Debug-watchos/Numerics-t.build/Numerics.DependencyStaticMetadataFileList --swift-const-vals-list /Users/admin/builder/spi-builder-workspace/.derivedData/Build/Intermediates.noindex/swift-numerics.build/Debug-watchos/Numerics-t.build/Objects-normal/arm64/Numerics.SwiftConstValuesFileList --swift-const-vals-list /Users/admin/builder/spi-builder-workspace/.derivedData/Build/Intermediates.noindex/swift-numerics.build/Debug-watchos/Numerics-t.build/Objects-normal/arm64_32/Numerics.SwiftConstValuesFileList --force --compile-time-extraction --deployment-aware-processing --no-app-shortcuts-localization
2026-09-22 18:54:40.553 appintentsmetadataprocessor[790:4714] Starting appintentsmetadataprocessor export
2026-09-22 18:54:40.616 appintentsmetadataprocessor[790:4714] Extracted no relevant App Intents symbols, skipping writing output
SwiftExplicitDependencyGeneratePcm arm64_32 /Users/admin/builder/spi-builder-workspace/.derivedData/SDKExplicitPrecompiledModules/_Builtin_float-6KO8O3PEWRCA4WC6PPLOYO6WJ.pcm
SwiftExplicitDependencyGeneratePcm arm64_32 /Users/admin/builder/spi-builder-workspace/.derivedData/SDKExplicitPrecompiledModules/_Builtin_stdbool-A967K8W8YUYEC9SN52KJ7OO88.pcm
SwiftExplicitDependencyGeneratePcm arm64_32 /Users/admin/builder/spi-builder-workspace/.derivedData/SDKExplicitPrecompiledModules/_AvailabilityInternal-244WAN3Z1QBT7PIA64EZEFY1R.pcm
SwiftExplicitDependencyGeneratePcm arm64_32 /Users/admin/builder/spi-builder-workspace/.derivedData/SDKExplicitPrecompiledModules/ptrcheck-7ELIH9BTIGVKX3UBITM9N72WD.pcm
SwiftExplicitDependencyGeneratePcm arm64_32 /Users/admin/builder/spi-builder-workspace/.derivedData/SDKExplicitPrecompiledModules/_Builtin_stdarg-D305JG44A2WPI6CJY37X3QJE8.pcm
SwiftExplicitDependencyGeneratePcm arm64_32 /Users/admin/builder/spi-builder-workspace/.derivedData/SDKExplicitPrecompiledModules/ptrauth-BFXF358ME5AK535N5A9Z766WU.pcm
SwiftExplicitDependencyGeneratePcm arm64_32 /Users/admin/builder/spi-builder-workspace/.derivedData/SDKExplicitPrecompiledModules/_Builtin_stddef-H44EFHQX6XSS5MZ7QP6YJZ76.pcm
SwiftExplicitDependencyGeneratePcm arm64 /Users/admin/builder/spi-builder-workspace/.derivedData/SDKExplicitPrecompiledModules/_Builtin_stdbool-83J96QSOFE9VX04AAS6310UAE.pcm
SwiftExplicitDependencyGeneratePcm arm64 /Users/admin/builder/spi-builder-workspace/.derivedData/SDKExplicitPrecompiledModules/_Builtin_stdarg-A7UU8LE6MP85SM26YO7PBZNUQ.pcm
SwiftExplicitDependencyGeneratePcm arm64 /Users/admin/builder/spi-builder-workspace/.derivedData/SDKExplicitPrecompiledModules/_Builtin_stddef-1FU30Y8SWFB7OUUHMJQH5J6FM.pcm
SwiftExplicitDependencyGeneratePcm arm64 /Users/admin/builder/spi-builder-workspace/.derivedData/SDKExplicitPrecompiledModules/ptrcheck-AIF0NDOYZ8ORBNHQAQR5NNB8M.pcm
SwiftExplicitDependencyGeneratePcm arm64 /Users/admin/builder/spi-builder-workspace/.derivedData/SDKExplicitPrecompiledModules/_AvailabilityInternal-BUNV3UXM65NT37THI4W1AM0SF.pcm
SwiftExplicitDependencyGeneratePcm arm64 /Users/admin/builder/spi-builder-workspace/.derivedData/SDKExplicitPrecompiledModules/_Builtin_float-C0CW5Q4HGBQYKE77TC42IAFB5.pcm
SwiftExplicitDependencyGeneratePcm arm64 /Users/admin/builder/spi-builder-workspace/.derivedData/SDKExplicitPrecompiledModules/ptrauth-3TZ9WJCGLYD25HQPWH4968ONX.pcm
SwiftExplicitDependencyGeneratePcm arm64_32 /Users/admin/builder/spi-builder-workspace/.derivedData/SDKExplicitPrecompiledModules/_DarwinFoundation1-2GWF9RFMPLQW4PDHS3NARVI3G.pcm
SwiftExplicitDependencyGeneratePcm arm64 /Users/admin/builder/spi-builder-workspace/.derivedData/SDKExplicitPrecompiledModules/_DarwinFoundation1-7SPX3MD0HMP55E4OLNCPNDQ53.pcm
SwiftExplicitDependencyGeneratePcm arm64_32 /Users/admin/builder/spi-builder-workspace/.derivedData/SDKExplicitPrecompiledModules/_DarwinFoundation2-9MY8GOSYRO0M9MKNXF6D3MBNK.pcm
SwiftExplicitDependencyGeneratePcm arm64_32 /Users/admin/builder/spi-builder-workspace/.derivedData/SDKExplicitPrecompiledModules/_Builtin_limits-3VKBU2AFTD65PAJZ5CJ3LHFM2.pcm
SwiftExplicitDependencyGeneratePcm arm64 /Users/admin/builder/spi-builder-workspace/.derivedData/SDKExplicitPrecompiledModules/_Builtin_limits-9GWPA2B0H20DYUNYHYCWKABJG.pcm
SwiftExplicitDependencyGeneratePcm arm64 /Users/admin/builder/spi-builder-workspace/.derivedData/SDKExplicitPrecompiledModules/_DarwinFoundation2-D0XAPJU49S5E9XMKYOFGSTB1Q.pcm
SwiftExplicitDependencyGeneratePcm arm64_32 /Users/admin/builder/spi-builder-workspace/.derivedData/SDKExplicitPrecompiledModules/_Builtin_tgmath-23PGCKURCQILXMK0MYZRYDCOU.pcm
SwiftExplicitDependencyGeneratePcm arm64_32 /Users/admin/builder/spi-builder-workspace/.derivedData/SDKExplicitPrecompiledModules/string_h-BFVLUQUSBZWYMLCU9QI7VZALW.pcm
SwiftExplicitDependencyGeneratePcm arm64_32 /Users/admin/builder/spi-builder-workspace/.derivedData/SDKExplicitPrecompiledModules/_Builtin_stdint-1HMXWI3V0V4TXHRWZOMZGZ80Y.pcm
SwiftExplicitDependencyGeneratePcm arm64_32 /Users/admin/builder/spi-builder-workspace/.derivedData/SDKExplicitPrecompiledModules/sys_types-8TLLMW08ZJWDGIIPKOYFGHHZW.pcm
SwiftExplicitDependencyGeneratePcm arm64_32 /Users/admin/builder/spi-builder-workspace/.derivedData/SDKExplicitPrecompiledModules/_DarwinFoundation3-3DUTYQDQSD9HUAAVY947NMWOI.pcm
SwiftExplicitDependencyGeneratePcm arm64_32 /Users/admin/builder/spi-builder-workspace/.derivedData/SDKExplicitPrecompiledModules/_Builtin_intrinsics-196IIAKDQVU42DLOZP9OQCV76.pcm
SwiftExplicitDependencyGeneratePcm arm64_32 /Users/admin/builder/spi-builder-workspace/.derivedData/SDKExplicitPrecompiledModules/_Builtin_stdatomic-1TY035TURL76BF2U98PZPPZRX.pcm
SwiftExplicitDependencyGeneratePcm arm64 /Users/admin/builder/spi-builder-workspace/.derivedData/SDKExplicitPrecompiledModules/_Builtin_stdint-8XMILLJZEGRN2XG7XZUXZ5RLX.pcm
SwiftExplicitDependencyGeneratePcm arm64 /Users/admin/builder/spi-builder-workspace/.derivedData/SDKExplicitPrecompiledModules/_Builtin_tgmath-8NQ96OZ0YHXEC24JI95P01UF8.pcm
SwiftExplicitDependencyGeneratePcm arm64 /Users/admin/builder/spi-builder-workspace/.derivedData/SDKExplicitPrecompiledModules/sys_types-2KXQLI78OUCDP779AE68GZJ2.pcm
SwiftExplicitDependencyGeneratePcm arm64 /Users/admin/builder/spi-builder-workspace/.derivedData/SDKExplicitPrecompiledModules/string_h-E6PRXK75PHIPCZFWOFCQ3QBMK.pcm
SwiftExplicitDependencyGeneratePcm arm64 /Users/admin/builder/spi-builder-workspace/.derivedData/SDKExplicitPrecompiledModules/_Builtin_stdatomic-7JEFA3KBJJJN6TKJWY3OG1VG5.pcm
SwiftExplicitDependencyGeneratePcm arm64 /Users/admin/builder/spi-builder-workspace/.derivedData/SDKExplicitPrecompiledModules/_Builtin_intrinsics-75960HIPCIYA06IUW8FIIPQT.pcm
SwiftExplicitDependencyGeneratePcm arm64 /Users/admin/builder/spi-builder-workspace/.derivedData/SDKExplicitPrecompiledModules/_DarwinFoundation3-B97LRG0E9GON2NUE65TVG81HU.pcm
SwiftExplicitDependencyGeneratePcm arm64_32 /Users/admin/builder/spi-builder-workspace/.derivedData/SDKExplicitPrecompiledModules/_Builtin_inttypes-D2KPCR4PEX9AQA33NGLUT5SBR.pcm
SwiftExplicitDependencyGeneratePcm arm64_32 /Users/admin/builder/spi-builder-workspace/.derivedData/SDKExplicitPrecompiledModules/Darwin-3FVT1SKLN2ZQ5RVOABMTQBB34.pcm
SwiftExplicitDependencyGeneratePcm arm64 /Users/admin/builder/spi-builder-workspace/.derivedData/SDKExplicitPrecompiledModules/_Builtin_inttypes-3UQSCM7WNM9EK4HZML8TY5J3D.pcm
SwiftExplicitDependencyGeneratePcm arm64 /Users/admin/builder/spi-builder-workspace/.derivedData/SDKExplicitPrecompiledModules/Darwin-3984OXKFNSPE77NT743WK8SEX.pcm
SwiftExplicitDependencyGeneratePcm arm64_32 /Users/admin/builder/spi-builder-workspace/.derivedData/SDKExplicitPrecompiledModules/simd-21UNWYOBUZI1LVSQ99S1XBLMO.pcm
SwiftExplicitDependencyGeneratePcm arm64 /Users/admin/builder/spi-builder-workspace/.derivedData/SDKExplicitPrecompiledModules/simd-EH08NODU6574T74ZKU61VP9BW.pcm
SwiftExplicitDependencyGeneratePcm arm64_32 /Users/admin/builder/spi-builder-workspace/.derivedData/SDKExplicitPrecompiledModules/ObjectiveC-6IJNELR2E80E7LUKESVCP2KET.pcm
SwiftExplicitDependencyGeneratePcm arm64_32 /Users/admin/builder/spi-builder-workspace/.derivedData/SDKExplicitPrecompiledModules/MachO-56838ZJ0NC1EBAJ0O6O8QMPDX.pcm
SwiftExplicitDependencyGeneratePcm arm64 /Users/admin/builder/spi-builder-workspace/.derivedData/SDKExplicitPrecompiledModules/ObjectiveC-72IVD3VS2RS8Q28D9PIMY0KQP.pcm
SwiftExplicitDependencyGeneratePcm arm64 /Users/admin/builder/spi-builder-workspace/.derivedData/SDKExplicitPrecompiledModules/MachO-2U90NNSAQILBNBPS1SA4F8TYP.pcm
SwiftExplicitDependencyGeneratePcm arm64_32 /Users/admin/builder/spi-builder-workspace/.derivedData/SDKExplicitPrecompiledModules/os_object-5YWTC6L4756IWSTPGXS5NM0D0.pcm
SwiftExplicitDependencyGeneratePcm arm64_32 /Users/admin/builder/spi-builder-workspace/.derivedData/SDKExplicitPrecompiledModules/os_workgroup-5JHTPDMNBUNHLJI8LPHKQK1JK.pcm
SwiftExplicitDependencyGeneratePcm arm64 /Users/admin/builder/spi-builder-workspace/.derivedData/SDKExplicitPrecompiledModules/os_object-3SDKD7F87FTZ26OON37DRYT6O.pcm
SwiftExplicitDependencyGeneratePcm arm64 /Users/admin/builder/spi-builder-workspace/.derivedData/SDKExplicitPrecompiledModules/os_workgroup-89GG5G7YC2D0ZTK6AZXXQ20DH.pcm
SwiftExplicitDependencyGeneratePcm arm64_32 /Users/admin/builder/spi-builder-workspace/.derivedData/SDKExplicitPrecompiledModules/Dispatch-2P62F1T4XV63S4P99TUDTOK2Q.pcm
SwiftExplicitDependencyGeneratePcm arm64 /Users/admin/builder/spi-builder-workspace/.derivedData/SDKExplicitPrecompiledModules/Dispatch-1NLJOVAK60XP0DUB05XA59EIM.pcm
SwiftExplicitDependencyGeneratePcm arm64_32 /Users/admin/builder/spi-builder-workspace/.derivedData/SDKExplicitPrecompiledModules/XPC-81Y45QFY96XYYFCW2GT6FY8S4.pcm
SwiftExplicitDependencyGeneratePcm arm64_32 /Users/admin/builder/spi-builder-workspace/.derivedData/SDKExplicitPrecompiledModules/CoreFoundation-8E6Y4BA3EXYKUGJ24GT9LGV3N.pcm
SwiftExplicitDependencyGeneratePcm arm64 /Users/admin/builder/spi-builder-workspace/.derivedData/SDKExplicitPrecompiledModules/CoreFoundation-8T2L24YC5NU7WO6WQJWRY7W08.pcm
SwiftExplicitDependencyGeneratePcm arm64 /Users/admin/builder/spi-builder-workspace/.derivedData/SDKExplicitPrecompiledModules/XPC-40DR0X1DHKGCV4J1IOLFS8MOU.pcm
SwiftExplicitDependencyGeneratePcm arm64_32 /Users/admin/builder/spi-builder-workspace/.derivedData/SDKExplicitPrecompiledModules/os-E5IGB442IA6SBB25TTCOLK2OC.pcm
SwiftExplicitDependencyGeneratePcm arm64_32 /Users/admin/builder/spi-builder-workspace/.derivedData/SDKExplicitPrecompiledModules/CoreGraphics-9FDXYX6BKBUT6TJ2VF819E7T5.pcm
SwiftExplicitDependencyGeneratePcm arm64_32 /Users/admin/builder/spi-builder-workspace/.derivedData/SDKExplicitPrecompiledModules/Security-D7TOWF88VWF67TB9HAFP5UWB1.pcm
SwiftExplicitDependencyGeneratePcm arm64 /Users/admin/builder/spi-builder-workspace/.derivedData/SDKExplicitPrecompiledModules/os-5DIL6Z9LFIGLMZAHM7X2T5435.pcm
SwiftExplicitDependencyGeneratePcm arm64 /Users/admin/builder/spi-builder-workspace/.derivedData/SDKExplicitPrecompiledModules/CoreGraphics-DWNZ73GEH98SBJXZ7DEXB420K.pcm
SwiftExplicitDependencyGeneratePcm arm64 /Users/admin/builder/spi-builder-workspace/.derivedData/SDKExplicitPrecompiledModules/Security-6RZ6YBRU8WCUHRFFRVUK5WKMM.pcm
SwiftExplicitDependencyGeneratePcm arm64_32 /Users/admin/builder/spi-builder-workspace/.derivedData/SDKExplicitPrecompiledModules/Foundation-BJ2VQGI3OGR34500MEQ1VKHPH.pcm
SwiftExplicitDependencyGeneratePcm arm64_32 /Users/admin/builder/spi-builder-workspace/.derivedData/SDKExplicitPrecompiledModules/CoreVideo-2P8HI0403J99LBDPKNFJ5D4DL.pcm
SwiftExplicitDependencyGeneratePcm arm64 /Users/admin/builder/spi-builder-workspace/.derivedData/SDKExplicitPrecompiledModules/Foundation-DLBKUSGXN8QHAT8W0OARR9S8A.pcm
SwiftExplicitDependencyGeneratePcm arm64 /Users/admin/builder/spi-builder-workspace/.derivedData/SDKExplicitPrecompiledModules/CoreVideo-8MRR5MNWUOAW2DBPGUQ8FKK4.pcm
SwiftExplicitDependencyGeneratePcm arm64_32 /Users/admin/builder/spi-builder-workspace/.derivedData/SDKExplicitPrecompiledModules/Accelerate-34RID1ZBY3BK39CTD4WYM062U.pcm
SwiftExplicitDependencyGeneratePcm arm64 /Users/admin/builder/spi-builder-workspace/.derivedData/SDKExplicitPrecompiledModules/Accelerate-28ES2UAMDN4QG4BXE6ZO309NT.pcm
SwiftCompile normal arm64_32 Compiling\ Moments.swift,\ Normalization.swift,\ Random.swift,\ Center.swift,\ Concatenate.swift /Users/admin/builder/spi-builder-workspace/Sources/Plinth/Extensions/Statistics/Moments.swift /Users/admin/builder/spi-builder-workspace/Sources/Plinth/Extensions/Statistics/Normalization.swift /Users/admin/builder/spi-builder-workspace/Sources/Plinth/Extensions/Statistics/Random.swift /Users/admin/builder/spi-builder-workspace/Sources/Plinth/Extensions/Transformations/Center.swift /Users/admin/builder/spi-builder-workspace/Sources/Plinth/Extensions/Transformations/Concatenate.swift (in target 'Plinth' from project 'Plinth')
SwiftCompile normal arm64_32 /Users/admin/builder/spi-builder-workspace/Sources/Plinth/Extensions/Statistics/Moments.swift (in target 'Plinth' from project 'Plinth')
cd /Users/admin/builder/spi-builder-workspace/.swiftpm/xcode
builtin-SwiftPerFileCompile Moments.swift
SwiftCompile normal arm64_32 /Users/admin/builder/spi-builder-workspace/Sources/Plinth/Extensions/Statistics/Normalization.swift (in target 'Plinth' from project 'Plinth')
cd /Users/admin/builder/spi-builder-workspace/.swiftpm/xcode
builtin-SwiftPerFileCompile Normalization.swift
SwiftCompile normal arm64_32 /Users/admin/builder/spi-builder-workspace/Sources/Plinth/Extensions/Statistics/Random.swift (in target 'Plinth' from project 'Plinth')
cd /Users/admin/builder/spi-builder-workspace/.swiftpm/xcode
builtin-SwiftPerFileCompile Random.swift
SwiftCompile normal arm64_32 /Users/admin/builder/spi-builder-workspace/Sources/Plinth/Extensions/Transformations/Center.swift (in target 'Plinth' from project 'Plinth')
cd /Users/admin/builder/spi-builder-workspace/.swiftpm/xcode
builtin-SwiftPerFileCompile Center.swift
SwiftCompile normal arm64_32 /Users/admin/builder/spi-builder-workspace/Sources/Plinth/Extensions/Transformations/Concatenate.swift (in target 'Plinth' from project 'Plinth')
cd /Users/admin/builder/spi-builder-workspace/.swiftpm/xcode
builtin-SwiftPerFileCompile Concatenate.swift
/Users/admin/builder/spi-builder-workspace/Sources/Plinth/Extensions/Statistics/Random.swift:58:9: warning: result of call to 'withUnsafeMutablePointer(to:_:)' is unused [#NoUsage]
56 | var workspace = [Scalar](repeating: .zero, count: shape.count)
57 |
58 | withUnsafeMutablePointer(to: &count) { count in
| `- warning: result of call to 'withUnsafeMutablePointer(to:_:)' is unused [#NoUsage]
59 | slarnv_(&code, &seed, count, &workspace)
60 | }
/Users/admin/builder/spi-builder-workspace/Sources/Plinth/Extensions/Statistics/Random.swift:76:9: warning: result of call to 'withUnsafeMutablePointer(to:_:)' is unused [#NoUsage]
74 | var workspace = [__CLPK_complex](repeating: __CLPK_complex(), count: shape.count)
75 |
76 | withUnsafeMutablePointer(to: &count) { count in
| `- warning: result of call to 'withUnsafeMutablePointer(to:_:)' is unused [#NoUsage]
77 | clarnv_(&code, &seed, count, &workspace)
78 | }
/Users/admin/builder/spi-builder-workspace/Sources/Plinth/Extensions/Statistics/Random.swift:114:9: warning: result of call to 'withUnsafeMutablePointer(to:_:)' is unused [#NoUsage]
112 | var workspace = [Scalar](repeating: .zero, count: shape.count)
113 |
114 | withUnsafeMutablePointer(to: &count) { count in
| `- warning: result of call to 'withUnsafeMutablePointer(to:_:)' is unused [#NoUsage]
115 | dlarnv_(&code, &seed, count, &workspace)
116 | }
/Users/admin/builder/spi-builder-workspace/Sources/Plinth/Extensions/Statistics/Random.swift:132:9: warning: result of call to 'withUnsafeMutablePointer(to:_:)' is unused [#NoUsage]
130 | var workspace = [__CLPK_doublecomplex](repeating: __CLPK_doublecomplex(), count: shape.count)
131 |
132 | withUnsafeMutablePointer(to: &count) { count in
| `- warning: result of call to 'withUnsafeMutablePointer(to:_:)' is unused [#NoUsage]
133 | zlarnv_(&code, &seed, count, &workspace)
134 | }
[#NoUsage]: <https://docs.swift.org/compiler/documentation/diagnostics/no-usage>
SwiftCompile normal arm64_32 Compiling\ Autocorrelation.swift,\ Convolution1D.swift,\ Convolution2D.swift,\ FFT.swift,\ FFT1D.swift /Users/admin/builder/spi-builder-workspace/Sources/Plinth/Extensions/Signal\ Processing/Autocorrelation.swift /Users/admin/builder/spi-builder-workspace/Sources/Plinth/Extensions/Signal\ Processing/Convolution1D.swift /Users/admin/builder/spi-builder-workspace/Sources/Plinth/Extensions/Signal\ Processing/Convolution2D.swift /Users/admin/builder/spi-builder-workspace/Sources/Plinth/Extensions/Signal\ Processing/FFT.swift /Users/admin/builder/spi-builder-workspace/Sources/Plinth/Extensions/Signal\ Processing/FFT1D.swift (in target 'Plinth' from project 'Plinth')
/Users/admin/builder/spi-builder-workspace/Sources/Plinth/Extensions/Signal Processing/Convolution2D.swift:8:8: warning: file 'Convolution2D.swift' is part of module 'Plinth'; ignoring import [#ModuleSelfImport]
6 | //
7 |
8 | import Plinth
| `- warning: file 'Convolution2D.swift' is part of module 'Plinth'; ignoring import [#ModuleSelfImport]
9 | import Accelerate
10 |
[#ModuleSelfImport]: <https://docs.swift.org/compiler/documentation/diagnostics/module-self-import>
SwiftCompile normal arm64_32 /Users/admin/builder/spi-builder-workspace/Sources/Plinth/Extensions/Signal\ Processing/Autocorrelation.swift (in target 'Plinth' from project 'Plinth')
cd /Users/admin/builder/spi-builder-workspace/.swiftpm/xcode
builtin-SwiftPerFileCompile Autocorrelation.swift
SwiftCompile normal arm64_32 /Users/admin/builder/spi-builder-workspace/Sources/Plinth/Extensions/Signal\ Processing/Convolution1D.swift (in target 'Plinth' from project 'Plinth')
cd /Users/admin/builder/spi-builder-workspace/.swiftpm/xcode
builtin-SwiftPerFileCompile Convolution1D.swift
SwiftCompile normal arm64_32 /Users/admin/builder/spi-builder-workspace/Sources/Plinth/Extensions/Signal\ Processing/Convolution2D.swift (in target 'Plinth' from project 'Plinth')
cd /Users/admin/builder/spi-builder-workspace/.swiftpm/xcode
builtin-SwiftPerFileCompile Convolution2D.swift
SwiftCompile normal arm64_32 /Users/admin/builder/spi-builder-workspace/Sources/Plinth/Extensions/Signal\ Processing/FFT.swift (in target 'Plinth' from project 'Plinth')
cd /Users/admin/builder/spi-builder-workspace/.swiftpm/xcode
builtin-SwiftPerFileCompile FFT.swift
SwiftCompile normal arm64_32 /Users/admin/builder/spi-builder-workspace/Sources/Plinth/Extensions/Signal\ Processing/FFT1D.swift (in target 'Plinth' from project 'Plinth')
cd /Users/admin/builder/spi-builder-workspace/.swiftpm/xcode
builtin-SwiftPerFileCompile FFT1D.swift
SwiftCompile normal arm64_32 Compiling\ Products.swift,\ Roots.swift,\ SquareRoot.swift,\ Transposition.swift,\ Zeros.swift /Users/admin/builder/spi-builder-workspace/Sources/Plinth/Extensions/Linear\ Algebra/Products.swift /Users/admin/builder/spi-builder-workspace/Sources/Plinth/Extensions/Linear\ Algebra/Roots.swift /Users/admin/builder/spi-builder-workspace/Sources/Plinth/Extensions/Linear\ Algebra/SquareRoot.swift /Users/admin/builder/spi-builder-workspace/Sources/Plinth/Extensions/Linear\ Algebra/Transposition.swift /Users/admin/builder/spi-builder-workspace/Sources/Plinth/Extensions/Linear\ Algebra/Zeros.swift (in target 'Plinth' from project 'Plinth')
SwiftCompile normal arm64_32 /Users/admin/builder/spi-builder-workspace/Sources/Plinth/Extensions/Linear\ Algebra/Products.swift (in target 'Plinth' from project 'Plinth')
cd /Users/admin/builder/spi-builder-workspace/.swiftpm/xcode
builtin-SwiftPerFileCompile Products.swift
SwiftCompile normal arm64_32 /Users/admin/builder/spi-builder-workspace/Sources/Plinth/Extensions/Linear\ Algebra/Roots.swift (in target 'Plinth' from project 'Plinth')
cd /Users/admin/builder/spi-builder-workspace/.swiftpm/xcode
builtin-SwiftPerFileCompile Roots.swift
SwiftCompile normal arm64_32 /Users/admin/builder/spi-builder-workspace/Sources/Plinth/Extensions/Linear\ Algebra/SquareRoot.swift (in target 'Plinth' from project 'Plinth')
cd /Users/admin/builder/spi-builder-workspace/.swiftpm/xcode
builtin-SwiftPerFileCompile SquareRoot.swift
SwiftCompile normal arm64_32 /Users/admin/builder/spi-builder-workspace/Sources/Plinth/Extensions/Linear\ Algebra/Transposition.swift (in target 'Plinth' from project 'Plinth')
cd /Users/admin/builder/spi-builder-workspace/.swiftpm/xcode
builtin-SwiftPerFileCompile Transposition.swift
SwiftCompile normal arm64_32 /Users/admin/builder/spi-builder-workspace/Sources/Plinth/Extensions/Linear\ Algebra/Zeros.swift (in target 'Plinth' from project 'Plinth')
cd /Users/admin/builder/spi-builder-workspace/.swiftpm/xcode
builtin-SwiftPerFileCompile Zeros.swift
SwiftCompile normal arm64_32 Compiling\ ComplexMatrix.swift,\ Arithmetic.swift,\ Conversions.swift,\ Functors.swift,\ Submatrix.swift /Users/admin/builder/spi-builder-workspace/Sources/Plinth/ComplexMatrix.swift /Users/admin/builder/spi-builder-workspace/Sources/Plinth/Core/Arithmetic.swift /Users/admin/builder/spi-builder-workspace/Sources/Plinth/Core/Conversions.swift /Users/admin/builder/spi-builder-workspace/Sources/Plinth/Core/Functors.swift /Users/admin/builder/spi-builder-workspace/Sources/Plinth/Core/Submatrix.swift (in target 'Plinth' from project 'Plinth')
SwiftCompile normal arm64_32 /Users/admin/builder/spi-builder-workspace/Sources/Plinth/ComplexMatrix.swift (in target 'Plinth' from project 'Plinth')
cd /Users/admin/builder/spi-builder-workspace/.swiftpm/xcode
builtin-SwiftPerFileCompile ComplexMatrix.swift
SwiftCompile normal arm64_32 /Users/admin/builder/spi-builder-workspace/Sources/Plinth/Core/Arithmetic.swift (in target 'Plinth' from project 'Plinth')
cd /Users/admin/builder/spi-builder-workspace/.swiftpm/xcode
builtin-SwiftPerFileCompile Arithmetic.swift
SwiftCompile normal arm64_32 /Users/admin/builder/spi-builder-workspace/Sources/Plinth/Core/Conversions.swift (in target 'Plinth' from project 'Plinth')
cd /Users/admin/builder/spi-builder-workspace/.swiftpm/xcode
builtin-SwiftPerFileCompile Conversions.swift
SwiftCompile normal arm64_32 /Users/admin/builder/spi-builder-workspace/Sources/Plinth/Core/Functors.swift (in target 'Plinth' from project 'Plinth')
cd /Users/admin/builder/spi-builder-workspace/.swiftpm/xcode
builtin-SwiftPerFileCompile Functors.swift
SwiftCompile normal arm64_32 /Users/admin/builder/spi-builder-workspace/Sources/Plinth/Core/Submatrix.swift (in target 'Plinth' from project 'Plinth')
cd /Users/admin/builder/spi-builder-workspace/.swiftpm/xcode
builtin-SwiftPerFileCompile Submatrix.swift
SwiftCompile normal arm64_32 Compiling\ Exponentiation.swift,\ Identity.swift,\ Inversion.swift,\ Multiplication.swift,\ Ones.swift /Users/admin/builder/spi-builder-workspace/Sources/Plinth/Extensions/Linear\ Algebra/Exponentiation.swift /Users/admin/builder/spi-builder-workspace/Sources/Plinth/Extensions/Linear\ Algebra/Identity.swift /Users/admin/builder/spi-builder-workspace/Sources/Plinth/Extensions/Linear\ Algebra/Inversion.swift /Users/admin/builder/spi-builder-workspace/Sources/Plinth/Extensions/Linear\ Algebra/Multiplication.swift /Users/admin/builder/spi-builder-workspace/Sources/Plinth/Extensions/Linear\ Algebra/Ones.swift (in target 'Plinth' from project 'Plinth')
/Users/admin/builder/spi-builder-workspace/Sources/Plinth/Extensions/Linear Algebra/Inversion.swift:61:67: error: cannot convert value of type '__CLPK_integer' (aka 'Int') to expected argument type 'Int32'
59 |
60 | if error < 0 {
61 | throw InversionError.illegalValue(matrix: self, code: error)
| `- error: cannot convert value of type '__CLPK_integer' (aka 'Int') to expected argument type 'Int32'
62 | }
63 |
/Users/admin/builder/spi-builder-workspace/Sources/Plinth/Extensions/Linear Algebra/Inversion.swift:65:72: error: cannot convert value of type '__CLPK_integer' (aka 'Int') to expected argument type 'Int32'
63 |
64 | if error > 0 {
65 | throw InversionError.computationFailed(matrix: self, code: error)
| `- error: cannot convert value of type '__CLPK_integer' (aka 'Int') to expected argument type 'Int32'
66 | }
67 |
/Users/admin/builder/spi-builder-workspace/Sources/Plinth/Extensions/Linear Algebra/Inversion.swift:90:74: error: cannot convert value of type '__CLPK_integer' (aka 'Int') to expected argument type 'Int32'
88 |
89 | if error < 0 {
90 | throw ComplexInversionError.illegalValue(matrix: self, code: error)
| `- error: cannot convert value of type '__CLPK_integer' (aka 'Int') to expected argument type 'Int32'
91 | }
92 |
/Users/admin/builder/spi-builder-workspace/Sources/Plinth/Extensions/Linear Algebra/Inversion.swift:94:79: error: cannot convert value of type '__CLPK_integer' (aka 'Int') to expected argument type 'Int32'
92 |
93 | if error > 0 {
94 | throw ComplexInversionError.computationFailed(matrix: self, code: error)
| `- error: cannot convert value of type '__CLPK_integer' (aka 'Int') to expected argument type 'Int32'
95 | }
96 |
/Users/admin/builder/spi-builder-workspace/Sources/Plinth/Extensions/Linear Algebra/Inversion.swift:119:67: error: cannot convert value of type '__CLPK_integer' (aka 'Int') to expected argument type 'Int32'
117 |
118 | if error < 0 {
119 | throw InversionError.illegalValue(matrix: self, code: error)
| `- error: cannot convert value of type '__CLPK_integer' (aka 'Int') to expected argument type 'Int32'
120 | }
121 |
/Users/admin/builder/spi-builder-workspace/Sources/Plinth/Extensions/Linear Algebra/Inversion.swift:123:72: error: cannot convert value of type '__CLPK_integer' (aka 'Int') to expected argument type 'Int32'
121 |
122 | if error > 0 {
123 | throw InversionError.computationFailed(matrix: self, code: error)
| `- error: cannot convert value of type '__CLPK_integer' (aka 'Int') to expected argument type 'Int32'
124 | }
125 |
/Users/admin/builder/spi-builder-workspace/Sources/Plinth/Extensions/Linear Algebra/Inversion.swift:148:74: error: cannot convert value of type '__CLPK_integer' (aka 'Int') to expected argument type 'Int32'
146 |
147 | if error < 0 {
148 | throw ComplexInversionError.illegalValue(matrix: self, code: error)
| `- error: cannot convert value of type '__CLPK_integer' (aka 'Int') to expected argument type 'Int32'
149 | }
150 |
/Users/admin/builder/spi-builder-workspace/Sources/Plinth/Extensions/Linear Algebra/Inversion.swift:152:79: error: cannot convert value of type '__CLPK_integer' (aka 'Int') to expected argument type 'Int32'
150 |
151 | if error > 0 {
152 | throw ComplexInversionError.computationFailed(matrix: self, code: error)
| `- error: cannot convert value of type '__CLPK_integer' (aka 'Int') to expected argument type 'Int32'
153 | }
154 |
Failed frontend command:
/Applications/Xcode-27.0.0-Release.Candidate.app/Contents/Developer/Toolchains/XcodeDefault.xctoolchain/usr/bin/swift-frontend -frontend -c /Users/admin/builder/spi-builder-workspace/Sources/Plinth/ComplexMatrix.swift /Users/admin/builder/spi-builder-workspace/Sources/Plinth/Core/Arithmetic.swift /Users/admin/builder/spi-builder-workspace/Sources/Plinth/Core/Conversions.swift /Users/admin/builder/spi-builder-workspace/Sources/Plinth/Core/Functors.swift /Users/admin/builder/spi-builder-workspace/Sources/Plinth/Core/Submatrix.swift /Users/admin/builder/spi-builder-workspace/Sources/Plinth/Core/Wrappers.swift /Users/admin/builder/spi-builder-workspace/Sources/Plinth/Extensions/Linear\ Algebra/Circulant.swift /Users/admin/builder/spi-builder-workspace/Sources/Plinth/Extensions/Linear\ Algebra/Diagonal.swift /Users/admin/builder/spi-builder-workspace/Sources/Plinth/Extensions/Linear\ Algebra/Division.swift /Users/admin/builder/spi-builder-workspace/Sources/Plinth/Extensions/Linear\ Algebra/Eigendecomposition.swift -primary-file /Users/admin/builder/spi-builder-workspace/Sources/Plinth/Extensions/Linear\ Algebra/Exponentiation.swift -primary-file /Users/admin/builder/spi-builder-workspace/Sources/Plinth/Extensions/Linear\ Algebra/Identity.swift -primary-file /Users/admin/builder/spi-builder-workspace/Sources/Plinth/Extensions/Linear\ Algebra/Inversion.swift -primary-file /Users/admin/builder/spi-builder-workspace/Sources/Plinth/Extensions/Linear\ Algebra/Multiplication.swift -primary-file /Users/admin/builder/spi-builder-workspace/Sources/Plinth/Extensions/Linear\ Algebra/Ones.swift /Users/admin/builder/spi-builder-workspace/Sources/Plinth/Extensions/Linear\ Algebra/Products.swift /Users/admin/builder/spi-builder-workspace/Sources/Plinth/Extensions/Linear\ Algebra/Roots.swift /Users/admin/builder/spi-builder-workspace/Sources/Plinth/Extensions/Linear\ Algebra/SquareRoot.swift /Users/admin/builder/spi-builder-workspace/Sources/Plinth/Extensions/Linear\ Algebra/Transposition.swift /Users/admin/builder/spi-builder-workspace/Sources/Plinth/Extensions/Linear\ Algebra/Zeros.swift /Users/admin/builder/spi-builder-workspace/Sources/Plinth/Extensions/Mathematics/Comparisons.swift /Users/admin/builder/spi-builder-workspace/Sources/Plinth/Extensions/Mathematics/Interpolation.swift /Users/admin/builder/spi-builder-workspace/Sources/Plinth/Extensions/Mathematics/Powers.swift /Users/admin/builder/spi-builder-workspace/Sources/Plinth/Extensions/Mathematics/Ramps.swift /Users/admin/builder/spi-builder-workspace/Sources/Plinth/Extensions/Signal\ Processing/Autoconvolution.swift /Users/admin/builder/spi-builder-workspace/Sources/Plinth/Extensions/Signal\ Processing/Autocorrelation.swift /Users/admin/builder/spi-builder-workspace/Sources/Plinth/Extensions/Signal\ Processing/Convolution1D.swift /Users/admin/builder/spi-builder-workspace/Sources/Plinth/Extensions/Signal\ Processing/Convolution2D.swift /Users/admin/builder/spi-builder-workspace/Sources/Plinth/Extensions/Signal\ Processing/FFT.swift /Users/admin/builder/spi-builder-workspace/Sources/Plinth/Extensions/Signal\ Processing/FFT1D.swift /Users/admin/builder/spi-builder-workspace/Sources/Plinth/Extensions/Signal\ Processing/FFT2D.swift /Users/admin/builder/spi-builder-workspace/Sources/Plinth/Extensions/Signal\ Processing/FFTRamp.swift /Users/admin/builder/spi-builder-workspace/Sources/Plinth/Extensions/Signal\ Processing/FFTShift.swift /Users/admin/builder/spi-builder-workspace/Sources/Plinth/Extensions/Signal\ Processing/Resampling.swift /Users/admin/builder/spi-builder-workspace/Sources/Plinth/Extensions/Statistics/Gaussian.swift /Users/admin/builder/spi-builder-workspace/Sources/Plinth/Extensions/Statistics/Moments.swift /Users/admin/builder/spi-builder-workspace/Sources/Plinth/Extensions/Statistics/Normalization.swift /Users/admin/builder/spi-builder-workspace/Sources/Plinth/Extensions/Statistics/Random.swift /Users/admin/builder/spi-builder-workspace/Sources/Plinth/Extensions/Transformations/Center.swift /Users/admin/builder/spi-builder-workspace/Sources/Plinth/Extensions/Transformations/Concatenate.swift /Users/admin/builder/spi-builder-workspace/Sources/Plinth/Extensions/Transformations/Crop.swift /Users/admin/builder/spi-builder-workspace/Sources/Plinth/Extensions/Transformations/Pad.swift /Users/admin/builder/spi-builder-workspace/Sources/Plinth/Extensions/Transformations/Repeat.swift /Users/admin/builder/spi-builder-workspace/Sources/Plinth/Extensions/Transformations/Reshape.swift /Users/admin/builder/spi-builder-workspace/Sources/Plinth/Extensions/Transformations/Reverse.swift /Users/admin/builder/spi-builder-workspace/Sources/Plinth/Extensions/Transformations/Shift.swift /Users/admin/builder/spi-builder-workspace/Sources/Plinth/Matrix.swift /Users/admin/builder/spi-builder-workspace/Sources/Plinth/Shape.swift -supplementary-output-file-map /Users/admin/builder/spi-builder-workspace/.derivedData/Build/Intermediates.noindex/Plinth.build/Debug-watchos/Plinth-t.build/Objects-normal/arm64_32/supplementaryOutputs-5 -target arm64_32-apple-watchos9.0 -disable-cross-import-overlay-search -load-resolved-plugin /Applications/Xcode-27.0.0-Release.Candidate.app/Contents/Developer/Platforms/WatchOS.platform/Developer/usr/lib/swift/host/plugins/libFoundationMacros.dylib\#/Applications/Xcode-27.0.0-Release.Candidate.app/Contents/Developer/Platforms/WatchOS.platform/Developer/usr/bin/swift-plugin-server\#FoundationMacros -load-resolved-plugin /Applications/Xcode-27.0.0-Release.Candidate.app/Contents/Developer/Platforms/WatchOS.platform/Developer/usr/lib/swift/host/plugins/libObservationMacros.dylib\#/Applications/Xcode-27.0.0-Release.Candidate.app/Contents/Developer/Platforms/WatchOS.platform/Developer/usr/bin/swift-plugin-server\#ObservationMacros -load-resolved-plugin /Applications/Xcode-27.0.0-Release.Candidate.app/Contents/Developer/Platforms/WatchOS.platform/Developer/usr/lib/swift/host/plugins/libSwiftMacros.dylib\#/Applications/Xcode-27.0.0-Release.Candidate.app/Contents/Developer/Platforms/WatchOS.platform/Developer/usr/bin/swift-plugin-server\#SwiftMacros -disable-implicit-swift-modules -Xcc -fno-implicit-modules -Xcc -fno-implicit-module-maps -explicit-swift-module-map-file /Users/admin/builder/spi-builder-workspace/.derivedData/Build/Intermediates.noindex/Plinth.build/Debug-watchos/Plinth-t.build/Objects-normal/arm64_32/Plinth-dependencies-2.json -enable-objc-interop -sdk /Applications/Xcode-27.0.0-Release.Candidate.app/Contents/Developer/Platforms/WatchOS.platform/Developer/SDKs/WatchOS27.0.sdk -I /Users/admin/builder/spi-builder-workspace/.derivedData/Build/Products/Debug-watchos -Isystem /Applications/Xcode-27.0.0-Release.Candidate.app/Contents/Developer/Platforms/WatchOS.platform/Developer/usr/lib -F /Users/admin/builder/spi-builder-workspace/.derivedData/Build/Products/Debug-watchos/PackageFrameworks -F /Users/admin/builder/spi-builder-workspace/.derivedData/Build/Products/Debug-watchos -F /Applications/Xcode-27.0.0-Release.Candidate.app/Contents/Developer/Platforms/WatchOS.platform/Developer/Library/Frameworks -F /Applications/Xcode-27.0.0-Release.Candidate.app/Contents/Developer/Platforms/WatchOS.platform/Developer/SDKs/WatchOS27.0.sdk/Developer/Library/Frameworks -module-cache-path /Users/admin/builder/spi-builder-workspace/.derivedData/Build/Intermediates.noindex/SwiftExplicitPrecompiledModules -no-color-diagnostics -Xcc -fno-color-diagnostics -enable-testing -g -debug-info-format\=dwarf -dwarf-version\=4 -swift-version 5 -Onone -D SWIFT_PACKAGE -D DEBUG -D SWIFT_MODULE_RESOURCE_BUNDLE_UNAVAILABLE -D Xcode -serialize-debugging-options -enable-experimental-feature DebugDescriptionMacro -empty-abi-descriptor -validate-clang-modules-once -clang-build-session-file /Users/admin/builder/spi-builder-workspace/.derivedData/ModuleCache.noindex/Session.modulevalidation -Xcc -working-directory -Xcc /Users/admin/builder/spi-builder-workspace/.swiftpm/xcode -enable-anonymous-context-mangled-names -file-compilation-dir /Users/admin/builder/spi-builder-workspace/.swiftpm/xcode -Xcc -fmodule-map-file\=/Users/admin/builder/spi-builder-workspace/.dependencies/checkouts/swift-numerics/Sources/_NumericsShims/include/module.modulemap -Xcc -D_LIBCPP_HARDENING_MODE\=_LIBCPP_HARDENING_MODE_DEBUG -Xcc -ivfsstatcache -Xcc /Users/admin/builder/spi-builder-workspace/.derivedData/SDKStatCaches.noindex/watchos27.0-24R360-e829b21a6f8c9b70876ba0858053c04477534ef55a1706bf4c1112bbb242f0a2.sdkstatcache -Xcc -fmodules-prune-interval\=86400 -Xcc -fmodules-prune-after\=345600 -Xcc -I/Users/admin/builder/spi-builder-workspace/.dependencies/checkouts/swift-numerics/Sources/_NumericsShims/include -Xcc -I/Users/admin/builder/spi-builder-workspace/.derivedData/Build/Products/Debug-watchos/include -Xcc -I/Users/admin/builder/spi-builder-workspace/.derivedData/Build/Intermediates.noindex/Plinth.build/Debug-watchos/Plinth-t.build/DerivedSources-normal/arm64_32 -Xcc -I/Users/admin/builder/spi-builder-workspace/.derivedData/Build/Intermediates.noindex/Plinth.build/Debug-watchos/Plinth-t.build/DerivedSources/arm64_32 -Xcc -I/Users/admin/builder/spi-builder-workspace/.derivedData/Build/Intermediates.noindex/Plinth.build/Debug-watchos/Plinth-t.build/DerivedSources -Xcc -DSWIFT_PACKAGE -Xcc -DDEBUG\=1 -no-auto-bridging-header-chaining -module-name Plinth -const-gather-protocols-file /Users/admin/builder/spi-builder-workspace/.derivedData/Build/Intermediates.noindex/Plinth.build/Debug-watchos/Plinth-t.build/Objects-normal/arm64_32/Plinth_const_extract_protocols.json -disable-clang-spi -clang-target arm64_32-apple-watchos27.0 -target-sdk-version 27.0 -target-sdk-name watchos27.0 -in-process-plugin-server-path /Applications/Xcode-27.0.0-Release.Candidate.app/Contents/Developer/Toolchains/XcodeDefault.xctoolchain/usr/lib/swift/host/libSwiftInProcPluginServer.dylib -parse-as-library -o /Users/admin/builder/spi-builder-workspace/.derivedData/Build/Intermediates.noindex/Plinth.build/Debug-watchos/Plinth-t.build/Objects-normal/arm64_32/Exponentiation.o -o /Users/admin/builder/spi-builder-workspace/.derivedData/Build/Intermediates.noindex/Plinth.build/Debug-watchos/Plinth-t.build/Objects-normal/arm64_32/Identity.o -o /Users/admin/builder/spi-builder-workspace/.derivedData/Build/Intermediates.noindex/Plinth.build/Debug-watchos/Plinth-t.build/Objects-normal/arm64_32/Inversion.o -o /Users/admin/builder/spi-builder-workspace/.derivedData/Build/Intermediates.noindex/Plinth.build/Debug-watchos/Plinth-t.build/Objects-normal/arm64_32/Multiplication.o -o /Users/admin/builder/spi-builder-workspace/.derivedData/Build/Intermediates.noindex/Plinth.build/Debug-watchos/Plinth-t.build/Objects-normal/arm64_32/Ones.o -debug-module-path /Users/admin/builder/spi-builder-workspace/.derivedData/Build/Intermediates.noindex/Plinth.build/Debug-watchos/Plinth-t.build/Objects-normal/arm64_32/Plinth.swiftmodule -index-unit-output-path /Plinth.build/Debug-watchos/Plinth-t.build/Objects-normal/arm64_32/Exponentiation.o -index-unit-output-path /Plinth.build/Debug-watchos/Plinth-t.build/Objects-normal/arm64_32/Identity.o -index-unit-output-path /Plinth.build/Debug-watchos/Plinth-t.build/Objects-normal/arm64_32/Inversion.o -index-unit-output-path /Plinth.build/Debug-watchos/Plinth-t.build/Objects-normal/arm64_32/Multiplication.o -index-unit-output-path /Plinth.build/Debug-watchos/Plinth-t.build/Objects-normal/arm64_32/Ones.o -index-store-path /Users/admin/builder/spi-builder-workspace/.derivedData/Index.noindex/DataStore -index-system-modules
SwiftCompile normal arm64_32 /Users/admin/builder/spi-builder-workspace/Sources/Plinth/Extensions/Linear\ Algebra/Exponentiation.swift (in target 'Plinth' from project 'Plinth')
cd /Users/admin/builder/spi-builder-workspace/.swiftpm/xcode
builtin-SwiftPerFileCompile Exponentiation.swift
SwiftCompile normal arm64_32 /Users/admin/builder/spi-builder-workspace/Sources/Plinth/Extensions/Linear\ Algebra/Identity.swift (in target 'Plinth' from project 'Plinth')
cd /Users/admin/builder/spi-builder-workspace/.swiftpm/xcode
builtin-SwiftPerFileCompile Identity.swift
SwiftCompile normal arm64_32 /Users/admin/builder/spi-builder-workspace/Sources/Plinth/Extensions/Linear\ Algebra/Inversion.swift (in target 'Plinth' from project 'Plinth')
cd /Users/admin/builder/spi-builder-workspace/.swiftpm/xcode
builtin-SwiftPerFileCompile Inversion.swift
SwiftCompile normal arm64_32 /Users/admin/builder/spi-builder-workspace/Sources/Plinth/Extensions/Linear\ Algebra/Multiplication.swift (in target 'Plinth' from project 'Plinth')
cd /Users/admin/builder/spi-builder-workspace/.swiftpm/xcode
builtin-SwiftPerFileCompile Multiplication.swift
SwiftCompile normal arm64_32 /Users/admin/builder/spi-builder-workspace/Sources/Plinth/Extensions/Linear\ Algebra/Ones.swift (in target 'Plinth' from project 'Plinth')
cd /Users/admin/builder/spi-builder-workspace/.swiftpm/xcode
builtin-SwiftPerFileCompile Ones.swift
SwiftEmitModule normal arm64_32 Emitting\ module\ for\ Plinth (in target 'Plinth' from project 'Plinth')
/Users/admin/builder/spi-builder-workspace/Sources/Plinth/Extensions/Linear Algebra/Circulant.swift:9:8: warning: file 'Circulant.swift' is part of module 'Plinth'; ignoring import [#ModuleSelfImport]
7 |
8 | import Foundation
9 | import Plinth
| `- warning: file 'Circulant.swift' is part of module 'Plinth'; ignoring import [#ModuleSelfImport]
10 |
11 | extension Matrix where Scalar == Float {
/Users/admin/builder/spi-builder-workspace/Sources/Plinth/Extensions/Signal Processing/Convolution2D.swift:8:8: warning: file 'Convolution2D.swift' is part of module 'Plinth'; ignoring import [#ModuleSelfImport]
6 | //
7 |
8 | import Plinth
| `- warning: file 'Convolution2D.swift' is part of module 'Plinth'; ignoring import [#ModuleSelfImport]
9 | import Accelerate
10 |
/Users/admin/builder/spi-builder-workspace/Sources/Plinth/Extensions/Signal Processing/Resampling.swift:8:8: warning: file 'Resampling.swift' is part of module 'Plinth'; ignoring import [#ModuleSelfImport]
6 | //
7 |
8 | import Plinth
| `- warning: file 'Resampling.swift' is part of module 'Plinth'; ignoring import [#ModuleSelfImport]
9 | import Accelerate
10 |
/Users/admin/builder/spi-builder-workspace/Sources/Plinth/Extensions/Transformations/Reverse.swift:9:8: warning: file 'Reverse.swift' is part of module 'Plinth'; ignoring import [#ModuleSelfImport]
7 |
8 | import Foundation
9 | import Plinth
| `- warning: file 'Reverse.swift' is part of module 'Plinth'; ignoring import [#ModuleSelfImport]
10 |
11 | extension Matrix where Scalar == Float {
[#ModuleSelfImport]: <https://docs.swift.org/compiler/documentation/diagnostics/module-self-import>
SwiftCompile normal arm64_32 (in target 'Plinth' from project 'Plinth')
cd /Users/admin/builder/spi-builder-workspace/.swiftpm/xcode
SwiftCompile normal arm64_32 Compiling\ Wrappers.swift,\ Circulant.swift,\ Diagonal.swift,\ Division.swift,\ Eigendecomposition.swift /Users/admin/builder/spi-builder-workspace/Sources/Plinth/Core/Wrappers.swift /Users/admin/builder/spi-builder-workspace/Sources/Plinth/Extensions/Linear\ Algebra/Circulant.swift /Users/admin/builder/spi-builder-workspace/Sources/Plinth/Extensions/Linear\ Algebra/Diagonal.swift /Users/admin/builder/spi-builder-workspace/Sources/Plinth/Extensions/Linear\ Algebra/Division.swift /Users/admin/builder/spi-builder-workspace/Sources/Plinth/Extensions/Linear\ Algebra/Eigendecomposition.swift (in target 'Plinth' from project 'Plinth')
/Users/admin/builder/spi-builder-workspace/Sources/Plinth/Extensions/Linear Algebra/Circulant.swift:9:8: warning: file 'Circulant.swift' is part of module 'Plinth'; ignoring import [#ModuleSelfImport]
7 |
8 | import Foundation
9 | import Plinth
| `- warning: file 'Circulant.swift' is part of module 'Plinth'; ignoring import [#ModuleSelfImport]
10 |
11 | extension Matrix where Scalar == Float {
/Users/admin/builder/spi-builder-workspace/Sources/Plinth/Extensions/Linear Algebra/Eigendecomposition.swift:171:76: error: cannot convert value of type '__CLPK_integer' (aka 'Int') to expected argument type 'Int32'
169 |
170 | if error < 0 {
171 | throw EigendecompositionError.illegalValue(matrix: self, code: error)
| `- error: cannot convert value of type '__CLPK_integer' (aka 'Int') to expected argument type 'Int32'
172 | }
173 |
/Users/admin/builder/spi-builder-workspace/Sources/Plinth/Extensions/Linear Algebra/Eigendecomposition.swift:175:81: error: cannot convert value of type '__CLPK_integer' (aka 'Int') to expected argument type 'Int32'
173 |
174 | if error > 0 {
175 | throw EigendecompositionError.computationFailed(matrix: self, code: error)
| `- error: cannot convert value of type '__CLPK_integer' (aka 'Int') to expected argument type 'Int32'
176 | }
177 |
/Users/admin/builder/spi-builder-workspace/Sources/Plinth/Extensions/Linear Algebra/Eigendecomposition.swift:216:76: error: cannot convert value of type '__CLPK_integer' (aka 'Int') to expected argument type 'Int32'
214 |
215 | if error < 0 {
216 | throw EigendecompositionError.illegalValue(matrix: self, code: error)
| `- error: cannot convert value of type '__CLPK_integer' (aka 'Int') to expected argument type 'Int32'
217 | }
218 |
/Users/admin/builder/spi-builder-workspace/Sources/Plinth/Extensions/Linear Algebra/Eigendecomposition.swift:220:81: error: cannot convert value of type '__CLPK_integer' (aka 'Int') to expected argument type 'Int32'
218 |
219 | if error > 0 {
220 | throw EigendecompositionError.computationFailed(matrix: self, code: error)
| `- error: cannot convert value of type '__CLPK_integer' (aka 'Int') to expected argument type 'Int32'
221 | }
222 |
[#ModuleSelfImport]: <https://docs.swift.org/compiler/documentation/diagnostics/module-self-import>
Failed frontend command:
/Applications/Xcode-27.0.0-Release.Candidate.app/Contents/Developer/Toolchains/XcodeDefault.xctoolchain/usr/bin/swift-frontend -frontend -c /Users/admin/builder/spi-builder-workspace/Sources/Plinth/ComplexMatrix.swift /Users/admin/builder/spi-builder-workspace/Sources/Plinth/Core/Arithmetic.swift /Users/admin/builder/spi-builder-workspace/Sources/Plinth/Core/Conversions.swift /Users/admin/builder/spi-builder-workspace/Sources/Plinth/Core/Functors.swift /Users/admin/builder/spi-builder-workspace/Sources/Plinth/Core/Submatrix.swift -primary-file /Users/admin/builder/spi-builder-workspace/Sources/Plinth/Core/Wrappers.swift -primary-file /Users/admin/builder/spi-builder-workspace/Sources/Plinth/Extensions/Linear\ Algebra/Circulant.swift -primary-file /Users/admin/builder/spi-builder-workspace/Sources/Plinth/Extensions/Linear\ Algebra/Diagonal.swift -primary-file /Users/admin/builder/spi-builder-workspace/Sources/Plinth/Extensions/Linear\ Algebra/Division.swift -primary-file /Users/admin/builder/spi-builder-workspace/Sources/Plinth/Extensions/Linear\ Algebra/Eigendecomposition.swift /Users/admin/builder/spi-builder-workspace/Sources/Plinth/Extensions/Linear\ Algebra/Exponentiation.swift /Users/admin/builder/spi-builder-workspace/Sources/Plinth/Extensions/Linear\ Algebra/Identity.swift /Users/admin/builder/spi-builder-workspace/Sources/Plinth/Extensions/Linear\ Algebra/Inversion.swift /Users/admin/builder/spi-builder-workspace/Sources/Plinth/Extensions/Linear\ Algebra/Multiplication.swift /Users/admin/builder/spi-builder-workspace/Sources/Plinth/Extensions/Linear\ Algebra/Ones.swift /Users/admin/builder/spi-builder-workspace/Sources/Plinth/Extensions/Linear\ Algebra/Products.swift /Users/admin/builder/spi-builder-workspace/Sources/Plinth/Extensions/Linear\ Algebra/Roots.swift /Users/admin/builder/spi-builder-workspace/Sources/Plinth/Extensions/Linear\ Algebra/SquareRoot.swift /Users/admin/builder/spi-builder-workspace/Sources/Plinth/Extensions/Linear\ Algebra/Transposition.swift /Users/admin/builder/spi-builder-workspace/Sources/Plinth/Extensions/Linear\ Algebra/Zeros.swift /Users/admin/builder/spi-builder-workspace/Sources/Plinth/Extensions/Mathematics/Comparisons.swift /Users/admin/builder/spi-builder-workspace/Sources/Plinth/Extensions/Mathematics/Interpolation.swift /Users/admin/builder/spi-builder-workspace/Sources/Plinth/Extensions/Mathematics/Powers.swift /Users/admin/builder/spi-builder-workspace/Sources/Plinth/Extensions/Mathematics/Ramps.swift /Users/admin/builder/spi-builder-workspace/Sources/Plinth/Extensions/Signal\ Processing/Autoconvolution.swift /Users/admin/builder/spi-builder-workspace/Sources/Plinth/Extensions/Signal\ Processing/Autocorrelation.swift /Users/admin/builder/spi-builder-workspace/Sources/Plinth/Extensions/Signal\ Processing/Convolution1D.swift /Users/admin/builder/spi-builder-workspace/Sources/Plinth/Extensions/Signal\ Processing/Convolution2D.swift /Users/admin/builder/spi-builder-workspace/Sources/Plinth/Extensions/Signal\ Processing/FFT.swift /Users/admin/builder/spi-builder-workspace/Sources/Plinth/Extensions/Signal\ Processing/FFT1D.swift /Users/admin/builder/spi-builder-workspace/Sources/Plinth/Extensions/Signal\ Processing/FFT2D.swift /Users/admin/builder/spi-builder-workspace/Sources/Plinth/Extensions/Signal\ Processing/FFTRamp.swift /Users/admin/builder/spi-builder-workspace/Sources/Plinth/Extensions/Signal\ Processing/FFTShift.swift /Users/admin/builder/spi-builder-workspace/Sources/Plinth/Extensions/Signal\ Processing/Resampling.swift /Users/admin/builder/spi-builder-workspace/Sources/Plinth/Extensions/Statistics/Gaussian.swift /Users/admin/builder/spi-builder-workspace/Sources/Plinth/Extensions/Statistics/Moments.swift /Users/admin/builder/spi-builder-workspace/Sources/Plinth/Extensions/Statistics/Normalization.swift /Users/admin/builder/spi-builder-workspace/Sources/Plinth/Extensions/Statistics/Random.swift /Users/admin/builder/spi-builder-workspace/Sources/Plinth/Extensions/Transformations/Center.swift /Users/admin/builder/spi-builder-workspace/Sources/Plinth/Extensions/Transformations/Concatenate.swift /Users/admin/builder/spi-builder-workspace/Sources/Plinth/Extensions/Transformations/Crop.swift /Users/admin/builder/spi-builder-workspace/Sources/Plinth/Extensions/Transformations/Pad.swift /Users/admin/builder/spi-builder-workspace/Sources/Plinth/Extensions/Transformations/Repeat.swift /Users/admin/builder/spi-builder-workspace/Sources/Plinth/Extensions/Transformations/Reshape.swift /Users/admin/builder/spi-builder-workspace/Sources/Plinth/Extensions/Transformations/Reverse.swift /Users/admin/builder/spi-builder-workspace/Sources/Plinth/Extensions/Transformations/Shift.swift /Users/admin/builder/spi-builder-workspace/Sources/Plinth/Matrix.swift /Users/admin/builder/spi-builder-workspace/Sources/Plinth/Shape.swift -supplementary-output-file-map /Users/admin/builder/spi-builder-workspace/.derivedData/Build/Intermediates.noindex/Plinth.build/Debug-watchos/Plinth-t.build/Objects-normal/arm64_32/supplementaryOutputs-3 -target arm64_32-apple-watchos9.0 -disable-cross-import-overlay-search -load-resolved-plugin /Applications/Xcode-27.0.0-Release.Candidate.app/Contents/Developer/Platforms/WatchOS.platform/Developer/usr/lib/swift/host/plugins/libFoundationMacros.dylib\#/Applications/Xcode-27.0.0-Release.Candidate.app/Contents/Developer/Platforms/WatchOS.platform/Developer/usr/bin/swift-plugin-server\#FoundationMacros -load-resolved-plugin /Applications/Xcode-27.0.0-Release.Candidate.app/Contents/Developer/Platforms/WatchOS.platform/Developer/usr/lib/swift/host/plugins/libObservationMacros.dylib\#/Applications/Xcode-27.0.0-Release.Candidate.app/Contents/Developer/Platforms/WatchOS.platform/Developer/usr/bin/swift-plugin-server\#ObservationMacros -load-resolved-plugin /Applications/Xcode-27.0.0-Release.Candidate.app/Contents/Developer/Platforms/WatchOS.platform/Developer/usr/lib/swift/host/plugins/libSwiftMacros.dylib\#/Applications/Xcode-27.0.0-Release.Candidate.app/Contents/Developer/Platforms/WatchOS.platform/Developer/usr/bin/swift-plugin-server\#SwiftMacros -disable-implicit-swift-modules -Xcc -fno-implicit-modules -Xcc -fno-implicit-module-maps -explicit-swift-module-map-file /Users/admin/builder/spi-builder-workspace/.derivedData/Build/Intermediates.noindex/Plinth.build/Debug-watchos/Plinth-t.build/Objects-normal/arm64_32/Plinth-dependencies-2.json -enable-objc-interop -sdk /Applications/Xcode-27.0.0-Release.Candidate.app/Contents/Developer/Platforms/WatchOS.platform/Developer/SDKs/WatchOS27.0.sdk -I /Users/admin/builder/spi-builder-workspace/.derivedData/Build/Products/Debug-watchos -Isystem /Applications/Xcode-27.0.0-Release.Candidate.app/Contents/Developer/Platforms/WatchOS.platform/Developer/usr/lib -F /Users/admin/builder/spi-builder-workspace/.derivedData/Build/Products/Debug-watchos/PackageFrameworks -F /Users/admin/builder/spi-builder-workspace/.derivedData/Build/Products/Debug-watchos -F /Applications/Xcode-27.0.0-Release.Candidate.app/Contents/Developer/Platforms/WatchOS.platform/Developer/Library/Frameworks -F /Applications/Xcode-27.0.0-Release.Candidate.app/Contents/Developer/Platforms/WatchOS.platform/Developer/SDKs/WatchOS27.0.sdk/Developer/Library/Frameworks -module-cache-path /Users/admin/builder/spi-builder-workspace/.derivedData/Build/Intermediates.noindex/SwiftExplicitPrecompiledModules -no-color-diagnostics -Xcc -fno-color-diagnostics -enable-testing -g -debug-info-format\=dwarf -dwarf-version\=4 -swift-version 5 -Onone -D SWIFT_PACKAGE -D DEBUG -D SWIFT_MODULE_RESOURCE_BUNDLE_UNAVAILABLE -D Xcode -serialize-debugging-options -enable-experimental-feature DebugDescriptionMacro -empty-abi-descriptor -validate-clang-modules-once -clang-build-session-file /Users/admin/builder/spi-builder-workspace/.derivedData/ModuleCache.noindex/Session.modulevalidation -Xcc -working-directory -Xcc /Users/admin/builder/spi-builder-workspace/.swiftpm/xcode -enable-anonymous-context-mangled-names -file-compilation-dir /Users/admin/builder/spi-builder-workspace/.swiftpm/xcode -Xcc -fmodule-map-file\=/Users/admin/builder/spi-builder-workspace/.dependencies/checkouts/swift-numerics/Sources/_NumericsShims/include/module.modulemap -Xcc -D_LIBCPP_HARDENING_MODE\=_LIBCPP_HARDENING_MODE_DEBUG -Xcc -ivfsstatcache -Xcc /Users/admin/builder/spi-builder-workspace/.derivedData/SDKStatCaches.noindex/watchos27.0-24R360-e829b21a6f8c9b70876ba0858053c04477534ef55a1706bf4c1112bbb242f0a2.sdkstatcache -Xcc -fmodules-prune-interval\=86400 -Xcc -fmodules-prune-after\=345600 -Xcc -I/Users/admin/builder/spi-builder-workspace/.dependencies/checkouts/swift-numerics/Sources/_NumericsShims/include -Xcc -I/Users/admin/builder/spi-builder-workspace/.derivedData/Build/Products/Debug-watchos/include -Xcc -I/Users/admin/builder/spi-builder-workspace/.derivedData/Build/Intermediates.noindex/Plinth.build/Debug-watchos/Plinth-t.build/DerivedSources-normal/arm64_32 -Xcc -I/Users/admin/builder/spi-builder-workspace/.derivedData/Build/Intermediates.noindex/Plinth.build/Debug-watchos/Plinth-t.build/DerivedSources/arm64_32 -Xcc -I/Users/admin/builder/spi-builder-workspace/.derivedData/Build/Intermediates.noindex/Plinth.build/Debug-watchos/Plinth-t.build/DerivedSources -Xcc -DSWIFT_PACKAGE -Xcc -DDEBUG\=1 -no-auto-bridging-header-chaining -module-name Plinth -const-gather-protocols-file /Users/admin/builder/spi-builder-workspace/.derivedData/Build/Intermediates.noindex/Plinth.build/Debug-watchos/Plinth-t.build/Objects-normal/arm64_32/Plinth_const_extract_protocols.json -disable-clang-spi -clang-target arm64_32-apple-watchos27.0 -target-sdk-version 27.0 -target-sdk-name watchos27.0 -in-process-plugin-server-path /Applications/Xcode-27.0.0-Release.Candidate.app/Contents/Developer/Toolchains/XcodeDefault.xctoolchain/usr/lib/swift/host/libSwiftInProcPluginServer.dylib -parse-as-library -o /Users/admin/builder/spi-builder-workspace/.derivedData/Build/Intermediates.noindex/Plinth.build/Debug-watchos/Plinth-t.build/Objects-normal/arm64_32/Wrappers.o -o /Users/admin/builder/spi-builder-workspace/.derivedData/Build/Intermediates.noindex/Plinth.build/Debug-watchos/Plinth-t.build/Objects-normal/arm64_32/Circulant.o -o /Users/admin/builder/spi-builder-workspace/.derivedData/Build/Intermediates.noindex/Plinth.build/Debug-watchos/Plinth-t.build/Objects-normal/arm64_32/Diagonal.o -o /Users/admin/builder/spi-builder-workspace/.derivedData/Build/Intermediates.noindex/Plinth.build/Debug-watchos/Plinth-t.build/Objects-normal/arm64_32/Division.o -o /Users/admin/builder/spi-builder-workspace/.derivedData/Build/Intermediates.noindex/Plinth.build/Debug-watchos/Plinth-t.build/Objects-normal/arm64_32/Eigendecomposition.o -debug-module-path /Users/admin/builder/spi-builder-workspace/.derivedData/Build/Intermediates.noindex/Plinth.build/Debug-watchos/Plinth-t.build/Objects-normal/arm64_32/Plinth.swiftmodule -index-unit-output-path /Plinth.build/Debug-watchos/Plinth-t.build/Objects-normal/arm64_32/Wrappers.o -index-unit-output-path /Plinth.build/Debug-watchos/Plinth-t.build/Objects-normal/arm64_32/Circulant.o -index-unit-output-path /Plinth.build/Debug-watchos/Plinth-t.build/Objects-normal/arm64_32/Diagonal.o -index-unit-output-path /Plinth.build/Debug-watchos/Plinth-t.build/Objects-normal/arm64_32/Division.o -index-unit-output-path /Plinth.build/Debug-watchos/Plinth-t.build/Objects-normal/arm64_32/Eigendecomposition.o -index-store-path /Users/admin/builder/spi-builder-workspace/.derivedData/Index.noindex/DataStore -index-system-modules
SwiftCompile normal arm64_32 /Users/admin/builder/spi-builder-workspace/Sources/Plinth/Core/Wrappers.swift (in target 'Plinth' from project 'Plinth')
cd /Users/admin/builder/spi-builder-workspace/.swiftpm/xcode
builtin-SwiftPerFileCompile Wrappers.swift
SwiftCompile normal arm64_32 /Users/admin/builder/spi-builder-workspace/Sources/Plinth/Extensions/Linear\ Algebra/Circulant.swift (in target 'Plinth' from project 'Plinth')
cd /Users/admin/builder/spi-builder-workspace/.swiftpm/xcode
builtin-SwiftPerFileCompile Circulant.swift
SwiftCompile normal arm64_32 /Users/admin/builder/spi-builder-workspace/Sources/Plinth/Extensions/Linear\ Algebra/Diagonal.swift (in target 'Plinth' from project 'Plinth')
cd /Users/admin/builder/spi-builder-workspace/.swiftpm/xcode
builtin-SwiftPerFileCompile Diagonal.swift
SwiftCompile normal arm64_32 /Users/admin/builder/spi-builder-workspace/Sources/Plinth/Extensions/Linear\ Algebra/Division.swift (in target 'Plinth' from project 'Plinth')
cd /Users/admin/builder/spi-builder-workspace/.swiftpm/xcode
builtin-SwiftPerFileCompile Division.swift
SwiftCompile normal arm64_32 /Users/admin/builder/spi-builder-workspace/Sources/Plinth/Extensions/Linear\ Algebra/Eigendecomposition.swift (in target 'Plinth' from project 'Plinth')
cd /Users/admin/builder/spi-builder-workspace/.swiftpm/xcode
builtin-SwiftPerFileCompile Eigendecomposition.swift
SwiftCompile normal arm64_32 Compiling\ Crop.swift,\ Pad.swift,\ Repeat.swift,\ Reshape.swift /Users/admin/builder/spi-builder-workspace/Sources/Plinth/Extensions/Transformations/Crop.swift /Users/admin/builder/spi-builder-workspace/Sources/Plinth/Extensions/Transformations/Pad.swift /Users/admin/builder/spi-builder-workspace/Sources/Plinth/Extensions/Transformations/Repeat.swift /Users/admin/builder/spi-builder-workspace/Sources/Plinth/Extensions/Transformations/Reshape.swift (in target 'Plinth' from project 'Plinth')
SwiftCompile normal arm64_32 /Users/admin/builder/spi-builder-workspace/Sources/Plinth/Extensions/Transformations/Crop.swift (in target 'Plinth' from project 'Plinth')
cd /Users/admin/builder/spi-builder-workspace/.swiftpm/xcode
builtin-SwiftPerFileCompile Crop.swift
SwiftCompile normal arm64_32 /Users/admin/builder/spi-builder-workspace/Sources/Plinth/Extensions/Transformations/Pad.swift (in target 'Plinth' from project 'Plinth')
cd /Users/admin/builder/spi-builder-workspace/.swiftpm/xcode
builtin-SwiftPerFileCompile Pad.swift
SwiftCompile normal arm64_32 /Users/admin/builder/spi-builder-workspace/Sources/Plinth/Extensions/Transformations/Repeat.swift (in target 'Plinth' from project 'Plinth')
cd /Users/admin/builder/spi-builder-workspace/.swiftpm/xcode
builtin-SwiftPerFileCompile Repeat.swift
SwiftCompile normal arm64_32 /Users/admin/builder/spi-builder-workspace/Sources/Plinth/Extensions/Transformations/Reshape.swift (in target 'Plinth' from project 'Plinth')
cd /Users/admin/builder/spi-builder-workspace/.swiftpm/xcode
builtin-SwiftPerFileCompile Reshape.swift
SwiftCompile normal arm64_32 Compiling\ Reverse.swift,\ Shift.swift,\ Matrix.swift,\ Shape.swift /Users/admin/builder/spi-builder-workspace/Sources/Plinth/Extensions/Transformations/Reverse.swift /Users/admin/builder/spi-builder-workspace/Sources/Plinth/Extensions/Transformations/Shift.swift /Users/admin/builder/spi-builder-workspace/Sources/Plinth/Matrix.swift /Users/admin/builder/spi-builder-workspace/Sources/Plinth/Shape.swift (in target 'Plinth' from project 'Plinth')
/Users/admin/builder/spi-builder-workspace/Sources/Plinth/Extensions/Transformations/Reverse.swift:9:8: warning: file 'Reverse.swift' is part of module 'Plinth'; ignoring import [#ModuleSelfImport]
7 |
8 | import Foundation
9 | import Plinth
| `- warning: file 'Reverse.swift' is part of module 'Plinth'; ignoring import [#ModuleSelfImport]
10 |
11 | extension Matrix where Scalar == Float {
[#ModuleSelfImport]: <https://docs.swift.org/compiler/documentation/diagnostics/module-self-import>
SwiftCompile normal arm64_32 /Users/admin/builder/spi-builder-workspace/Sources/Plinth/Extensions/Transformations/Reverse.swift (in target 'Plinth' from project 'Plinth')
cd /Users/admin/builder/spi-builder-workspace/.swiftpm/xcode
builtin-SwiftPerFileCompile Reverse.swift
SwiftCompile normal arm64_32 /Users/admin/builder/spi-builder-workspace/Sources/Plinth/Extensions/Transformations/Shift.swift (in target 'Plinth' from project 'Plinth')
cd /Users/admin/builder/spi-builder-workspace/.swiftpm/xcode
builtin-SwiftPerFileCompile Shift.swift
SwiftCompile normal arm64_32 /Users/admin/builder/spi-builder-workspace/Sources/Plinth/Matrix.swift (in target 'Plinth' from project 'Plinth')
cd /Users/admin/builder/spi-builder-workspace/.swiftpm/xcode
builtin-SwiftPerFileCompile Matrix.swift
SwiftCompile normal arm64_32 /Users/admin/builder/spi-builder-workspace/Sources/Plinth/Shape.swift (in target 'Plinth' from project 'Plinth')
cd /Users/admin/builder/spi-builder-workspace/.swiftpm/xcode
builtin-SwiftPerFileCompile Shape.swift
SwiftCompile normal arm64_32 Compiling\ FFT2D.swift,\ FFTRamp.swift,\ FFTShift.swift,\ Resampling.swift,\ Gaussian.swift /Users/admin/builder/spi-builder-workspace/Sources/Plinth/Extensions/Signal\ Processing/FFT2D.swift /Users/admin/builder/spi-builder-workspace/Sources/Plinth/Extensions/Signal\ Processing/FFTRamp.swift /Users/admin/builder/spi-builder-workspace/Sources/Plinth/Extensions/Signal\ Processing/FFTShift.swift /Users/admin/builder/spi-builder-workspace/Sources/Plinth/Extensions/Signal\ Processing/Resampling.swift /Users/admin/builder/spi-builder-workspace/Sources/Plinth/Extensions/Statistics/Gaussian.swift (in target 'Plinth' from project 'Plinth')
/Users/admin/builder/spi-builder-workspace/Sources/Plinth/Extensions/Signal Processing/Resampling.swift:8:8: warning: file 'Resampling.swift' is part of module 'Plinth'; ignoring import [#ModuleSelfImport]
6 | //
7 |
8 | import Plinth
| `- warning: file 'Resampling.swift' is part of module 'Plinth'; ignoring import [#ModuleSelfImport]
9 | import Accelerate
10 |
/Users/admin/builder/spi-builder-workspace/Sources/Plinth/Extensions/Signal Processing/Resampling.swift:20:13: warning: initialization of immutable value 'coefficients' was never used; consider replacing with assignment to '_' or removing it [#NoUsage]
18 |
19 | public func downsampled(factor: Int = 2, filter: [Scalar] = [1.0]) -> Matrix {
20 | let coefficients = [Scalar](repeating: 1.0 / Scalar(factor), count: factor)
| `- warning: initialization of immutable value 'coefficients' was never used; consider replacing with assignment to '_' or removing it [#NoUsage]
21 | let elements = vDSP.downsample(elements, decimationFactor: factor, filter: filter)
22 | return Matrix(shape: .init(rows: shape.rows, columns: shape.columns / factor), elements: elements)
/Users/admin/builder/spi-builder-workspace/Sources/Plinth/Extensions/Signal Processing/Resampling.swift:54:13: warning: initialization of immutable value 'coefficients' was never used; consider replacing with assignment to '_' or removing it [#NoUsage]
52 |
53 | public func downsampled(factor: Int = 2, filter: [Scalar] = [1.0]) -> Matrix {
54 | let coefficients = [Scalar](repeating: 1.0 / Scalar(factor), count: factor)
| `- warning: initialization of immutable value 'coefficients' was never used; consider replacing with assignment to '_' or removing it [#NoUsage]
55 | let elements = vDSP.downsample(elements, decimationFactor: factor, filter: filter)
56 | return Matrix(shape: .init(rows: shape.rows, columns: shape.columns / factor), elements: elements)
[#ModuleSelfImport]: <https://docs.swift.org/compiler/documentation/diagnostics/module-self-import>
[#NoUsage]: <https://docs.swift.org/compiler/documentation/diagnostics/no-usage>
SwiftCompile normal arm64_32 /Users/admin/builder/spi-builder-workspace/Sources/Plinth/Extensions/Signal\ Processing/FFT2D.swift (in target 'Plinth' from project 'Plinth')
cd /Users/admin/builder/spi-builder-workspace/.swiftpm/xcode
builtin-SwiftPerFileCompile FFT2D.swift
SwiftCompile normal arm64_32 /Users/admin/builder/spi-builder-workspace/Sources/Plinth/Extensions/Signal\ Processing/FFTRamp.swift (in target 'Plinth' from project 'Plinth')
cd /Users/admin/builder/spi-builder-workspace/.swiftpm/xcode
builtin-SwiftPerFileCompile FFTRamp.swift
SwiftCompile normal arm64_32 /Users/admin/builder/spi-builder-workspace/Sources/Plinth/Extensions/Signal\ Processing/FFTShift.swift (in target 'Plinth' from project 'Plinth')
cd /Users/admin/builder/spi-builder-workspace/.swiftpm/xcode
builtin-SwiftPerFileCompile FFTShift.swift
SwiftCompile normal arm64_32 /Users/admin/builder/spi-builder-workspace/Sources/Plinth/Extensions/Signal\ Processing/Resampling.swift (in target 'Plinth' from project 'Plinth')
cd /Users/admin/builder/spi-builder-workspace/.swiftpm/xcode
builtin-SwiftPerFileCompile Resampling.swift
SwiftCompile normal arm64_32 /Users/admin/builder/spi-builder-workspace/Sources/Plinth/Extensions/Statistics/Gaussian.swift (in target 'Plinth' from project 'Plinth')
cd /Users/admin/builder/spi-builder-workspace/.swiftpm/xcode
builtin-SwiftPerFileCompile Gaussian.swift
SwiftEmitModule normal arm64 Emitting\ module\ for\ Plinth (in target 'Plinth' from project 'Plinth')
/Users/admin/builder/spi-builder-workspace/Sources/Plinth/Extensions/Linear Algebra/Circulant.swift:9:8: warning: file 'Circulant.swift' is part of module 'Plinth'; ignoring import [#ModuleSelfImport]
7 |
8 | import Foundation
9 | import Plinth
| `- warning: file 'Circulant.swift' is part of module 'Plinth'; ignoring import [#ModuleSelfImport]
10 |
11 | extension Matrix where Scalar == Float {
/Users/admin/builder/spi-builder-workspace/Sources/Plinth/Extensions/Signal Processing/Convolution2D.swift:8:8: warning: file 'Convolution2D.swift' is part of module 'Plinth'; ignoring import [#ModuleSelfImport]
6 | //
7 |
8 | import Plinth
| `- warning: file 'Convolution2D.swift' is part of module 'Plinth'; ignoring import [#ModuleSelfImport]
9 | import Accelerate
10 |
/Users/admin/builder/spi-builder-workspace/Sources/Plinth/Extensions/Signal Processing/Resampling.swift:8:8: warning: file 'Resampling.swift' is part of module 'Plinth'; ignoring import [#ModuleSelfImport]
6 | //
7 |
8 | import Plinth
| `- warning: file 'Resampling.swift' is part of module 'Plinth'; ignoring import [#ModuleSelfImport]
9 | import Accelerate
10 |
/Users/admin/builder/spi-builder-workspace/Sources/Plinth/Extensions/Transformations/Reverse.swift:9:8: warning: file 'Reverse.swift' is part of module 'Plinth'; ignoring import [#ModuleSelfImport]
7 |
8 | import Foundation
9 | import Plinth
| `- warning: file 'Reverse.swift' is part of module 'Plinth'; ignoring import [#ModuleSelfImport]
10 |
11 | extension Matrix where Scalar == Float {
[#ModuleSelfImport]: <https://docs.swift.org/compiler/documentation/diagnostics/module-self-import>
SwiftCompile normal arm64 (in target 'Plinth' from project 'Plinth')
cd /Users/admin/builder/spi-builder-workspace/.swiftpm/xcode
SwiftDriverJobDiscovery normal arm64_32 Emitting module for Plinth (in target 'Plinth' from project 'Plinth')
SwiftDriver\ Compilation\ Requirements Plinth normal arm64_32 com.apple.xcode.tools.swift.compiler (in target 'Plinth' from project 'Plinth')
cd /Users/admin/builder/spi-builder-workspace/.swiftpm/xcode
builtin-Swift-Compilation-Requirements -- /Applications/Xcode-27.0.0-Release.Candidate.app/Contents/Developer/Toolchains/XcodeDefault.xctoolchain/usr/bin/swiftc -parse-as-library -module-name Plinth -Onone @/Users/admin/builder/spi-builder-workspace/.derivedData/Build/Intermediates.noindex/Plinth.build/Debug-watchos/Plinth-t.build/Objects-normal/arm64_32/Plinth.SwiftFileList -DSWIFT_PACKAGE -DDEBUG -DSWIFT_MODULE_RESOURCE_BUNDLE_UNAVAILABLE -Xcc -fmodule-map-file\=/Users/admin/builder/spi-builder-workspace/.dependencies/checkouts/swift-numerics/Sources/_NumericsShims/include/module.modulemap -DXcode -plugin-path /Applications/Xcode-27.0.0-Release.Candidate.app/Contents/Developer/Toolchains/XcodeDefault.xctoolchain/usr/lib/swift/host/plugins/testing -enable-experimental-feature DebugDescriptionMacro -sdk /Applications/Xcode-27.0.0-Release.Candidate.app/Contents/Developer/Platforms/WatchOS.platform/Developer/SDKs/WatchOS27.0.sdk -target arm64_32-apple-watchos9.0 -g -module-cache-path /Users/admin/builder/spi-builder-workspace/.derivedData/ModuleCache.noindex -Xfrontend -serialize-debugging-options -enable-testing -index-store-path /Users/admin/builder/spi-builder-workspace/.derivedData/Index.noindex/DataStore -Xcc -D_LIBCPP_HARDENING_MODE\=_LIBCPP_HARDENING_MODE_DEBUG -swift-version 5 -I /Users/admin/builder/spi-builder-workspace/.derivedData/Build/Products/Debug-watchos -Isystem /Applications/Xcode-27.0.0-Release.Candidate.app/Contents/Developer/Platforms/WatchOS.platform/Developer/usr/lib -F /Users/admin/builder/spi-builder-workspace/.derivedData/Build/Products/Debug-watchos/PackageFrameworks -F /Users/admin/builder/spi-builder-workspace/.derivedData/Build/Products/Debug-watchos -F /Applications/Xcode-27.0.0-Release.Candidate.app/Contents/Developer/Platforms/WatchOS.platform/Developer/Library/Frameworks -F /Applications/Xcode-27.0.0-Release.Candidate.app/Contents/Developer/Platforms/WatchOS.platform/Developer/SDKs/WatchOS27.0.sdk/Developer/Library/Frameworks -c -j10 -enable-batch-mode -incremental -Xcc -ivfsstatcache -Xcc /Users/admin/builder/spi-builder-workspace/.derivedData/SDKStatCaches.noindex/watchos27.0-24R360-e829b21a6f8c9b70876ba0858053c04477534ef55a1706bf4c1112bbb242f0a2.sdkstatcache -output-file-map /Users/admin/builder/spi-builder-workspace/.derivedData/Build/Intermediates.noindex/Plinth.build/Debug-watchos/Plinth-t.build/Objects-normal/arm64_32/Plinth-OutputFileMap.json -save-temps -no-color-diagnostics -explicit-module-build -module-cache-path /Users/admin/builder/spi-builder-workspace/.derivedData/Build/Intermediates.noindex/SwiftExplicitPrecompiledModules -clang-scanner-module-cache-path /Users/admin/builder/spi-builder-workspace/.derivedData/ModuleCache.noindex -sdk-module-cache-path /Users/admin/builder/spi-builder-workspace/.derivedData/SDKExplicitPrecompiledModules -emit-dependencies -emit-module -emit-module-path /Users/admin/builder/spi-builder-workspace/.derivedData/Build/Intermediates.noindex/Plinth.build/Debug-watchos/Plinth-t.build/Objects-normal/arm64_32/Plinth.swiftmodule -serialize-diagnostics -dependency-scan-serialize-diagnostics-path /Users/admin/builder/spi-builder-workspace/.derivedData/Build/Intermediates.noindex/Plinth.build/Debug-watchos/Plinth-t.build/Objects-normal/arm64_32/Plinth-dependency-scan.dia -validate-clang-modules-once -clang-build-session-file /Users/admin/builder/spi-builder-workspace/.derivedData/ModuleCache.noindex/Session.modulevalidation -Xcc -fmodules-prune-interval\=86400 -Xcc -fmodules-prune-after\=345600 -emit-const-values -const-gather-protocols-list /Users/admin/builder/spi-builder-workspace/.derivedData/Build/Intermediates.noindex/Plinth.build/Debug-watchos/Plinth-t.build/Objects-normal/arm64_32/Plinth_const_extract_protocols.json -Xcc -I/Users/admin/builder/spi-builder-workspace/.dependencies/checkouts/swift-numerics/Sources/_NumericsShims/include -Xcc -I/Users/admin/builder/spi-builder-workspace/.derivedData/Build/Products/Debug-watchos/include -Xcc -I/Users/admin/builder/spi-builder-workspace/.derivedData/Build/Intermediates.noindex/Plinth.build/Debug-watchos/Plinth-t.build/DerivedSources-normal/arm64_32 -Xcc -I/Users/admin/builder/spi-builder-workspace/.derivedData/Build/Intermediates.noindex/Plinth.build/Debug-watchos/Plinth-t.build/DerivedSources/arm64_32 -Xcc -I/Users/admin/builder/spi-builder-workspace/.derivedData/Build/Intermediates.noindex/Plinth.build/Debug-watchos/Plinth-t.build/DerivedSources -Xcc -DSWIFT_PACKAGE -Xcc -DDEBUG\=1 -emit-objc-header -emit-objc-header-path /Users/admin/builder/spi-builder-workspace/.derivedData/Build/Intermediates.noindex/Plinth.build/Debug-watchos/Plinth-t.build/Objects-normal/arm64_32/Plinth-Swift.h -working-directory /Users/admin/builder/spi-builder-workspace/.swiftpm/xcode -experimental-emit-module-separately -disable-cmo
SwiftDriverJobDiscovery normal arm64_32 Compiling Crop.swift, Pad.swift, Repeat.swift, Reshape.swift (in target 'Plinth' from project 'Plinth')
SwiftCompile normal arm64 Compiling\ Wrappers.swift,\ Circulant.swift,\ Diagonal.swift,\ Division.swift,\ Eigendecomposition.swift /Users/admin/builder/spi-builder-workspace/Sources/Plinth/Core/Wrappers.swift /Users/admin/builder/spi-builder-workspace/Sources/Plinth/Extensions/Linear\ Algebra/Circulant.swift /Users/admin/builder/spi-builder-workspace/Sources/Plinth/Extensions/Linear\ Algebra/Diagonal.swift /Users/admin/builder/spi-builder-workspace/Sources/Plinth/Extensions/Linear\ Algebra/Division.swift /Users/admin/builder/spi-builder-workspace/Sources/Plinth/Extensions/Linear\ Algebra/Eigendecomposition.swift (in target 'Plinth' from project 'Plinth')
SwiftCompile normal arm64 /Users/admin/builder/spi-builder-workspace/Sources/Plinth/Core/Wrappers.swift (in target 'Plinth' from project 'Plinth')
cd /Users/admin/builder/spi-builder-workspace/.swiftpm/xcode
builtin-SwiftPerFileCompile Wrappers.swift
SwiftCompile normal arm64 /Users/admin/builder/spi-builder-workspace/Sources/Plinth/Extensions/Linear\ Algebra/Circulant.swift (in target 'Plinth' from project 'Plinth')
cd /Users/admin/builder/spi-builder-workspace/.swiftpm/xcode
builtin-SwiftPerFileCompile Circulant.swift
SwiftCompile normal arm64 /Users/admin/builder/spi-builder-workspace/Sources/Plinth/Extensions/Linear\ Algebra/Diagonal.swift (in target 'Plinth' from project 'Plinth')
cd /Users/admin/builder/spi-builder-workspace/.swiftpm/xcode
builtin-SwiftPerFileCompile Diagonal.swift
SwiftCompile normal arm64 /Users/admin/builder/spi-builder-workspace/Sources/Plinth/Extensions/Linear\ Algebra/Division.swift (in target 'Plinth' from project 'Plinth')
cd /Users/admin/builder/spi-builder-workspace/.swiftpm/xcode
builtin-SwiftPerFileCompile Division.swift
SwiftCompile normal arm64 /Users/admin/builder/spi-builder-workspace/Sources/Plinth/Extensions/Linear\ Algebra/Eigendecomposition.swift (in target 'Plinth' from project 'Plinth')
cd /Users/admin/builder/spi-builder-workspace/.swiftpm/xcode
builtin-SwiftPerFileCompile Eigendecomposition.swift
Copy /Users/admin/builder/spi-builder-workspace/.derivedData/Build/Products/Debug-watchos/Plinth.swiftmodule/arm64_32-apple-watchos.swiftmodule /Users/admin/builder/spi-builder-workspace/.derivedData/Build/Intermediates.noindex/Plinth.build/Debug-watchos/Plinth-t.build/Objects-normal/arm64_32/Plinth.swiftmodule (in target 'Plinth' from project 'Plinth')
cd /Users/admin/builder/spi-builder-workspace
builtin-copy -exclude .DS_Store -exclude CVS -exclude .svn -exclude .git -exclude .hg -resolve-src-symlinks -rename /Users/admin/builder/spi-builder-workspace/.derivedData/Build/Intermediates.noindex/Plinth.build/Debug-watchos/Plinth-t.build/Objects-normal/arm64_32/Plinth.swiftmodule /Users/admin/builder/spi-builder-workspace/.derivedData/Build/Products/Debug-watchos/Plinth.swiftmodule/arm64_32-apple-watchos.swiftmodule
SwiftDriverJobDiscovery normal arm64 Emitting module for Plinth (in target 'Plinth' from project 'Plinth')
SwiftDriver\ Compilation\ Requirements Plinth normal arm64 com.apple.xcode.tools.swift.compiler (in target 'Plinth' from project 'Plinth')
cd /Users/admin/builder/spi-builder-workspace/.swiftpm/xcode
builtin-Swift-Compilation-Requirements -- /Applications/Xcode-27.0.0-Release.Candidate.app/Contents/Developer/Toolchains/XcodeDefault.xctoolchain/usr/bin/swiftc -parse-as-library -module-name Plinth -Onone @/Users/admin/builder/spi-builder-workspace/.derivedData/Build/Intermediates.noindex/Plinth.build/Debug-watchos/Plinth-t.build/Objects-normal/arm64/Plinth.SwiftFileList -DSWIFT_PACKAGE -DDEBUG -DSWIFT_MODULE_RESOURCE_BUNDLE_UNAVAILABLE -Xcc -fmodule-map-file\=/Users/admin/builder/spi-builder-workspace/.dependencies/checkouts/swift-numerics/Sources/_NumericsShims/include/module.modulemap -DXcode -plugin-path /Applications/Xcode-27.0.0-Release.Candidate.app/Contents/Developer/Toolchains/XcodeDefault.xctoolchain/usr/lib/swift/host/plugins/testing -enable-experimental-feature DebugDescriptionMacro -sdk /Applications/Xcode-27.0.0-Release.Candidate.app/Contents/Developer/Platforms/WatchOS.platform/Developer/SDKs/WatchOS27.0.sdk -target arm64-apple-watchos9.0 -g -module-cache-path /Users/admin/builder/spi-builder-workspace/.derivedData/ModuleCache.noindex -Xfrontend -serialize-debugging-options -enable-testing -index-store-path /Users/admin/builder/spi-builder-workspace/.derivedData/Index.noindex/DataStore -Xcc -D_LIBCPP_HARDENING_MODE\=_LIBCPP_HARDENING_MODE_DEBUG -swift-version 5 -I /Users/admin/builder/spi-builder-workspace/.derivedData/Build/Products/Debug-watchos -Isystem /Applications/Xcode-27.0.0-Release.Candidate.app/Contents/Developer/Platforms/WatchOS.platform/Developer/usr/lib -F /Users/admin/builder/spi-builder-workspace/.derivedData/Build/Products/Debug-watchos/PackageFrameworks -F /Users/admin/builder/spi-builder-workspace/.derivedData/Build/Products/Debug-watchos -F /Applications/Xcode-27.0.0-Release.Candidate.app/Contents/Developer/Platforms/WatchOS.platform/Developer/Library/Frameworks -F /Applications/Xcode-27.0.0-Release.Candidate.app/Contents/Developer/Platforms/WatchOS.platform/Developer/SDKs/WatchOS27.0.sdk/Developer/Library/Frameworks -c -j10 -enable-batch-mode -incremental -Xcc -ivfsstatcache -Xcc /Users/admin/builder/spi-builder-workspace/.derivedData/SDKStatCaches.noindex/watchos27.0-24R360-e829b21a6f8c9b70876ba0858053c04477534ef55a1706bf4c1112bbb242f0a2.sdkstatcache -output-file-map /Users/admin/builder/spi-builder-workspace/.derivedData/Build/Intermediates.noindex/Plinth.build/Debug-watchos/Plinth-t.build/Objects-normal/arm64/Plinth-OutputFileMap.json -save-temps -no-color-diagnostics -explicit-module-build -module-cache-path /Users/admin/builder/spi-builder-workspace/.derivedData/Build/Intermediates.noindex/SwiftExplicitPrecompiledModules -clang-scanner-module-cache-path /Users/admin/builder/spi-builder-workspace/.derivedData/ModuleCache.noindex -sdk-module-cache-path /Users/admin/builder/spi-builder-workspace/.derivedData/SDKExplicitPrecompiledModules -emit-dependencies -emit-module -emit-module-path /Users/admin/builder/spi-builder-workspace/.derivedData/Build/Intermediates.noindex/Plinth.build/Debug-watchos/Plinth-t.build/Objects-normal/arm64/Plinth.swiftmodule -serialize-diagnostics -dependency-scan-serialize-diagnostics-path /Users/admin/builder/spi-builder-workspace/.derivedData/Build/Intermediates.noindex/Plinth.build/Debug-watchos/Plinth-t.build/Objects-normal/arm64/Plinth-dependency-scan.dia -validate-clang-modules-once -clang-build-session-file /Users/admin/builder/spi-builder-workspace/.derivedData/ModuleCache.noindex/Session.modulevalidation -Xcc -fmodules-prune-interval\=86400 -Xcc -fmodules-prune-after\=345600 -emit-const-values -const-gather-protocols-list /Users/admin/builder/spi-builder-workspace/.derivedData/Build/Intermediates.noindex/Plinth.build/Debug-watchos/Plinth-t.build/Objects-normal/arm64/Plinth_const_extract_protocols.json -Xcc -I/Users/admin/builder/spi-builder-workspace/.dependencies/checkouts/swift-numerics/Sources/_NumericsShims/include -Xcc -I/Users/admin/builder/spi-builder-workspace/.derivedData/Build/Products/Debug-watchos/include -Xcc -I/Users/admin/builder/spi-builder-workspace/.derivedData/Build/Intermediates.noindex/Plinth.build/Debug-watchos/Plinth-t.build/DerivedSources-normal/arm64 -Xcc -I/Users/admin/builder/spi-builder-workspace/.derivedData/Build/Intermediates.noindex/Plinth.build/Debug-watchos/Plinth-t.build/DerivedSources/arm64 -Xcc -I/Users/admin/builder/spi-builder-workspace/.derivedData/Build/Intermediates.noindex/Plinth.build/Debug-watchos/Plinth-t.build/DerivedSources -Xcc -DSWIFT_PACKAGE -Xcc -DDEBUG\=1 -emit-objc-header -emit-objc-header-path /Users/admin/builder/spi-builder-workspace/.derivedData/Build/Intermediates.noindex/Plinth.build/Debug-watchos/Plinth-t.build/Objects-normal/arm64/Plinth-Swift.h -working-directory /Users/admin/builder/spi-builder-workspace/.swiftpm/xcode -experimental-emit-module-separately -disable-cmo
Copy /Users/admin/builder/spi-builder-workspace/.derivedData/Build/Products/Debug-watchos/Plinth.swiftmodule/arm64_32-apple-watchos.swiftdoc /Users/admin/builder/spi-builder-workspace/.derivedData/Build/Intermediates.noindex/Plinth.build/Debug-watchos/Plinth-t.build/Objects-normal/arm64_32/Plinth.swiftdoc (in target 'Plinth' from project 'Plinth')
cd /Users/admin/builder/spi-builder-workspace
builtin-copy -exclude .DS_Store -exclude CVS -exclude .svn -exclude .git -exclude .hg -resolve-src-symlinks -rename /Users/admin/builder/spi-builder-workspace/.derivedData/Build/Intermediates.noindex/Plinth.build/Debug-watchos/Plinth-t.build/Objects-normal/arm64_32/Plinth.swiftdoc /Users/admin/builder/spi-builder-workspace/.derivedData/Build/Products/Debug-watchos/Plinth.swiftmodule/arm64_32-apple-watchos.swiftdoc
SwiftMergeGeneratedHeaders /Users/admin/builder/spi-builder-workspace/.derivedData/Build/Intermediates.noindex/GeneratedModuleMaps-watchos/Plinth-Swift.h /Users/admin/builder/spi-builder-workspace/.derivedData/Build/Intermediates.noindex/Plinth.build/Debug-watchos/Plinth-t.build/Objects-normal/arm64/Plinth-Swift.h /Users/admin/builder/spi-builder-workspace/.derivedData/Build/Intermediates.noindex/Plinth.build/Debug-watchos/Plinth-t.build/Objects-normal/arm64_32/Plinth-Swift.h (in target 'Plinth' from project 'Plinth')
cd /Users/admin/builder/spi-builder-workspace
builtin-swiftHeaderTool -arch arm64 /Users/admin/builder/spi-builder-workspace/.derivedData/Build/Intermediates.noindex/Plinth.build/Debug-watchos/Plinth-t.build/Objects-normal/arm64/Plinth-Swift.h -arch arm64_32 /Users/admin/builder/spi-builder-workspace/.derivedData/Build/Intermediates.noindex/Plinth.build/Debug-watchos/Plinth-t.build/Objects-normal/arm64_32/Plinth-Swift.h -o /Users/admin/builder/spi-builder-workspace/.derivedData/Build/Intermediates.noindex/GeneratedModuleMaps-watchos/Plinth-Swift.h
Copy /Users/admin/builder/spi-builder-workspace/.derivedData/Build/Products/Debug-watchos/Plinth.swiftmodule/arm64_32-apple-watchos.abi.json /Users/admin/builder/spi-builder-workspace/.derivedData/Build/Intermediates.noindex/Plinth.build/Debug-watchos/Plinth-t.build/Objects-normal/arm64_32/Plinth.abi.json (in target 'Plinth' from project 'Plinth')
cd /Users/admin/builder/spi-builder-workspace
builtin-copy -exclude .DS_Store -exclude CVS -exclude .svn -exclude .git -exclude .hg -resolve-src-symlinks -rename /Users/admin/builder/spi-builder-workspace/.derivedData/Build/Intermediates.noindex/Plinth.build/Debug-watchos/Plinth-t.build/Objects-normal/arm64_32/Plinth.abi.json /Users/admin/builder/spi-builder-workspace/.derivedData/Build/Products/Debug-watchos/Plinth.swiftmodule/arm64_32-apple-watchos.abi.json
Copy /Users/admin/builder/spi-builder-workspace/.derivedData/Build/Products/Debug-watchos/Plinth.swiftmodule/arm64-apple-watchos.swiftmodule /Users/admin/builder/spi-builder-workspace/.derivedData/Build/Intermediates.noindex/Plinth.build/Debug-watchos/Plinth-t.build/Objects-normal/arm64/Plinth.swiftmodule (in target 'Plinth' from project 'Plinth')
cd /Users/admin/builder/spi-builder-workspace
builtin-copy -exclude .DS_Store -exclude CVS -exclude .svn -exclude .git -exclude .hg -resolve-src-symlinks -rename /Users/admin/builder/spi-builder-workspace/.derivedData/Build/Intermediates.noindex/Plinth.build/Debug-watchos/Plinth-t.build/Objects-normal/arm64/Plinth.swiftmodule /Users/admin/builder/spi-builder-workspace/.derivedData/Build/Products/Debug-watchos/Plinth.swiftmodule/arm64-apple-watchos.swiftmodule
Copy /Users/admin/builder/spi-builder-workspace/.derivedData/Build/Products/Debug-watchos/Plinth.swiftmodule/arm64-apple-watchos.swiftdoc /Users/admin/builder/spi-builder-workspace/.derivedData/Build/Intermediates.noindex/Plinth.build/Debug-watchos/Plinth-t.build/Objects-normal/arm64/Plinth.swiftdoc (in target 'Plinth' from project 'Plinth')
cd /Users/admin/builder/spi-builder-workspace
builtin-copy -exclude .DS_Store -exclude CVS -exclude .svn -exclude .git -exclude .hg -resolve-src-symlinks -rename /Users/admin/builder/spi-builder-workspace/.derivedData/Build/Intermediates.noindex/Plinth.build/Debug-watchos/Plinth-t.build/Objects-normal/arm64/Plinth.swiftdoc /Users/admin/builder/spi-builder-workspace/.derivedData/Build/Products/Debug-watchos/Plinth.swiftmodule/arm64-apple-watchos.swiftdoc
Copy /Users/admin/builder/spi-builder-workspace/.derivedData/Build/Products/Debug-watchos/Plinth.swiftmodule/arm64-apple-watchos.abi.json /Users/admin/builder/spi-builder-workspace/.derivedData/Build/Intermediates.noindex/Plinth.build/Debug-watchos/Plinth-t.build/Objects-normal/arm64/Plinth.abi.json (in target 'Plinth' from project 'Plinth')
cd /Users/admin/builder/spi-builder-workspace
builtin-copy -exclude .DS_Store -exclude CVS -exclude .svn -exclude .git -exclude .hg -resolve-src-symlinks -rename /Users/admin/builder/spi-builder-workspace/.derivedData/Build/Intermediates.noindex/Plinth.build/Debug-watchos/Plinth-t.build/Objects-normal/arm64/Plinth.abi.json /Users/admin/builder/spi-builder-workspace/.derivedData/Build/Products/Debug-watchos/Plinth.swiftmodule/arm64-apple-watchos.abi.json
Copy /Users/admin/builder/spi-builder-workspace/.derivedData/Build/Products/Debug-watchos/Plinth.swiftmodule/Project/arm64_32-apple-watchos.swiftsourceinfo /Users/admin/builder/spi-builder-workspace/.derivedData/Build/Intermediates.noindex/Plinth.build/Debug-watchos/Plinth-t.build/Objects-normal/arm64_32/Plinth.swiftsourceinfo (in target 'Plinth' from project 'Plinth')
cd /Users/admin/builder/spi-builder-workspace
builtin-copy -exclude .DS_Store -exclude CVS -exclude .svn -exclude .git -exclude .hg -resolve-src-symlinks -rename /Users/admin/builder/spi-builder-workspace/.derivedData/Build/Intermediates.noindex/Plinth.build/Debug-watchos/Plinth-t.build/Objects-normal/arm64_32/Plinth.swiftsourceinfo /Users/admin/builder/spi-builder-workspace/.derivedData/Build/Products/Debug-watchos/Plinth.swiftmodule/Project/arm64_32-apple-watchos.swiftsourceinfo
Copy /Users/admin/builder/spi-builder-workspace/.derivedData/Build/Products/Debug-watchos/Plinth.swiftmodule/Project/arm64-apple-watchos.swiftsourceinfo /Users/admin/builder/spi-builder-workspace/.derivedData/Build/Intermediates.noindex/Plinth.build/Debug-watchos/Plinth-t.build/Objects-normal/arm64/Plinth.swiftsourceinfo (in target 'Plinth' from project 'Plinth')
cd /Users/admin/builder/spi-builder-workspace
builtin-copy -exclude .DS_Store -exclude CVS -exclude .svn -exclude .git -exclude .hg -resolve-src-symlinks -rename /Users/admin/builder/spi-builder-workspace/.derivedData/Build/Intermediates.noindex/Plinth.build/Debug-watchos/Plinth-t.build/Objects-normal/arm64/Plinth.swiftsourceinfo /Users/admin/builder/spi-builder-workspace/.derivedData/Build/Products/Debug-watchos/Plinth.swiftmodule/Project/arm64-apple-watchos.swiftsourceinfo
SwiftCompile normal arm64 Compiling\ Reverse.swift,\ Shift.swift,\ Matrix.swift,\ Shape.swift /Users/admin/builder/spi-builder-workspace/Sources/Plinth/Extensions/Transformations/Reverse.swift /Users/admin/builder/spi-builder-workspace/Sources/Plinth/Extensions/Transformations/Shift.swift /Users/admin/builder/spi-builder-workspace/Sources/Plinth/Matrix.swift /Users/admin/builder/spi-builder-workspace/Sources/Plinth/Shape.swift (in target 'Plinth' from project 'Plinth')
SwiftCompile normal arm64 /Users/admin/builder/spi-builder-workspace/Sources/Plinth/Extensions/Transformations/Reverse.swift (in target 'Plinth' from project 'Plinth')
cd /Users/admin/builder/spi-builder-workspace/.swiftpm/xcode
builtin-SwiftPerFileCompile Reverse.swift
SwiftCompile normal arm64 /Users/admin/builder/spi-builder-workspace/Sources/Plinth/Extensions/Transformations/Shift.swift (in target 'Plinth' from project 'Plinth')
cd /Users/admin/builder/spi-builder-workspace/.swiftpm/xcode
builtin-SwiftPerFileCompile Shift.swift
SwiftCompile normal arm64 /Users/admin/builder/spi-builder-workspace/Sources/Plinth/Matrix.swift (in target 'Plinth' from project 'Plinth')
cd /Users/admin/builder/spi-builder-workspace/.swiftpm/xcode
builtin-SwiftPerFileCompile Matrix.swift
SwiftCompile normal arm64 /Users/admin/builder/spi-builder-workspace/Sources/Plinth/Shape.swift (in target 'Plinth' from project 'Plinth')
cd /Users/admin/builder/spi-builder-workspace/.swiftpm/xcode
builtin-SwiftPerFileCompile Shape.swift
PruneExplicitPrecompiledModules /Users/admin/builder/spi-builder-workspace/.derivedData/SDKExplicitPrecompiledModules
PruneExplicitPrecompiledModules /Users/admin/builder/spi-builder-workspace/.derivedData/Build/Intermediates.noindex/SwiftExplicitPrecompiledModules
PruneExplicitPrecompiledModules /Users/admin/builder/spi-builder-workspace/.derivedData/Build/Intermediates.noindex/ExplicitPrecompiledModules
2026-09-22 18:54:36.875 xcodebuild[664:4038] [MT] IDERunDestination: Supported platforms for the buildables in the current scheme is empty.
** BUILD FAILED **
The following build commands failed:
SwiftCompile normal arm64_32 Compiling\ Exponentiation.swift,\ Identity.swift,\ Inversion.swift,\ Multiplication.swift,\ Ones.swift /Users/admin/builder/spi-builder-workspace/Sources/Plinth/Extensions/Linear\ Algebra/Exponentiation.swift /Users/admin/builder/spi-builder-workspace/Sources/Plinth/Extensions/Linear\ Algebra/Identity.swift /Users/admin/builder/spi-builder-workspace/Sources/Plinth/Extensions/Linear\ Algebra/Inversion.swift /Users/admin/builder/spi-builder-workspace/Sources/Plinth/Extensions/Linear\ Algebra/Multiplication.swift /Users/admin/builder/spi-builder-workspace/Sources/Plinth/Extensions/Linear\ Algebra/Ones.swift (in target 'Plinth' from project 'Plinth')
SwiftCompile normal arm64_32 /Users/admin/builder/spi-builder-workspace/Sources/Plinth/Extensions/Linear\ Algebra/Inversion.swift (in target 'Plinth' from project 'Plinth')
SwiftCompile normal arm64_32 Compiling\ Wrappers.swift,\ Circulant.swift,\ Diagonal.swift,\ Division.swift,\ Eigendecomposition.swift /Users/admin/builder/spi-builder-workspace/Sources/Plinth/Core/Wrappers.swift /Users/admin/builder/spi-builder-workspace/Sources/Plinth/Extensions/Linear\ Algebra/Circulant.swift /Users/admin/builder/spi-builder-workspace/Sources/Plinth/Extensions/Linear\ Algebra/Diagonal.swift /Users/admin/builder/spi-builder-workspace/Sources/Plinth/Extensions/Linear\ Algebra/Division.swift /Users/admin/builder/spi-builder-workspace/Sources/Plinth/Extensions/Linear\ Algebra/Eigendecomposition.swift (in target 'Plinth' from project 'Plinth')
SwiftCompile normal arm64_32 /Users/admin/builder/spi-builder-workspace/Sources/Plinth/Extensions/Linear\ Algebra/Eigendecomposition.swift (in target 'Plinth' from project 'Plinth')
Building workspace Plinth with scheme Plinth
(5 failures)
Command line invocation:
/Applications/Xcode-27.0.0-Release.Candidate.app/Contents/Developer/usr/bin/xcodebuild -IDEClonedSourcePackagesDirPathOverride=/Users/admin/builder/spi-builder-workspace/.dependencies -resolvePackageDependencies
Resolve Package Graph
Resolved source packages:
Plinth: /Users/admin/builder/spi-builder-workspace
swift-numerics: https://github.com/apple/swift-numerics @ 1.1.1
resolved source packages: Plinth, swift-numerics
2026-09-22 18:54:45.913 xcodebuild[870:5015] [MT] IDERunDestination: Supported platforms for the buildables in the current scheme is empty.
{
"dependencies" : [
{
"identity" : "swift-numerics",
"requirement" : {
"range" : [
{
"lower_bound" : "1.0.0",
"upper_bound" : "2.0.0"
}
]
},
"type" : "sourceControl",
"url" : "https://github.com/apple/swift-numerics"
}
],
"manifest_display_name" : "Plinth",
"name" : "Plinth",
"path" : "/Users/admin/builder/spi-builder-workspace",
"platforms" : [
{
"name" : "macos",
"version" : "13.0"
},
{
"name" : "ios",
"version" : "16.0"
}
],
"products" : [
{
"name" : "Plinth",
"targets" : [
"Plinth"
],
"type" : {
"library" : [
"automatic"
]
}
}
],
"targets" : [
{
"c99name" : "Plinth",
"module_type" : "SwiftTarget",
"name" : "Plinth",
"path" : "Sources/Plinth",
"product_dependencies" : [
"Numerics"
],
"product_memberships" : [
"Plinth"
],
"sources" : [
"ComplexMatrix.swift",
"Core/Arithmetic.swift",
"Core/Conversions.swift",
"Core/Functors.swift",
"Core/Submatrix.swift",
"Core/Wrappers.swift",
"Extensions/Linear Algebra/Circulant.swift",
"Extensions/Linear Algebra/Diagonal.swift",
"Extensions/Linear Algebra/Division.swift",
"Extensions/Linear Algebra/Eigendecomposition.swift",
"Extensions/Linear Algebra/Exponentiation.swift",
"Extensions/Linear Algebra/Identity.swift",
"Extensions/Linear Algebra/Inversion.swift",
"Extensions/Linear Algebra/Multiplication.swift",
"Extensions/Linear Algebra/Ones.swift",
"Extensions/Linear Algebra/Products.swift",
"Extensions/Linear Algebra/Roots.swift",
"Extensions/Linear Algebra/SquareRoot.swift",
"Extensions/Linear Algebra/Transposition.swift",
"Extensions/Linear Algebra/Zeros.swift",
"Extensions/Mathematics/Comparisons.swift",
"Extensions/Mathematics/Interpolation.swift",
"Extensions/Mathematics/Powers.swift",
"Extensions/Mathematics/Ramps.swift",
"Extensions/Signal Processing/Autoconvolution.swift",
"Extensions/Signal Processing/Autocorrelation.swift",
"Extensions/Signal Processing/Convolution1D.swift",
"Extensions/Signal Processing/Convolution2D.swift",
"Extensions/Signal Processing/FFT.swift",
"Extensions/Signal Processing/FFT1D.swift",
"Extensions/Signal Processing/FFT2D.swift",
"Extensions/Signal Processing/FFTRamp.swift",
"Extensions/Signal Processing/FFTShift.swift",
"Extensions/Signal Processing/Resampling.swift",
"Extensions/Statistics/Gaussian.swift",
"Extensions/Statistics/Moments.swift",
"Extensions/Statistics/Normalization.swift",
"Extensions/Statistics/Random.swift",
"Extensions/Transformations/Center.swift",
"Extensions/Transformations/Concatenate.swift",
"Extensions/Transformations/Crop.swift",
"Extensions/Transformations/Pad.swift",
"Extensions/Transformations/Repeat.swift",
"Extensions/Transformations/Reshape.swift",
"Extensions/Transformations/Reverse.swift",
"Extensions/Transformations/Shift.swift",
"Matrix.swift",
"Shape.swift"
],
"type" : "library"
}
],
"tools_version" : "5.8"
}
{
"workspace" : {
"name" : "Plinth",
"schemes" : [
"Plinth"
]
}
}
2026-09-22 18:54:47.155 xcodebuild[878:5086] [MT] IDERunDestination: Supported platforms for the buildables in the current scheme is empty.
Running build ...
env DEVELOPER_DIR=/Applications/Xcode-27.0.0-Release.Candidate.app xcrun xcodebuild -IDEClonedSourcePackagesDirPathOverride=$PWD/.dependencies -skipMacroValidation -skipPackagePluginValidation -derivedDataPath $PWD/.derivedData build -scheme Plinth -destination generic/platform=watchOS
Command line invocation:
/Applications/Xcode-27.0.0-Release.Candidate.app/Contents/Developer/usr/bin/xcodebuild -IDEClonedSourcePackagesDirPathOverride=/Users/admin/builder/spi-builder-workspace/.dependencies -skipMacroValidation -skipPackagePluginValidation -derivedDataPath /Users/admin/builder/spi-builder-workspace/.derivedData build -scheme Plinth -destination generic/platform=watchOS
Resolve Package Graph
Resolved source packages:
swift-numerics: https://github.com/apple/swift-numerics @ 1.1.1
Plinth: /Users/admin/builder/spi-builder-workspace
ComputePackagePrebuildTargetDependencyGraph
Prepare packages
CreateBuildRequest
SendProjectDescription
CreateBuildOperation
ComputeTargetDependencyGraph
note: Building targets in dependency order
note: Target dependency graph (7 targets)
Target 'Plinth-product' in project 'Plinth'
➜ Explicit dependency on target 'Plinth' in project 'Plinth'
➜ Explicit dependency on target 'Numerics-product' in project 'swift-numerics'
Target 'Plinth' in project 'Plinth'
➜ Explicit dependency on target 'Numerics-product' in project 'swift-numerics'
Target 'Numerics-product' in project 'swift-numerics'
➜ Explicit dependency on target 'Numerics' in project 'swift-numerics'
➜ Explicit dependency on target '_NumericsShims' in project 'swift-numerics'
➜ Explicit dependency on target 'RealModule' in project 'swift-numerics'
➜ Explicit dependency on target 'ComplexModule' in project 'swift-numerics'
Target 'Numerics' in project 'swift-numerics'
➜ Explicit dependency on target '_NumericsShims' in project 'swift-numerics'
➜ Explicit dependency on target 'RealModule' in project 'swift-numerics'
➜ Explicit dependency on target 'ComplexModule' in project 'swift-numerics'
Target 'ComplexModule' in project 'swift-numerics'
➜ Explicit dependency on target '_NumericsShims' in project 'swift-numerics'
➜ Explicit dependency on target 'RealModule' in project 'swift-numerics'
Target 'RealModule' in project 'swift-numerics'
➜ Explicit dependency on target '_NumericsShims' in project 'swift-numerics'
Target '_NumericsShims' in project 'swift-numerics' (no dependencies)
GatherProvisioningInputs
CreateBuildDescription
ClangStatCache /Applications/Xcode-27.0.0-Release.Candidate.app/Contents/Developer/Toolchains/XcodeDefault.xctoolchain/usr/bin/clang-stat-cache /Applications/Xcode-27.0.0-Release.Candidate.app/Contents/Developer/Platforms/WatchOS.platform/Developer/SDKs/WatchOS27.0.sdk /Users/admin/builder/spi-builder-workspace/.derivedData/SDKStatCaches.noindex/watchos27.0-24R360-e829b21a6f8c9b70876ba0858053c04477534ef55a1706bf4c1112bbb242f0a2.sdkstatcache
cd /Users/admin/builder/spi-builder-workspace/.swiftpm/xcode
/Applications/Xcode-27.0.0-Release.Candidate.app/Contents/Developer/Toolchains/XcodeDefault.xctoolchain/usr/bin/clang-stat-cache /Applications/Xcode-27.0.0-Release.Candidate.app/Contents/Developer/Platforms/WatchOS.platform/Developer/SDKs/WatchOS27.0.sdk -o /Users/admin/builder/spi-builder-workspace/.derivedData/SDKStatCaches.noindex/watchos27.0-24R360-e829b21a6f8c9b70876ba0858053c04477534ef55a1706bf4c1112bbb242f0a2.sdkstatcache
SwiftDriver Plinth normal arm64 com.apple.xcode.tools.swift.compiler (in target 'Plinth' from project 'Plinth')
cd /Users/admin/builder/spi-builder-workspace/.swiftpm/xcode
builtin-SwiftDriver -- /Applications/Xcode-27.0.0-Release.Candidate.app/Contents/Developer/Toolchains/XcodeDefault.xctoolchain/usr/bin/swiftc -parse-as-library -module-name Plinth -Onone @/Users/admin/builder/spi-builder-workspace/.derivedData/Build/Intermediates.noindex/Plinth.build/Debug-watchos/Plinth-t.build/Objects-normal/arm64/Plinth.SwiftFileList -DSWIFT_PACKAGE -DDEBUG -DSWIFT_MODULE_RESOURCE_BUNDLE_UNAVAILABLE -Xcc -fmodule-map-file\=/Users/admin/builder/spi-builder-workspace/.dependencies/checkouts/swift-numerics/Sources/_NumericsShims/include/module.modulemap -DXcode -plugin-path /Applications/Xcode-27.0.0-Release.Candidate.app/Contents/Developer/Toolchains/XcodeDefault.xctoolchain/usr/lib/swift/host/plugins/testing -enable-experimental-feature DebugDescriptionMacro -sdk /Applications/Xcode-27.0.0-Release.Candidate.app/Contents/Developer/Platforms/WatchOS.platform/Developer/SDKs/WatchOS27.0.sdk -target arm64-apple-watchos9.0 -g -module-cache-path /Users/admin/builder/spi-builder-workspace/.derivedData/ModuleCache.noindex -Xfrontend -serialize-debugging-options -enable-testing -index-store-path /Users/admin/builder/spi-builder-workspace/.derivedData/Index.noindex/DataStore -Xcc -D_LIBCPP_HARDENING_MODE\=_LIBCPP_HARDENING_MODE_DEBUG -swift-version 5 -I /Users/admin/builder/spi-builder-workspace/.derivedData/Build/Products/Debug-watchos -Isystem /Applications/Xcode-27.0.0-Release.Candidate.app/Contents/Developer/Platforms/WatchOS.platform/Developer/usr/lib -F /Users/admin/builder/spi-builder-workspace/.derivedData/Build/Products/Debug-watchos/PackageFrameworks -F /Users/admin/builder/spi-builder-workspace/.derivedData/Build/Products/Debug-watchos -F /Applications/Xcode-27.0.0-Release.Candidate.app/Contents/Developer/Platforms/WatchOS.platform/Developer/Library/Frameworks -F /Applications/Xcode-27.0.0-Release.Candidate.app/Contents/Developer/Platforms/WatchOS.platform/Developer/SDKs/WatchOS27.0.sdk/Developer/Library/Frameworks -c -j10 -enable-batch-mode -incremental -Xcc -ivfsstatcache -Xcc /Users/admin/builder/spi-builder-workspace/.derivedData/SDKStatCaches.noindex/watchos27.0-24R360-e829b21a6f8c9b70876ba0858053c04477534ef55a1706bf4c1112bbb242f0a2.sdkstatcache -output-file-map /Users/admin/builder/spi-builder-workspace/.derivedData/Build/Intermediates.noindex/Plinth.build/Debug-watchos/Plinth-t.build/Objects-normal/arm64/Plinth-OutputFileMap.json -save-temps -no-color-diagnostics -explicit-module-build -module-cache-path /Users/admin/builder/spi-builder-workspace/.derivedData/Build/Intermediates.noindex/SwiftExplicitPrecompiledModules -clang-scanner-module-cache-path /Users/admin/builder/spi-builder-workspace/.derivedData/ModuleCache.noindex -sdk-module-cache-path /Users/admin/builder/spi-builder-workspace/.derivedData/SDKExplicitPrecompiledModules -emit-dependencies -emit-module -emit-module-path /Users/admin/builder/spi-builder-workspace/.derivedData/Build/Intermediates.noindex/Plinth.build/Debug-watchos/Plinth-t.build/Objects-normal/arm64/Plinth.swiftmodule -serialize-diagnostics -dependency-scan-serialize-diagnostics-path /Users/admin/builder/spi-builder-workspace/.derivedData/Build/Intermediates.noindex/Plinth.build/Debug-watchos/Plinth-t.build/Objects-normal/arm64/Plinth-dependency-scan.dia -validate-clang-modules-once -clang-build-session-file /Users/admin/builder/spi-builder-workspace/.derivedData/ModuleCache.noindex/Session.modulevalidation -Xcc -fmodules-prune-interval\=86400 -Xcc -fmodules-prune-after\=345600 -emit-const-values -const-gather-protocols-list /Users/admin/builder/spi-builder-workspace/.derivedData/Build/Intermediates.noindex/Plinth.build/Debug-watchos/Plinth-t.build/Objects-normal/arm64/Plinth_const_extract_protocols.json -Xcc -I/Users/admin/builder/spi-builder-workspace/.dependencies/checkouts/swift-numerics/Sources/_NumericsShims/include -Xcc -I/Users/admin/builder/spi-builder-workspace/.derivedData/Build/Products/Debug-watchos/include -Xcc -I/Users/admin/builder/spi-builder-workspace/.derivedData/Build/Intermediates.noindex/Plinth.build/Debug-watchos/Plinth-t.build/DerivedSources-normal/arm64 -Xcc -I/Users/admin/builder/spi-builder-workspace/.derivedData/Build/Intermediates.noindex/Plinth.build/Debug-watchos/Plinth-t.build/DerivedSources/arm64 -Xcc -I/Users/admin/builder/spi-builder-workspace/.derivedData/Build/Intermediates.noindex/Plinth.build/Debug-watchos/Plinth-t.build/DerivedSources -Xcc -DSWIFT_PACKAGE -Xcc -DDEBUG\=1 -emit-objc-header -emit-objc-header-path /Users/admin/builder/spi-builder-workspace/.derivedData/Build/Intermediates.noindex/Plinth.build/Debug-watchos/Plinth-t.build/Objects-normal/arm64/Plinth-Swift.h -working-directory /Users/admin/builder/spi-builder-workspace/.swiftpm/xcode -experimental-emit-module-separately -disable-cmo
/Users/admin/builder/spi-builder-workspace/Sources/Plinth/Extensions/Linear Algebra/Circulant.swift:9:8: warning: File 'Circulant.swift' is part of module 'Plinth'; ignoring import (in target 'Plinth' from project 'Plinth')
/Users/admin/builder/spi-builder-workspace/Sources/Plinth/Extensions/Signal Processing/Convolution2D.swift:8:8: warning: File 'Convolution2D.swift' is part of module 'Plinth'; ignoring import (in target 'Plinth' from project 'Plinth')
/Users/admin/builder/spi-builder-workspace/Sources/Plinth/Extensions/Signal Processing/Resampling.swift:8:8: warning: File 'Resampling.swift' is part of module 'Plinth'; ignoring import (in target 'Plinth' from project 'Plinth')
/Users/admin/builder/spi-builder-workspace/Sources/Plinth/Extensions/Transformations/Reverse.swift:9:8: warning: File 'Reverse.swift' is part of module 'Plinth'; ignoring import (in target 'Plinth' from project 'Plinth')
SwiftDriver Plinth normal arm64_32 com.apple.xcode.tools.swift.compiler (in target 'Plinth' from project 'Plinth')
cd /Users/admin/builder/spi-builder-workspace/.swiftpm/xcode
builtin-SwiftDriver -- /Applications/Xcode-27.0.0-Release.Candidate.app/Contents/Developer/Toolchains/XcodeDefault.xctoolchain/usr/bin/swiftc -parse-as-library -module-name Plinth -Onone @/Users/admin/builder/spi-builder-workspace/.derivedData/Build/Intermediates.noindex/Plinth.build/Debug-watchos/Plinth-t.build/Objects-normal/arm64_32/Plinth.SwiftFileList -DSWIFT_PACKAGE -DDEBUG -DSWIFT_MODULE_RESOURCE_BUNDLE_UNAVAILABLE -Xcc -fmodule-map-file\=/Users/admin/builder/spi-builder-workspace/.dependencies/checkouts/swift-numerics/Sources/_NumericsShims/include/module.modulemap -DXcode -plugin-path /Applications/Xcode-27.0.0-Release.Candidate.app/Contents/Developer/Toolchains/XcodeDefault.xctoolchain/usr/lib/swift/host/plugins/testing -enable-experimental-feature DebugDescriptionMacro -sdk /Applications/Xcode-27.0.0-Release.Candidate.app/Contents/Developer/Platforms/WatchOS.platform/Developer/SDKs/WatchOS27.0.sdk -target arm64_32-apple-watchos9.0 -g -module-cache-path /Users/admin/builder/spi-builder-workspace/.derivedData/ModuleCache.noindex -Xfrontend -serialize-debugging-options -enable-testing -index-store-path /Users/admin/builder/spi-builder-workspace/.derivedData/Index.noindex/DataStore -Xcc -D_LIBCPP_HARDENING_MODE\=_LIBCPP_HARDENING_MODE_DEBUG -swift-version 5 -I /Users/admin/builder/spi-builder-workspace/.derivedData/Build/Products/Debug-watchos -Isystem /Applications/Xcode-27.0.0-Release.Candidate.app/Contents/Developer/Platforms/WatchOS.platform/Developer/usr/lib -F /Users/admin/builder/spi-builder-workspace/.derivedData/Build/Products/Debug-watchos/PackageFrameworks -F /Users/admin/builder/spi-builder-workspace/.derivedData/Build/Products/Debug-watchos -F /Applications/Xcode-27.0.0-Release.Candidate.app/Contents/Developer/Platforms/WatchOS.platform/Developer/Library/Frameworks -F /Applications/Xcode-27.0.0-Release.Candidate.app/Contents/Developer/Platforms/WatchOS.platform/Developer/SDKs/WatchOS27.0.sdk/Developer/Library/Frameworks -c -j10 -enable-batch-mode -incremental -Xcc -ivfsstatcache -Xcc /Users/admin/builder/spi-builder-workspace/.derivedData/SDKStatCaches.noindex/watchos27.0-24R360-e829b21a6f8c9b70876ba0858053c04477534ef55a1706bf4c1112bbb242f0a2.sdkstatcache -output-file-map /Users/admin/builder/spi-builder-workspace/.derivedData/Build/Intermediates.noindex/Plinth.build/Debug-watchos/Plinth-t.build/Objects-normal/arm64_32/Plinth-OutputFileMap.json -save-temps -no-color-diagnostics -explicit-module-build -module-cache-path /Users/admin/builder/spi-builder-workspace/.derivedData/Build/Intermediates.noindex/SwiftExplicitPrecompiledModules -clang-scanner-module-cache-path /Users/admin/builder/spi-builder-workspace/.derivedData/ModuleCache.noindex -sdk-module-cache-path /Users/admin/builder/spi-builder-workspace/.derivedData/SDKExplicitPrecompiledModules -emit-dependencies -emit-module -emit-module-path /Users/admin/builder/spi-builder-workspace/.derivedData/Build/Intermediates.noindex/Plinth.build/Debug-watchos/Plinth-t.build/Objects-normal/arm64_32/Plinth.swiftmodule -serialize-diagnostics -dependency-scan-serialize-diagnostics-path /Users/admin/builder/spi-builder-workspace/.derivedData/Build/Intermediates.noindex/Plinth.build/Debug-watchos/Plinth-t.build/Objects-normal/arm64_32/Plinth-dependency-scan.dia -validate-clang-modules-once -clang-build-session-file /Users/admin/builder/spi-builder-workspace/.derivedData/ModuleCache.noindex/Session.modulevalidation -Xcc -fmodules-prune-interval\=86400 -Xcc -fmodules-prune-after\=345600 -emit-const-values -const-gather-protocols-list /Users/admin/builder/spi-builder-workspace/.derivedData/Build/Intermediates.noindex/Plinth.build/Debug-watchos/Plinth-t.build/Objects-normal/arm64_32/Plinth_const_extract_protocols.json -Xcc -I/Users/admin/builder/spi-builder-workspace/.dependencies/checkouts/swift-numerics/Sources/_NumericsShims/include -Xcc -I/Users/admin/builder/spi-builder-workspace/.derivedData/Build/Products/Debug-watchos/include -Xcc -I/Users/admin/builder/spi-builder-workspace/.derivedData/Build/Intermediates.noindex/Plinth.build/Debug-watchos/Plinth-t.build/DerivedSources-normal/arm64_32 -Xcc -I/Users/admin/builder/spi-builder-workspace/.derivedData/Build/Intermediates.noindex/Plinth.build/Debug-watchos/Plinth-t.build/DerivedSources/arm64_32 -Xcc -I/Users/admin/builder/spi-builder-workspace/.derivedData/Build/Intermediates.noindex/Plinth.build/Debug-watchos/Plinth-t.build/DerivedSources -Xcc -DSWIFT_PACKAGE -Xcc -DDEBUG\=1 -emit-objc-header -emit-objc-header-path /Users/admin/builder/spi-builder-workspace/.derivedData/Build/Intermediates.noindex/Plinth.build/Debug-watchos/Plinth-t.build/Objects-normal/arm64_32/Plinth-Swift.h -working-directory /Users/admin/builder/spi-builder-workspace/.swiftpm/xcode -experimental-emit-module-separately -disable-cmo
/Users/admin/builder/spi-builder-workspace/Sources/Plinth/Extensions/Linear Algebra/Circulant.swift:9:8: warning: File 'Circulant.swift' is part of module 'Plinth'; ignoring import (in target 'Plinth' from project 'Plinth')
/Users/admin/builder/spi-builder-workspace/Sources/Plinth/Extensions/Signal Processing/Convolution2D.swift:8:8: warning: File 'Convolution2D.swift' is part of module 'Plinth'; ignoring import (in target 'Plinth' from project 'Plinth')
/Users/admin/builder/spi-builder-workspace/Sources/Plinth/Extensions/Signal Processing/Resampling.swift:8:8: warning: File 'Resampling.swift' is part of module 'Plinth'; ignoring import (in target 'Plinth' from project 'Plinth')
/Users/admin/builder/spi-builder-workspace/Sources/Plinth/Extensions/Transformations/Reverse.swift:9:8: warning: File 'Reverse.swift' is part of module 'Plinth'; ignoring import (in target 'Plinth' from project 'Plinth')
SwiftCompile normal arm64 Compiling\ Wrappers.swift,\ Circulant.swift,\ Diagonal.swift,\ Division.swift,\ Eigendecomposition.swift /Users/admin/builder/spi-builder-workspace/Sources/Plinth/Core/Wrappers.swift /Users/admin/builder/spi-builder-workspace/Sources/Plinth/Extensions/Linear\ Algebra/Circulant.swift /Users/admin/builder/spi-builder-workspace/Sources/Plinth/Extensions/Linear\ Algebra/Diagonal.swift /Users/admin/builder/spi-builder-workspace/Sources/Plinth/Extensions/Linear\ Algebra/Division.swift /Users/admin/builder/spi-builder-workspace/Sources/Plinth/Extensions/Linear\ Algebra/Eigendecomposition.swift (in target 'Plinth' from project 'Plinth')
SwiftCompile normal arm64 /Users/admin/builder/spi-builder-workspace/Sources/Plinth/Core/Wrappers.swift (in target 'Plinth' from project 'Plinth')
cd /Users/admin/builder/spi-builder-workspace/.swiftpm/xcode
builtin-SwiftPerFileCompile Wrappers.swift
SwiftCompile normal arm64 /Users/admin/builder/spi-builder-workspace/Sources/Plinth/Extensions/Linear\ Algebra/Circulant.swift (in target 'Plinth' from project 'Plinth')
cd /Users/admin/builder/spi-builder-workspace/.swiftpm/xcode
builtin-SwiftPerFileCompile Circulant.swift
SwiftCompile normal arm64 /Users/admin/builder/spi-builder-workspace/Sources/Plinth/Extensions/Linear\ Algebra/Diagonal.swift (in target 'Plinth' from project 'Plinth')
cd /Users/admin/builder/spi-builder-workspace/.swiftpm/xcode
builtin-SwiftPerFileCompile Diagonal.swift
SwiftCompile normal arm64 /Users/admin/builder/spi-builder-workspace/Sources/Plinth/Extensions/Linear\ Algebra/Division.swift (in target 'Plinth' from project 'Plinth')
cd /Users/admin/builder/spi-builder-workspace/.swiftpm/xcode
builtin-SwiftPerFileCompile Division.swift
SwiftCompile normal arm64 /Users/admin/builder/spi-builder-workspace/Sources/Plinth/Extensions/Linear\ Algebra/Eigendecomposition.swift (in target 'Plinth' from project 'Plinth')
cd /Users/admin/builder/spi-builder-workspace/.swiftpm/xcode
builtin-SwiftPerFileCompile Eigendecomposition.swift
SwiftCompile normal arm64 Compiling\ Comparisons.swift,\ Interpolation.swift,\ Powers.swift,\ Ramps.swift,\ Autoconvolution.swift /Users/admin/builder/spi-builder-workspace/Sources/Plinth/Extensions/Mathematics/Comparisons.swift /Users/admin/builder/spi-builder-workspace/Sources/Plinth/Extensions/Mathematics/Interpolation.swift /Users/admin/builder/spi-builder-workspace/Sources/Plinth/Extensions/Mathematics/Powers.swift /Users/admin/builder/spi-builder-workspace/Sources/Plinth/Extensions/Mathematics/Ramps.swift /Users/admin/builder/spi-builder-workspace/Sources/Plinth/Extensions/Signal\ Processing/Autoconvolution.swift (in target 'Plinth' from project 'Plinth')
SwiftCompile normal arm64 /Users/admin/builder/spi-builder-workspace/Sources/Plinth/Extensions/Mathematics/Comparisons.swift (in target 'Plinth' from project 'Plinth')
cd /Users/admin/builder/spi-builder-workspace/.swiftpm/xcode
builtin-SwiftPerFileCompile Comparisons.swift
SwiftCompile normal arm64 /Users/admin/builder/spi-builder-workspace/Sources/Plinth/Extensions/Mathematics/Interpolation.swift (in target 'Plinth' from project 'Plinth')
cd /Users/admin/builder/spi-builder-workspace/.swiftpm/xcode
builtin-SwiftPerFileCompile Interpolation.swift
SwiftCompile normal arm64 /Users/admin/builder/spi-builder-workspace/Sources/Plinth/Extensions/Mathematics/Powers.swift (in target 'Plinth' from project 'Plinth')
cd /Users/admin/builder/spi-builder-workspace/.swiftpm/xcode
builtin-SwiftPerFileCompile Powers.swift
SwiftCompile normal arm64 /Users/admin/builder/spi-builder-workspace/Sources/Plinth/Extensions/Mathematics/Ramps.swift (in target 'Plinth' from project 'Plinth')
cd /Users/admin/builder/spi-builder-workspace/.swiftpm/xcode
builtin-SwiftPerFileCompile Ramps.swift
SwiftCompile normal arm64 /Users/admin/builder/spi-builder-workspace/Sources/Plinth/Extensions/Signal\ Processing/Autoconvolution.swift (in target 'Plinth' from project 'Plinth')
cd /Users/admin/builder/spi-builder-workspace/.swiftpm/xcode
builtin-SwiftPerFileCompile Autoconvolution.swift
SwiftEmitModule normal arm64 Emitting\ module\ for\ Plinth (in target 'Plinth' from project 'Plinth')
/Users/admin/builder/spi-builder-workspace/Sources/Plinth/Extensions/Linear Algebra/Circulant.swift:9:8: warning: file 'Circulant.swift' is part of module 'Plinth'; ignoring import [#ModuleSelfImport]
7 |
8 | import Foundation
9 | import Plinth
| `- warning: file 'Circulant.swift' is part of module 'Plinth'; ignoring import [#ModuleSelfImport]
10 |
11 | extension Matrix where Scalar == Float {
/Users/admin/builder/spi-builder-workspace/Sources/Plinth/Extensions/Signal Processing/Convolution2D.swift:8:8: warning: file 'Convolution2D.swift' is part of module 'Plinth'; ignoring import [#ModuleSelfImport]
6 | //
7 |
8 | import Plinth
| `- warning: file 'Convolution2D.swift' is part of module 'Plinth'; ignoring import [#ModuleSelfImport]
9 | import Accelerate
10 |
/Users/admin/builder/spi-builder-workspace/Sources/Plinth/Extensions/Signal Processing/Resampling.swift:8:8: warning: file 'Resampling.swift' is part of module 'Plinth'; ignoring import [#ModuleSelfImport]
6 | //
7 |
8 | import Plinth
| `- warning: file 'Resampling.swift' is part of module 'Plinth'; ignoring import [#ModuleSelfImport]
9 | import Accelerate
10 |
SwiftCompile normal arm64 (in target 'Plinth' from project 'Plinth')
cd /Users/admin/builder/spi-builder-workspace/.swiftpm/xcode
SwiftCompile normal arm64 Compiling\ FFT2D.swift,\ FFTRamp.swift,\ FFTShift.swift,\ Resampling.swift,\ Gaussian.swift /Users/admin/builder/spi-builder-workspace/Sources/Plinth/Extensions/Signal\ Processing/FFT2D.swift /Users/admin/builder/spi-builder-workspace/Sources/Plinth/Extensions/Signal\ Processing/FFTRamp.swift /Users/admin/builder/spi-builder-workspace/Sources/Plinth/Extensions/Signal\ Processing/FFTShift.swift /Users/admin/builder/spi-builder-workspace/Sources/Plinth/Extensions/Signal\ Processing/Resampling.swift /Users/admin/builder/spi-builder-workspace/Sources/Plinth/Extensions/Statistics/Gaussian.swift (in target 'Plinth' from project 'Plinth')
/Users/admin/builder/spi-builder-workspace/Sources/Plinth/Extensions/Signal Processing/Resampling.swift:8:8: warning: file 'Resampling.swift' is part of module 'Plinth'; ignoring import [#ModuleSelfImport]
6 | //
7 |
8 | import Plinth
| `- warning: file 'Resampling.swift' is part of module 'Plinth'; ignoring import [#ModuleSelfImport]
9 | import Accelerate
10 |
/Users/admin/builder/spi-builder-workspace/Sources/Plinth/Extensions/Signal Processing/Resampling.swift:20:13: warning: initialization of immutable value 'coefficients' was never used; consider replacing with assignment to '_' or removing it [#NoUsage]
18 |
19 | public func downsampled(factor: Int = 2, filter: [Scalar] = [1.0]) -> Matrix {
20 | let coefficients = [Scalar](repeating: 1.0 / Scalar(factor), count: factor)
| `- warning: initialization of immutable value 'coefficients' was never used; consider replacing with assignment to '_' or removing it [#NoUsage]
21 | let elements = vDSP.downsample(elements, decimationFactor: factor, filter: filter)
22 | return Matrix(shape: .init(rows: shape.rows, columns: shape.columns / factor), elements: elements)
SwiftCompile normal arm64 /Users/admin/builder/spi-builder-workspace/Sources/Plinth/Extensions/Signal\ Processing/FFT2D.swift (in target 'Plinth' from project 'Plinth')
cd /Users/admin/builder/spi-builder-workspace/.swiftpm/xcode
builtin-SwiftPerFileCompile FFT2D.swift
SwiftCompile normal arm64 /Users/admin/builder/spi-builder-workspace/Sources/Plinth/Extensions/Signal\ Processing/FFTRamp.swift (in target 'Plinth' from project 'Plinth')
cd /Users/admin/builder/spi-builder-workspace/.swiftpm/xcode
builtin-SwiftPerFileCompile FFTRamp.swift
SwiftCompile normal arm64 /Users/admin/builder/spi-builder-workspace/Sources/Plinth/Extensions/Signal\ Processing/FFTShift.swift (in target 'Plinth' from project 'Plinth')
cd /Users/admin/builder/spi-builder-workspace/.swiftpm/xcode
builtin-SwiftPerFileCompile FFTShift.swift
SwiftCompile normal arm64 /Users/admin/builder/spi-builder-workspace/Sources/Plinth/Extensions/Signal\ Processing/Resampling.swift (in target 'Plinth' from project 'Plinth')
cd /Users/admin/builder/spi-builder-workspace/.swiftpm/xcode
builtin-SwiftPerFileCompile Resampling.swift
SwiftCompile normal arm64 /Users/admin/builder/spi-builder-workspace/Sources/Plinth/Extensions/Statistics/Gaussian.swift (in target 'Plinth' from project 'Plinth')
cd /Users/admin/builder/spi-builder-workspace/.swiftpm/xcode
builtin-SwiftPerFileCompile Gaussian.swift
SwiftCompile normal arm64 Compiling\ Moments.swift,\ Normalization.swift,\ Random.swift,\ Center.swift,\ Concatenate.swift /Users/admin/builder/spi-builder-workspace/Sources/Plinth/Extensions/Statistics/Moments.swift /Users/admin/builder/spi-builder-workspace/Sources/Plinth/Extensions/Statistics/Normalization.swift /Users/admin/builder/spi-builder-workspace/Sources/Plinth/Extensions/Statistics/Random.swift /Users/admin/builder/spi-builder-workspace/Sources/Plinth/Extensions/Transformations/Center.swift /Users/admin/builder/spi-builder-workspace/Sources/Plinth/Extensions/Transformations/Concatenate.swift (in target 'Plinth' from project 'Plinth')
SwiftCompile normal arm64 /Users/admin/builder/spi-builder-workspace/Sources/Plinth/Extensions/Statistics/Moments.swift (in target 'Plinth' from project 'Plinth')
cd /Users/admin/builder/spi-builder-workspace/.swiftpm/xcode
builtin-SwiftPerFileCompile Moments.swift
SwiftCompile normal arm64 /Users/admin/builder/spi-builder-workspace/Sources/Plinth/Extensions/Statistics/Normalization.swift (in target 'Plinth' from project 'Plinth')
cd /Users/admin/builder/spi-builder-workspace/.swiftpm/xcode
builtin-SwiftPerFileCompile Normalization.swift
SwiftCompile normal arm64 /Users/admin/builder/spi-builder-workspace/Sources/Plinth/Extensions/Statistics/Random.swift (in target 'Plinth' from project 'Plinth')
cd /Users/admin/builder/spi-builder-workspace/.swiftpm/xcode
builtin-SwiftPerFileCompile Random.swift
SwiftCompile normal arm64 /Users/admin/builder/spi-builder-workspace/Sources/Plinth/Extensions/Transformations/Center.swift (in target 'Plinth' from project 'Plinth')
cd /Users/admin/builder/spi-builder-workspace/.swiftpm/xcode
builtin-SwiftPerFileCompile Center.swift
SwiftCompile normal arm64 /Users/admin/builder/spi-builder-workspace/Sources/Plinth/Extensions/Transformations/Concatenate.swift (in target 'Plinth' from project 'Plinth')
cd /Users/admin/builder/spi-builder-workspace/.swiftpm/xcode
builtin-SwiftPerFileCompile Concatenate.swift
/Users/admin/builder/spi-builder-workspace/Sources/Plinth/Extensions/Statistics/Random.swift:58:9: warning: result of call to 'withUnsafeMutablePointer(to:_:)' is unused [#NoUsage]
56 | var workspace = [Scalar](repeating: .zero, count: shape.count)
57 |
58 | withUnsafeMutablePointer(to: &count) { count in
| `- warning: result of call to 'withUnsafeMutablePointer(to:_:)' is unused [#NoUsage]
59 | slarnv_(&code, &seed, count, &workspace)
60 | }
/Users/admin/builder/spi-builder-workspace/Sources/Plinth/Extensions/Statistics/Random.swift:76:9: warning: result of call to 'withUnsafeMutablePointer(to:_:)' is unused [#NoUsage]
74 | var workspace = [__CLPK_complex](repeating: __CLPK_complex(), count: shape.count)
75 |
76 | withUnsafeMutablePointer(to: &count) { count in
| `- warning: result of call to 'withUnsafeMutablePointer(to:_:)' is unused [#NoUsage]
77 | clarnv_(&code, &seed, count, &workspace)
78 | }
/Users/admin/builder/spi-builder-workspace/Sources/Plinth/Extensions/Statistics/Random.swift:114:9: warning: result of call to 'withUnsafeMutablePointer(to:_:)' is unused [#NoUsage]
112 | var workspace = [Scalar](repeating: .zero, count: shape.count)
113 |
114 | withUnsafeMutablePointer(to: &count) { count in
| `- warning: result of call to 'withUnsafeMutablePointer(to:_:)' is unused [#NoUsage]
115 | dlarnv_(&code, &seed, count, &workspace)
116 | }
SwiftCompile normal arm64 Compiling\ Products.swift,\ Roots.swift,\ SquareRoot.swift,\ Transposition.swift,\ Zeros.swift /Users/admin/builder/spi-builder-workspace/Sources/Plinth/Extensions/Linear\ Algebra/Products.swift /Users/admin/builder/spi-builder-workspace/Sources/Plinth/Extensions/Linear\ Algebra/Roots.swift /Users/admin/builder/spi-builder-workspace/Sources/Plinth/Extensions/Linear\ Algebra/SquareRoot.swift /Users/admin/builder/spi-builder-workspace/Sources/Plinth/Extensions/Linear\ Algebra/Transposition.swift /Users/admin/builder/spi-builder-workspace/Sources/Plinth/Extensions/Linear\ Algebra/Zeros.swift (in target 'Plinth' from project 'Plinth')
SwiftCompile normal arm64 /Users/admin/builder/spi-builder-workspace/Sources/Plinth/Extensions/Linear\ Algebra/Products.swift (in target 'Plinth' from project 'Plinth')
cd /Users/admin/builder/spi-builder-workspace/.swiftpm/xcode
builtin-SwiftPerFileCompile Products.swift
SwiftCompile normal arm64 /Users/admin/builder/spi-builder-workspace/Sources/Plinth/Extensions/Linear\ Algebra/Roots.swift (in target 'Plinth' from project 'Plinth')
cd /Users/admin/builder/spi-builder-workspace/.swiftpm/xcode
builtin-SwiftPerFileCompile Roots.swift
SwiftCompile normal arm64 /Users/admin/builder/spi-builder-workspace/Sources/Plinth/Extensions/Linear\ Algebra/SquareRoot.swift (in target 'Plinth' from project 'Plinth')
cd /Users/admin/builder/spi-builder-workspace/.swiftpm/xcode
builtin-SwiftPerFileCompile SquareRoot.swift
SwiftCompile normal arm64 /Users/admin/builder/spi-builder-workspace/Sources/Plinth/Extensions/Linear\ Algebra/Transposition.swift (in target 'Plinth' from project 'Plinth')
cd /Users/admin/builder/spi-builder-workspace/.swiftpm/xcode
builtin-SwiftPerFileCompile Transposition.swift
SwiftCompile normal arm64 /Users/admin/builder/spi-builder-workspace/Sources/Plinth/Extensions/Linear\ Algebra/Zeros.swift (in target 'Plinth' from project 'Plinth')
cd /Users/admin/builder/spi-builder-workspace/.swiftpm/xcode
builtin-SwiftPerFileCompile Zeros.swift
SwiftCompile normal arm64 Compiling\ Crop.swift,\ Pad.swift,\ Repeat.swift,\ Reshape.swift /Users/admin/builder/spi-builder-workspace/Sources/Plinth/Extensions/Transformations/Crop.swift /Users/admin/builder/spi-builder-workspace/Sources/Plinth/Extensions/Transformations/Pad.swift /Users/admin/builder/spi-builder-workspace/Sources/Plinth/Extensions/Transformations/Repeat.swift /Users/admin/builder/spi-builder-workspace/Sources/Plinth/Extensions/Transformations/Reshape.swift (in target 'Plinth' from project 'Plinth')
SwiftCompile normal arm64 /Users/admin/builder/spi-builder-workspace/Sources/Plinth/Extensions/Transformations/Crop.swift (in target 'Plinth' from project 'Plinth')
cd /Users/admin/builder/spi-builder-workspace/.swiftpm/xcode
builtin-SwiftPerFileCompile Crop.swift
SwiftCompile normal arm64 /Users/admin/builder/spi-builder-workspace/Sources/Plinth/Extensions/Transformations/Pad.swift (in target 'Plinth' from project 'Plinth')
cd /Users/admin/builder/spi-builder-workspace/.swiftpm/xcode
builtin-SwiftPerFileCompile Pad.swift
SwiftCompile normal arm64 /Users/admin/builder/spi-builder-workspace/Sources/Plinth/Extensions/Transformations/Repeat.swift (in target 'Plinth' from project 'Plinth')
cd /Users/admin/builder/spi-builder-workspace/.swiftpm/xcode
builtin-SwiftPerFileCompile Repeat.swift
SwiftCompile normal arm64 /Users/admin/builder/spi-builder-workspace/Sources/Plinth/Extensions/Transformations/Reshape.swift (in target 'Plinth' from project 'Plinth')
cd /Users/admin/builder/spi-builder-workspace/.swiftpm/xcode
builtin-SwiftPerFileCompile Reshape.swift
SwiftCompile normal arm64 Compiling\ Autocorrelation.swift,\ Convolution1D.swift,\ Convolution2D.swift,\ FFT.swift,\ FFT1D.swift /Users/admin/builder/spi-builder-workspace/Sources/Plinth/Extensions/Signal\ Processing/Autocorrelation.swift /Users/admin/builder/spi-builder-workspace/Sources/Plinth/Extensions/Signal\ Processing/Convolution1D.swift /Users/admin/builder/spi-builder-workspace/Sources/Plinth/Extensions/Signal\ Processing/Convolution2D.swift /Users/admin/builder/spi-builder-workspace/Sources/Plinth/Extensions/Signal\ Processing/FFT.swift /Users/admin/builder/spi-builder-workspace/Sources/Plinth/Extensions/Signal\ Processing/FFT1D.swift (in target 'Plinth' from project 'Plinth')
SwiftCompile normal arm64 /Users/admin/builder/spi-builder-workspace/Sources/Plinth/Extensions/Signal\ Processing/Autocorrelation.swift (in target 'Plinth' from project 'Plinth')
cd /Users/admin/builder/spi-builder-workspace/.swiftpm/xcode
builtin-SwiftPerFileCompile Autocorrelation.swift
SwiftCompile normal arm64 /Users/admin/builder/spi-builder-workspace/Sources/Plinth/Extensions/Signal\ Processing/Convolution1D.swift (in target 'Plinth' from project 'Plinth')
cd /Users/admin/builder/spi-builder-workspace/.swiftpm/xcode
builtin-SwiftPerFileCompile Convolution1D.swift
SwiftCompile normal arm64 /Users/admin/builder/spi-builder-workspace/Sources/Plinth/Extensions/Signal\ Processing/Convolution2D.swift (in target 'Plinth' from project 'Plinth')
cd /Users/admin/builder/spi-builder-workspace/.swiftpm/xcode
builtin-SwiftPerFileCompile Convolution2D.swift
SwiftCompile normal arm64 /Users/admin/builder/spi-builder-workspace/Sources/Plinth/Extensions/Signal\ Processing/FFT.swift (in target 'Plinth' from project 'Plinth')
cd /Users/admin/builder/spi-builder-workspace/.swiftpm/xcode
builtin-SwiftPerFileCompile FFT.swift
SwiftCompile normal arm64 /Users/admin/builder/spi-builder-workspace/Sources/Plinth/Extensions/Signal\ Processing/FFT1D.swift (in target 'Plinth' from project 'Plinth')
cd /Users/admin/builder/spi-builder-workspace/.swiftpm/xcode
builtin-SwiftPerFileCompile FFT1D.swift
SwiftCompile normal arm64_32 Compiling\ Wrappers.swift,\ Circulant.swift,\ Diagonal.swift,\ Division.swift,\ Eigendecomposition.swift /Users/admin/builder/spi-builder-workspace/Sources/Plinth/Core/Wrappers.swift /Users/admin/builder/spi-builder-workspace/Sources/Plinth/Extensions/Linear\ Algebra/Circulant.swift /Users/admin/builder/spi-builder-workspace/Sources/Plinth/Extensions/Linear\ Algebra/Diagonal.swift /Users/admin/builder/spi-builder-workspace/Sources/Plinth/Extensions/Linear\ Algebra/Division.swift /Users/admin/builder/spi-builder-workspace/Sources/Plinth/Extensions/Linear\ Algebra/Eigendecomposition.swift (in target 'Plinth' from project 'Plinth')
/Users/admin/builder/spi-builder-workspace/Sources/Plinth/Extensions/Linear Algebra/Circulant.swift:9:8: warning: file 'Circulant.swift' is part of module 'Plinth'; ignoring import [#ModuleSelfImport]
7 |
8 | import Foundation
9 | import Plinth
| `- warning: file 'Circulant.swift' is part of module 'Plinth'; ignoring import [#ModuleSelfImport]
10 |
11 | extension Matrix where Scalar == Float {
/Users/admin/builder/spi-builder-workspace/Sources/Plinth/Extensions/Linear Algebra/Eigendecomposition.swift:171:76: error: cannot convert value of type '__CLPK_integer' (aka 'Int') to expected argument type 'Int32'
169 |
170 | if error < 0 {
171 | throw EigendecompositionError.illegalValue(matrix: self, code: error)
| `- error: cannot convert value of type '__CLPK_integer' (aka 'Int') to expected argument type 'Int32'
172 | }
173 |
/Users/admin/builder/spi-builder-workspace/Sources/Plinth/Extensions/Linear Algebra/Eigendecomposition.swift:175:81: error: cannot convert value of type '__CLPK_integer' (aka 'Int') to expected argument type 'Int32'
173 |
174 | if error > 0 {
175 | throw EigendecompositionError.computationFailed(matrix: self, code: error)
| `- error: cannot convert value of type '__CLPK_integer' (aka 'Int') to expected argument type 'Int32'
176 | }
177 |
/Users/admin/builder/spi-builder-workspace/Sources/Plinth/Extensions/Linear Algebra/Eigendecomposition.swift:216:76: error: cannot convert value of type '__CLPK_integer' (aka 'Int') to expected argument type 'Int32'
214 |
215 | if error < 0 {
216 | throw EigendecompositionError.illegalValue(matrix: self, code: error)
| `- error: cannot convert value of type '__CLPK_integer' (aka 'Int') to expected argument type 'Int32'
217 | }
218 |
/Users/admin/builder/spi-builder-workspace/Sources/Plinth/Extensions/Linear Algebra/Eigendecomposition.swift:220:81: error: cannot convert value of type '__CLPK_integer' (aka 'Int') to expected argument type 'Int32'
218 |
219 | if error > 0 {
220 | throw EigendecompositionError.computationFailed(matrix: self, code: error)
| `- error: cannot convert value of type '__CLPK_integer' (aka 'Int') to expected argument type 'Int32'
221 | }
222 |
[#ModuleSelfImport]: <https://docs.swift.org/compiler/documentation/diagnostics/module-self-import>
Failed frontend command:
/Applications/Xcode-27.0.0-Release.Candidate.app/Contents/Developer/Toolchains/XcodeDefault.xctoolchain/usr/bin/swift-frontend -frontend -c /Users/admin/builder/spi-builder-workspace/Sources/Plinth/ComplexMatrix.swift /Users/admin/builder/spi-builder-workspace/Sources/Plinth/Core/Arithmetic.swift /Users/admin/builder/spi-builder-workspace/Sources/Plinth/Core/Conversions.swift /Users/admin/builder/spi-builder-workspace/Sources/Plinth/Core/Functors.swift /Users/admin/builder/spi-builder-workspace/Sources/Plinth/Core/Submatrix.swift -primary-file /Users/admin/builder/spi-builder-workspace/Sources/Plinth/Core/Wrappers.swift -primary-file /Users/admin/builder/spi-builder-workspace/Sources/Plinth/Extensions/Linear\ Algebra/Circulant.swift -primary-file /Users/admin/builder/spi-builder-workspace/Sources/Plinth/Extensions/Linear\ Algebra/Diagonal.swift -primary-file /Users/admin/builder/spi-builder-workspace/Sources/Plinth/Extensions/Linear\ Algebra/Division.swift -primary-file /Users/admin/builder/spi-builder-workspace/Sources/Plinth/Extensions/Linear\ Algebra/Eigendecomposition.swift /Users/admin/builder/spi-builder-workspace/Sources/Plinth/Extensions/Linear\ Algebra/Exponentiation.swift /Users/admin/builder/spi-builder-workspace/Sources/Plinth/Extensions/Linear\ Algebra/Identity.swift /Users/admin/builder/spi-builder-workspace/Sources/Plinth/Extensions/Linear\ Algebra/Inversion.swift /Users/admin/builder/spi-builder-workspace/Sources/Plinth/Extensions/Linear\ Algebra/Multiplication.swift /Users/admin/builder/spi-builder-workspace/Sources/Plinth/Extensions/Linear\ Algebra/Ones.swift /Users/admin/builder/spi-builder-workspace/Sources/Plinth/Extensions/Linear\ Algebra/Products.swift /Users/admin/builder/spi-builder-workspace/Sources/Plinth/Extensions/Linear\ Algebra/Roots.swift /Users/admin/builder/spi-builder-workspace/Sources/Plinth/Extensions/Linear\ Algebra/SquareRoot.swift /Users/admin/builder/spi-builder-workspace/Sources/Plinth/Extensions/Linear\ Algebra/Transposition.swift /Users/admin/builder/spi-builder-workspace/Sources/Plinth/Extensions/Linear\ Algebra/Zeros.swift /Users/admin/builder/spi-builder-workspace/Sources/Plinth/Extensions/Mathematics/Comparisons.swift /Users/admin/builder/spi-builder-workspace/Sources/Plinth/Extensions/Mathematics/Interpolation.swift /Users/admin/builder/spi-builder-workspace/Sources/Plinth/Extensions/Mathematics/Powers.swift /Users/admin/builder/spi-builder-workspace/Sources/Plinth/Extensions/Mathematics/Ramps.swift /Users/admin/builder/spi-builder-workspace/Sources/Plinth/Extensions/Signal\ Processing/Autoconvolution.swift /Users/admin/builder/spi-builder-workspace/Sources/Plinth/Extensions/Signal\ Processing/Autocorrelation.swift /Users/admin/builder/spi-builder-workspace/Sources/Plinth/Extensions/Signal\ Processing/Convolution1D.swift /Users/admin/builder/spi-builder-workspace/Sources/Plinth/Extensions/Signal\ Processing/Convolution2D.swift /Users/admin/builder/spi-builder-workspace/Sources/Plinth/Extensions/Signal\ Processing/FFT.swift /Users/admin/builder/spi-builder-workspace/Sources/Plinth/Extensions/Signal\ Processing/FFT1D.swift /Users/admin/builder/spi-builder-workspace/Sources/Plinth/Extensions/Signal\ Processing/FFT2D.swift /Users/admin/builder/spi-builder-workspace/Sources/Plinth/Extensions/Signal\ Processing/FFTRamp.swift /Users/admin/builder/spi-builder-workspace/Sources/Plinth/Extensions/Signal\ Processing/FFTShift.swift /Users/admin/builder/spi-builder-workspace/Sources/Plinth/Extensions/Signal\ Processing/Resampling.swift /Users/admin/builder/spi-builder-workspace/Sources/Plinth/Extensions/Statistics/Gaussian.swift /Users/admin/builder/spi-builder-workspace/Sources/Plinth/Extensions/Statistics/Moments.swift /Users/admin/builder/spi-builder-workspace/Sources/Plinth/Extensions/Statistics/Normalization.swift /Users/admin/builder/spi-builder-workspace/Sources/Plinth/Extensions/Statistics/Random.swift /Users/admin/builder/spi-builder-workspace/Sources/Plinth/Extensions/Transformations/Center.swift /Users/admin/builder/spi-builder-workspace/Sources/Plinth/Extensions/Transformations/Concatenate.swift /Users/admin/builder/spi-builder-workspace/Sources/Plinth/Extensions/Transformations/Crop.swift /Users/admin/builder/spi-builder-workspace/Sources/Plinth/Extensions/Transformations/Pad.swift /Users/admin/builder/spi-builder-workspace/Sources/Plinth/Extensions/Transformations/Repeat.swift /Users/admin/builder/spi-builder-workspace/Sources/Plinth/Extensions/Transformations/Reshape.swift /Users/admin/builder/spi-builder-workspace/Sources/Plinth/Extensions/Transformations/Reverse.swift /Users/admin/builder/spi-builder-workspace/Sources/Plinth/Extensions/Transformations/Shift.swift /Users/admin/builder/spi-builder-workspace/Sources/Plinth/Matrix.swift /Users/admin/builder/spi-builder-workspace/Sources/Plinth/Shape.swift -supplementary-output-file-map /Users/admin/builder/spi-builder-workspace/.derivedData/Build/Intermediates.noindex/Plinth.build/Debug-watchos/Plinth-t.build/Objects-normal/arm64_32/supplementaryOutputs-8 -target arm64_32-apple-watchos9.0 -disable-cross-import-overlay-search -load-resolved-plugin /Applications/Xcode-27.0.0-Release.Candidate.app/Contents/Developer/Platforms/WatchOS.platform/Developer/usr/lib/swift/host/plugins/libFoundationMacros.dylib\#/Applications/Xcode-27.0.0-Release.Candidate.app/Contents/Developer/Platforms/WatchOS.platform/Developer/usr/bin/swift-plugin-server\#FoundationMacros -load-resolved-plugin /Applications/Xcode-27.0.0-Release.Candidate.app/Contents/Developer/Platforms/WatchOS.platform/Developer/usr/lib/swift/host/plugins/libObservationMacros.dylib\#/Applications/Xcode-27.0.0-Release.Candidate.app/Contents/Developer/Platforms/WatchOS.platform/Developer/usr/bin/swift-plugin-server\#ObservationMacros -load-resolved-plugin /Applications/Xcode-27.0.0-Release.Candidate.app/Contents/Developer/Platforms/WatchOS.platform/Developer/usr/lib/swift/host/plugins/libSwiftMacros.dylib\#/Applications/Xcode-27.0.0-Release.Candidate.app/Contents/Developer/Platforms/WatchOS.platform/Developer/usr/bin/swift-plugin-server\#SwiftMacros -disable-implicit-swift-modules -Xcc -fno-implicit-modules -Xcc -fno-implicit-module-maps -explicit-swift-module-map-file /Users/admin/builder/spi-builder-workspace/.derivedData/Build/Intermediates.noindex/Plinth.build/Debug-watchos/Plinth-t.build/Objects-normal/arm64_32/Plinth-dependencies-1.json -enable-objc-interop -sdk /Applications/Xcode-27.0.0-Release.Candidate.app/Contents/Developer/Platforms/WatchOS.platform/Developer/SDKs/WatchOS27.0.sdk -I /Users/admin/builder/spi-builder-workspace/.derivedData/Build/Products/Debug-watchos -Isystem /Applications/Xcode-27.0.0-Release.Candidate.app/Contents/Developer/Platforms/WatchOS.platform/Developer/usr/lib -F /Users/admin/builder/spi-builder-workspace/.derivedData/Build/Products/Debug-watchos/PackageFrameworks -F /Users/admin/builder/spi-builder-workspace/.derivedData/Build/Products/Debug-watchos -F /Applications/Xcode-27.0.0-Release.Candidate.app/Contents/Developer/Platforms/WatchOS.platform/Developer/Library/Frameworks -F /Applications/Xcode-27.0.0-Release.Candidate.app/Contents/Developer/Platforms/WatchOS.platform/Developer/SDKs/WatchOS27.0.sdk/Developer/Library/Frameworks -module-cache-path /Users/admin/builder/spi-builder-workspace/.derivedData/Build/Intermediates.noindex/SwiftExplicitPrecompiledModules -no-color-diagnostics -Xcc -fno-color-diagnostics -enable-testing -g -debug-info-format\=dwarf -dwarf-version\=4 -swift-version 5 -Onone -D SWIFT_PACKAGE -D DEBUG -D SWIFT_MODULE_RESOURCE_BUNDLE_UNAVAILABLE -D Xcode -serialize-debugging-options -enable-experimental-feature DebugDescriptionMacro -empty-abi-descriptor -validate-clang-modules-once -clang-build-session-file /Users/admin/builder/spi-builder-workspace/.derivedData/ModuleCache.noindex/Session.modulevalidation -Xcc -working-directory -Xcc /Users/admin/builder/spi-builder-workspace/.swiftpm/xcode -enable-anonymous-context-mangled-names -file-compilation-dir /Users/admin/builder/spi-builder-workspace/.swiftpm/xcode -Xcc -fmodule-map-file\=/Users/admin/builder/spi-builder-workspace/.dependencies/checkouts/swift-numerics/Sources/_NumericsShims/include/module.modulemap -Xcc -D_LIBCPP_HARDENING_MODE\=_LIBCPP_HARDENING_MODE_DEBUG -Xcc -ivfsstatcache -Xcc /Users/admin/builder/spi-builder-workspace/.derivedData/SDKStatCaches.noindex/watchos27.0-24R360-e829b21a6f8c9b70876ba0858053c04477534ef55a1706bf4c1112bbb242f0a2.sdkstatcache -Xcc -fmodules-prune-interval\=86400 -Xcc -fmodules-prune-after\=345600 -Xcc -I/Users/admin/builder/spi-builder-workspace/.dependencies/checkouts/swift-numerics/Sources/_NumericsShims/include -Xcc -I/Users/admin/builder/spi-builder-workspace/.derivedData/Build/Products/Debug-watchos/include -Xcc -I/Users/admin/builder/spi-builder-workspace/.derivedData/Build/Intermediates.noindex/Plinth.build/Debug-watchos/Plinth-t.build/DerivedSources-normal/arm64_32 -Xcc -I/Users/admin/builder/spi-builder-workspace/.derivedData/Build/Intermediates.noindex/Plinth.build/Debug-watchos/Plinth-t.build/DerivedSources/arm64_32 -Xcc -I/Users/admin/builder/spi-builder-workspace/.derivedData/Build/Intermediates.noindex/Plinth.build/Debug-watchos/Plinth-t.build/DerivedSources -Xcc -DSWIFT_PACKAGE -Xcc -DDEBUG\=1 -no-auto-bridging-header-chaining -module-name Plinth -const-gather-protocols-file /Users/admin/builder/spi-builder-workspace/.derivedData/Build/Intermediates.noindex/Plinth.build/Debug-watchos/Plinth-t.build/Objects-normal/arm64_32/Plinth_const_extract_protocols.json -disable-clang-spi -clang-target arm64_32-apple-watchos27.0 -target-sdk-version 27.0 -target-sdk-name watchos27.0 -in-process-plugin-server-path /Applications/Xcode-27.0.0-Release.Candidate.app/Contents/Developer/Toolchains/XcodeDefault.xctoolchain/usr/lib/swift/host/libSwiftInProcPluginServer.dylib -parse-as-library -o /Users/admin/builder/spi-builder-workspace/.derivedData/Build/Intermediates.noindex/Plinth.build/Debug-watchos/Plinth-t.build/Objects-normal/arm64_32/Wrappers.o -o /Users/admin/builder/spi-builder-workspace/.derivedData/Build/Intermediates.noindex/Plinth.build/Debug-watchos/Plinth-t.build/Objects-normal/arm64_32/Circulant.o -o /Users/admin/builder/spi-builder-workspace/.derivedData/Build/Intermediates.noindex/Plinth.build/Debug-watchos/Plinth-t.build/Objects-normal/arm64_32/Diagonal.o -o /Users/admin/builder/spi-builder-workspace/.derivedData/Build/Intermediates.noindex/Plinth.build/Debug-watchos/Plinth-t.build/Objects-normal/arm64_32/Division.o -o /Users/admin/builder/spi-builder-workspace/.derivedData/Build/Intermediates.noindex/Plinth.build/Debug-watchos/Plinth-t.build/Objects-normal/arm64_32/Eigendecomposition.o -debug-module-path /Users/admin/builder/spi-builder-workspace/.derivedData/Build/Intermediates.noindex/Plinth.build/Debug-watchos/Plinth-t.build/Objects-normal/arm64_32/Plinth.swiftmodule -index-unit-output-path /Plinth.build/Debug-watchos/Plinth-t.build/Objects-normal/arm64_32/Wrappers.o -index-unit-output-path /Plinth.build/Debug-watchos/Plinth-t.build/Objects-normal/arm64_32/Circulant.o -index-unit-output-path /Plinth.build/Debug-watchos/Plinth-t.build/Objects-normal/arm64_32/Diagonal.o -index-unit-output-path /Plinth.build/Debug-watchos/Plinth-t.build/Objects-normal/arm64_32/Division.o -index-unit-output-path /Plinth.build/Debug-watchos/Plinth-t.build/Objects-normal/arm64_32/Eigendecomposition.o -index-store-path /Users/admin/builder/spi-builder-workspace/.derivedData/Index.noindex/DataStore -index-system-modules
SwiftCompile normal arm64_32 /Users/admin/builder/spi-builder-workspace/Sources/Plinth/Core/Wrappers.swift (in target 'Plinth' from project 'Plinth')
cd /Users/admin/builder/spi-builder-workspace/.swiftpm/xcode
builtin-SwiftPerFileCompile Wrappers.swift
SwiftCompile normal arm64_32 /Users/admin/builder/spi-builder-workspace/Sources/Plinth/Extensions/Linear\ Algebra/Circulant.swift (in target 'Plinth' from project 'Plinth')
cd /Users/admin/builder/spi-builder-workspace/.swiftpm/xcode
builtin-SwiftPerFileCompile Circulant.swift
SwiftCompile normal arm64_32 /Users/admin/builder/spi-builder-workspace/Sources/Plinth/Extensions/Linear\ Algebra/Diagonal.swift (in target 'Plinth' from project 'Plinth')
cd /Users/admin/builder/spi-builder-workspace/.swiftpm/xcode
builtin-SwiftPerFileCompile Diagonal.swift
SwiftCompile normal arm64_32 /Users/admin/builder/spi-builder-workspace/Sources/Plinth/Extensions/Linear\ Algebra/Division.swift (in target 'Plinth' from project 'Plinth')
cd /Users/admin/builder/spi-builder-workspace/.swiftpm/xcode
builtin-SwiftPerFileCompile Division.swift
SwiftCompile normal arm64_32 /Users/admin/builder/spi-builder-workspace/Sources/Plinth/Extensions/Linear\ Algebra/Eigendecomposition.swift (in target 'Plinth' from project 'Plinth')
cd /Users/admin/builder/spi-builder-workspace/.swiftpm/xcode
builtin-SwiftPerFileCompile Eigendecomposition.swift
SwiftCompile normal arm64 Compiling\ Reverse.swift,\ Shift.swift,\ Matrix.swift,\ Shape.swift /Users/admin/builder/spi-builder-workspace/Sources/Plinth/Extensions/Transformations/Reverse.swift /Users/admin/builder/spi-builder-workspace/Sources/Plinth/Extensions/Transformations/Shift.swift /Users/admin/builder/spi-builder-workspace/Sources/Plinth/Matrix.swift /Users/admin/builder/spi-builder-workspace/Sources/Plinth/Shape.swift (in target 'Plinth' from project 'Plinth')
SwiftCompile normal arm64 /Users/admin/builder/spi-builder-workspace/Sources/Plinth/Extensions/Transformations/Reverse.swift (in target 'Plinth' from project 'Plinth')
cd /Users/admin/builder/spi-builder-workspace/.swiftpm/xcode
builtin-SwiftPerFileCompile Reverse.swift
SwiftCompile normal arm64 /Users/admin/builder/spi-builder-workspace/Sources/Plinth/Extensions/Transformations/Shift.swift (in target 'Plinth' from project 'Plinth')
cd /Users/admin/builder/spi-builder-workspace/.swiftpm/xcode
builtin-SwiftPerFileCompile Shift.swift
SwiftCompile normal arm64 /Users/admin/builder/spi-builder-workspace/Sources/Plinth/Matrix.swift (in target 'Plinth' from project 'Plinth')
cd /Users/admin/builder/spi-builder-workspace/.swiftpm/xcode
builtin-SwiftPerFileCompile Matrix.swift
SwiftCompile normal arm64 /Users/admin/builder/spi-builder-workspace/Sources/Plinth/Shape.swift (in target 'Plinth' from project 'Plinth')
cd /Users/admin/builder/spi-builder-workspace/.swiftpm/xcode
builtin-SwiftPerFileCompile Shape.swift
SwiftEmitModule normal arm64_32 Emitting\ module\ for\ Plinth (in target 'Plinth' from project 'Plinth')
SwiftCompile normal arm64_32 (in target 'Plinth' from project 'Plinth')
cd /Users/admin/builder/spi-builder-workspace/.swiftpm/xcode
PruneExplicitPrecompiledModules /Users/admin/builder/spi-builder-workspace/.derivedData/Build/Intermediates.noindex/SwiftExplicitPrecompiledModules
PruneExplicitPrecompiledModules /Users/admin/builder/spi-builder-workspace/.derivedData/Build/Intermediates.noindex/ExplicitPrecompiledModules
PruneExplicitPrecompiledModules /Users/admin/builder/spi-builder-workspace/.derivedData/SDKExplicitPrecompiledModules
2026-09-22 18:54:48.131 xcodebuild[879:5109] [MT] IDERunDestination: Supported platforms for the buildables in the current scheme is empty.
** BUILD FAILED **
The following build commands failed:
SwiftCompile normal arm64_32 Compiling\ Wrappers.swift,\ Circulant.swift,\ Diagonal.swift,\ Division.swift,\ Eigendecomposition.swift /Users/admin/builder/spi-builder-workspace/Sources/Plinth/Core/Wrappers.swift /Users/admin/builder/spi-builder-workspace/Sources/Plinth/Extensions/Linear\ Algebra/Circulant.swift /Users/admin/builder/spi-builder-workspace/Sources/Plinth/Extensions/Linear\ Algebra/Diagonal.swift /Users/admin/builder/spi-builder-workspace/Sources/Plinth/Extensions/Linear\ Algebra/Division.swift /Users/admin/builder/spi-builder-workspace/Sources/Plinth/Extensions/Linear\ Algebra/Eigendecomposition.swift (in target 'Plinth' from project 'Plinth')
SwiftCompile normal arm64_32 /Users/admin/builder/spi-builder-workspace/Sources/Plinth/Extensions/Linear\ Algebra/Eigendecomposition.swift (in target 'Plinth' from project 'Plinth')
Building workspace Plinth with scheme Plinth
(3 failures)
BUILD FAILURE 6.4 watchOS