Build Information
Failed to build CrowdinSDK, reference 1.16.1 (0a350a), with Swift 6.2 for Wasm on 25 Jun 2026 06:40:31 UTC.
Build Command
bash -c docker run --pull=always --rm -v "checkouts-53886769-0":/host -w "$PWD" -e JAVA_HOME="/root/.sdkman/candidates/java/current" -e SPI_BUILD="1" -e SPI_PROCESSING="1" registry.gitlab.com/swiftpackageindex/spi-images:wasm-6.2-latest swift build --swift-sdk swift-6.2-RELEASE_wasm 2>&1Build Log
========================================
RunAll
========================================
Builder version: 4071e0796c748d991a0123890d2f0ecadc8fcc8c
Interrupt handler set up.
========================================
Checkout
========================================
Clone URL: https://github.com/crowdin/mobile-sdk-ios.git
Reference: 1.16.1
Initialized empty Git repository in /host/spi-builder-workspace/.git/
hint: Using 'master' as the name for the initial branch. This default branch name
hint: is subject to change. To configure the initial branch name to use in all
hint: of your new repositories, which will suppress this warning, call:
hint:
hint: git config --global init.defaultBranch <name>
hint:
hint: Names commonly chosen instead of 'master' are 'main', 'trunk' and
hint: 'development'. The just-created branch can be renamed via this command:
hint:
hint: git branch -m <name>
From https://github.com/crowdin/mobile-sdk-ios
* tag 1.16.1 -> FETCH_HEAD
HEAD is now at 0a350a5 chore: version 1.16.1 [skip-ci] (#401)
Cloned https://github.com/crowdin/mobile-sdk-ios.git
Revision (git rev-parse @):
0a350a546d0ecb1469d373f3d0aca5f291914a78
SUCCESS checkout https://github.com/crowdin/mobile-sdk-ios.git at 1.16.1
========================================
Build
========================================
Selected platform: wasm
Swift version: 6.2
Building package at path: $PWD
https://github.com/crowdin/mobile-sdk-ios.git
Running build ...
bash -c docker run --pull=always --rm -v "checkouts-53886769-0":/host -w "$PWD" -e JAVA_HOME="/root/.sdkman/candidates/java/current" -e SPI_BUILD="1" -e SPI_PROCESSING="1" registry.gitlab.com/swiftpackageindex/spi-images:wasm-6.2-latest swift build --swift-sdk swift-6.2-RELEASE_wasm 2>&1
wasm-6.2-latest: Pulling from swiftpackageindex/spi-images
Digest: sha256:7f35f7a63421c3ef050c9375efcbb60196c0ee099fe4e9f14f3ceef5fa7b1aa5
Status: Image is up to date for registry.gitlab.com/swiftpackageindex/spi-images:wasm-6.2-latest
Fetching https://github.com/serhii-londar/BaseAPI.git
Fetching https://github.com/daltoniam/Starscream.git
[1/386] Fetching baseapi
[387/5498] Fetching baseapi, starscream
Fetched https://github.com/serhii-londar/BaseAPI.git from cache (1.13s)
Fetched https://github.com/daltoniam/Starscream.git from cache (1.13s)
Computing version for https://github.com/serhii-londar/BaseAPI.git
Computed https://github.com/serhii-londar/BaseAPI.git at 0.2.2 (1.98s)
Computing version for https://github.com/daltoniam/Starscream.git
Computed https://github.com/daltoniam/Starscream.git at 4.0.8 (0.17s)
Creating working copy for https://github.com/daltoniam/Starscream.git
Working copy of https://github.com/daltoniam/Starscream.git resolved at 4.0.8
Creating working copy for https://github.com/serhii-londar/BaseAPI.git
Working copy of https://github.com/serhii-londar/BaseAPI.git resolved at 0.2.2
warning: 'spi-builder-workspace': found 1 file(s) which are unhandled; explicitly declare them as resources or exclude from the target
/host/spi-builder-workspace/Sources/CrowdinSDK/Resources/Settings/Images.xcassets
warning: 'starscream': found 1 file(s) which are unhandled; explicitly declare them as resources or exclude from the target
/host/spi-builder-workspace/.build/checkouts/Starscream/Sources/Info.plist
Building for debugging...
[0/6] Write sources
[0/6] Copying PrivacyInfo.xcprivacy
[0/6] Write sources
[5/6] Write swift-version-24593BA9C3E375BF.txt
error: emit-module command failed with exit code 1 (use -v to see invocation)
[7/34] Emitting module Starscream
/host/spi-builder-workspace/.build/checkouts/Starscream/Sources/Compression/WSCompression.swift:30:8: error: no such module 'zlib'
28 |
29 | import Foundation
30 | import zlib
| `- error: no such module 'zlib'
31 |
32 | public class WSCompression: CompressionHandler {
[8/36] Compiling BaseAPI ResponsetHeaderFields.swift
/host/spi-builder-workspace/.build/checkouts/BaseAPI/BaseAPI/Classes/Extensions/URLSession.swift:10:8: error: no such module 'Dispatch'
8 |
9 | import Foundation
10 | import Dispatch
| `- error: no such module 'Dispatch'
11 |
12 | #if swift(>=5.1) && os(Linux)
[9/36] Compiling Starscream Transport.swift
/host/spi-builder-workspace/.build/checkouts/Starscream/Sources/Compression/WSCompression.swift:30:8: error: no such module 'zlib'
28 |
29 | import Foundation
30 | import zlib
| `- error: no such module 'zlib'
31 |
32 | public class WSCompression: CompressionHandler {
[10/36] Compiling Starscream resource_bundle_accessor.swift
/host/spi-builder-workspace/.build/checkouts/Starscream/Sources/Compression/WSCompression.swift:30:8: error: no such module 'zlib'
28 |
29 | import Foundation
30 | import zlib
| `- error: no such module 'zlib'
31 |
32 | public class WSCompression: CompressionHandler {
[11/36] Compiling Starscream FoundationSecurity.swift
/host/spi-builder-workspace/.build/checkouts/Starscream/Sources/Compression/WSCompression.swift:30:8: error: no such module 'zlib'
28 |
29 | import Foundation
30 | import zlib
| `- error: no such module 'zlib'
31 |
32 | public class WSCompression: CompressionHandler {
[12/36] Compiling Starscream Security.swift
/host/spi-builder-workspace/.build/checkouts/Starscream/Sources/Compression/WSCompression.swift:30:8: error: no such module 'zlib'
28 |
29 | import Foundation
30 | import zlib
| `- error: no such module 'zlib'
31 |
32 | public class WSCompression: CompressionHandler {
[13/36] Compiling Starscream Server.swift
/host/spi-builder-workspace/.build/checkouts/Starscream/Sources/Compression/WSCompression.swift:30:8: error: no such module 'zlib'
28 |
29 | import Foundation
30 | import zlib
| `- error: no such module 'zlib'
31 |
32 | public class WSCompression: CompressionHandler {
[14/36] Compiling Starscream FoundationTransport.swift
/host/spi-builder-workspace/.build/checkouts/Starscream/Sources/Compression/WSCompression.swift:30:8: error: no such module 'zlib'
28 |
29 | import Foundation
30 | import zlib
| `- error: no such module 'zlib'
31 |
32 | public class WSCompression: CompressionHandler {
[15/36] Compiling Starscream TCPTransport.swift
/host/spi-builder-workspace/.build/checkouts/Starscream/Sources/Compression/WSCompression.swift:30:8: error: no such module 'zlib'
28 |
29 | import Foundation
30 | import zlib
| `- error: no such module 'zlib'
31 |
32 | public class WSCompression: CompressionHandler {
[16/36] Compiling Starscream WebSocketServer.swift
/host/spi-builder-workspace/.build/checkouts/Starscream/Sources/Compression/WSCompression.swift:30:8: error: no such module 'zlib'
28 |
29 | import Foundation
30 | import zlib
| `- error: no such module 'zlib'
31 |
32 | public class WSCompression: CompressionHandler {
[17/36] Compiling Starscream WebSocket.swift
/host/spi-builder-workspace/.build/checkouts/Starscream/Sources/Compression/WSCompression.swift:30:8: error: no such module 'zlib'
28 |
29 | import Foundation
30 | import zlib
| `- error: no such module 'zlib'
31 |
32 | public class WSCompression: CompressionHandler {
[18/36] Compiling Starscream Engine.swift
/host/spi-builder-workspace/.build/checkouts/Starscream/Sources/Compression/WSCompression.swift:30:8: error: no such module 'zlib'
28 |
29 | import Foundation
30 | import zlib
| `- error: no such module 'zlib'
31 |
32 | public class WSCompression: CompressionHandler {
[19/36] Compiling Starscream NativeEngine.swift
/host/spi-builder-workspace/.build/checkouts/Starscream/Sources/Compression/WSCompression.swift:30:8: error: no such module 'zlib'
28 |
29 | import Foundation
30 | import zlib
| `- error: no such module 'zlib'
31 |
32 | public class WSCompression: CompressionHandler {
[20/36] Compiling Starscream WSEngine.swift
/host/spi-builder-workspace/.build/checkouts/Starscream/Sources/Compression/WSCompression.swift:30:8: error: no such module 'zlib'
28 |
29 | import Foundation
30 | import zlib
| `- error: no such module 'zlib'
31 |
32 | public class WSCompression: CompressionHandler {
[21/36] Compiling BaseAPI RequestHeaderFields.swift
/host/spi-builder-workspace/.build/checkouts/BaseAPI/BaseAPI/Classes/Extensions/URLSession.swift:10:8: error: no such module 'Dispatch'
8 |
9 | import Foundation
10 | import Dispatch
| `- error: no such module 'Dispatch'
11 |
12 | #if swift(>=5.1) && os(Linux)
[22/36] Compiling BaseAPI RequestMethod.swift
/host/spi-builder-workspace/.build/checkouts/BaseAPI/BaseAPI/Classes/Extensions/URLSession.swift:10:8: error: no such module 'Dispatch'
8 |
9 | import Foundation
10 | import Dispatch
| `- error: no such module 'Dispatch'
11 |
12 | #if swift(>=5.1) && os(Linux)
[23/36] Compiling BaseAPI BaseAPI.swift
/host/spi-builder-workspace/.build/checkouts/BaseAPI/BaseAPI/Classes/Extensions/URLSession.swift:10:8: error: no such module 'Dispatch'
8 |
9 | import Foundation
10 | import Dispatch
| `- error: no such module 'Dispatch'
11 |
12 | #if swift(>=5.1) && os(Linux)
[24/36] Compiling Starscream FoundationHTTPHandler.swift
/host/spi-builder-workspace/.build/checkouts/Starscream/Sources/Compression/WSCompression.swift:30:8: error: no such module 'zlib'
28 |
29 | import Foundation
30 | import zlib
| `- error: no such module 'zlib'
31 |
32 | public class WSCompression: CompressionHandler {
[25/36] Compiling Starscream FoundationHTTPServerHandler.swift
/host/spi-builder-workspace/.build/checkouts/Starscream/Sources/Compression/WSCompression.swift:30:8: error: no such module 'zlib'
28 |
29 | import Foundation
30 | import zlib
| `- error: no such module 'zlib'
31 |
32 | public class WSCompression: CompressionHandler {
[26/36] Compiling Starscream FrameCollector.swift
/host/spi-builder-workspace/.build/checkouts/Starscream/Sources/Compression/WSCompression.swift:30:8: error: no such module 'zlib'
28 |
29 | import Foundation
30 | import zlib
| `- error: no such module 'zlib'
31 |
32 | public class WSCompression: CompressionHandler {
error: emit-module command failed with exit code 1 (use -v to see invocation)
[27/36] Emitting module BaseAPI
/host/spi-builder-workspace/.build/checkouts/BaseAPI/BaseAPI/Classes/Extensions/URLSession.swift:10:8: error: no such module 'Dispatch'
8 |
9 | import Foundation
10 | import Dispatch
| `- error: no such module 'Dispatch'
11 |
12 | #if swift(>=5.1) && os(Linux)
[28/36] Compiling BaseAPI CharacterSet.swift
/host/spi-builder-workspace/.build/checkouts/BaseAPI/BaseAPI/Classes/Extensions/URLSession.swift:10:8: error: no such module 'Dispatch'
8 |
9 | import Foundation
10 | import Dispatch
| `- error: no such module 'Dispatch'
11 |
12 | #if swift(>=5.1) && os(Linux)
[29/36] Compiling BaseAPI URLSession.swift
/host/spi-builder-workspace/.build/checkouts/BaseAPI/BaseAPI/Classes/Extensions/URLSession.swift:10:8: error: no such module 'Dispatch'
8 |
9 | import Foundation
10 | import Dispatch
| `- error: no such module 'Dispatch'
11 |
12 | #if swift(>=5.1) && os(Linux)
[30/36] Compiling BaseAPI Request.swift
/host/spi-builder-workspace/.build/checkouts/BaseAPI/BaseAPI/Classes/Extensions/URLSession.swift:10:8: error: no such module 'Dispatch'
8 |
9 | import Foundation
10 | import Dispatch
| `- error: no such module 'Dispatch'
11 |
12 | #if swift(>=5.1) && os(Linux)
BUILD FAILURE 6.2 wasm