The Swift Package Index logo.Swift Package Index

Build Information

Failed to build SwiftySensorsTrainers, reference master (93db8d), with Swift 6.4 for Wasm on 16 Sep 2026 23:07:07 UTC.

Build Command

bash -c docker run --pull=always --rm -v "checkouts-53886769-0":/host -w "$PWD" -e JAVA_HOME="/root/.sdkman/candidates/java/current" -e SPI_BUILD="1" -e SPI_PROCESSING="1" registry.gitlab.com/saguaro1/spi-images:wasm-6.4-latest swift build --swift-sdk swift-6.4.x-DEVELOPMENT-SNAPSHOT-2026-09-04-a_wasm 2>&1

Build Log

========================================
RunAll
========================================
Builder version: 5.1.0
Interrupt handler set up.
========================================
Checkout
========================================
Clone URL: https://github.com/codeinversion/sensors-swift-trainers.git
Reference: master
Initialized empty Git repository in /host/spi-builder-workspace/.git/
hint: Using 'master' as the name for the initial branch. This default branch name
hint: is subject to change. To configure the initial branch name to use in all
hint: of your new repositories, which will suppress this warning, call:
hint:
hint: 	git config --global init.defaultBranch <name>
hint:
hint: Names commonly chosen instead of 'master' are 'main', 'trunk' and
hint: 'development'. The just-created branch can be renamed via this command:
hint:
hint: 	git branch -m <name>
From https://github.com/codeinversion/sensors-swift-trainers
 * branch            master     -> FETCH_HEAD
 * [new branch]      master     -> origin/master
HEAD is now at 93db8dd Removing old functions on Kinetic Smart Control
Cloned https://github.com/codeinversion/sensors-swift-trainers.git
Revision (git rev-parse @):
93db8dd000e47233435a41ba061c23541ee18bb4
SUCCESS checkout https://github.com/codeinversion/sensors-swift-trainers.git at master
========================================
Build
========================================
Selected platform:         wasm
Swift version:             6.4
Building package at path:  $PWD
https://github.com/codeinversion/sensors-swift-trainers.git
Running build ...
bash -c docker run --pull=always --rm -v "checkouts-53886769-0":/host -w "$PWD" -e JAVA_HOME="/root/.sdkman/candidates/java/current" -e SPI_BUILD="1" -e SPI_PROCESSING="1" registry.gitlab.com/saguaro1/spi-images:wasm-6.4-latest swift build --swift-sdk swift-6.4.x-DEVELOPMENT-SNAPSHOT-2026-09-04-a_wasm 2>&1
wasm-6.4-latest: Pulling from saguaro1/spi-images
Digest: sha256:4328fdb43c680d205c1d6761b1e3267aa38277eefdda9ddfb17b6a0f1a77857a
Status: Image is up to date for registry.gitlab.com/saguaro1/spi-images:wasm-6.4-latest
Fetching https://github.com/kinetic-fit/sensors-swift
[1/1068] Fetching sensors-swift
Fetched https://github.com/kinetic-fit/sensors-swift (0.63s)
Fetching https://github.com/kinetic-fit/sensors-swift-kinetic
[1/26] Fetching sensors-swift-kinetic
Fetched https://github.com/kinetic-fit/sensors-swift-kinetic (0.47s)
Fetching https://github.com/artman/Signals
[1/1052] Fetching signals
Fetched https://github.com/artman/Signals (0.46s)
Computing version for https://github.com/artman/Signals
Computed https://github.com/artman/Signals at 6.1.0 (1.51s)
Creating working copy for https://github.com/kinetic-fit/sensors-swift
Working copy of https://github.com/kinetic-fit/sensors-swift resolved at master (334b9a4)
Creating working copy for https://github.com/kinetic-fit/sensors-swift-kinetic
Working copy of https://github.com/kinetic-fit/sensors-swift-kinetic resolved at master (9335f10)
Creating working copy for https://github.com/artman/Signals
Working copy of https://github.com/artman/Signals resolved at 6.1.0
Building for debugging...
[Constructing description]
[Planning deferred tasks]
In file included from /host/spi-builder-workspace/.build/checkouts/sensors-swift-kinetic/Sources/KineticSensors/KineticSDK.m:5:
/host/spi-builder-workspace/.build/checkouts/sensors-swift-kinetic/Sources/KineticSensors/include/KineticSDK.h:5:9: fatal error: 'Foundation/Foundation.h' file not found
    5 | #import <Foundation/Foundation.h>
      |         ^~~~~~~~~~~~~~~~~~~~~~~~~
1 error generated.
error: CompileC /host/spi-builder-workspace/.build/out/Intermediates.noindex/KineticSensors.build/Debug-webassembly-wasm32/KineticSensors-t.build/Objects-normal/wasm32/KineticSDK.o /host/spi-builder-workspace/.build/checkouts/sensors-swift-kinetic/Sources/KineticSensors/KineticSDK.m normal wasm32 objective-c com.apple.compilers.llvm.clang.1_0.compiler failed with a nonzero exit code. Command line:     cd /host

    Using response file: /host/spi-builder-workspace/.build/out/Intermediates.noindex/KineticSensors.build/Debug-webassembly-wasm32/KineticSensors-t.build/Objects-normal/wasm32/6f95552a3397ee1cec971b90cf334075d5f321c3a3b0689ad55c3d1e24702600-common-args.resp

    /usr/bin/clang -x objective-c -target wasm32-unknown-wasip1 -fmessage-length\=0 -fdiagnostics-show-note-include-stack -fmacro-backtrace-limit\=0 -fcolor-diagnostics -Wno-trigraphs -Wno-missing-field-initializers -Wno-missing-prototypes -Wno-return-type -Wno-implicit-atomic-properties -Wno-objc-interface-ivars -Wno-arc-repeated-use-of-weak -Wno-missing-braces -Wparentheses -Wswitch -Wno-unused-function -Wno-unused-label -Wno-unused-parameter -Wno-unused-variable -Wunused-value -Wno-empty-body -Wno-uninitialized -Wno-unknown-pragmas -w -Wno-shadow -Wno-four-char-constants -Wno-conversion -Wno-constant-conversion -Wno-int-conversion -Wno-bool-conversion -Wno-enum-conversion -Wno-float-conversion -Wno-non-literal-null-conversion -Wno-objc-literal-conversion -Wno-shorten-64-to-32 -Wpointer-sign -Wno-newline-eof -Wno-selector -Wno-strict-selector-match -Wno-undeclared-selector -Wno-deprecated-implementations -Wno-implicit-fallthrough -fstrict-aliasing -Wprotocol -Wdeprecated-declarations -Wno-sign-conversion -Wno-infinite-recursion -Wno-comma -Wno-block-capture-autoreleasing -Wno-strict-prototypes -Wno-semicolon-before-method-body --sysroot /root/.swiftpm/swift-sdks/swift-6.4.x-DEVELOPMENT-SNAPSHOT-2026-09-04-a_wasm.artifactbundle/swift-6.4.x-DEVELOPMENT-SNAPSHOT-2026-09-04-a_wasm/wasm32-unknown-wasip1/WASI.sdk @/host/spi-builder-workspace/.build/out/Intermediates.noindex/KineticSensors.build/Debug-webassembly-wasm32/KineticSensors-t.build/Objects-normal/wasm32/6f95552a3397ee1cec971b90cf334075d5f321c3a3b0689ad55c3d1e24702600-common-args.resp -MMD -MT dependencies -MF /host/spi-builder-workspace/.build/out/Intermediates.noindex/KineticSensors.build/Debug-webassembly-wasm32/KineticSensors-t.build/Objects-normal/wasm32/KineticSDK.d --serialize-diagnostics /host/spi-builder-workspace/.build/out/Intermediates.noindex/KineticSensors.build/Debug-webassembly-wasm32/KineticSensors-t.build/Objects-normal/wasm32/KineticSDK.dia -c /host/spi-builder-workspace/.build/checkouts/sensors-swift-kinetic/Sources/KineticSensors/KineticSDK.m -o /host/spi-builder-workspace/.build/out/Intermediates.noindex/KineticSensors.build/Debug-webassembly-wasm32/KineticSensors-t.build/Objects-normal/wasm32/KineticSDK.o
In file included from /host/spi-builder-workspace/.build/checkouts/sensors-swift-kinetic/Sources/KineticSensors/KineticInRide.m:5:
/host/spi-builder-workspace/.build/checkouts/sensors-swift-kinetic/Sources/KineticSensors/include/KineticInRide.h:5:9: fatal error: 'Foundation/Foundation.h' file not found
    5 | #import <Foundation/Foundation.h>
      |         ^~~~~~~~~~~~~~~~~~~~~~~~~
1 error generated.
error: CompileC /host/spi-builder-workspace/.build/out/Intermediates.noindex/KineticSensors.build/Debug-webassembly-wasm32/KineticSensors-t.build/Objects-normal/wasm32/KineticInRide.o /host/spi-builder-workspace/.build/checkouts/sensors-swift-kinetic/Sources/KineticSensors/KineticInRide.m normal wasm32 objective-c com.apple.compilers.llvm.clang.1_0.compiler failed with a nonzero exit code. Command line:     cd /host

    Using response file: /host/spi-builder-workspace/.build/out/Intermediates.noindex/KineticSensors.build/Debug-webassembly-wasm32/KineticSensors-t.build/Objects-normal/wasm32/6f95552a3397ee1cec971b90cf334075d5f321c3a3b0689ad55c3d1e24702600-common-args.resp

    /usr/bin/clang -x objective-c -target wasm32-unknown-wasip1 -fmessage-length\=0 -fdiagnostics-show-note-include-stack -fmacro-backtrace-limit\=0 -fcolor-diagnostics -Wno-trigraphs -Wno-missing-field-initializers -Wno-missing-prototypes -Wno-return-type -Wno-implicit-atomic-properties -Wno-objc-interface-ivars -Wno-arc-repeated-use-of-weak -Wno-missing-braces -Wparentheses -Wswitch -Wno-unused-function -Wno-unused-label -Wno-unused-parameter -Wno-unused-variable -Wunused-value -Wno-empty-body -Wno-uninitialized -Wno-unknown-pragmas -w -Wno-shadow -Wno-four-char-constants -Wno-conversion -Wno-constant-conversion -Wno-int-conversion -Wno-bool-conversion -Wno-enum-conversion -Wno-float-conversion -Wno-non-literal-null-conversion -Wno-objc-literal-conversion -Wno-shorten-64-to-32 -Wpointer-sign -Wno-newline-eof -Wno-selector -Wno-strict-selector-match -Wno-undeclared-selector -Wno-deprecated-implementations -Wno-implicit-fallthrough -fstrict-aliasing -Wprotocol -Wdeprecated-declarations -Wno-sign-conversion -Wno-infinite-recursion -Wno-comma -Wno-block-capture-autoreleasing -Wno-strict-prototypes -Wno-semicolon-before-method-body --sysroot /root/.swiftpm/swift-sdks/swift-6.4.x-DEVELOPMENT-SNAPSHOT-2026-09-04-a_wasm.artifactbundle/swift-6.4.x-DEVELOPMENT-SNAPSHOT-2026-09-04-a_wasm/wasm32-unknown-wasip1/WASI.sdk @/host/spi-builder-workspace/.build/out/Intermediates.noindex/KineticSensors.build/Debug-webassembly-wasm32/KineticSensors-t.build/Objects-normal/wasm32/6f95552a3397ee1cec971b90cf334075d5f321c3a3b0689ad55c3d1e24702600-common-args.resp -MMD -MT dependencies -MF /host/spi-builder-workspace/.build/out/Intermediates.noindex/KineticSensors.build/Debug-webassembly-wasm32/KineticSensors-t.build/Objects-normal/wasm32/KineticInRide.d --serialize-diagnostics /host/spi-builder-workspace/.build/out/Intermediates.noindex/KineticSensors.build/Debug-webassembly-wasm32/KineticSensors-t.build/Objects-normal/wasm32/KineticInRide.dia -c /host/spi-builder-workspace/.build/checkouts/sensors-swift-kinetic/Sources/KineticSensors/KineticInRide.m -o /host/spi-builder-workspace/.build/out/Intermediates.noindex/KineticSensors.build/Debug-webassembly-wasm32/KineticSensors-t.build/Objects-normal/wasm32/KineticInRide.o
In file included from /host/spi-builder-workspace/.build/checkouts/sensors-swift-kinetic/Sources/KineticSensors/KineticControl.m:5:
/host/spi-builder-workspace/.build/checkouts/sensors-swift-kinetic/Sources/KineticSensors/include/KineticControl.h:5:9: fatal error: 'Foundation/Foundation.h' file not found
    5 | #import <Foundation/Foundation.h>
      |         ^~~~~~~~~~~~~~~~~~~~~~~~~
1 error generated.
error: CompileC /host/spi-builder-workspace/.build/out/Intermediates.noindex/KineticSensors.build/Debug-webassembly-wasm32/KineticSensors-t.build/Objects-normal/wasm32/KineticControl.o /host/spi-builder-workspace/.build/checkouts/sensors-swift-kinetic/Sources/KineticSensors/KineticControl.m normal wasm32 objective-c com.apple.compilers.llvm.clang.1_0.compiler failed with a nonzero exit code. Command line:     cd /host

    Using response file: /host/spi-builder-workspace/.build/out/Intermediates.noindex/KineticSensors.build/Debug-webassembly-wasm32/KineticSensors-t.build/Objects-normal/wasm32/6f95552a3397ee1cec971b90cf334075d5f321c3a3b0689ad55c3d1e24702600-common-args.resp

    /usr/bin/clang -x objective-c -target wasm32-unknown-wasip1 -fmessage-length\=0 -fdiagnostics-show-note-include-stack -fmacro-backtrace-limit\=0 -fcolor-diagnostics -Wno-trigraphs -Wno-missing-field-initializers -Wno-missing-prototypes -Wno-return-type -Wno-implicit-atomic-properties -Wno-objc-interface-ivars -Wno-arc-repeated-use-of-weak -Wno-missing-braces -Wparentheses -Wswitch -Wno-unused-function -Wno-unused-label -Wno-unused-parameter -Wno-unused-variable -Wunused-value -Wno-empty-body -Wno-uninitialized -Wno-unknown-pragmas -w -Wno-shadow -Wno-four-char-constants -Wno-conversion -Wno-constant-conversion -Wno-int-conversion -Wno-bool-conversion -Wno-enum-conversion -Wno-float-conversion -Wno-non-literal-null-conversion -Wno-objc-literal-conversion -Wno-shorten-64-to-32 -Wpointer-sign -Wno-newline-eof -Wno-selector -Wno-strict-selector-match -Wno-undeclared-selector -Wno-deprecated-implementations -Wno-implicit-fallthrough -fstrict-aliasing -Wprotocol -Wdeprecated-declarations -Wno-sign-conversion -Wno-infinite-recursion -Wno-comma -Wno-block-capture-autoreleasing -Wno-strict-prototypes -Wno-semicolon-before-method-body --sysroot /root/.swiftpm/swift-sdks/swift-6.4.x-DEVELOPMENT-SNAPSHOT-2026-09-04-a_wasm.artifactbundle/swift-6.4.x-DEVELOPMENT-SNAPSHOT-2026-09-04-a_wasm/wasm32-unknown-wasip1/WASI.sdk @/host/spi-builder-workspace/.build/out/Intermediates.noindex/KineticSensors.build/Debug-webassembly-wasm32/KineticSensors-t.build/Objects-normal/wasm32/6f95552a3397ee1cec971b90cf334075d5f321c3a3b0689ad55c3d1e24702600-common-args.resp -MMD -MT dependencies -MF /host/spi-builder-workspace/.build/out/Intermediates.noindex/KineticSensors.build/Debug-webassembly-wasm32/KineticSensors-t.build/Objects-normal/wasm32/KineticControl.d --serialize-diagnostics /host/spi-builder-workspace/.build/out/Intermediates.noindex/KineticSensors.build/Debug-webassembly-wasm32/KineticSensors-t.build/Objects-normal/wasm32/KineticControl.dia -c /host/spi-builder-workspace/.build/checkouts/sensors-swift-kinetic/Sources/KineticSensors/KineticControl.m -o /host/spi-builder-workspace/.build/out/Intermediates.noindex/KineticSensors.build/Debug-webassembly-wasm32/KineticSensors-t.build/Objects-normal/wasm32/KineticControl.o
error: Build failed
BUILD FAILURE 6.4 wasm