Build Information
Failed to build swift-cocoa-extensions, reference 0.4.1 (4f2511), with Swift 6.4 for watchOS using Xcode 27.0 on 24 Sep 2026 03:44:47 UTC.
Build Command
env DEVELOPER_DIR=/Applications/Xcode-27.0.0-Release.Candidate.app xcrun xcodebuild -IDEClonedSourcePackagesDirPathOverride=$PWD/.dependencies -skipMacroValidation -skipPackagePluginValidation -derivedDataPath $PWD/.derivedData build -scheme swift-cocoa-extensions-Package -destination generic/platform=watchOSBuild Log
SwiftDriver\ Compilation IdentifiedCollections normal arm64_32 com.apple.xcode.tools.swift.compiler (in target 'IdentifiedCollections' from project 'swift-identified-collections')
cd /Users/admin/builder/spi-builder-workspace/.swiftpm/xcode
builtin-Swift-Compilation -- /Applications/Xcode-27.0.0-Release.Candidate.app/Contents/Developer/Toolchains/XcodeDefault.xctoolchain/usr/bin/swiftc -parse-as-library -module-name IdentifiedCollections -Onone @/Users/admin/builder/spi-builder-workspace/.derivedData/Build/Intermediates.noindex/swift-identified-collections.build/Debug-watchos/IdentifiedCollections-t.build/Objects-normal/arm64_32/IdentifiedCollections.SwiftFileList -DSWIFT_PACKAGE -DDEBUG -DSWIFT_MODULE_RESOURCE_BUNDLE_UNAVAILABLE -DXcode -plugin-path /Applications/Xcode-27.0.0-Release.Candidate.app/Contents/Developer/Toolchains/XcodeDefault.xctoolchain/usr/lib/swift/host/plugins/testing -enable-experimental-feature DebugDescriptionMacro -sdk /Applications/Xcode-27.0.0-Release.Candidate.app/Contents/Developer/Platforms/WatchOS.platform/Developer/SDKs/WatchOS27.0.sdk -target arm64_32-apple-watchos9.0 -g -module-cache-path /Users/admin/builder/spi-builder-workspace/.derivedData/ModuleCache.noindex -Xfrontend -serialize-debugging-options -profile-coverage-mapping -profile-generate -enable-testing -suppress-warnings -index-store-path /Users/admin/builder/spi-builder-workspace/.derivedData/Index.noindex/DataStore -Xcc -D_LIBCPP_HARDENING_MODE\=_LIBCPP_HARDENING_MODE_DEBUG -swift-version 6 -I /Users/admin/builder/spi-builder-workspace/.derivedData/Build/Products/Debug-watchos -Isystem /Applications/Xcode-27.0.0-Release.Candidate.app/Contents/Developer/Platforms/WatchOS.platform/Developer/usr/lib -F /Users/admin/builder/spi-builder-workspace/.derivedData/Build/Products/Debug-watchos/PackageFrameworks -F /Users/admin/builder/spi-builder-workspace/.derivedData/Build/Products/Debug-watchos -F /Applications/Xcode-27.0.0-Release.Candidate.app/Contents/Developer/Platforms/WatchOS.platform/Developer/Library/Frameworks -F /Applications/Xcode-27.0.0-Release.Candidate.app/Contents/Developer/Platforms/WatchOS.platform/Developer/SDKs/WatchOS27.0.sdk/Developer/Library/Frameworks -c -j10 -enable-batch-mode -incremental -Xcc -ivfsstatcache -Xcc /Users/admin/builder/spi-builder-workspace/.derivedData/SDKStatCaches.noindex/watchos27.0-24R360-e829b21a6f8c9b70876ba0858053c04477534ef55a1706bf4c1112bbb242f0a2.sdkstatcache -output-file-map /Users/admin/builder/spi-builder-workspace/.derivedData/Build/Intermediates.noindex/swift-identified-collections.build/Debug-watchos/IdentifiedCollections-t.build/Objects-normal/arm64_32/IdentifiedCollections-OutputFileMap.json -save-temps -no-color-diagnostics -explicit-module-build -module-cache-path /Users/admin/builder/spi-builder-workspace/.derivedData/Build/Intermediates.noindex/SwiftExplicitPrecompiledModules -clang-scanner-module-cache-path /Users/admin/builder/spi-builder-workspace/.derivedData/ModuleCache.noindex -sdk-module-cache-path /Users/admin/builder/spi-builder-workspace/.derivedData/SDKExplicitPrecompiledModules -emit-dependencies -emit-module -emit-module-path /Users/admin/builder/spi-builder-workspace/.derivedData/Build/Intermediates.noindex/swift-identified-collections.build/Debug-watchos/IdentifiedCollections-t.build/Objects-normal/arm64_32/IdentifiedCollections.swiftmodule -serialize-diagnostics -dependency-scan-serialize-diagnostics-path /Users/admin/builder/spi-builder-workspace/.derivedData/Build/Intermediates.noindex/swift-identified-collections.build/Debug-watchos/IdentifiedCollections-t.build/Objects-normal/arm64_32/IdentifiedCollections-dependency-scan.dia -user-module-version 1.1.1 -validate-clang-modules-once -clang-build-session-file /Users/admin/builder/spi-builder-workspace/.derivedData/ModuleCache.noindex/Session.modulevalidation -Xcc -fmodules-prune-interval\=86400 -Xcc -fmodules-prune-after\=345600 -package-name swift_identified_collections -emit-const-values -const-gather-protocols-list /Users/admin/builder/spi-builder-workspace/.derivedData/Build/Intermediates.noindex/swift-identified-collections.build/Debug-watchos/IdentifiedCollections-t.build/Objects-normal/arm64_32/IdentifiedCollections_const_extract_protocols.json -Xcc -I/Users/admin/builder/spi-builder-workspace/.derivedData/Build/Products/Debug-watchos/include -Xcc -I/Users/admin/builder/spi-builder-workspace/.derivedData/Build/Intermediates.noindex/swift-identified-collections.build/Debug-watchos/IdentifiedCollections-t.build/DerivedSources-normal/arm64_32 -Xcc -I/Users/admin/builder/spi-builder-workspace/.derivedData/Build/Intermediates.noindex/swift-identified-collections.build/Debug-watchos/IdentifiedCollections-t.build/DerivedSources/arm64_32 -Xcc -I/Users/admin/builder/spi-builder-workspace/.derivedData/Build/Intermediates.noindex/swift-identified-collections.build/Debug-watchos/IdentifiedCollections-t.build/DerivedSources -Xcc -DSWIFT_PACKAGE -Xcc -DDEBUG\=1 -emit-objc-header -emit-objc-header-path /Users/admin/builder/spi-builder-workspace/.derivedData/Build/Intermediates.noindex/swift-identified-collections.build/Debug-watchos/IdentifiedCollections-t.build/Objects-normal/arm64_32/IdentifiedCollections-Swift.h -working-directory /Users/admin/builder/spi-builder-workspace/.swiftpm/xcode -experimental-emit-module-separately -disable-cmo
SwiftDriver SwiftSyntaxMacroExpansion normal arm64 com.apple.xcode.tools.swift.compiler (in target 'SwiftSyntaxMacroExpansion' from project 'swift-syntax')
cd /Users/admin/builder/spi-builder-workspace/.swiftpm/xcode
builtin-SwiftDriver -- /Applications/Xcode-27.0.0-Release.Candidate.app/Contents/Developer/Toolchains/XcodeDefault.xctoolchain/usr/bin/swiftc -parse-as-library -module-name SwiftSyntaxMacroExpansion -Onone @/Users/admin/builder/spi-builder-workspace/.derivedData/Build/Intermediates.noindex/swift-syntax.build/Debug-watchos/SwiftSyntaxMacroExpansion-t.build/Objects-normal/arm64/SwiftSyntaxMacroExpansion.SwiftFileList -DSWIFT_PACKAGE -DDEBUG -DSWIFT_MODULE_RESOURCE_BUNDLE_UNAVAILABLE -DXcode -plugin-path /Applications/Xcode-27.0.0-Release.Candidate.app/Contents/Developer/Toolchains/XcodeDefault.xctoolchain/usr/lib/swift/host/plugins/testing -enable-experimental-feature DebugDescriptionMacro -sdk /Applications/Xcode-27.0.0-Release.Candidate.app/Contents/Developer/Platforms/WatchOS.platform/Developer/SDKs/WatchOS27.0.sdk -target arm64-apple-watchos9.0 -g -module-cache-path /Users/admin/builder/spi-builder-workspace/.derivedData/ModuleCache.noindex -Xfrontend -serialize-debugging-options -profile-coverage-mapping -profile-generate -enable-testing -suppress-warnings -index-store-path /Users/admin/builder/spi-builder-workspace/.derivedData/Index.noindex/DataStore -Xcc -D_LIBCPP_HARDENING_MODE\=_LIBCPP_HARDENING_MODE_DEBUG -swift-version 5 -I /Users/admin/builder/spi-builder-workspace/.derivedData/Build/Products/Debug-watchos -Isystem /Applications/Xcode-27.0.0-Release.Candidate.app/Contents/Developer/Platforms/WatchOS.platform/Developer/usr/lib -F /Users/admin/builder/spi-builder-workspace/.derivedData/Build/Products/Debug-watchos/PackageFrameworks -F /Users/admin/builder/spi-builder-workspace/.derivedData/Build/Products/Debug-watchos -F /Applications/Xcode-27.0.0-Release.Candidate.app/Contents/Developer/Platforms/WatchOS.platform/Developer/Library/Frameworks -F /Applications/Xcode-27.0.0-Release.Candidate.app/Contents/Developer/Platforms/WatchOS.platform/Developer/SDKs/WatchOS27.0.sdk/Developer/Library/Frameworks -c -j10 -enable-batch-mode -incremental -Xcc -ivfsstatcache -Xcc /Users/admin/builder/spi-builder-workspace/.derivedData/SDKStatCaches.noindex/watchos27.0-24R360-e829b21a6f8c9b70876ba0858053c04477534ef55a1706bf4c1112bbb242f0a2.sdkstatcache -output-file-map /Users/admin/builder/spi-builder-workspace/.derivedData/Build/Intermediates.noindex/swift-syntax.build/Debug-watchos/SwiftSyntaxMacroExpansion-t.build/Objects-normal/arm64/SwiftSyntaxMacroExpansion-OutputFileMap.json -save-temps -no-color-diagnostics -explicit-module-build -module-cache-path /Users/admin/builder/spi-builder-workspace/.derivedData/Build/Intermediates.noindex/SwiftExplicitPrecompiledModules -clang-scanner-module-cache-path /Users/admin/builder/spi-builder-workspace/.derivedData/ModuleCache.noindex -sdk-module-cache-path /Users/admin/builder/spi-builder-workspace/.derivedData/SDKExplicitPrecompiledModules -emit-dependencies -emit-module -emit-module-path /Users/admin/builder/spi-builder-workspace/.derivedData/Build/Intermediates.noindex/swift-syntax.build/Debug-watchos/SwiftSyntaxMacroExpansion-t.build/Objects-normal/arm64/SwiftSyntaxMacroExpansion.swiftmodule -serialize-diagnostics -dependency-scan-serialize-diagnostics-path /Users/admin/builder/spi-builder-workspace/.derivedData/Build/Intermediates.noindex/swift-syntax.build/Debug-watchos/SwiftSyntaxMacroExpansion-t.build/Objects-normal/arm64/SwiftSyntaxMacroExpansion-dependency-scan.dia -validate-clang-modules-once -clang-build-session-file /Users/admin/builder/spi-builder-workspace/.derivedData/ModuleCache.noindex/Session.modulevalidation -Xcc -fmodules-prune-interval\=86400 -Xcc -fmodules-prune-after\=345600 -emit-const-values -const-gather-protocols-list /Users/admin/builder/spi-builder-workspace/.derivedData/Build/Intermediates.noindex/swift-syntax.build/Debug-watchos/SwiftSyntaxMacroExpansion-t.build/Objects-normal/arm64/SwiftSyntaxMacroExpansion_const_extract_protocols.json -Xcc -I/Users/admin/builder/spi-builder-workspace/.derivedData/Build/Products/Debug-watchos/include -Xcc -I/Users/admin/builder/spi-builder-workspace/.derivedData/Build/Intermediates.noindex/swift-syntax.build/Debug-watchos/SwiftSyntaxMacroExpansion-t.build/DerivedSources-normal/arm64 -Xcc -I/Users/admin/builder/spi-builder-workspace/.derivedData/Build/Intermediates.noindex/swift-syntax.build/Debug-watchos/SwiftSyntaxMacroExpansion-t.build/DerivedSources/arm64 -Xcc -I/Users/admin/builder/spi-builder-workspace/.derivedData/Build/Intermediates.noindex/swift-syntax.build/Debug-watchos/SwiftSyntaxMacroExpansion-t.build/DerivedSources -Xcc -DSWIFT_PACKAGE -Xcc -DDEBUG\=1 -emit-objc-header -emit-objc-header-path /Users/admin/builder/spi-builder-workspace/.derivedData/Build/Intermediates.noindex/swift-syntax.build/Debug-watchos/SwiftSyntaxMacroExpansion-t.build/Objects-normal/arm64/SwiftSyntaxMacroExpansion-Swift.h -working-directory /Users/admin/builder/spi-builder-workspace/.swiftpm/xcode -experimental-emit-module-separately -disable-cmo
SwiftDriver SwiftSyntaxMacroExpansion normal arm64_32 com.apple.xcode.tools.swift.compiler (in target 'SwiftSyntaxMacroExpansion' from project 'swift-syntax')
cd /Users/admin/builder/spi-builder-workspace/.swiftpm/xcode
builtin-SwiftDriver -- /Applications/Xcode-27.0.0-Release.Candidate.app/Contents/Developer/Toolchains/XcodeDefault.xctoolchain/usr/bin/swiftc -parse-as-library -module-name SwiftSyntaxMacroExpansion -Onone @/Users/admin/builder/spi-builder-workspace/.derivedData/Build/Intermediates.noindex/swift-syntax.build/Debug-watchos/SwiftSyntaxMacroExpansion-t.build/Objects-normal/arm64_32/SwiftSyntaxMacroExpansion.SwiftFileList -DSWIFT_PACKAGE -DDEBUG -DSWIFT_MODULE_RESOURCE_BUNDLE_UNAVAILABLE -DXcode -plugin-path /Applications/Xcode-27.0.0-Release.Candidate.app/Contents/Developer/Toolchains/XcodeDefault.xctoolchain/usr/lib/swift/host/plugins/testing -enable-experimental-feature DebugDescriptionMacro -sdk /Applications/Xcode-27.0.0-Release.Candidate.app/Contents/Developer/Platforms/WatchOS.platform/Developer/SDKs/WatchOS27.0.sdk -target arm64_32-apple-watchos9.0 -g -module-cache-path /Users/admin/builder/spi-builder-workspace/.derivedData/ModuleCache.noindex -Xfrontend -serialize-debugging-options -profile-coverage-mapping -profile-generate -enable-testing -suppress-warnings -index-store-path /Users/admin/builder/spi-builder-workspace/.derivedData/Index.noindex/DataStore -Xcc -D_LIBCPP_HARDENING_MODE\=_LIBCPP_HARDENING_MODE_DEBUG -swift-version 5 -I /Users/admin/builder/spi-builder-workspace/.derivedData/Build/Products/Debug-watchos -Isystem /Applications/Xcode-27.0.0-Release.Candidate.app/Contents/Developer/Platforms/WatchOS.platform/Developer/usr/lib -F /Users/admin/builder/spi-builder-workspace/.derivedData/Build/Products/Debug-watchos/PackageFrameworks -F /Users/admin/builder/spi-builder-workspace/.derivedData/Build/Products/Debug-watchos -F /Applications/Xcode-27.0.0-Release.Candidate.app/Contents/Developer/Platforms/WatchOS.platform/Developer/Library/Frameworks -F /Applications/Xcode-27.0.0-Release.Candidate.app/Contents/Developer/Platforms/WatchOS.platform/Developer/SDKs/WatchOS27.0.sdk/Developer/Library/Frameworks -c -j10 -enable-batch-mode -incremental -Xcc -ivfsstatcache -Xcc /Users/admin/builder/spi-builder-workspace/.derivedData/SDKStatCaches.noindex/watchos27.0-24R360-e829b21a6f8c9b70876ba0858053c04477534ef55a1706bf4c1112bbb242f0a2.sdkstatcache -output-file-map /Users/admin/builder/spi-builder-workspace/.derivedData/Build/Intermediates.noindex/swift-syntax.build/Debug-watchos/SwiftSyntaxMacroExpansion-t.build/Objects-normal/arm64_32/SwiftSyntaxMacroExpansion-OutputFileMap.json -save-temps -no-color-diagnostics -explicit-module-build -module-cache-path /Users/admin/builder/spi-builder-workspace/.derivedData/Build/Intermediates.noindex/SwiftExplicitPrecompiledModules -clang-scanner-module-cache-path /Users/admin/builder/spi-builder-workspace/.derivedData/ModuleCache.noindex -sdk-module-cache-path /Users/admin/builder/spi-builder-workspace/.derivedData/SDKExplicitPrecompiledModules -emit-dependencies -emit-module -emit-module-path /Users/admin/builder/spi-builder-workspace/.derivedData/Build/Intermediates.noindex/swift-syntax.build/Debug-watchos/SwiftSyntaxMacroExpansion-t.build/Objects-normal/arm64_32/SwiftSyntaxMacroExpansion.swiftmodule -serialize-diagnostics -dependency-scan-serialize-diagnostics-path /Users/admin/builder/spi-builder-workspace/.derivedData/Build/Intermediates.noindex/swift-syntax.build/Debug-watchos/SwiftSyntaxMacroExpansion-t.build/Objects-normal/arm64_32/SwiftSyntaxMacroExpansion-dependency-scan.dia -validate-clang-modules-once -clang-build-session-file /Users/admin/builder/spi-builder-workspace/.derivedData/ModuleCache.noindex/Session.modulevalidation -Xcc -fmodules-prune-interval\=86400 -Xcc -fmodules-prune-after\=345600 -emit-const-values -const-gather-protocols-list /Users/admin/builder/spi-builder-workspace/.derivedData/Build/Intermediates.noindex/swift-syntax.build/Debug-watchos/SwiftSyntaxMacroExpansion-t.build/Objects-normal/arm64_32/SwiftSyntaxMacroExpansion_const_extract_protocols.json -Xcc -I/Users/admin/builder/spi-builder-workspace/.derivedData/Build/Products/Debug-watchos/include -Xcc -I/Users/admin/builder/spi-builder-workspace/.derivedData/Build/Intermediates.noindex/swift-syntax.build/Debug-watchos/SwiftSyntaxMacroExpansion-t.build/DerivedSources-normal/arm64_32 -Xcc -I/Users/admin/builder/spi-builder-workspace/.derivedData/Build/Intermediates.noindex/swift-syntax.build/Debug-watchos/SwiftSyntaxMacroExpansion-t.build/DerivedSources/arm64_32 -Xcc -I/Users/admin/builder/spi-builder-workspace/.derivedData/Build/Intermediates.noindex/swift-syntax.build/Debug-watchos/SwiftSyntaxMacroExpansion-t.build/DerivedSources -Xcc -DSWIFT_PACKAGE -Xcc -DDEBUG\=1 -emit-objc-header -emit-objc-header-path /Users/admin/builder/spi-builder-workspace/.derivedData/Build/Intermediates.noindex/swift-syntax.build/Debug-watchos/SwiftSyntaxMacroExpansion-t.build/Objects-normal/arm64_32/SwiftSyntaxMacroExpansion-Swift.h -working-directory /Users/admin/builder/spi-builder-workspace/.swiftpm/xcode -experimental-emit-module-separately -disable-cmo
SwiftDriverJobDiscovery normal arm64 Compiling CustomConfigurable.swift (in target 'FunctionalConfigurator' from project 'swift-declarative-configuration')
SwiftDriver SwiftSyntaxBuilder normal x86_64 com.apple.xcode.tools.swift.compiler (in target 'SwiftSyntaxBuilder' from project 'swift-syntax')
cd /Users/admin/builder/spi-builder-workspace/.swiftpm/xcode
builtin-SwiftDriver -- /Applications/Xcode-27.0.0-Release.Candidate.app/Contents/Developer/Toolchains/XcodeDefault.xctoolchain/usr/bin/swiftc -parse-as-library -module-name SwiftSyntaxBuilder -Onone @/Users/admin/builder/spi-builder-workspace/.derivedData/Build/Intermediates.noindex/swift-syntax.build/Debug/SwiftSyntaxBuilder-t.build/Objects-normal/x86_64/SwiftSyntaxBuilder.SwiftFileList -DSWIFT_PACKAGE -DDEBUG -DSWIFT_MODULE_RESOURCE_BUNDLE_UNAVAILABLE -DXcode -plugin-path /Applications/Xcode-27.0.0-Release.Candidate.app/Contents/Developer/Toolchains/XcodeDefault.xctoolchain/usr/lib/swift/host/plugins/testing -enable-experimental-feature DebugDescriptionMacro -sdk /Applications/Xcode-27.0.0-Release.Candidate.app/Contents/Developer/Platforms/MacOSX.platform/Developer/SDKs/MacOSX27.0.sdk -target x86_64-apple-macos12.0 -g -module-cache-path /Users/admin/builder/spi-builder-workspace/.derivedData/ModuleCache.noindex -Xfrontend -serialize-debugging-options -profile-coverage-mapping -profile-generate -enable-testing -suppress-warnings -index-store-path /Users/admin/builder/spi-builder-workspace/.derivedData/Index.noindex/DataStore -Xcc -D_LIBCPP_HARDENING_MODE\=_LIBCPP_HARDENING_MODE_DEBUG -swift-version 5 -I /Users/admin/builder/spi-builder-workspace/.derivedData/Build/Products/Debug -Isystem /Applications/Xcode-27.0.0-Release.Candidate.app/Contents/Developer/Platforms/MacOSX.platform/Developer/usr/lib -F /Users/admin/builder/spi-builder-workspace/.derivedData/Build/Products/Debug/PackageFrameworks -F /Users/admin/builder/spi-builder-workspace/.derivedData/Build/Products/Debug -F /Applications/Xcode-27.0.0-Release.Candidate.app/Contents/Developer/Platforms/MacOSX.platform/Developer/Library/Frameworks -c -j10 -enable-batch-mode -incremental -Xcc -ivfsstatcache -Xcc /Users/admin/builder/spi-builder-workspace/.derivedData/SDKStatCaches.noindex/macosx27.0-26A425-e829b21a6f8c9b70876ba0858053c0446a22442a12e9d48fe1a705f55a1adfc4.sdkstatcache -output-file-map /Users/admin/builder/spi-builder-workspace/.derivedData/Build/Intermediates.noindex/swift-syntax.build/Debug/SwiftSyntaxBuilder-t.build/Objects-normal/x86_64/SwiftSyntaxBuilder-OutputFileMap.json -save-temps -no-color-diagnostics -explicit-module-build -module-cache-path /Users/admin/builder/spi-builder-workspace/.derivedData/Build/Intermediates.noindex/SwiftExplicitPrecompiledModules -clang-scanner-module-cache-path /Users/admin/builder/spi-builder-workspace/.derivedData/ModuleCache.noindex -sdk-module-cache-path /Users/admin/builder/spi-builder-workspace/.derivedData/SDKExplicitPrecompiledModules -emit-dependencies -emit-module -emit-module-path /Users/admin/builder/spi-builder-workspace/.derivedData/Build/Intermediates.noindex/swift-syntax.build/Debug/SwiftSyntaxBuilder-t.build/Objects-normal/x86_64/SwiftSyntaxBuilder.swiftmodule -serialize-diagnostics -dependency-scan-serialize-diagnostics-path /Users/admin/builder/spi-builder-workspace/.derivedData/Build/Intermediates.noindex/swift-syntax.build/Debug/SwiftSyntaxBuilder-t.build/Objects-normal/x86_64/SwiftSyntaxBuilder-dependency-scan.dia -validate-clang-modules-once -clang-build-session-file /Users/admin/builder/spi-builder-workspace/.derivedData/ModuleCache.noindex/Session.modulevalidation -Xcc -fmodules-prune-interval\=86400 -Xcc -fmodules-prune-after\=345600 -emit-const-values -const-gather-protocols-list /Users/admin/builder/spi-builder-workspace/.derivedData/Build/Intermediates.noindex/swift-syntax.build/Debug/SwiftSyntaxBuilder-t.build/Objects-normal/x86_64/SwiftSyntaxBuilder_const_extract_protocols.json -Xcc -I/Users/admin/builder/spi-builder-workspace/.derivedData/Build/Products/Debug/include -Xcc -I/Users/admin/builder/spi-builder-workspace/.derivedData/Build/Intermediates.noindex/swift-syntax.build/Debug/SwiftSyntaxBuilder-t.build/DerivedSources-normal/x86_64 -Xcc -I/Users/admin/builder/spi-builder-workspace/.derivedData/Build/Intermediates.noindex/swift-syntax.build/Debug/SwiftSyntaxBuilder-t.build/DerivedSources/x86_64 -Xcc -I/Users/admin/builder/spi-builder-workspace/.derivedData/Build/Intermediates.noindex/swift-syntax.build/Debug/SwiftSyntaxBuilder-t.build/DerivedSources -Xcc -DSWIFT_PACKAGE -Xcc -DDEBUG\=1 -emit-objc-header -emit-objc-header-path /Users/admin/builder/spi-builder-workspace/.derivedData/Build/Intermediates.noindex/swift-syntax.build/Debug/SwiftSyntaxBuilder-t.build/Objects-normal/x86_64/SwiftSyntaxBuilder-Swift.h -working-directory /Users/admin/builder/spi-builder-workspace/.swiftpm/xcode -experimental-emit-module-separately -disable-cmo
SwiftDriverJobDiscovery normal arm64_32 Compiling Configurator.swift (in target 'FunctionalConfigurator' from project 'swift-declarative-configuration')
SwiftDriver SwiftSyntaxBuilder normal arm64 com.apple.xcode.tools.swift.compiler (in target 'SwiftSyntaxBuilder' from project 'swift-syntax')
cd /Users/admin/builder/spi-builder-workspace/.swiftpm/xcode
builtin-SwiftDriver -- /Applications/Xcode-27.0.0-Release.Candidate.app/Contents/Developer/Toolchains/XcodeDefault.xctoolchain/usr/bin/swiftc -parse-as-library -module-name SwiftSyntaxBuilder -Onone @/Users/admin/builder/spi-builder-workspace/.derivedData/Build/Intermediates.noindex/swift-syntax.build/Debug/SwiftSyntaxBuilder-t.build/Objects-normal/arm64/SwiftSyntaxBuilder.SwiftFileList -DSWIFT_PACKAGE -DDEBUG -DSWIFT_MODULE_RESOURCE_BUNDLE_UNAVAILABLE -DXcode -plugin-path /Applications/Xcode-27.0.0-Release.Candidate.app/Contents/Developer/Toolchains/XcodeDefault.xctoolchain/usr/lib/swift/host/plugins/testing -enable-experimental-feature DebugDescriptionMacro -sdk /Applications/Xcode-27.0.0-Release.Candidate.app/Contents/Developer/Platforms/MacOSX.platform/Developer/SDKs/MacOSX27.0.sdk -target arm64-apple-macos12.0 -g -module-cache-path /Users/admin/builder/spi-builder-workspace/.derivedData/ModuleCache.noindex -Xfrontend -serialize-debugging-options -profile-coverage-mapping -profile-generate -enable-testing -suppress-warnings -index-store-path /Users/admin/builder/spi-builder-workspace/.derivedData/Index.noindex/DataStore -Xcc -D_LIBCPP_HARDENING_MODE\=_LIBCPP_HARDENING_MODE_DEBUG -swift-version 5 -I /Users/admin/builder/spi-builder-workspace/.derivedData/Build/Products/Debug -Isystem /Applications/Xcode-27.0.0-Release.Candidate.app/Contents/Developer/Platforms/MacOSX.platform/Developer/usr/lib -F /Users/admin/builder/spi-builder-workspace/.derivedData/Build/Products/Debug/PackageFrameworks -F /Users/admin/builder/spi-builder-workspace/.derivedData/Build/Products/Debug -F /Applications/Xcode-27.0.0-Release.Candidate.app/Contents/Developer/Platforms/MacOSX.platform/Developer/Library/Frameworks -c -j10 -enable-batch-mode -incremental -Xcc -ivfsstatcache -Xcc /Users/admin/builder/spi-builder-workspace/.derivedData/SDKStatCaches.noindex/macosx27.0-26A425-e829b21a6f8c9b70876ba0858053c0446a22442a12e9d48fe1a705f55a1adfc4.sdkstatcache -output-file-map /Users/admin/builder/spi-builder-workspace/.derivedData/Build/Intermediates.noindex/swift-syntax.build/Debug/SwiftSyntaxBuilder-t.build/Objects-normal/arm64/SwiftSyntaxBuilder-OutputFileMap.json -save-temps -no-color-diagnostics -explicit-module-build -module-cache-path /Users/admin/builder/spi-builder-workspace/.derivedData/Build/Intermediates.noindex/SwiftExplicitPrecompiledModules -clang-scanner-module-cache-path /Users/admin/builder/spi-builder-workspace/.derivedData/ModuleCache.noindex -sdk-module-cache-path /Users/admin/builder/spi-builder-workspace/.derivedData/SDKExplicitPrecompiledModules -emit-dependencies -emit-module -emit-module-path /Users/admin/builder/spi-builder-workspace/.derivedData/Build/Intermediates.noindex/swift-syntax.build/Debug/SwiftSyntaxBuilder-t.build/Objects-normal/arm64/SwiftSyntaxBuilder.swiftmodule -serialize-diagnostics -dependency-scan-serialize-diagnostics-path /Users/admin/builder/spi-builder-workspace/.derivedData/Build/Intermediates.noindex/swift-syntax.build/Debug/SwiftSyntaxBuilder-t.build/Objects-normal/arm64/SwiftSyntaxBuilder-dependency-scan.dia -validate-clang-modules-once -clang-build-session-file /Users/admin/builder/spi-builder-workspace/.derivedData/ModuleCache.noindex/Session.modulevalidation -Xcc -fmodules-prune-interval\=86400 -Xcc -fmodules-prune-after\=345600 -emit-const-values -const-gather-protocols-list /Users/admin/builder/spi-builder-workspace/.derivedData/Build/Intermediates.noindex/swift-syntax.build/Debug/SwiftSyntaxBuilder-t.build/Objects-normal/arm64/SwiftSyntaxBuilder_const_extract_protocols.json -Xcc -I/Users/admin/builder/spi-builder-workspace/.derivedData/Build/Products/Debug/include -Xcc -I/Users/admin/builder/spi-builder-workspace/.derivedData/Build/Intermediates.noindex/swift-syntax.build/Debug/SwiftSyntaxBuilder-t.build/DerivedSources-normal/arm64 -Xcc -I/Users/admin/builder/spi-builder-workspace/.derivedData/Build/Intermediates.noindex/swift-syntax.build/Debug/SwiftSyntaxBuilder-t.build/DerivedSources/arm64 -Xcc -I/Users/admin/builder/spi-builder-workspace/.derivedData/Build/Intermediates.noindex/swift-syntax.build/Debug/SwiftSyntaxBuilder-t.build/DerivedSources -Xcc -DSWIFT_PACKAGE -Xcc -DDEBUG\=1 -emit-objc-header -emit-objc-header-path /Users/admin/builder/spi-builder-workspace/.derivedData/Build/Intermediates.noindex/swift-syntax.build/Debug/SwiftSyntaxBuilder-t.build/Objects-normal/arm64/SwiftSyntaxBuilder-Swift.h -working-directory /Users/admin/builder/spi-builder-workspace/.swiftpm/xcode -experimental-emit-module-separately -disable-cmo
SwiftDriverJobDiscovery normal arm64_32 Compiling Modification.swift (in target 'FunctionalConfigurator' from project 'swift-declarative-configuration')
SwiftDriverJobDiscovery normal arm64_32 Compiling ConfigIntializable.swift (in target 'FunctionalConfigurator' from project 'swift-declarative-configuration')
SwiftDriver\ Compilation FunctionalConfigurator normal arm64_32 com.apple.xcode.tools.swift.compiler (in target 'FunctionalConfigurator' from project 'swift-declarative-configuration')
cd /Users/admin/builder/spi-builder-workspace/.swiftpm/xcode
builtin-Swift-Compilation -- /Applications/Xcode-27.0.0-Release.Candidate.app/Contents/Developer/Toolchains/XcodeDefault.xctoolchain/usr/bin/swiftc -parse-as-library -module-name FunctionalConfigurator -Onone @/Users/admin/builder/spi-builder-workspace/.derivedData/Build/Intermediates.noindex/swift-declarative-configuration.build/Debug-watchos/FunctionalConfigurator-t.build/Objects-normal/arm64_32/FunctionalConfigurator.SwiftFileList -DSWIFT_PACKAGE -DDEBUG -DSWIFT_MODULE_RESOURCE_BUNDLE_UNAVAILABLE -DXcode -plugin-path /Applications/Xcode-27.0.0-Release.Candidate.app/Contents/Developer/Toolchains/XcodeDefault.xctoolchain/usr/lib/swift/host/plugins/testing -enable-experimental-feature DebugDescriptionMacro -sdk /Applications/Xcode-27.0.0-Release.Candidate.app/Contents/Developer/Platforms/WatchOS.platform/Developer/SDKs/WatchOS27.0.sdk -target arm64_32-apple-watchos9.0 -g -module-cache-path /Users/admin/builder/spi-builder-workspace/.derivedData/ModuleCache.noindex -Xfrontend -serialize-debugging-options -profile-coverage-mapping -profile-generate -enable-testing -suppress-warnings -index-store-path /Users/admin/builder/spi-builder-workspace/.derivedData/Index.noindex/DataStore -Xcc -D_LIBCPP_HARDENING_MODE\=_LIBCPP_HARDENING_MODE_DEBUG -swift-version 5 -I /Users/admin/builder/spi-builder-workspace/.derivedData/Build/Products/Debug-watchos -Isystem /Applications/Xcode-27.0.0-Release.Candidate.app/Contents/Developer/Platforms/WatchOS.platform/Developer/usr/lib -F /Users/admin/builder/spi-builder-workspace/.derivedData/Build/Products/Debug-watchos/PackageFrameworks -F /Users/admin/builder/spi-builder-workspace/.derivedData/Build/Products/Debug-watchos -F /Applications/Xcode-27.0.0-Release.Candidate.app/Contents/Developer/Platforms/WatchOS.platform/Developer/Library/Frameworks -F /Applications/Xcode-27.0.0-Release.Candidate.app/Contents/Developer/Platforms/WatchOS.platform/Developer/SDKs/WatchOS27.0.sdk/Developer/Library/Frameworks -c -j10 -enable-batch-mode -incremental -Xcc -ivfsstatcache -Xcc /Users/admin/builder/spi-builder-workspace/.derivedData/SDKStatCaches.noindex/watchos27.0-24R360-e829b21a6f8c9b70876ba0858053c04477534ef55a1706bf4c1112bbb242f0a2.sdkstatcache -output-file-map /Users/admin/builder/spi-builder-workspace/.derivedData/Build/Intermediates.noindex/swift-declarative-configuration.build/Debug-watchos/FunctionalConfigurator-t.build/Objects-normal/arm64_32/FunctionalConfigurator-OutputFileMap.json -save-temps -no-color-diagnostics -explicit-module-build -module-cache-path /Users/admin/builder/spi-builder-workspace/.derivedData/Build/Intermediates.noindex/SwiftExplicitPrecompiledModules -clang-scanner-module-cache-path /Users/admin/builder/spi-builder-workspace/.derivedData/ModuleCache.noindex -sdk-module-cache-path /Users/admin/builder/spi-builder-workspace/.derivedData/SDKExplicitPrecompiledModules -emit-dependencies -emit-module -emit-module-path /Users/admin/builder/spi-builder-workspace/.derivedData/Build/Intermediates.noindex/swift-declarative-configuration.build/Debug-watchos/FunctionalConfigurator-t.build/Objects-normal/arm64_32/FunctionalConfigurator.swiftmodule -serialize-diagnostics -dependency-scan-serialize-diagnostics-path /Users/admin/builder/spi-builder-workspace/.derivedData/Build/Intermediates.noindex/swift-declarative-configuration.build/Debug-watchos/FunctionalConfigurator-t.build/Objects-normal/arm64_32/FunctionalConfigurator-dependency-scan.dia -validate-clang-modules-once -clang-build-session-file /Users/admin/builder/spi-builder-workspace/.derivedData/ModuleCache.noindex/Session.modulevalidation -Xcc -fmodules-prune-interval\=86400 -Xcc -fmodules-prune-after\=345600 -emit-const-values -const-gather-protocols-list /Users/admin/builder/spi-builder-workspace/.derivedData/Build/Intermediates.noindex/swift-declarative-configuration.build/Debug-watchos/FunctionalConfigurator-t.build/Objects-normal/arm64_32/FunctionalConfigurator_const_extract_protocols.json -Xcc -I/Users/admin/builder/spi-builder-workspace/.derivedData/Build/Products/Debug-watchos/include -Xcc -I/Users/admin/builder/spi-builder-workspace/.derivedData/Build/Intermediates.noindex/swift-declarative-configuration.build/Debug-watchos/FunctionalConfigurator-t.build/DerivedSources-normal/arm64_32 -Xcc -I/Users/admin/builder/spi-builder-workspace/.derivedData/Build/Intermediates.noindex/swift-declarative-configuration.build/Debug-watchos/FunctionalConfigurator-t.build/DerivedSources/arm64_32 -Xcc -I/Users/admin/builder/spi-builder-workspace/.derivedData/Build/Intermediates.noindex/swift-declarative-configuration.build/Debug-watchos/FunctionalConfigurator-t.build/DerivedSources -Xcc -DSWIFT_PACKAGE -Xcc -DDEBUG\=1 -emit-objc-header -emit-objc-header-path /Users/admin/builder/spi-builder-workspace/.derivedData/Build/Intermediates.noindex/swift-declarative-configuration.build/Debug-watchos/FunctionalConfigurator-t.build/Objects-normal/arm64_32/FunctionalConfigurator-Swift.h -working-directory /Users/admin/builder/spi-builder-workspace/.swiftpm/xcode -experimental-emit-module-separately -disable-cmo
SwiftDriverJobDiscovery normal arm64 Compiling ConfigIntializable.swift (in target 'FunctionalConfigurator' from project 'swift-declarative-configuration')
SwiftDriverJobDiscovery normal arm64 Compiling Configurator.swift (in target 'FunctionalConfigurator' from project 'swift-declarative-configuration')
SwiftDriver\ Compilation FunctionalConfigurator normal arm64 com.apple.xcode.tools.swift.compiler (in target 'FunctionalConfigurator' from project 'swift-declarative-configuration')
cd /Users/admin/builder/spi-builder-workspace/.swiftpm/xcode
builtin-Swift-Compilation -- /Applications/Xcode-27.0.0-Release.Candidate.app/Contents/Developer/Toolchains/XcodeDefault.xctoolchain/usr/bin/swiftc -parse-as-library -module-name FunctionalConfigurator -Onone @/Users/admin/builder/spi-builder-workspace/.derivedData/Build/Intermediates.noindex/swift-declarative-configuration.build/Debug-watchos/FunctionalConfigurator-t.build/Objects-normal/arm64/FunctionalConfigurator.SwiftFileList -DSWIFT_PACKAGE -DDEBUG -DSWIFT_MODULE_RESOURCE_BUNDLE_UNAVAILABLE -DXcode -plugin-path /Applications/Xcode-27.0.0-Release.Candidate.app/Contents/Developer/Toolchains/XcodeDefault.xctoolchain/usr/lib/swift/host/plugins/testing -enable-experimental-feature DebugDescriptionMacro -sdk /Applications/Xcode-27.0.0-Release.Candidate.app/Contents/Developer/Platforms/WatchOS.platform/Developer/SDKs/WatchOS27.0.sdk -target arm64-apple-watchos9.0 -g -module-cache-path /Users/admin/builder/spi-builder-workspace/.derivedData/ModuleCache.noindex -Xfrontend -serialize-debugging-options -profile-coverage-mapping -profile-generate -enable-testing -suppress-warnings -index-store-path /Users/admin/builder/spi-builder-workspace/.derivedData/Index.noindex/DataStore -Xcc -D_LIBCPP_HARDENING_MODE\=_LIBCPP_HARDENING_MODE_DEBUG -swift-version 5 -I /Users/admin/builder/spi-builder-workspace/.derivedData/Build/Products/Debug-watchos -Isystem /Applications/Xcode-27.0.0-Release.Candidate.app/Contents/Developer/Platforms/WatchOS.platform/Developer/usr/lib -F /Users/admin/builder/spi-builder-workspace/.derivedData/Build/Products/Debug-watchos/PackageFrameworks -F /Users/admin/builder/spi-builder-workspace/.derivedData/Build/Products/Debug-watchos -F /Applications/Xcode-27.0.0-Release.Candidate.app/Contents/Developer/Platforms/WatchOS.platform/Developer/Library/Frameworks -F /Applications/Xcode-27.0.0-Release.Candidate.app/Contents/Developer/Platforms/WatchOS.platform/Developer/SDKs/WatchOS27.0.sdk/Developer/Library/Frameworks -c -j10 -enable-batch-mode -incremental -Xcc -ivfsstatcache -Xcc /Users/admin/builder/spi-builder-workspace/.derivedData/SDKStatCaches.noindex/watchos27.0-24R360-e829b21a6f8c9b70876ba0858053c04477534ef55a1706bf4c1112bbb242f0a2.sdkstatcache -output-file-map /Users/admin/builder/spi-builder-workspace/.derivedData/Build/Intermediates.noindex/swift-declarative-configuration.build/Debug-watchos/FunctionalConfigurator-t.build/Objects-normal/arm64/FunctionalConfigurator-OutputFileMap.json -save-temps -no-color-diagnostics -explicit-module-build -module-cache-path /Users/admin/builder/spi-builder-workspace/.derivedData/Build/Intermediates.noindex/SwiftExplicitPrecompiledModules -clang-scanner-module-cache-path /Users/admin/builder/spi-builder-workspace/.derivedData/ModuleCache.noindex -sdk-module-cache-path /Users/admin/builder/spi-builder-workspace/.derivedData/SDKExplicitPrecompiledModules -emit-dependencies -emit-module -emit-module-path /Users/admin/builder/spi-builder-workspace/.derivedData/Build/Intermediates.noindex/swift-declarative-configuration.build/Debug-watchos/FunctionalConfigurator-t.build/Objects-normal/arm64/FunctionalConfigurator.swiftmodule -serialize-diagnostics -dependency-scan-serialize-diagnostics-path /Users/admin/builder/spi-builder-workspace/.derivedData/Build/Intermediates.noindex/swift-declarative-configuration.build/Debug-watchos/FunctionalConfigurator-t.build/Objects-normal/arm64/FunctionalConfigurator-dependency-scan.dia -validate-clang-modules-once -clang-build-session-file /Users/admin/builder/spi-builder-workspace/.derivedData/ModuleCache.noindex/Session.modulevalidation -Xcc -fmodules-prune-interval\=86400 -Xcc -fmodules-prune-after\=345600 -emit-const-values -const-gather-protocols-list /Users/admin/builder/spi-builder-workspace/.derivedData/Build/Intermediates.noindex/swift-declarative-configuration.build/Debug-watchos/FunctionalConfigurator-t.build/Objects-normal/arm64/FunctionalConfigurator_const_extract_protocols.json -Xcc -I/Users/admin/builder/spi-builder-workspace/.derivedData/Build/Products/Debug-watchos/include -Xcc -I/Users/admin/builder/spi-builder-workspace/.derivedData/Build/Intermediates.noindex/swift-declarative-configuration.build/Debug-watchos/FunctionalConfigurator-t.build/DerivedSources-normal/arm64 -Xcc -I/Users/admin/builder/spi-builder-workspace/.derivedData/Build/Intermediates.noindex/swift-declarative-configuration.build/Debug-watchos/FunctionalConfigurator-t.build/DerivedSources/arm64 -Xcc -I/Users/admin/builder/spi-builder-workspace/.derivedData/Build/Intermediates.noindex/swift-declarative-configuration.build/Debug-watchos/FunctionalConfigurator-t.build/DerivedSources -Xcc -DSWIFT_PACKAGE -Xcc -DDEBUG\=1 -emit-objc-header -emit-objc-header-path /Users/admin/builder/spi-builder-workspace/.derivedData/Build/Intermediates.noindex/swift-declarative-configuration.build/Debug-watchos/FunctionalConfigurator-t.build/Objects-normal/arm64/FunctionalConfigurator-Swift.h -working-directory /Users/admin/builder/spi-builder-workspace/.swiftpm/xcode -experimental-emit-module-separately -disable-cmo
SwiftDriver SnapshotTestingCustomDump normal arm64_32 com.apple.xcode.tools.swift.compiler (in target 'SnapshotTestingCustomDump' from project 'swift-snapshot-testing')
cd /Users/admin/builder/spi-builder-workspace/.swiftpm/xcode
builtin-SwiftDriver -- /Applications/Xcode-27.0.0-Release.Candidate.app/Contents/Developer/Toolchains/XcodeDefault.xctoolchain/usr/bin/swiftc -parse-as-library -module-name SnapshotTestingCustomDump -Onone @/Users/admin/builder/spi-builder-workspace/.derivedData/Build/Intermediates.noindex/swift-snapshot-testing.build/Debug-watchos/SnapshotTestingCustomDump-t.build/Objects-normal/arm64_32/SnapshotTestingCustomDump.SwiftFileList -DSWIFT_PACKAGE -DDEBUG -DSWIFT_MODULE_RESOURCE_BUNDLE_UNAVAILABLE -DXcode -plugin-path /Applications/Xcode-27.0.0-Release.Candidate.app/Contents/Developer/Toolchains/XcodeDefault.xctoolchain/usr/lib/swift/host/plugins/testing -enable-experimental-feature DebugDescriptionMacro -sdk /Applications/Xcode-27.0.0-Release.Candidate.app/Contents/Developer/Platforms/WatchOS.platform/Developer/SDKs/WatchOS27.0.sdk -target arm64_32-apple-watchos9.0 -g -module-cache-path /Users/admin/builder/spi-builder-workspace/.derivedData/ModuleCache.noindex -Xfrontend -serialize-debugging-options -profile-coverage-mapping -profile-generate -enable-testing -suppress-warnings -index-store-path /Users/admin/builder/spi-builder-workspace/.derivedData/Index.noindex/DataStore -Xcc -D_LIBCPP_HARDENING_MODE\=_LIBCPP_HARDENING_MODE_DEBUG -swift-version 5 -I /Users/admin/builder/spi-builder-workspace/.derivedData/Build/Products/Debug-watchos -Isystem /Applications/Xcode-27.0.0-Release.Candidate.app/Contents/Developer/Platforms/WatchOS.platform/Developer/usr/lib -F /Users/admin/builder/spi-builder-workspace/.derivedData/Build/Products/Debug-watchos/PackageFrameworks -F /Users/admin/builder/spi-builder-workspace/.derivedData/Build/Products/Debug-watchos -F /Applications/Xcode-27.0.0-Release.Candidate.app/Contents/Developer/Platforms/WatchOS.platform/Developer/Library/Frameworks -F /Applications/Xcode-27.0.0-Release.Candidate.app/Contents/Developer/Platforms/WatchOS.platform/Developer/SDKs/WatchOS27.0.sdk/Developer/Library/Frameworks -c -j10 -enable-batch-mode -incremental -Xcc -ivfsstatcache -Xcc /Users/admin/builder/spi-builder-workspace/.derivedData/SDKStatCaches.noindex/watchos27.0-24R360-e829b21a6f8c9b70876ba0858053c04477534ef55a1706bf4c1112bbb242f0a2.sdkstatcache -output-file-map /Users/admin/builder/spi-builder-workspace/.derivedData/Build/Intermediates.noindex/swift-snapshot-testing.build/Debug-watchos/SnapshotTestingCustomDump-t.build/Objects-normal/arm64_32/SnapshotTestingCustomDump-OutputFileMap.json -save-temps -no-color-diagnostics -explicit-module-build -module-cache-path /Users/admin/builder/spi-builder-workspace/.derivedData/Build/Intermediates.noindex/SwiftExplicitPrecompiledModules -clang-scanner-module-cache-path /Users/admin/builder/spi-builder-workspace/.derivedData/ModuleCache.noindex -sdk-module-cache-path /Users/admin/builder/spi-builder-workspace/.derivedData/SDKExplicitPrecompiledModules -emit-dependencies -emit-module -emit-module-path /Users/admin/builder/spi-builder-workspace/.derivedData/Build/Intermediates.noindex/swift-snapshot-testing.build/Debug-watchos/SnapshotTestingCustomDump-t.build/Objects-normal/arm64_32/SnapshotTestingCustomDump.swiftmodule -serialize-diagnostics -dependency-scan-serialize-diagnostics-path /Users/admin/builder/spi-builder-workspace/.derivedData/Build/Intermediates.noindex/swift-snapshot-testing.build/Debug-watchos/SnapshotTestingCustomDump-t.build/Objects-normal/arm64_32/SnapshotTestingCustomDump-dependency-scan.dia -user-module-version 1.19.6 -validate-clang-modules-once -clang-build-session-file /Users/admin/builder/spi-builder-workspace/.derivedData/ModuleCache.noindex/Session.modulevalidation -Xcc -fmodules-prune-interval\=86400 -Xcc -fmodules-prune-after\=345600 -package-name swift_snapshot_testing -emit-const-values -const-gather-protocols-list /Users/admin/builder/spi-builder-workspace/.derivedData/Build/Intermediates.noindex/swift-snapshot-testing.build/Debug-watchos/SnapshotTestingCustomDump-t.build/Objects-normal/arm64_32/SnapshotTestingCustomDump_const_extract_protocols.json -Xcc -I/Users/admin/builder/spi-builder-workspace/.derivedData/Build/Products/Debug-watchos/include -Xcc -I/Users/admin/builder/spi-builder-workspace/.derivedData/Build/Intermediates.noindex/swift-snapshot-testing.build/Debug-watchos/SnapshotTestingCustomDump-t.build/DerivedSources-normal/arm64_32 -Xcc -I/Users/admin/builder/spi-builder-workspace/.derivedData/Build/Intermediates.noindex/swift-snapshot-testing.build/Debug-watchos/SnapshotTestingCustomDump-t.build/DerivedSources/arm64_32 -Xcc -I/Users/admin/builder/spi-builder-workspace/.derivedData/Build/Intermediates.noindex/swift-snapshot-testing.build/Debug-watchos/SnapshotTestingCustomDump-t.build/DerivedSources -Xcc -DSWIFT_PACKAGE -Xcc -DDEBUG\=1 -emit-objc-header -emit-objc-header-path /Users/admin/builder/spi-builder-workspace/.derivedData/Build/Intermediates.noindex/swift-snapshot-testing.build/Debug-watchos/SnapshotTestingCustomDump-t.build/Objects-normal/arm64_32/SnapshotTestingCustomDump-Swift.h -working-directory /Users/admin/builder/spi-builder-workspace/.swiftpm/xcode -experimental-emit-module-separately -disable-cmo
SwiftDriver SnapshotTestingCustomDump normal arm64 com.apple.xcode.tools.swift.compiler (in target 'SnapshotTestingCustomDump' from project 'swift-snapshot-testing')
cd /Users/admin/builder/spi-builder-workspace/.swiftpm/xcode
builtin-SwiftDriver -- /Applications/Xcode-27.0.0-Release.Candidate.app/Contents/Developer/Toolchains/XcodeDefault.xctoolchain/usr/bin/swiftc -parse-as-library -module-name SnapshotTestingCustomDump -Onone @/Users/admin/builder/spi-builder-workspace/.derivedData/Build/Intermediates.noindex/swift-snapshot-testing.build/Debug-watchos/SnapshotTestingCustomDump-t.build/Objects-normal/arm64/SnapshotTestingCustomDump.SwiftFileList -DSWIFT_PACKAGE -DDEBUG -DSWIFT_MODULE_RESOURCE_BUNDLE_UNAVAILABLE -DXcode -plugin-path /Applications/Xcode-27.0.0-Release.Candidate.app/Contents/Developer/Toolchains/XcodeDefault.xctoolchain/usr/lib/swift/host/plugins/testing -enable-experimental-feature DebugDescriptionMacro -sdk /Applications/Xcode-27.0.0-Release.Candidate.app/Contents/Developer/Platforms/WatchOS.platform/Developer/SDKs/WatchOS27.0.sdk -target arm64-apple-watchos9.0 -g -module-cache-path /Users/admin/builder/spi-builder-workspace/.derivedData/ModuleCache.noindex -Xfrontend -serialize-debugging-options -profile-coverage-mapping -profile-generate -enable-testing -suppress-warnings -index-store-path /Users/admin/builder/spi-builder-workspace/.derivedData/Index.noindex/DataStore -Xcc -D_LIBCPP_HARDENING_MODE\=_LIBCPP_HARDENING_MODE_DEBUG -swift-version 5 -I /Users/admin/builder/spi-builder-workspace/.derivedData/Build/Products/Debug-watchos -Isystem /Applications/Xcode-27.0.0-Release.Candidate.app/Contents/Developer/Platforms/WatchOS.platform/Developer/usr/lib -F /Users/admin/builder/spi-builder-workspace/.derivedData/Build/Products/Debug-watchos/PackageFrameworks -F /Users/admin/builder/spi-builder-workspace/.derivedData/Build/Products/Debug-watchos -F /Applications/Xcode-27.0.0-Release.Candidate.app/Contents/Developer/Platforms/WatchOS.platform/Developer/Library/Frameworks -F /Applications/Xcode-27.0.0-Release.Candidate.app/Contents/Developer/Platforms/WatchOS.platform/Developer/SDKs/WatchOS27.0.sdk/Developer/Library/Frameworks -c -j10 -enable-batch-mode -incremental -Xcc -ivfsstatcache -Xcc /Users/admin/builder/spi-builder-workspace/.derivedData/SDKStatCaches.noindex/watchos27.0-24R360-e829b21a6f8c9b70876ba0858053c04477534ef55a1706bf4c1112bbb242f0a2.sdkstatcache -output-file-map /Users/admin/builder/spi-builder-workspace/.derivedData/Build/Intermediates.noindex/swift-snapshot-testing.build/Debug-watchos/SnapshotTestingCustomDump-t.build/Objects-normal/arm64/SnapshotTestingCustomDump-OutputFileMap.json -save-temps -no-color-diagnostics -explicit-module-build -module-cache-path /Users/admin/builder/spi-builder-workspace/.derivedData/Build/Intermediates.noindex/SwiftExplicitPrecompiledModules -clang-scanner-module-cache-path /Users/admin/builder/spi-builder-workspace/.derivedData/ModuleCache.noindex -sdk-module-cache-path /Users/admin/builder/spi-builder-workspace/.derivedData/SDKExplicitPrecompiledModules -emit-dependencies -emit-module -emit-module-path /Users/admin/builder/spi-builder-workspace/.derivedData/Build/Intermediates.noindex/swift-snapshot-testing.build/Debug-watchos/SnapshotTestingCustomDump-t.build/Objects-normal/arm64/SnapshotTestingCustomDump.swiftmodule -serialize-diagnostics -dependency-scan-serialize-diagnostics-path /Users/admin/builder/spi-builder-workspace/.derivedData/Build/Intermediates.noindex/swift-snapshot-testing.build/Debug-watchos/SnapshotTestingCustomDump-t.build/Objects-normal/arm64/SnapshotTestingCustomDump-dependency-scan.dia -user-module-version 1.19.6 -validate-clang-modules-once -clang-build-session-file /Users/admin/builder/spi-builder-workspace/.derivedData/ModuleCache.noindex/Session.modulevalidation -Xcc -fmodules-prune-interval\=86400 -Xcc -fmodules-prune-after\=345600 -package-name swift_snapshot_testing -emit-const-values -const-gather-protocols-list /Users/admin/builder/spi-builder-workspace/.derivedData/Build/Intermediates.noindex/swift-snapshot-testing.build/Debug-watchos/SnapshotTestingCustomDump-t.build/Objects-normal/arm64/SnapshotTestingCustomDump_const_extract_protocols.json -Xcc -I/Users/admin/builder/spi-builder-workspace/.derivedData/Build/Products/Debug-watchos/include -Xcc -I/Users/admin/builder/spi-builder-workspace/.derivedData/Build/Intermediates.noindex/swift-snapshot-testing.build/Debug-watchos/SnapshotTestingCustomDump-t.build/DerivedSources-normal/arm64 -Xcc -I/Users/admin/builder/spi-builder-workspace/.derivedData/Build/Intermediates.noindex/swift-snapshot-testing.build/Debug-watchos/SnapshotTestingCustomDump-t.build/DerivedSources/arm64 -Xcc -I/Users/admin/builder/spi-builder-workspace/.derivedData/Build/Intermediates.noindex/swift-snapshot-testing.build/Debug-watchos/SnapshotTestingCustomDump-t.build/DerivedSources -Xcc -DSWIFT_PACKAGE -Xcc -DDEBUG\=1 -emit-objc-header -emit-objc-header-path /Users/admin/builder/spi-builder-workspace/.derivedData/Build/Intermediates.noindex/swift-snapshot-testing.build/Debug-watchos/SnapshotTestingCustomDump-t.build/Objects-normal/arm64/SnapshotTestingCustomDump-Swift.h -working-directory /Users/admin/builder/spi-builder-workspace/.swiftpm/xcode -experimental-emit-module-separately -disable-cmo
SwiftDriver FoundationExtensions normal arm64_32 com.apple.xcode.tools.swift.compiler (in target 'FoundationExtensions' from project 'swift-foundation-extensions')
cd /Users/admin/builder/spi-builder-workspace/.swiftpm/xcode
builtin-SwiftDriver -- /Applications/Xcode-27.0.0-Release.Candidate.app/Contents/Developer/Toolchains/XcodeDefault.xctoolchain/usr/bin/swiftc -parse-as-library -module-name FoundationExtensions -Onone @/Users/admin/builder/spi-builder-workspace/.derivedData/Build/Intermediates.noindex/swift-foundation-extensions.build/Debug-watchos/FoundationExtensions-t.build/Objects-normal/arm64_32/FoundationExtensions.SwiftFileList -DSWIFT_PACKAGE -DDEBUG -DSWIFT_MODULE_RESOURCE_BUNDLE_UNAVAILABLE -DXcode -plugin-path /Applications/Xcode-27.0.0-Release.Candidate.app/Contents/Developer/Toolchains/XcodeDefault.xctoolchain/usr/lib/swift/host/plugins/testing -enable-experimental-feature DebugDescriptionMacro -sdk /Applications/Xcode-27.0.0-Release.Candidate.app/Contents/Developer/Platforms/WatchOS.platform/Developer/SDKs/WatchOS27.0.sdk -target arm64_32-apple-watchos9.0 -g -module-cache-path /Users/admin/builder/spi-builder-workspace/.derivedData/ModuleCache.noindex -Xfrontend -serialize-debugging-options -profile-coverage-mapping -profile-generate -enable-testing -suppress-warnings -index-store-path /Users/admin/builder/spi-builder-workspace/.derivedData/Index.noindex/DataStore -Xcc -D_LIBCPP_HARDENING_MODE\=_LIBCPP_HARDENING_MODE_DEBUG -swift-version 5 -I /Users/admin/builder/spi-builder-workspace/.derivedData/Build/Products/Debug-watchos -Isystem /Applications/Xcode-27.0.0-Release.Candidate.app/Contents/Developer/Platforms/WatchOS.platform/Developer/usr/lib -F /Users/admin/builder/spi-builder-workspace/.derivedData/Build/Products/Debug-watchos/PackageFrameworks -F /Users/admin/builder/spi-builder-workspace/.derivedData/Build/Products/Debug-watchos -F /Applications/Xcode-27.0.0-Release.Candidate.app/Contents/Developer/Platforms/WatchOS.platform/Developer/Library/Frameworks -F /Applications/Xcode-27.0.0-Release.Candidate.app/Contents/Developer/Platforms/WatchOS.platform/Developer/SDKs/WatchOS27.0.sdk/Developer/Library/Frameworks -c -j10 -enable-batch-mode -incremental -Xcc -ivfsstatcache -Xcc /Users/admin/builder/spi-builder-workspace/.derivedData/SDKStatCaches.noindex/watchos27.0-24R360-e829b21a6f8c9b70876ba0858053c04477534ef55a1706bf4c1112bbb242f0a2.sdkstatcache -output-file-map /Users/admin/builder/spi-builder-workspace/.derivedData/Build/Intermediates.noindex/swift-foundation-extensions.build/Debug-watchos/FoundationExtensions-t.build/Objects-normal/arm64_32/FoundationExtensions-OutputFileMap.json -save-temps -no-color-diagnostics -explicit-module-build -module-cache-path /Users/admin/builder/spi-builder-workspace/.derivedData/Build/Intermediates.noindex/SwiftExplicitPrecompiledModules -clang-scanner-module-cache-path /Users/admin/builder/spi-builder-workspace/.derivedData/ModuleCache.noindex -sdk-module-cache-path /Users/admin/builder/spi-builder-workspace/.derivedData/SDKExplicitPrecompiledModules -emit-dependencies -emit-module -emit-module-path /Users/admin/builder/spi-builder-workspace/.derivedData/Build/Intermediates.noindex/swift-foundation-extensions.build/Debug-watchos/FoundationExtensions-t.build/Objects-normal/arm64_32/FoundationExtensions.swiftmodule -serialize-diagnostics -dependency-scan-serialize-diagnostics-path /Users/admin/builder/spi-builder-workspace/.derivedData/Build/Intermediates.noindex/swift-foundation-extensions.build/Debug-watchos/FoundationExtensions-t.build/Objects-normal/arm64_32/FoundationExtensions-dependency-scan.dia -validate-clang-modules-once -clang-build-session-file /Users/admin/builder/spi-builder-workspace/.derivedData/ModuleCache.noindex/Session.modulevalidation -Xcc -fmodules-prune-interval\=86400 -Xcc -fmodules-prune-after\=345600 -package-name swift_foundation_extensions -emit-const-values -const-gather-protocols-list /Users/admin/builder/spi-builder-workspace/.derivedData/Build/Intermediates.noindex/swift-foundation-extensions.build/Debug-watchos/FoundationExtensions-t.build/Objects-normal/arm64_32/FoundationExtensions_const_extract_protocols.json -Xcc -I/Users/admin/builder/spi-builder-workspace/.derivedData/Build/Products/Debug-watchos/include -Xcc -I/Users/admin/builder/spi-builder-workspace/.derivedData/Build/Intermediates.noindex/swift-foundation-extensions.build/Debug-watchos/FoundationExtensions-t.build/DerivedSources-normal/arm64_32 -Xcc -I/Users/admin/builder/spi-builder-workspace/.derivedData/Build/Intermediates.noindex/swift-foundation-extensions.build/Debug-watchos/FoundationExtensions-t.build/DerivedSources/arm64_32 -Xcc -I/Users/admin/builder/spi-builder-workspace/.derivedData/Build/Intermediates.noindex/swift-foundation-extensions.build/Debug-watchos/FoundationExtensions-t.build/DerivedSources -Xcc -DSWIFT_PACKAGE -Xcc -DDEBUG\=1 -emit-objc-header -emit-objc-header-path /Users/admin/builder/spi-builder-workspace/.derivedData/Build/Intermediates.noindex/swift-foundation-extensions.build/Debug-watchos/FoundationExtensions-t.build/Objects-normal/arm64_32/FoundationExtensions-Swift.h -working-directory /Users/admin/builder/spi-builder-workspace/.swiftpm/xcode -experimental-emit-module-separately -disable-cmo
error: Clang dependency scanning failure: (in target 'FoundationExtensions' from project 'swift-foundation-extensions')
/Users/admin/builder/spi-builder-workspace/.dependencies/checkouts/swift-foundation-extensions/Sources/FoundationExtensions/General/RuntimeWarnings.swift:48:8: error: Unable to resolve module dependency: 'XCTestDynamicOverlay' (in target 'FoundationExtensions' from project 'swift-foundation-extensions')
note: A dependency of main module 'FoundationExtensions'
/Users/admin/builder/spi-builder-workspace/.dependencies/checkouts/swift-foundation-extensions/Sources/FoundationExtensions/General/RuntimeWarnings.swift:48:8: note: A dependency of main module 'FoundationExtensions'
import XCTestDynamicOverlay
^ (in target 'FoundationExtensions' from project 'swift-foundation-extensions')
SwiftDriver FoundationExtensions normal arm64 com.apple.xcode.tools.swift.compiler (in target 'FoundationExtensions' from project 'swift-foundation-extensions')
cd /Users/admin/builder/spi-builder-workspace/.swiftpm/xcode
builtin-SwiftDriver -- /Applications/Xcode-27.0.0-Release.Candidate.app/Contents/Developer/Toolchains/XcodeDefault.xctoolchain/usr/bin/swiftc -parse-as-library -module-name FoundationExtensions -Onone @/Users/admin/builder/spi-builder-workspace/.derivedData/Build/Intermediates.noindex/swift-foundation-extensions.build/Debug-watchos/FoundationExtensions-t.build/Objects-normal/arm64/FoundationExtensions.SwiftFileList -DSWIFT_PACKAGE -DDEBUG -DSWIFT_MODULE_RESOURCE_BUNDLE_UNAVAILABLE -DXcode -plugin-path /Applications/Xcode-27.0.0-Release.Candidate.app/Contents/Developer/Toolchains/XcodeDefault.xctoolchain/usr/lib/swift/host/plugins/testing -enable-experimental-feature DebugDescriptionMacro -sdk /Applications/Xcode-27.0.0-Release.Candidate.app/Contents/Developer/Platforms/WatchOS.platform/Developer/SDKs/WatchOS27.0.sdk -target arm64-apple-watchos9.0 -g -module-cache-path /Users/admin/builder/spi-builder-workspace/.derivedData/ModuleCache.noindex -Xfrontend -serialize-debugging-options -profile-coverage-mapping -profile-generate -enable-testing -suppress-warnings -index-store-path /Users/admin/builder/spi-builder-workspace/.derivedData/Index.noindex/DataStore -Xcc -D_LIBCPP_HARDENING_MODE\=_LIBCPP_HARDENING_MODE_DEBUG -swift-version 5 -I /Users/admin/builder/spi-builder-workspace/.derivedData/Build/Products/Debug-watchos -Isystem /Applications/Xcode-27.0.0-Release.Candidate.app/Contents/Developer/Platforms/WatchOS.platform/Developer/usr/lib -F /Users/admin/builder/spi-builder-workspace/.derivedData/Build/Products/Debug-watchos/PackageFrameworks -F /Users/admin/builder/spi-builder-workspace/.derivedData/Build/Products/Debug-watchos -F /Applications/Xcode-27.0.0-Release.Candidate.app/Contents/Developer/Platforms/WatchOS.platform/Developer/Library/Frameworks -F /Applications/Xcode-27.0.0-Release.Candidate.app/Contents/Developer/Platforms/WatchOS.platform/Developer/SDKs/WatchOS27.0.sdk/Developer/Library/Frameworks -c -j10 -enable-batch-mode -incremental -Xcc -ivfsstatcache -Xcc /Users/admin/builder/spi-builder-workspace/.derivedData/SDKStatCaches.noindex/watchos27.0-24R360-e829b21a6f8c9b70876ba0858053c04477534ef55a1706bf4c1112bbb242f0a2.sdkstatcache -output-file-map /Users/admin/builder/spi-builder-workspace/.derivedData/Build/Intermediates.noindex/swift-foundation-extensions.build/Debug-watchos/FoundationExtensions-t.build/Objects-normal/arm64/FoundationExtensions-OutputFileMap.json -save-temps -no-color-diagnostics -explicit-module-build -module-cache-path /Users/admin/builder/spi-builder-workspace/.derivedData/Build/Intermediates.noindex/SwiftExplicitPrecompiledModules -clang-scanner-module-cache-path /Users/admin/builder/spi-builder-workspace/.derivedData/ModuleCache.noindex -sdk-module-cache-path /Users/admin/builder/spi-builder-workspace/.derivedData/SDKExplicitPrecompiledModules -emit-dependencies -emit-module -emit-module-path /Users/admin/builder/spi-builder-workspace/.derivedData/Build/Intermediates.noindex/swift-foundation-extensions.build/Debug-watchos/FoundationExtensions-t.build/Objects-normal/arm64/FoundationExtensions.swiftmodule -serialize-diagnostics -dependency-scan-serialize-diagnostics-path /Users/admin/builder/spi-builder-workspace/.derivedData/Build/Intermediates.noindex/swift-foundation-extensions.build/Debug-watchos/FoundationExtensions-t.build/Objects-normal/arm64/FoundationExtensions-dependency-scan.dia -validate-clang-modules-once -clang-build-session-file /Users/admin/builder/spi-builder-workspace/.derivedData/ModuleCache.noindex/Session.modulevalidation -Xcc -fmodules-prune-interval\=86400 -Xcc -fmodules-prune-after\=345600 -package-name swift_foundation_extensions -emit-const-values -const-gather-protocols-list /Users/admin/builder/spi-builder-workspace/.derivedData/Build/Intermediates.noindex/swift-foundation-extensions.build/Debug-watchos/FoundationExtensions-t.build/Objects-normal/arm64/FoundationExtensions_const_extract_protocols.json -Xcc -I/Users/admin/builder/spi-builder-workspace/.derivedData/Build/Products/Debug-watchos/include -Xcc -I/Users/admin/builder/spi-builder-workspace/.derivedData/Build/Intermediates.noindex/swift-foundation-extensions.build/Debug-watchos/FoundationExtensions-t.build/DerivedSources-normal/arm64 -Xcc -I/Users/admin/builder/spi-builder-workspace/.derivedData/Build/Intermediates.noindex/swift-foundation-extensions.build/Debug-watchos/FoundationExtensions-t.build/DerivedSources/arm64 -Xcc -I/Users/admin/builder/spi-builder-workspace/.derivedData/Build/Intermediates.noindex/swift-foundation-extensions.build/Debug-watchos/FoundationExtensions-t.build/DerivedSources -Xcc -DSWIFT_PACKAGE -Xcc -DDEBUG\=1 -emit-objc-header -emit-objc-header-path /Users/admin/builder/spi-builder-workspace/.derivedData/Build/Intermediates.noindex/swift-foundation-extensions.build/Debug-watchos/FoundationExtensions-t.build/Objects-normal/arm64/FoundationExtensions-Swift.h -working-directory /Users/admin/builder/spi-builder-workspace/.swiftpm/xcode -experimental-emit-module-separately -disable-cmo
/Users/admin/builder/spi-builder-workspace/.dependencies/checkouts/swift-foundation-extensions/Sources/FoundationExtensions/General/RuntimeWarnings.swift:48:8: error: Unable to resolve module dependency: 'XCTestDynamicOverlay' (in target 'FoundationExtensions' from project 'swift-foundation-extensions')
note: A dependency of main module 'FoundationExtensions'
/Users/admin/builder/spi-builder-workspace/.dependencies/checkouts/swift-foundation-extensions/Sources/FoundationExtensions/General/RuntimeWarnings.swift:48:8: note: A dependency of main module 'FoundationExtensions'
import XCTestDynamicOverlay
^ (in target 'FoundationExtensions' from project 'swift-foundation-extensions')
SwiftEmitModule normal arm64 Emitting\ module\ for\ SwiftSyntaxMacroExpansion (in target 'SwiftSyntaxMacroExpansion' from project 'swift-syntax')
SwiftCompile normal arm64 (in target 'SwiftSyntaxMacroExpansion' from project 'swift-syntax')
cd /Users/admin/builder/spi-builder-workspace/.swiftpm/xcode
SwiftCompile normal arm64 Compiling\ MacroExpansionDiagnosticMessages.swift /Users/admin/builder/spi-builder-workspace/.dependencies/checkouts/swift-syntax/Sources/SwiftSyntaxMacroExpansion/MacroExpansionDiagnosticMessages.swift (in target 'SwiftSyntaxMacroExpansion' from project 'swift-syntax')
SwiftCompile normal arm64 /Users/admin/builder/spi-builder-workspace/.dependencies/checkouts/swift-syntax/Sources/SwiftSyntaxMacroExpansion/MacroExpansionDiagnosticMessages.swift (in target 'SwiftSyntaxMacroExpansion' from project 'swift-syntax')
cd /Users/admin/builder/spi-builder-workspace/.swiftpm/xcode
builtin-SwiftPerFileCompile MacroExpansionDiagnosticMessages.swift
SwiftEmitModule normal arm64_32 Emitting\ module\ for\ SwiftSyntaxMacroExpansion (in target 'SwiftSyntaxMacroExpansion' from project 'swift-syntax')
SwiftCompile normal arm64_32 (in target 'SwiftSyntaxMacroExpansion' from project 'swift-syntax')
cd /Users/admin/builder/spi-builder-workspace/.swiftpm/xcode
SwiftDriverJobDiscovery normal x86_64 Compiling MultiLineStringLiteralDiagnosticsGenerator.swift, ParseDiagnosticsGenerator.swift (in target 'SwiftParserDiagnostics' from project 'swift-syntax')
SwiftCompile normal arm64 Compiling\ BasicMacroExpansionContext.swift /Users/admin/builder/spi-builder-workspace/.dependencies/checkouts/swift-syntax/Sources/SwiftSyntaxMacroExpansion/BasicMacroExpansionContext.swift (in target 'SwiftSyntaxMacroExpansion' from project 'swift-syntax')
SwiftCompile normal arm64 /Users/admin/builder/spi-builder-workspace/.dependencies/checkouts/swift-syntax/Sources/SwiftSyntaxMacroExpansion/BasicMacroExpansionContext.swift (in target 'SwiftSyntaxMacroExpansion' from project 'swift-syntax')
cd /Users/admin/builder/spi-builder-workspace/.swiftpm/xcode
builtin-SwiftPerFileCompile BasicMacroExpansionContext.swift
SwiftCompile normal arm64 Compiling\ MacroExpansion.swift /Users/admin/builder/spi-builder-workspace/.dependencies/checkouts/swift-syntax/Sources/SwiftSyntaxMacroExpansion/MacroExpansion.swift (in target 'SwiftSyntaxMacroExpansion' from project 'swift-syntax')
SwiftCompile normal arm64 /Users/admin/builder/spi-builder-workspace/.dependencies/checkouts/swift-syntax/Sources/SwiftSyntaxMacroExpansion/MacroExpansion.swift (in target 'SwiftSyntaxMacroExpansion' from project 'swift-syntax')
cd /Users/admin/builder/spi-builder-workspace/.swiftpm/xcode
builtin-SwiftPerFileCompile MacroExpansion.swift
SwiftExplicitDependencyGeneratePcm arm64 /Users/admin/builder/spi-builder-workspace/.derivedData/SDKExplicitPrecompiledModules/libkern-22MDXN9G35RPO3OLKX9B2PN16.pcm
SwiftDriverJobDiscovery normal arm64 Compiling MacroExpansionDiagnosticMessages.swift (in target 'SwiftSyntaxMacroExpansion' from project 'swift-syntax')
SwiftExplicitDependencyGeneratePcm arm64 /Users/admin/builder/spi-builder-workspace/.derivedData/SDKExplicitPrecompiledModules/_Builtin_stdatomic-8LN7S35C6I48KJOCW7VPXX04X.pcm
SwiftExplicitDependencyGeneratePcm x86_64 /Users/admin/builder/spi-builder-workspace/.derivedData/SDKExplicitPrecompiledModules/string_h-37BGZVY8Q8I038978HIWJZJ7W.pcm
SwiftExplicitDependencyGeneratePcm arm64_32 /Users/admin/builder/spi-builder-workspace/.derivedData/SDKExplicitPrecompiledModules/StoreKit-9UUFY6HOI7591O89DP4VS4EUH.pcm
SwiftExplicitDependencyGeneratePcm arm64_32 /Users/admin/builder/spi-builder-workspace/.derivedData/SDKExplicitPrecompiledModules/LocalAuthentication-ATD947DC6Q0HA129OWBMG6HNP.pcm
SwiftDriverJobDiscovery normal arm64 Compiling MultiLineStringLiteralDiagnosticsGenerator.swift, ParseDiagnosticsGenerator.swift (in target 'SwiftParserDiagnostics' from project 'swift-syntax')
SwiftExplicitDependencyGeneratePcm arm64 /Users/admin/builder/spi-builder-workspace/.derivedData/SDKExplicitPrecompiledModules/string_h-10WPXBF3YFYMX5HUAW06LSABR.pcm
SwiftExplicitDependencyGeneratePcm arm64 /Users/admin/builder/spi-builder-workspace/.derivedData/SDKExplicitPrecompiledModules/MachO-AWTJ65TFR7TMST2NUE6ZCC1SL.pcm
SwiftExplicitDependencyGeneratePcm x86_64 /Users/admin/builder/spi-builder-workspace/.derivedData/SDKExplicitPrecompiledModules/launch-EMOSCJSGBTZRDATCEUWBYVGSZ.pcm
SwiftExplicitDependencyGeneratePcm x86_64 /Users/admin/builder/spi-builder-workspace/.derivedData/SDKExplicitPrecompiledModules/_Builtin_intrinsics-SUK7QV9N4SIKC7GZ6KK5IZUY.pcm
SwiftExplicitDependencyGeneratePcm arm64_32 /Users/admin/builder/spi-builder-workspace/.derivedData/SDKExplicitPrecompiledModules/UserNotificationsUI-AAYB5MEQ4O6MC6VDUB8K6K5GD.pcm
SwiftDriverJobDiscovery normal arm64_32 Emitting module for SwiftSyntaxMacroExpansion (in target 'SwiftSyntaxMacroExpansion' from project 'swift-syntax')
SwiftDriverJobDiscovery normal arm64 Emitting module for SwiftSyntaxMacroExpansion (in target 'SwiftSyntaxMacroExpansion' from project 'swift-syntax')
SwiftDriver\ Compilation\ Requirements SwiftSyntaxMacroExpansion normal arm64_32 com.apple.xcode.tools.swift.compiler (in target 'SwiftSyntaxMacroExpansion' from project 'swift-syntax')
cd /Users/admin/builder/spi-builder-workspace/.swiftpm/xcode
builtin-Swift-Compilation-Requirements -- /Applications/Xcode-27.0.0-Release.Candidate.app/Contents/Developer/Toolchains/XcodeDefault.xctoolchain/usr/bin/swiftc -parse-as-library -module-name SwiftSyntaxMacroExpansion -Onone @/Users/admin/builder/spi-builder-workspace/.derivedData/Build/Intermediates.noindex/swift-syntax.build/Debug-watchos/SwiftSyntaxMacroExpansion-t.build/Objects-normal/arm64_32/SwiftSyntaxMacroExpansion.SwiftFileList -DSWIFT_PACKAGE -DDEBUG -DSWIFT_MODULE_RESOURCE_BUNDLE_UNAVAILABLE -DXcode -plugin-path /Applications/Xcode-27.0.0-Release.Candidate.app/Contents/Developer/Toolchains/XcodeDefault.xctoolchain/usr/lib/swift/host/plugins/testing -enable-experimental-feature DebugDescriptionMacro -sdk /Applications/Xcode-27.0.0-Release.Candidate.app/Contents/Developer/Platforms/WatchOS.platform/Developer/SDKs/WatchOS27.0.sdk -target arm64_32-apple-watchos9.0 -g -module-cache-path /Users/admin/builder/spi-builder-workspace/.derivedData/ModuleCache.noindex -Xfrontend -serialize-debugging-options -profile-coverage-mapping -profile-generate -enable-testing -suppress-warnings -index-store-path /Users/admin/builder/spi-builder-workspace/.derivedData/Index.noindex/DataStore -Xcc -D_LIBCPP_HARDENING_MODE\=_LIBCPP_HARDENING_MODE_DEBUG -swift-version 5 -I /Users/admin/builder/spi-builder-workspace/.derivedData/Build/Products/Debug-watchos -Isystem /Applications/Xcode-27.0.0-Release.Candidate.app/Contents/Developer/Platforms/WatchOS.platform/Developer/usr/lib -F /Users/admin/builder/spi-builder-workspace/.derivedData/Build/Products/Debug-watchos/PackageFrameworks -F /Users/admin/builder/spi-builder-workspace/.derivedData/Build/Products/Debug-watchos -F /Applications/Xcode-27.0.0-Release.Candidate.app/Contents/Developer/Platforms/WatchOS.platform/Developer/Library/Frameworks -F /Applications/Xcode-27.0.0-Release.Candidate.app/Contents/Developer/Platforms/WatchOS.platform/Developer/SDKs/WatchOS27.0.sdk/Developer/Library/Frameworks -c -j10 -enable-batch-mode -incremental -Xcc -ivfsstatcache -Xcc /Users/admin/builder/spi-builder-workspace/.derivedData/SDKStatCaches.noindex/watchos27.0-24R360-e829b21a6f8c9b70876ba0858053c04477534ef55a1706bf4c1112bbb242f0a2.sdkstatcache -output-file-map /Users/admin/builder/spi-builder-workspace/.derivedData/Build/Intermediates.noindex/swift-syntax.build/Debug-watchos/SwiftSyntaxMacroExpansion-t.build/Objects-normal/arm64_32/SwiftSyntaxMacroExpansion-OutputFileMap.json -save-temps -no-color-diagnostics -explicit-module-build -module-cache-path /Users/admin/builder/spi-builder-workspace/.derivedData/Build/Intermediates.noindex/SwiftExplicitPrecompiledModules -clang-scanner-module-cache-path /Users/admin/builder/spi-builder-workspace/.derivedData/ModuleCache.noindex -sdk-module-cache-path /Users/admin/builder/spi-builder-workspace/.derivedData/SDKExplicitPrecompiledModules -emit-dependencies -emit-module -emit-module-path /Users/admin/builder/spi-builder-workspace/.derivedData/Build/Intermediates.noindex/swift-syntax.build/Debug-watchos/SwiftSyntaxMacroExpansion-t.build/Objects-normal/arm64_32/SwiftSyntaxMacroExpansion.swiftmodule -serialize-diagnostics -dependency-scan-serialize-diagnostics-path /Users/admin/builder/spi-builder-workspace/.derivedData/Build/Intermediates.noindex/swift-syntax.build/Debug-watchos/SwiftSyntaxMacroExpansion-t.build/Objects-normal/arm64_32/SwiftSyntaxMacroExpansion-dependency-scan.dia -validate-clang-modules-once -clang-build-session-file /Users/admin/builder/spi-builder-workspace/.derivedData/ModuleCache.noindex/Session.modulevalidation -Xcc -fmodules-prune-interval\=86400 -Xcc -fmodules-prune-after\=345600 -emit-const-values -const-gather-protocols-list /Users/admin/builder/spi-builder-workspace/.derivedData/Build/Intermediates.noindex/swift-syntax.build/Debug-watchos/SwiftSyntaxMacroExpansion-t.build/Objects-normal/arm64_32/SwiftSyntaxMacroExpansion_const_extract_protocols.json -Xcc -I/Users/admin/builder/spi-builder-workspace/.derivedData/Build/Products/Debug-watchos/include -Xcc -I/Users/admin/builder/spi-builder-workspace/.derivedData/Build/Intermediates.noindex/swift-syntax.build/Debug-watchos/SwiftSyntaxMacroExpansion-t.build/DerivedSources-normal/arm64_32 -Xcc -I/Users/admin/builder/spi-builder-workspace/.derivedData/Build/Intermediates.noindex/swift-syntax.build/Debug-watchos/SwiftSyntaxMacroExpansion-t.build/DerivedSources/arm64_32 -Xcc -I/Users/admin/builder/spi-builder-workspace/.derivedData/Build/Intermediates.noindex/swift-syntax.build/Debug-watchos/SwiftSyntaxMacroExpansion-t.build/DerivedSources -Xcc -DSWIFT_PACKAGE -Xcc -DDEBUG\=1 -emit-objc-header -emit-objc-header-path /Users/admin/builder/spi-builder-workspace/.derivedData/Build/Intermediates.noindex/swift-syntax.build/Debug-watchos/SwiftSyntaxMacroExpansion-t.build/Objects-normal/arm64_32/SwiftSyntaxMacroExpansion-Swift.h -working-directory /Users/admin/builder/spi-builder-workspace/.swiftpm/xcode -experimental-emit-module-separately -disable-cmo
SwiftDriver\ Compilation\ Requirements SwiftSyntaxMacroExpansion normal arm64 com.apple.xcode.tools.swift.compiler (in target 'SwiftSyntaxMacroExpansion' from project 'swift-syntax')
cd /Users/admin/builder/spi-builder-workspace/.swiftpm/xcode
builtin-Swift-Compilation-Requirements -- /Applications/Xcode-27.0.0-Release.Candidate.app/Contents/Developer/Toolchains/XcodeDefault.xctoolchain/usr/bin/swiftc -parse-as-library -module-name SwiftSyntaxMacroExpansion -Onone @/Users/admin/builder/spi-builder-workspace/.derivedData/Build/Intermediates.noindex/swift-syntax.build/Debug-watchos/SwiftSyntaxMacroExpansion-t.build/Objects-normal/arm64/SwiftSyntaxMacroExpansion.SwiftFileList -DSWIFT_PACKAGE -DDEBUG -DSWIFT_MODULE_RESOURCE_BUNDLE_UNAVAILABLE -DXcode -plugin-path /Applications/Xcode-27.0.0-Release.Candidate.app/Contents/Developer/Toolchains/XcodeDefault.xctoolchain/usr/lib/swift/host/plugins/testing -enable-experimental-feature DebugDescriptionMacro -sdk /Applications/Xcode-27.0.0-Release.Candidate.app/Contents/Developer/Platforms/WatchOS.platform/Developer/SDKs/WatchOS27.0.sdk -target arm64-apple-watchos9.0 -g -module-cache-path /Users/admin/builder/spi-builder-workspace/.derivedData/ModuleCache.noindex -Xfrontend -serialize-debugging-options -profile-coverage-mapping -profile-generate -enable-testing -suppress-warnings -index-store-path /Users/admin/builder/spi-builder-workspace/.derivedData/Index.noindex/DataStore -Xcc -D_LIBCPP_HARDENING_MODE\=_LIBCPP_HARDENING_MODE_DEBUG -swift-version 5 -I /Users/admin/builder/spi-builder-workspace/.derivedData/Build/Products/Debug-watchos -Isystem /Applications/Xcode-27.0.0-Release.Candidate.app/Contents/Developer/Platforms/WatchOS.platform/Developer/usr/lib -F /Users/admin/builder/spi-builder-workspace/.derivedData/Build/Products/Debug-watchos/PackageFrameworks -F /Users/admin/builder/spi-builder-workspace/.derivedData/Build/Products/Debug-watchos -F /Applications/Xcode-27.0.0-Release.Candidate.app/Contents/Developer/Platforms/WatchOS.platform/Developer/Library/Frameworks -F /Applications/Xcode-27.0.0-Release.Candidate.app/Contents/Developer/Platforms/WatchOS.platform/Developer/SDKs/WatchOS27.0.sdk/Developer/Library/Frameworks -c -j10 -enable-batch-mode -incremental -Xcc -ivfsstatcache -Xcc /Users/admin/builder/spi-builder-workspace/.derivedData/SDKStatCaches.noindex/watchos27.0-24R360-e829b21a6f8c9b70876ba0858053c04477534ef55a1706bf4c1112bbb242f0a2.sdkstatcache -output-file-map /Users/admin/builder/spi-builder-workspace/.derivedData/Build/Intermediates.noindex/swift-syntax.build/Debug-watchos/SwiftSyntaxMacroExpansion-t.build/Objects-normal/arm64/SwiftSyntaxMacroExpansion-OutputFileMap.json -save-temps -no-color-diagnostics -explicit-module-build -module-cache-path /Users/admin/builder/spi-builder-workspace/.derivedData/Build/Intermediates.noindex/SwiftExplicitPrecompiledModules -clang-scanner-module-cache-path /Users/admin/builder/spi-builder-workspace/.derivedData/ModuleCache.noindex -sdk-module-cache-path /Users/admin/builder/spi-builder-workspace/.derivedData/SDKExplicitPrecompiledModules -emit-dependencies -emit-module -emit-module-path /Users/admin/builder/spi-builder-workspace/.derivedData/Build/Intermediates.noindex/swift-syntax.build/Debug-watchos/SwiftSyntaxMacroExpansion-t.build/Objects-normal/arm64/SwiftSyntaxMacroExpansion.swiftmodule -serialize-diagnostics -dependency-scan-serialize-diagnostics-path /Users/admin/builder/spi-builder-workspace/.derivedData/Build/Intermediates.noindex/swift-syntax.build/Debug-watchos/SwiftSyntaxMacroExpansion-t.build/Objects-normal/arm64/SwiftSyntaxMacroExpansion-dependency-scan.dia -validate-clang-modules-once -clang-build-session-file /Users/admin/builder/spi-builder-workspace/.derivedData/ModuleCache.noindex/Session.modulevalidation -Xcc -fmodules-prune-interval\=86400 -Xcc -fmodules-prune-after\=345600 -emit-const-values -const-gather-protocols-list /Users/admin/builder/spi-builder-workspace/.derivedData/Build/Intermediates.noindex/swift-syntax.build/Debug-watchos/SwiftSyntaxMacroExpansion-t.build/Objects-normal/arm64/SwiftSyntaxMacroExpansion_const_extract_protocols.json -Xcc -I/Users/admin/builder/spi-builder-workspace/.derivedData/Build/Products/Debug-watchos/include -Xcc -I/Users/admin/builder/spi-builder-workspace/.derivedData/Build/Intermediates.noindex/swift-syntax.build/Debug-watchos/SwiftSyntaxMacroExpansion-t.build/DerivedSources-normal/arm64 -Xcc -I/Users/admin/builder/spi-builder-workspace/.derivedData/Build/Intermediates.noindex/swift-syntax.build/Debug-watchos/SwiftSyntaxMacroExpansion-t.build/DerivedSources/arm64 -Xcc -I/Users/admin/builder/spi-builder-workspace/.derivedData/Build/Intermediates.noindex/swift-syntax.build/Debug-watchos/SwiftSyntaxMacroExpansion-t.build/DerivedSources -Xcc -DSWIFT_PACKAGE -Xcc -DDEBUG\=1 -emit-objc-header -emit-objc-header-path /Users/admin/builder/spi-builder-workspace/.derivedData/Build/Intermediates.noindex/swift-syntax.build/Debug-watchos/SwiftSyntaxMacroExpansion-t.build/Objects-normal/arm64/SwiftSyntaxMacroExpansion-Swift.h -working-directory /Users/admin/builder/spi-builder-workspace/.swiftpm/xcode -experimental-emit-module-separately -disable-cmo
Copy /Users/admin/builder/spi-builder-workspace/.derivedData/Build/Products/Debug-watchos/SwiftSyntaxMacroExpansion.swiftmodule/arm64_32-apple-watchos.swiftmodule /Users/admin/builder/spi-builder-workspace/.derivedData/Build/Intermediates.noindex/swift-syntax.build/Debug-watchos/SwiftSyntaxMacroExpansion-t.build/Objects-normal/arm64_32/SwiftSyntaxMacroExpansion.swiftmodule (in target 'SwiftSyntaxMacroExpansion' from project 'swift-syntax')
cd /Users/admin/builder/spi-builder-workspace/.dependencies/checkouts/swift-syntax
builtin-copy -exclude .DS_Store -exclude CVS -exclude .svn -exclude .git -exclude .hg -resolve-src-symlinks -rename /Users/admin/builder/spi-builder-workspace/.derivedData/Build/Intermediates.noindex/swift-syntax.build/Debug-watchos/SwiftSyntaxMacroExpansion-t.build/Objects-normal/arm64_32/SwiftSyntaxMacroExpansion.swiftmodule /Users/admin/builder/spi-builder-workspace/.derivedData/Build/Products/Debug-watchos/SwiftSyntaxMacroExpansion.swiftmodule/arm64_32-apple-watchos.swiftmodule
SwiftMergeGeneratedHeaders /Users/admin/builder/spi-builder-workspace/.derivedData/Build/Intermediates.noindex/GeneratedModuleMaps-watchos/SwiftSyntaxMacroExpansion-Swift.h /Users/admin/builder/spi-builder-workspace/.derivedData/Build/Intermediates.noindex/swift-syntax.build/Debug-watchos/SwiftSyntaxMacroExpansion-t.build/Objects-normal/arm64/SwiftSyntaxMacroExpansion-Swift.h /Users/admin/builder/spi-builder-workspace/.derivedData/Build/Intermediates.noindex/swift-syntax.build/Debug-watchos/SwiftSyntaxMacroExpansion-t.build/Objects-normal/arm64_32/SwiftSyntaxMacroExpansion-Swift.h (in target 'SwiftSyntaxMacroExpansion' from project 'swift-syntax')
cd /Users/admin/builder/spi-builder-workspace/.dependencies/checkouts/swift-syntax
builtin-swiftHeaderTool -arch arm64 /Users/admin/builder/spi-builder-workspace/.derivedData/Build/Intermediates.noindex/swift-syntax.build/Debug-watchos/SwiftSyntaxMacroExpansion-t.build/Objects-normal/arm64/SwiftSyntaxMacroExpansion-Swift.h -arch arm64_32 /Users/admin/builder/spi-builder-workspace/.derivedData/Build/Intermediates.noindex/swift-syntax.build/Debug-watchos/SwiftSyntaxMacroExpansion-t.build/Objects-normal/arm64_32/SwiftSyntaxMacroExpansion-Swift.h -o /Users/admin/builder/spi-builder-workspace/.derivedData/Build/Intermediates.noindex/GeneratedModuleMaps-watchos/SwiftSyntaxMacroExpansion-Swift.h
SwiftDriverJobDiscovery normal arm64 Compiling BasicMacroExpansionContext.swift (in target 'SwiftSyntaxMacroExpansion' from project 'swift-syntax')
Copy /Users/admin/builder/spi-builder-workspace/.derivedData/Build/Products/Debug-watchos/SwiftSyntaxMacroExpansion.swiftmodule/arm64_32-apple-watchos.swiftdoc /Users/admin/builder/spi-builder-workspace/.derivedData/Build/Intermediates.noindex/swift-syntax.build/Debug-watchos/SwiftSyntaxMacroExpansion-t.build/Objects-normal/arm64_32/SwiftSyntaxMacroExpansion.swiftdoc (in target 'SwiftSyntaxMacroExpansion' from project 'swift-syntax')
cd /Users/admin/builder/spi-builder-workspace/.dependencies/checkouts/swift-syntax
builtin-copy -exclude .DS_Store -exclude CVS -exclude .svn -exclude .git -exclude .hg -resolve-src-symlinks -rename /Users/admin/builder/spi-builder-workspace/.derivedData/Build/Intermediates.noindex/swift-syntax.build/Debug-watchos/SwiftSyntaxMacroExpansion-t.build/Objects-normal/arm64_32/SwiftSyntaxMacroExpansion.swiftdoc /Users/admin/builder/spi-builder-workspace/.derivedData/Build/Products/Debug-watchos/SwiftSyntaxMacroExpansion.swiftmodule/arm64_32-apple-watchos.swiftdoc
Copy /Users/admin/builder/spi-builder-workspace/.derivedData/Build/Products/Debug-watchos/SwiftSyntaxMacroExpansion.swiftmodule/arm64_32-apple-watchos.abi.json /Users/admin/builder/spi-builder-workspace/.derivedData/Build/Intermediates.noindex/swift-syntax.build/Debug-watchos/SwiftSyntaxMacroExpansion-t.build/Objects-normal/arm64_32/SwiftSyntaxMacroExpansion.abi.json (in target 'SwiftSyntaxMacroExpansion' from project 'swift-syntax')
cd /Users/admin/builder/spi-builder-workspace/.dependencies/checkouts/swift-syntax
builtin-copy -exclude .DS_Store -exclude CVS -exclude .svn -exclude .git -exclude .hg -resolve-src-symlinks -rename /Users/admin/builder/spi-builder-workspace/.derivedData/Build/Intermediates.noindex/swift-syntax.build/Debug-watchos/SwiftSyntaxMacroExpansion-t.build/Objects-normal/arm64_32/SwiftSyntaxMacroExpansion.abi.json /Users/admin/builder/spi-builder-workspace/.derivedData/Build/Products/Debug-watchos/SwiftSyntaxMacroExpansion.swiftmodule/arm64_32-apple-watchos.abi.json
Copy /Users/admin/builder/spi-builder-workspace/.derivedData/Build/Products/Debug-watchos/SwiftSyntaxMacroExpansion.swiftmodule/arm64-apple-watchos.swiftmodule /Users/admin/builder/spi-builder-workspace/.derivedData/Build/Intermediates.noindex/swift-syntax.build/Debug-watchos/SwiftSyntaxMacroExpansion-t.build/Objects-normal/arm64/SwiftSyntaxMacroExpansion.swiftmodule (in target 'SwiftSyntaxMacroExpansion' from project 'swift-syntax')
cd /Users/admin/builder/spi-builder-workspace/.dependencies/checkouts/swift-syntax
builtin-copy -exclude .DS_Store -exclude CVS -exclude .svn -exclude .git -exclude .hg -resolve-src-symlinks -rename /Users/admin/builder/spi-builder-workspace/.derivedData/Build/Intermediates.noindex/swift-syntax.build/Debug-watchos/SwiftSyntaxMacroExpansion-t.build/Objects-normal/arm64/SwiftSyntaxMacroExpansion.swiftmodule /Users/admin/builder/spi-builder-workspace/.derivedData/Build/Products/Debug-watchos/SwiftSyntaxMacroExpansion.swiftmodule/arm64-apple-watchos.swiftmodule
Copy /Users/admin/builder/spi-builder-workspace/.derivedData/Build/Products/Debug-watchos/SwiftSyntaxMacroExpansion.swiftmodule/arm64-apple-watchos.swiftdoc /Users/admin/builder/spi-builder-workspace/.derivedData/Build/Intermediates.noindex/swift-syntax.build/Debug-watchos/SwiftSyntaxMacroExpansion-t.build/Objects-normal/arm64/SwiftSyntaxMacroExpansion.swiftdoc (in target 'SwiftSyntaxMacroExpansion' from project 'swift-syntax')
cd /Users/admin/builder/spi-builder-workspace/.dependencies/checkouts/swift-syntax
builtin-copy -exclude .DS_Store -exclude CVS -exclude .svn -exclude .git -exclude .hg -resolve-src-symlinks -rename /Users/admin/builder/spi-builder-workspace/.derivedData/Build/Intermediates.noindex/swift-syntax.build/Debug-watchos/SwiftSyntaxMacroExpansion-t.build/Objects-normal/arm64/SwiftSyntaxMacroExpansion.swiftdoc /Users/admin/builder/spi-builder-workspace/.derivedData/Build/Products/Debug-watchos/SwiftSyntaxMacroExpansion.swiftmodule/arm64-apple-watchos.swiftdoc
Copy /Users/admin/builder/spi-builder-workspace/.derivedData/Build/Products/Debug-watchos/SwiftSyntaxMacroExpansion.swiftmodule/arm64-apple-watchos.abi.json /Users/admin/builder/spi-builder-workspace/.derivedData/Build/Intermediates.noindex/swift-syntax.build/Debug-watchos/SwiftSyntaxMacroExpansion-t.build/Objects-normal/arm64/SwiftSyntaxMacroExpansion.abi.json (in target 'SwiftSyntaxMacroExpansion' from project 'swift-syntax')
cd /Users/admin/builder/spi-builder-workspace/.dependencies/checkouts/swift-syntax
builtin-copy -exclude .DS_Store -exclude CVS -exclude .svn -exclude .git -exclude .hg -resolve-src-symlinks -rename /Users/admin/builder/spi-builder-workspace/.derivedData/Build/Intermediates.noindex/swift-syntax.build/Debug-watchos/SwiftSyntaxMacroExpansion-t.build/Objects-normal/arm64/SwiftSyntaxMacroExpansion.abi.json /Users/admin/builder/spi-builder-workspace/.derivedData/Build/Products/Debug-watchos/SwiftSyntaxMacroExpansion.swiftmodule/arm64-apple-watchos.abi.json
Copy /Users/admin/builder/spi-builder-workspace/.derivedData/Build/Products/Debug-watchos/SwiftSyntaxMacroExpansion.swiftmodule/Project/arm64_32-apple-watchos.swiftsourceinfo /Users/admin/builder/spi-builder-workspace/.derivedData/Build/Intermediates.noindex/swift-syntax.build/Debug-watchos/SwiftSyntaxMacroExpansion-t.build/Objects-normal/arm64_32/SwiftSyntaxMacroExpansion.swiftsourceinfo (in target 'SwiftSyntaxMacroExpansion' from project 'swift-syntax')
cd /Users/admin/builder/spi-builder-workspace/.dependencies/checkouts/swift-syntax
builtin-copy -exclude .DS_Store -exclude CVS -exclude .svn -exclude .git -exclude .hg -resolve-src-symlinks -rename /Users/admin/builder/spi-builder-workspace/.derivedData/Build/Intermediates.noindex/swift-syntax.build/Debug-watchos/SwiftSyntaxMacroExpansion-t.build/Objects-normal/arm64_32/SwiftSyntaxMacroExpansion.swiftsourceinfo /Users/admin/builder/spi-builder-workspace/.derivedData/Build/Products/Debug-watchos/SwiftSyntaxMacroExpansion.swiftmodule/Project/arm64_32-apple-watchos.swiftsourceinfo
Copy /Users/admin/builder/spi-builder-workspace/.derivedData/Build/Products/Debug-watchos/SwiftSyntaxMacroExpansion.swiftmodule/Project/arm64-apple-watchos.swiftsourceinfo /Users/admin/builder/spi-builder-workspace/.derivedData/Build/Intermediates.noindex/swift-syntax.build/Debug-watchos/SwiftSyntaxMacroExpansion-t.build/Objects-normal/arm64/SwiftSyntaxMacroExpansion.swiftsourceinfo (in target 'SwiftSyntaxMacroExpansion' from project 'swift-syntax')
cd /Users/admin/builder/spi-builder-workspace/.dependencies/checkouts/swift-syntax
builtin-copy -exclude .DS_Store -exclude CVS -exclude .svn -exclude .git -exclude .hg -resolve-src-symlinks -rename /Users/admin/builder/spi-builder-workspace/.derivedData/Build/Intermediates.noindex/swift-syntax.build/Debug-watchos/SwiftSyntaxMacroExpansion-t.build/Objects-normal/arm64/SwiftSyntaxMacroExpansion.swiftsourceinfo /Users/admin/builder/spi-builder-workspace/.derivedData/Build/Products/Debug-watchos/SwiftSyntaxMacroExpansion.swiftmodule/Project/arm64-apple-watchos.swiftsourceinfo
SwiftExplicitDependencyGeneratePcm x86_64 /Users/admin/builder/spi-builder-workspace/.derivedData/SDKExplicitPrecompiledModules/_Builtin_stdatomic-5T75TOGJ0QOLA5HDV8S5OY6V6.pcm
SwiftExplicitDependencyGeneratePcm arm64 /Users/admin/builder/spi-builder-workspace/.derivedData/SDKExplicitPrecompiledModules/StoreKit-6TYFVE68YA7QPB7CDP2TOH6SI.pcm
SwiftExplicitDependencyGeneratePcm x86_64 /Users/admin/builder/spi-builder-workspace/.derivedData/SDKExplicitPrecompiledModules/libkern-47OU32XOSD91C4CVN0KRDJEYW.pcm
SwiftExplicitDependencyGeneratePcm x86_64 /Users/admin/builder/spi-builder-workspace/.derivedData/SDKExplicitPrecompiledModules/ptrauth-3JLEXN4JC2T8DSEOXFVXWDI56.pcm
PruneExplicitPrecompiledModules /Users/admin/builder/spi-builder-workspace/.derivedData/Build/Intermediates.noindex/SwiftExplicitPrecompiledModules
PruneExplicitPrecompiledModules /Users/admin/builder/spi-builder-workspace/.derivedData/SDKExplicitPrecompiledModules
PruneExplicitPrecompiledModules /Users/admin/builder/spi-builder-workspace/.derivedData/Build/Intermediates.noindex/ExplicitPrecompiledModules
warning: 'SwiftSyntaxMacroExpansion' is missing a dependency on 'SwiftOperators' because dependency scan of Swift module 'SwiftSyntaxMacroExpansion' discovered a dependency on 'SwiftOperators'
warning: 'SwiftSyntaxMacroExpansion' is missing a dependency on 'SwiftOperators' because dependency scan of Swift module 'SwiftSyntaxMacroExpansion' discovered a dependency on 'SwiftOperators'
2026-09-23 23:43:47.177 xcodebuild[1061:5934] [MT] IDERunDestination: Supported platforms for the buildables in the current scheme is empty.
2026-09-23 23:43:47.276 xcodebuild[1061:5934] [MT] IDERunDestination: Supported platforms for the buildables in the current scheme is empty.
** BUILD FAILED **
The following build commands failed:
SwiftDriver FoundationExtensions normal arm64_32 com.apple.xcode.tools.swift.compiler (in target 'FoundationExtensions' from project 'swift-foundation-extensions')
SwiftDriver FoundationExtensions normal arm64 com.apple.xcode.tools.swift.compiler (in target 'FoundationExtensions' from project 'swift-foundation-extensions')
Building workspace swift-cocoa-extensions with scheme swift-cocoa-extensions-Package
(3 failures)
Command line invocation:
/Applications/Xcode-27.0.0-Release.Candidate.app/Contents/Developer/usr/bin/xcodebuild -IDEClonedSourcePackagesDirPathOverride=/Users/admin/builder/spi-builder-workspace/.dependencies -resolvePackageDependencies
Resolve Package Graph
Conflicting identity for swift-syntax: dependency 'github.com/swiftlang/swift-syntax' and dependency 'github.com/apple/swift-syntax' both point to the same package identity 'swift-syntax'. The dependencies are introduced through the following chains: (A) /users/admin/builder/spi-builder-workspace->github.com/pointfreeco/swift-macro-testing->github.com/pointfreeco/swift-snapshot-testing->github.com/swiftlang/swift-syntax (B) /users/admin/builder/spi-builder-workspace->github.com/stackotter/swift-macro-toolkit->github.com/apple/swift-syntax. If there are multiple chains that lead to the same dependency, only the first chain is shown here. To see all chains use debug output option. To resolve the conflict, coordinate with the maintainer of the package that introduces the conflicting dependency. This will be escalated to an error in future versions of SwiftPM.
Resolved source packages:
swift-custom-dump: https://github.com/pointfreeco/swift-custom-dump @ 1.7.3
swift-snapshot-testing: https://github.com/pointfreeco/swift-snapshot-testing @ 1.19.6
swift-cocoa-extensions: /Users/admin/builder/spi-builder-workspace
cocoa-aliases: https://github.com/capturecontext/cocoa-aliases.git @ 2.1.0
swift-macro-testing: https://github.com/pointfreeco/swift-macro-testing.git @ 0.2.2
swift-issue-reporting: https://github.com/pointfreeco/swift-issue-reporting @ 2.1.1
swift-declarative-configuration: https://github.com/capturecontext/swift-declarative-configuration.git @ 0.3.3
swift-macro-toolkit: https://github.com/stackotter/swift-macro-toolkit.git @ 0.3.1
swift-collections: https://github.com/apple/swift-collections @ 1.7.0
swift-foundation-extensions: https://github.com/capturecontext/swift-foundation-extensions.git @ 0.5.0
swift-identified-collections: https://github.com/pointfreeco/swift-identified-collections.git @ 1.1.1
swift-syntax: https://github.com/apple/swift-syntax.git @ 509.0.0
resolved source packages: swift-custom-dump, swift-snapshot-testing, swift-cocoa-extensions, cocoa-aliases, swift-macro-testing, swift-issue-reporting, swift-declarative-configuration, swift-macro-toolkit, swift-collections, swift-foundation-extensions, swift-identified-collections, swift-syntax
2026-09-23 23:44:40.065 xcodebuild[2092:11536] [MT] IDERunDestination: Supported platforms for the buildables in the current scheme is empty.
2026-09-23 23:44:40.163 xcodebuild[2092:11536] [MT] IDERunDestination: Supported platforms for the buildables in the current scheme is empty.
{
"dependencies" : [
{
"identity" : "cocoa-aliases",
"requirement" : {
"range" : [
{
"lower_bound" : "2.0.5",
"upper_bound" : "3.0.0"
}
]
},
"type" : "sourceControl",
"url" : "https://github.com/capturecontext/cocoa-aliases.git"
},
{
"identity" : "swift-declarative-configuration",
"requirement" : {
"range" : [
{
"lower_bound" : "0.3.3",
"upper_bound" : "0.4.0"
}
]
},
"type" : "sourceControl",
"url" : "https://github.com/capturecontext/swift-declarative-configuration.git"
},
{
"identity" : "swift-foundation-extensions",
"requirement" : {
"range" : [
{
"lower_bound" : "0.5.0",
"upper_bound" : "0.6.0"
}
]
},
"type" : "sourceControl",
"url" : "https://github.com/capturecontext/swift-foundation-extensions.git"
},
{
"identity" : "swift-identified-collections",
"requirement" : {
"range" : [
{
"lower_bound" : "1.0.0",
"upper_bound" : "2.0.0"
}
]
},
"type" : "sourceControl",
"url" : "https://github.com/pointfreeco/swift-identified-collections.git"
},
{
"identity" : "swift-macro-toolkit",
"requirement" : {
"range" : [
{
"lower_bound" : "0.3.0",
"upper_bound" : "0.4.0"
}
]
},
"type" : "sourceControl",
"url" : "https://github.com/stackotter/swift-macro-toolkit.git"
},
{
"identity" : "swift-macro-testing",
"requirement" : {
"range" : [
{
"lower_bound" : "0.2.2",
"upper_bound" : "0.3.0"
}
]
},
"type" : "sourceControl",
"url" : "https://github.com/pointfreeco/swift-macro-testing.git"
}
],
"manifest_display_name" : "swift-cocoa-extensions",
"name" : "swift-cocoa-extensions",
"path" : "/Users/admin/builder/spi-builder-workspace",
"platforms" : [
{
"name" : "macos",
"version" : "11.0"
},
{
"name" : "maccatalyst",
"version" : "13.0"
},
{
"name" : "ios",
"version" : "13.0"
},
{
"name" : "tvos",
"version" : "13.0"
},
{
"name" : "watchos",
"version" : "6.0"
}
],
"products" : [
{
"name" : "CocoaExtensions",
"targets" : [
"CocoaExtensions"
],
"type" : {
"library" : [
"automatic"
]
}
},
{
"name" : "CocoaExtensionsMacros",
"targets" : [
"CocoaExtensionsMacros"
],
"type" : {
"library" : [
"automatic"
]
}
},
{
"name" : "CocoaExtensionsMacrosPlugin",
"targets" : [
"CocoaExtensionsMacrosPlugin"
],
"type" : {
"macro" : null
}
}
],
"targets" : [
{
"c99name" : "CocoaExtensionsTests",
"module_type" : "SwiftTarget",
"name" : "CocoaExtensionsTests",
"path" : "Tests/CocoaExtensionsTests",
"sources" : [
"CoreGraphicsTests.swift",
"CustomViewMacroFallbackTests.swift",
"CustomWindowMacroFallbackTests.swift"
],
"target_dependencies" : [
"CocoaExtensions"
],
"type" : "test"
},
{
"c99name" : "CocoaExtensionsMacrosTests",
"module_type" : "SwiftTarget",
"name" : "CocoaExtensionsMacrosTests",
"path" : "Tests/CocoaExtensionsMacrosTests",
"sources" : [
"CustomViewTests.swift",
"CustomWindowTests.swift"
],
"target_dependencies" : [
"CocoaExtensionsMacros"
],
"type" : "test"
},
{
"c99name" : "CocoaExtensionsMacrosPluginTests",
"module_type" : "SwiftTarget",
"name" : "CocoaExtensionsMacrosPluginTests",
"path" : "Tests/CocoaExtensionsMacrosPluginTests",
"product_dependencies" : [
"MacroTesting"
],
"sources" : [
"CustomViewTests.swift",
"CustomWindowTests.swift"
],
"target_dependencies" : [
"CocoaExtensionsMacrosPlugin"
],
"type" : "test"
},
{
"c99name" : "CocoaExtensionsMacrosPlugin",
"module_type" : "SwiftTarget",
"name" : "CocoaExtensionsMacrosPlugin",
"path" : "Sources/CocoaExtensionsMacrosPlugin",
"product_dependencies" : [
"MacroToolkit"
],
"product_memberships" : [
"CocoaExtensionsMacros",
"CocoaExtensionsMacrosPlugin"
],
"sources" : [
"CustomViewMacro/CustomViewMacro.swift",
"CustomWindowMacro/CustomWindowMacro.swift",
"Helpers/Diagnostics+.swift",
"Helpers/Operators.swift",
"Internal/CustomPropertyMacro.swift",
"Internal/Extensions/Type+.swift",
"Plugin.swift"
],
"type" : "macro"
},
{
"c99name" : "CocoaExtensionsMacros",
"module_type" : "SwiftTarget",
"name" : "CocoaExtensionsMacros",
"path" : "Sources/CocoaExtensionsMacros",
"product_dependencies" : [
"FoundationExtensionsMacros"
],
"product_memberships" : [
"CocoaExtensionsMacros"
],
"sources" : [
"Exports.swift",
"Macros.swift"
],
"target_dependencies" : [
"CocoaExtensions",
"CocoaExtensionsMacrosPlugin"
],
"type" : "library"
},
{
"c99name" : "CocoaExtensions",
"module_type" : "SwiftTarget",
"name" : "CocoaExtensions",
"path" : "Sources/CocoaExtensions",
"product_dependencies" : [
"CocoaAliases",
"DeclarativeConfiguration",
"FoundationExtensions",
"IdentifiedCollections"
],
"product_memberships" : [
"CocoaExtensions",
"CocoaExtensionsMacros"
],
"sources" : [
"Components/CollectionView/CollectionView.swift",
"Components/CollectionView/CollectionViewCell.swift",
"Components/CollectionView/CollectionViewDataSource.swift",
"Components/CollectionView/CollectionViewReusableView.swift",
"Components/NSMenu/MenuItemsBuilder.swift",
"Components/NSMenu/NSMenu+.swift",
"Components/NSMenu/NSMenuItem+.swift",
"Components/Toolbar/CustomToolbar.swift",
"Components/Toolbar/ToolbarItem.swift",
"Custom/Controllers/CusomCocoaViewController.swift",
"Custom/Controllers/CustomCocoaWindowController.swift",
"Custom/Controllers/CustomHostingController.swift",
"Custom/Controllers/CustomNavigationController.swift",
"Custom/Controllers/CustomTabBarController.swift",
"Custom/PrefetchingDataSource.swift",
"Custom/Protocols/CustomCocoaViewControllerProtocol.swift",
"Custom/Protocols/CustomCocoaViewProtocol.swift",
"Custom/Protocols/CustomCocoaWindowControllerProtocol.swift",
"Custom/Protocols/CustomCocoaWindowProtocol.swift",
"Custom/Protocols/CustomNSObjectProtocol.swift",
"Custom/Protocols/NavigationControllerDynamicOverridable.swift",
"Custom/Views/CustomCocoaView.swift",
"Custom/Views/CustomCocoaWindow.swift",
"Custom/Views/CustomCollectionView.swift",
"Custom/Views/CustomCollectionViewCell.swift",
"Custom/Views/CustomCollectionViewReusableView.swift",
"Custom/Views/CustomTableView.swift",
"Custom/Views/CustomTableViewCell.swift",
"Exports.swift",
"Extensions/CocoaApplication+.swift",
"Extensions/CocoaReuse.swift",
"Extensions/CompositionalLayout.swift",
"Extensions/CoreGraphics/CGPoint+.swift",
"Extensions/CoreGraphics/CGSize+.swift",
"External/Responder++.swift",
"PropertyWrappers/CustomViewMacroFallback.swift",
"PropertyWrappers/CustomWindowMacroFallback.swift",
"SwiftUI/CocoaComponent.swift",
"SwiftUI/HostingView.swift"
],
"type" : "library"
}
],
"tools_version" : "5.9"
}
{
"workspace" : {
"name" : "swift-cocoa-extensions",
"schemes" : [
"CocoaExtensions",
"CocoaExtensionsMacros",
"CocoaExtensionsMacrosPluginTests",
"CocoaExtensionsMacrosTests",
"CocoaExtensionsTests",
"FoundationExtensions",
"FoundationExtensionsMacros",
"FoundationExtensionsMacrosPluginTests",
"FoundationExtensionsMacrosTests",
"FoundationExtensionsTests",
"swift-cocoa-extensions-Package",
"swift-foundation-extensions-Package"
]
}
}
2026-09-23 23:44:41.749 xcodebuild[2101:11609] [MT] IDERunDestination: Supported platforms for the buildables in the current scheme is empty.
2026-09-23 23:44:41.848 xcodebuild[2101:11609] [MT] IDERunDestination: Supported platforms for the buildables in the current scheme is empty.
Running build ...
env DEVELOPER_DIR=/Applications/Xcode-27.0.0-Release.Candidate.app xcrun xcodebuild -IDEClonedSourcePackagesDirPathOverride=$PWD/.dependencies -skipMacroValidation -skipPackagePluginValidation -derivedDataPath $PWD/.derivedData build -scheme swift-cocoa-extensions-Package -destination generic/platform=watchOS
Command line invocation:
/Applications/Xcode-27.0.0-Release.Candidate.app/Contents/Developer/usr/bin/xcodebuild -IDEClonedSourcePackagesDirPathOverride=/Users/admin/builder/spi-builder-workspace/.dependencies -skipMacroValidation -skipPackagePluginValidation -derivedDataPath /Users/admin/builder/spi-builder-workspace/.derivedData build -scheme swift-cocoa-extensions-Package -destination generic/platform=watchOS
Resolve Package Graph
Conflicting identity for swift-syntax: dependency 'github.com/swiftlang/swift-syntax' and dependency 'github.com/apple/swift-syntax' both point to the same package identity 'swift-syntax'. The dependencies are introduced through the following chains: (A) /users/admin/builder/spi-builder-workspace->github.com/pointfreeco/swift-macro-testing->github.com/pointfreeco/swift-snapshot-testing->github.com/swiftlang/swift-syntax (B) /users/admin/builder/spi-builder-workspace->github.com/pointfreeco/swift-macro-testing->github.com/apple/swift-syntax. If there are multiple chains that lead to the same dependency, only the first chain is shown here. To see all chains use debug output option. To resolve the conflict, coordinate with the maintainer of the package that introduces the conflicting dependency. This will be escalated to an error in future versions of SwiftPM.
Resolved source packages:
swift-snapshot-testing: https://github.com/pointfreeco/swift-snapshot-testing @ 1.19.6
swift-identified-collections: https://github.com/pointfreeco/swift-identified-collections.git @ 1.1.1
swift-custom-dump: https://github.com/pointfreeco/swift-custom-dump @ 1.7.3
swift-issue-reporting: https://github.com/pointfreeco/swift-issue-reporting @ 2.1.1
swift-macro-testing: https://github.com/pointfreeco/swift-macro-testing.git @ 0.2.2
swift-syntax: https://github.com/apple/swift-syntax.git @ 509.0.0
swift-cocoa-extensions: /Users/admin/builder/spi-builder-workspace
swift-foundation-extensions: https://github.com/capturecontext/swift-foundation-extensions.git @ 0.5.0
swift-macro-toolkit: https://github.com/stackotter/swift-macro-toolkit.git @ 0.3.1
cocoa-aliases: https://github.com/capturecontext/cocoa-aliases.git @ 2.1.0
swift-declarative-configuration: https://github.com/capturecontext/swift-declarative-configuration.git @ 0.3.3
swift-collections: https://github.com/apple/swift-collections @ 1.7.0
ComputePackagePrebuildTargetDependencyGraph
Prepare packages
CreateBuildRequest
SendProjectDescription
CreateBuildOperation
ComputeTargetDependencyGraph
note: Building targets in dependency order
note: Target dependency graph (81 targets)
Target 'CocoaExtensionsTests-product' in project 'swift-cocoa-extensions'
➜ Explicit dependency on target 'CocoaExtensions' in project 'swift-cocoa-extensions'
➜ Explicit dependency on target 'CocoaAliases-product' in project 'cocoa-aliases'
➜ Explicit dependency on target 'DeclarativeConfiguration-product' in project 'swift-declarative-configuration'
➜ Explicit dependency on target 'FoundationExtensions-product' in project 'swift-foundation-extensions'
➜ Explicit dependency on target 'IdentifiedCollections-product' in project 'swift-identified-collections'
Target 'CocoaExtensionsMacrosTests-product' in project 'swift-cocoa-extensions'
➜ Explicit dependency on target 'CocoaExtensions' in project 'swift-cocoa-extensions'
➜ Explicit dependency on target 'CocoaExtensionsMacrosPlugin' in project 'swift-cocoa-extensions'
➜ Explicit dependency on target 'CocoaExtensionsMacros' in project 'swift-cocoa-extensions'
➜ Explicit dependency on target 'CocoaAliases-product' in project 'cocoa-aliases'
➜ Explicit dependency on target 'DeclarativeConfiguration-product' in project 'swift-declarative-configuration'
➜ Explicit dependency on target 'FoundationExtensions-product' in project 'swift-foundation-extensions'
➜ Explicit dependency on target 'IdentifiedCollections-product' in project 'swift-identified-collections'
➜ Explicit dependency on target 'FoundationExtensionsMacros-product' in project 'swift-foundation-extensions'
Target 'CocoaExtensionsMacrosPluginTests-product' in project 'swift-cocoa-extensions'
➜ Explicit dependency on target 'CocoaExtensionsMacrosPlugin' in project 'swift-cocoa-extensions'
➜ Explicit dependency on target 'CocoaExtensionsMacrosPlugin' in project 'swift-cocoa-extensions'
➜ Explicit dependency on target 'MacroToolkit-product' in project 'swift-macro-toolkit'
➜ Explicit dependency on target 'MacroTesting-product' in project 'swift-macro-testing'
Target 'MacroTesting-product' in project 'swift-macro-testing'
➜ Explicit dependency on target 'MacroTesting' in project 'swift-macro-testing'
➜ Explicit dependency on target 'InlineSnapshotTesting-product' in project 'swift-snapshot-testing'
➜ Explicit dependency on target 'SwiftDiagnostics-product' in project 'swift-syntax'
➜ Explicit dependency on target 'SwiftOperators-product' in project 'swift-syntax'
➜ Explicit dependency on target 'SwiftParserDiagnostics-product' in project 'swift-syntax'
➜ Explicit dependency on target 'SwiftSyntaxMacros-product' in project 'swift-syntax'
➜ Explicit dependency on target 'SwiftSyntaxMacrosTestSupport-product' in project 'swift-syntax'
Target 'MacroTesting' in project 'swift-macro-testing'
➜ Explicit dependency on target 'InlineSnapshotTesting-product' in project 'swift-snapshot-testing'
➜ Explicit dependency on target 'SwiftDiagnostics-product' in project 'swift-syntax'
➜ Explicit dependency on target 'SwiftOperators-product' in project 'swift-syntax'
➜ Explicit dependency on target 'SwiftParserDiagnostics-product' in project 'swift-syntax'
➜ Explicit dependency on target 'SwiftSyntaxMacros-product' in project 'swift-syntax'
➜ Explicit dependency on target 'SwiftSyntaxMacrosTestSupport-product' in project 'swift-syntax'
Target 'SwiftSyntaxMacrosTestSupport-product' in project 'swift-syntax'
➜ Explicit dependency on target 'SwiftSyntaxMacrosTestSupport' in project 'swift-syntax'
➜ Explicit dependency on target 'SwiftSyntax509' in project 'swift-syntax'
➜ Explicit dependency on target 'SwiftSyntax' in project 'swift-syntax'
➜ Explicit dependency on target 'SwiftBasicFormat' in project 'swift-syntax'
➜ Explicit dependency on target 'SwiftParser' in project 'swift-syntax'
➜ Explicit dependency on target 'SwiftDiagnostics' in project 'swift-syntax'
➜ Explicit dependency on target 'SwiftParserDiagnostics' in project 'swift-syntax'
➜ Explicit dependency on target 'SwiftSyntaxBuilder' in project 'swift-syntax'
➜ Explicit dependency on target '_SwiftSyntaxTestSupport' in project 'swift-syntax'
➜ Explicit dependency on target 'SwiftSyntaxMacros' in project 'swift-syntax'
➜ Explicit dependency on target 'SwiftSyntaxMacroExpansion' in project 'swift-syntax'
Target 'SwiftSyntaxMacrosTestSupport' in project 'swift-syntax'
➜ Explicit dependency on target 'SwiftSyntax509' in project 'swift-syntax'
➜ Explicit dependency on target 'SwiftSyntax' in project 'swift-syntax'
➜ Explicit dependency on target 'SwiftBasicFormat' in project 'swift-syntax'
➜ Explicit dependency on target 'SwiftParser' in project 'swift-syntax'
➜ Explicit dependency on target 'SwiftDiagnostics' in project 'swift-syntax'
➜ Explicit dependency on target 'SwiftParserDiagnostics' in project 'swift-syntax'
➜ Explicit dependency on target 'SwiftSyntaxBuilder' in project 'swift-syntax'
➜ Explicit dependency on target '_SwiftSyntaxTestSupport' in project 'swift-syntax'
➜ Explicit dependency on target 'SwiftSyntaxMacros' in project 'swift-syntax'
➜ Explicit dependency on target 'SwiftSyntaxMacroExpansion' in project 'swift-syntax'
Target '_SwiftSyntaxTestSupport' in project 'swift-syntax'
➜ Explicit dependency on target 'SwiftSyntax509' in project 'swift-syntax'
➜ Explicit dependency on target 'SwiftSyntax' in project 'swift-syntax'
➜ Explicit dependency on target 'SwiftBasicFormat' in project 'swift-syntax'
➜ Explicit dependency on target 'SwiftParser' in project 'swift-syntax'
➜ Explicit dependency on target 'SwiftDiagnostics' in project 'swift-syntax'
➜ Explicit dependency on target 'SwiftParserDiagnostics' in project 'swift-syntax'
➜ Explicit dependency on target 'SwiftSyntaxBuilder' in project 'swift-syntax'
Target 'SwiftParserDiagnostics-product' in project 'swift-syntax'
➜ Explicit dependency on target 'SwiftParserDiagnostics' in project 'swift-syntax'
➜ Explicit dependency on target 'SwiftSyntax509' in project 'swift-syntax'
➜ Explicit dependency on target 'SwiftSyntax' in project 'swift-syntax'
➜ Explicit dependency on target 'SwiftBasicFormat' in project 'swift-syntax'
➜ Explicit dependency on target 'SwiftDiagnostics' in project 'swift-syntax'
➜ Explicit dependency on target 'SwiftParser' in project 'swift-syntax'
Target 'SwiftOperators-product' in project 'swift-syntax'
➜ Explicit dependency on target 'SwiftOperators' in project 'swift-syntax'
➜ Explicit dependency on target 'SwiftSyntax509' in project 'swift-syntax'
➜ Explicit dependency on target 'SwiftSyntax' in project 'swift-syntax'
➜ Explicit dependency on target 'SwiftDiagnostics' in project 'swift-syntax'
➜ Explicit dependency on target 'SwiftParser' in project 'swift-syntax'
Target 'SwiftDiagnostics-product' in project 'swift-syntax'
➜ Explicit dependency on target 'SwiftDiagnostics' in project 'swift-syntax'
➜ Explicit dependency on target 'SwiftSyntax509' in project 'swift-syntax'
➜ Explicit dependency on target 'SwiftSyntax' in project 'swift-syntax'
Target 'InlineSnapshotTesting-product' in project 'swift-snapshot-testing'
➜ Explicit dependency on target 'InlineSnapshotTesting' in project 'swift-snapshot-testing'
➜ Explicit dependency on target 'SnapshotTesting' in project 'swift-snapshot-testing'
➜ Explicit dependency on target 'SnapshotTestingCustomDump' in project 'swift-snapshot-testing'
➜ Explicit dependency on target 'CustomDump-product' in project 'swift-custom-dump'
➜ Explicit dependency on target 'SwiftParser-product' in project 'swift-syntax'
➜ Explicit dependency on target 'SwiftSyntax-product' in project 'swift-syntax'
➜ Explicit dependency on target 'SwiftSyntaxBuilder-product' in project 'swift-syntax'
Target 'InlineSnapshotTesting' in project 'swift-snapshot-testing'
➜ Explicit dependency on target 'SnapshotTesting' in project 'swift-snapshot-testing'
➜ Explicit dependency on target 'SnapshotTestingCustomDump' in project 'swift-snapshot-testing'
➜ Explicit dependency on target 'CustomDump-product' in project 'swift-custom-dump'
➜ Explicit dependency on target 'SwiftParser-product' in project 'swift-syntax'
➜ Explicit dependency on target 'SwiftSyntax-product' in project 'swift-syntax'
➜ Explicit dependency on target 'SwiftSyntaxBuilder-product' in project 'swift-syntax'
Target 'SwiftSyntaxBuilder-product' in project 'swift-syntax'
➜ Explicit dependency on target 'SwiftSyntaxBuilder' in project 'swift-syntax'
➜ Explicit dependency on target 'SwiftSyntax509' in project 'swift-syntax'
➜ Explicit dependency on target 'SwiftSyntax' in project 'swift-syntax'
➜ Explicit dependency on target 'SwiftBasicFormat' in project 'swift-syntax'
➜ Explicit dependency on target 'SwiftParser' in project 'swift-syntax'
➜ Explicit dependency on target 'SwiftDiagnostics' in project 'swift-syntax'
➜ Explicit dependency on target 'SwiftParserDiagnostics' in project 'swift-syntax'
Target 'SwiftParser-product' in project 'swift-syntax'
➜ Explicit dependency on target 'SwiftParser' in project 'swift-syntax'
➜ Explicit dependency on target 'SwiftSyntax509' in project 'swift-syntax'
➜ Explicit dependency on target 'SwiftSyntax' in project 'swift-syntax'
Target 'SnapshotTestingCustomDump' in project 'swift-snapshot-testing'
➜ Explicit dependency on target 'SnapshotTesting' in project 'swift-snapshot-testing'
➜ Explicit dependency on target 'CustomDump-product' in project 'swift-custom-dump'
Target 'SnapshotTesting' in project 'swift-snapshot-testing' (no dependencies)
Target 'CocoaExtensionsMacrosPlugin' in project 'swift-cocoa-extensions'
➜ Explicit dependency on target 'MacroToolkit-product' in project 'swift-macro-toolkit'
Target 'MacroToolkit-product' in project 'swift-macro-toolkit'
➜ Explicit dependency on target 'MacroToolkit' in project 'swift-macro-toolkit'
➜ Explicit dependency on target 'SwiftSyntax-product' in project 'swift-syntax'
➜ Explicit dependency on target 'SwiftSyntaxMacros-product' in project 'swift-syntax'
➜ Explicit dependency on target 'SwiftCompilerPlugin-product' in project 'swift-syntax'
Target 'MacroToolkit' in project 'swift-macro-toolkit'
➜ Explicit dependency on target 'SwiftSyntax-product' in project 'swift-syntax'
➜ Explicit dependency on target 'SwiftSyntaxMacros-product' in project 'swift-syntax'
➜ Explicit dependency on target 'SwiftCompilerPlugin-product' in project 'swift-syntax'
Target 'SwiftCompilerPlugin-product' in project 'swift-syntax'
➜ Explicit dependency on target 'SwiftCompilerPlugin' in project 'swift-syntax'
➜ Explicit dependency on target 'SwiftSyntax509' in project 'swift-syntax'
➜ Explicit dependency on target 'SwiftSyntax' in project 'swift-syntax'
➜ Explicit dependency on target 'SwiftDiagnostics' in project 'swift-syntax'
➜ Explicit dependency on target 'SwiftParser' in project 'swift-syntax'
➜ Explicit dependency on target 'SwiftOperators' in project 'swift-syntax'
➜ Explicit dependency on target 'SwiftBasicFormat' in project 'swift-syntax'
➜ Explicit dependency on target 'SwiftParserDiagnostics' in project 'swift-syntax'
➜ Explicit dependency on target 'SwiftSyntaxBuilder' in project 'swift-syntax'
➜ Explicit dependency on target 'SwiftSyntaxMacros' in project 'swift-syntax'
➜ Explicit dependency on target 'SwiftSyntaxMacroExpansion' in project 'swift-syntax'
➜ Explicit dependency on target 'SwiftCompilerPluginMessageHandling' in project 'swift-syntax'
Target 'SwiftCompilerPlugin' in project 'swift-syntax'
➜ Explicit dependency on target 'SwiftSyntax509' in project 'swift-syntax'
➜ Explicit dependency on target 'SwiftSyntax' in project 'swift-syntax'
➜ Explicit dependency on target 'SwiftDiagnostics' in project 'swift-syntax'
➜ Explicit dependency on target 'SwiftParser' in project 'swift-syntax'
➜ Explicit dependency on target 'SwiftOperators' in project 'swift-syntax'
➜ Explicit dependency on target 'SwiftBasicFormat' in project 'swift-syntax'
➜ Explicit dependency on target 'SwiftParserDiagnostics' in project 'swift-syntax'
➜ Explicit dependency on target 'SwiftSyntaxBuilder' in project 'swift-syntax'
➜ Explicit dependency on target 'SwiftSyntaxMacros' in project 'swift-syntax'
➜ Explicit dependency on target 'SwiftSyntaxMacroExpansion' in project 'swift-syntax'
➜ Explicit dependency on target 'SwiftCompilerPluginMessageHandling' in project 'swift-syntax'
Target 'SwiftCompilerPluginMessageHandling' in project 'swift-syntax'
➜ Explicit dependency on target 'SwiftSyntax509' in project 'swift-syntax'
➜ Explicit dependency on target 'SwiftSyntax' in project 'swift-syntax'
➜ Explicit dependency on target 'SwiftDiagnostics' in project 'swift-syntax'
➜ Explicit dependency on target 'SwiftParser' in project 'swift-syntax'
➜ Explicit dependency on target 'SwiftOperators' in project 'swift-syntax'
➜ Explicit dependency on target 'SwiftBasicFormat' in project 'swift-syntax'
➜ Explicit dependency on target 'SwiftParserDiagnostics' in project 'swift-syntax'
➜ Explicit dependency on target 'SwiftSyntaxBuilder' in project 'swift-syntax'
➜ Explicit dependency on target 'SwiftSyntaxMacros' in project 'swift-syntax'
➜ Explicit dependency on target 'SwiftSyntaxMacroExpansion' in project 'swift-syntax'
Target 'SwiftSyntaxMacroExpansion' in project 'swift-syntax'
➜ Explicit dependency on target 'SwiftSyntax509' in project 'swift-syntax'
➜ Explicit dependency on target 'SwiftSyntax' in project 'swift-syntax'
➜ Explicit dependency on target 'SwiftBasicFormat' in project 'swift-syntax'
➜ Explicit dependency on target 'SwiftParser' in project 'swift-syntax'
➜ Explicit dependency on target 'SwiftDiagnostics' in project 'swift-syntax'
➜ Explicit dependency on target 'SwiftParserDiagnostics' in project 'swift-syntax'
➜ Explicit dependency on target 'SwiftSyntaxBuilder' in project 'swift-syntax'
➜ Explicit dependency on target 'SwiftSyntaxMacros' in project 'swift-syntax'
Target 'SwiftOperators' in project 'swift-syntax'
➜ Explicit dependency on target 'SwiftSyntax509' in project 'swift-syntax'
➜ Explicit dependency on target 'SwiftSyntax' in project 'swift-syntax'
➜ Explicit dependency on target 'SwiftDiagnostics' in project 'swift-syntax'
➜ Explicit dependency on target 'SwiftParser' in project 'swift-syntax'
Target 'SwiftSyntaxMacros-product' in project 'swift-syntax'
➜ Explicit dependency on target 'SwiftSyntaxMacros' in project 'swift-syntax'
➜ Explicit dependency on target 'SwiftSyntax509' in project 'swift-syntax'
➜ Explicit dependency on target 'SwiftSyntax' in project 'swift-syntax'
➜ Explicit dependency on target 'SwiftDiagnostics' in project 'swift-syntax'
➜ Explicit dependency on target 'SwiftParser' in project 'swift-syntax'
➜ Explicit dependency on target 'SwiftBasicFormat' in project 'swift-syntax'
➜ Explicit dependency on target 'SwiftParserDiagnostics' in project 'swift-syntax'
➜ Explicit dependency on target 'SwiftSyntaxBuilder' in project 'swift-syntax'
Target 'SwiftSyntaxMacros' in project 'swift-syntax'
➜ Explicit dependency on target 'SwiftSyntax509' in project 'swift-syntax'
➜ Explicit dependency on target 'SwiftSyntax' in project 'swift-syntax'
➜ Explicit dependency on target 'SwiftDiagnostics' in project 'swift-syntax'
➜ Explicit dependency on target 'SwiftParser' in project 'swift-syntax'
➜ Explicit dependency on target 'SwiftBasicFormat' in project 'swift-syntax'
➜ Explicit dependency on target 'SwiftParserDiagnostics' in project 'swift-syntax'
➜ Explicit dependency on target 'SwiftSyntaxBuilder' in project 'swift-syntax'
Target 'SwiftSyntaxBuilder' in project 'swift-syntax'
➜ Explicit dependency on target 'SwiftSyntax509' in project 'swift-syntax'
➜ Explicit dependency on target 'SwiftSyntax' in project 'swift-syntax'
➜ Explicit dependency on target 'SwiftBasicFormat' in project 'swift-syntax'
➜ Explicit dependency on target 'SwiftParser' in project 'swift-syntax'
➜ Explicit dependency on target 'SwiftDiagnostics' in project 'swift-syntax'
➜ Explicit dependency on target 'SwiftParserDiagnostics' in project 'swift-syntax'
Target 'SwiftParserDiagnostics' in project 'swift-syntax'
➜ Explicit dependency on target 'SwiftSyntax509' in project 'swift-syntax'
➜ Explicit dependency on target 'SwiftSyntax' in project 'swift-syntax'
➜ Explicit dependency on target 'SwiftBasicFormat' in project 'swift-syntax'
➜ Explicit dependency on target 'SwiftDiagnostics' in project 'swift-syntax'
➜ Explicit dependency on target 'SwiftParser' in project 'swift-syntax'
Target 'SwiftBasicFormat' in project 'swift-syntax'
➜ Explicit dependency on target 'SwiftSyntax509' in project 'swift-syntax'
➜ Explicit dependency on target 'SwiftSyntax' in project 'swift-syntax'
Target 'SwiftParser' in project 'swift-syntax'
➜ Explicit dependency on target 'SwiftSyntax509' in project 'swift-syntax'
➜ Explicit dependency on target 'SwiftSyntax' in project 'swift-syntax'
Target 'SwiftDiagnostics' in project 'swift-syntax'
➜ Explicit dependency on target 'SwiftSyntax509' in project 'swift-syntax'
➜ Explicit dependency on target 'SwiftSyntax' in project 'swift-syntax'
Target 'SwiftSyntax-product' in project 'swift-syntax'
➜ Explicit dependency on target 'SwiftSyntax' in project 'swift-syntax'
➜ Explicit dependency on target 'SwiftSyntax509' in project 'swift-syntax'
Target 'SwiftSyntax' in project 'swift-syntax'
➜ Explicit dependency on target 'SwiftSyntax509' in project 'swift-syntax'
Target 'SwiftSyntax509' in project 'swift-syntax' (no dependencies)
Target 'CocoaExtensionsMacros-product' in project 'swift-cocoa-extensions'
➜ Explicit dependency on target 'CocoaExtensionsMacros' in project 'swift-cocoa-extensions'
➜ Explicit dependency on target 'CocoaExtensions' in project 'swift-cocoa-extensions'
➜ Explicit dependency on target 'CocoaExtensionsMacrosPlugin' in project 'swift-cocoa-extensions'
➜ Explicit dependency on target 'CocoaAliases-product' in project 'cocoa-aliases'
➜ Explicit dependency on target 'DeclarativeConfiguration-product' in project 'swift-declarative-configuration'
➜ Explicit dependency on target 'FoundationExtensions-product' in project 'swift-foundation-extensions'
➜ Explicit dependency on target 'IdentifiedCollections-product' in project 'swift-identified-collections'
➜ Explicit dependency on target 'FoundationExtensionsMacros-product' in project 'swift-foundation-extensions'
Target 'CocoaExtensionsMacros' in project 'swift-cocoa-extensions'
➜ Explicit dependency on target 'CocoaExtensions' in project 'swift-cocoa-extensions'
➜ Explicit dependency on target 'CocoaExtensionsMacrosPlugin' in project 'swift-cocoa-extensions'
➜ Explicit dependency on target 'CocoaAliases-product' in project 'cocoa-aliases'
➜ Explicit dependency on target 'DeclarativeConfiguration-product' in project 'swift-declarative-configuration'
➜ Explicit dependency on target 'FoundationExtensions-product' in project 'swift-foundation-extensions'
➜ Explicit dependency on target 'IdentifiedCollections-product' in project 'swift-identified-collections'
➜ Explicit dependency on target 'FoundationExtensionsMacros-product' in project 'swift-foundation-extensions'
Target 'FoundationExtensionsMacros-product' in project 'swift-foundation-extensions'
➜ Explicit dependency on target 'FoundationExtensionsMacros' in project 'swift-foundation-extensions'
➜ Explicit dependency on target 'FoundationExtensions' in project 'swift-foundation-extensions'
➜ Explicit dependency on target 'FoundationExtensionsMacrosPlugin' in project 'swift-foundation-extensions'
➜ Explicit dependency on target 'FunctionalKeyPath-product' in project 'swift-declarative-configuration'
➜ Explicit dependency on target 'CustomDump-product' in project 'swift-custom-dump'
Target 'FoundationExtensionsMacros' in project 'swift-foundation-extensions'
➜ Explicit dependency on target 'FoundationExtensions' in project 'swift-foundation-extensions'
➜ Explicit dependency on target 'FoundationExtensionsMacrosPlugin' in project 'swift-foundation-extensions'
➜ Explicit dependency on target 'FunctionalKeyPath-product' in project 'swift-declarative-configuration'
➜ Explicit dependency on target 'CustomDump-product' in project 'swift-custom-dump'
Target 'FoundationExtensionsMacrosPlugin' in project 'swift-foundation-extensions'
➜ Explicit dependency on target 'MacroToolkit-product' in project 'swift-macro-toolkit'
Target 'CocoaExtensionsMacrosPlugin' in project 'swift-cocoa-extensions'
➜ Explicit dependency on target 'MacroToolkit-product' in project 'swift-macro-toolkit'
Target 'MacroToolkit-product' in project 'swift-macro-toolkit'
➜ Explicit dependency on target 'MacroToolkit' in project 'swift-macro-toolkit'
➜ Explicit dependency on target 'SwiftSyntax-product' in project 'swift-syntax'
➜ Explicit dependency on target 'SwiftSyntaxMacros-product' in project 'swift-syntax'
➜ Explicit dependency on target 'SwiftCompilerPlugin-product' in project 'swift-syntax'
Target 'MacroToolkit' in project 'swift-macro-toolkit'
➜ Explicit dependency on target 'SwiftSyntax-product' in project 'swift-syntax'
➜ Explicit dependency on target 'SwiftSyntaxMacros-product' in project 'swift-syntax'
➜ Explicit dependency on target 'SwiftCompilerPlugin-product' in project 'swift-syntax'
Target 'SwiftCompilerPlugin-product' in project 'swift-syntax'
➜ Explicit dependency on target 'SwiftCompilerPlugin' in project 'swift-syntax'
➜ Explicit dependency on target 'SwiftSyntax509' in project 'swift-syntax'
➜ Explicit dependency on target 'SwiftSyntax' in project 'swift-syntax'
➜ Explicit dependency on target 'SwiftDiagnostics' in project 'swift-syntax'
➜ Explicit dependency on target 'SwiftParser' in project 'swift-syntax'
➜ Explicit dependency on target 'SwiftOperators' in project 'swift-syntax'
➜ Explicit dependency on target 'SwiftBasicFormat' in project 'swift-syntax'
➜ Explicit dependency on target 'SwiftParserDiagnostics' in project 'swift-syntax'
➜ Explicit dependency on target 'SwiftSyntaxBuilder' in project 'swift-syntax'
➜ Explicit dependency on target 'SwiftSyntaxMacros' in project 'swift-syntax'
➜ Explicit dependency on target 'SwiftSyntaxMacroExpansion' in project 'swift-syntax'
➜ Explicit dependency on target 'SwiftCompilerPluginMessageHandling' in project 'swift-syntax'
Target 'SwiftCompilerPlugin' in project 'swift-syntax'
➜ Explicit dependency on target 'SwiftSyntax509' in project 'swift-syntax'
➜ Explicit dependency on target 'SwiftSyntax' in project 'swift-syntax'
➜ Explicit dependency on target 'SwiftDiagnostics' in project 'swift-syntax'
➜ Explicit dependency on target 'SwiftParser' in project 'swift-syntax'
➜ Explicit dependency on target 'SwiftOperators' in project 'swift-syntax'
➜ Explicit dependency on target 'SwiftBasicFormat' in project 'swift-syntax'
➜ Explicit dependency on target 'SwiftParserDiagnostics' in project 'swift-syntax'
➜ Explicit dependency on target 'SwiftSyntaxBuilder' in project 'swift-syntax'
➜ Explicit dependency on target 'SwiftSyntaxMacros' in project 'swift-syntax'
➜ Explicit dependency on target 'SwiftSyntaxMacroExpansion' in project 'swift-syntax'
➜ Explicit dependency on target 'SwiftCompilerPluginMessageHandling' in project 'swift-syntax'
Target 'SwiftCompilerPluginMessageHandling' in project 'swift-syntax'
➜ Explicit dependency on target 'SwiftSyntax509' in project 'swift-syntax'
➜ Explicit dependency on target 'SwiftSyntax' in project 'swift-syntax'
➜ Explicit dependency on target 'SwiftDiagnostics' in project 'swift-syntax'
➜ Explicit dependency on target 'SwiftParser' in project 'swift-syntax'
➜ Explicit dependency on target 'SwiftOperators' in project 'swift-syntax'
➜ Explicit dependency on target 'SwiftBasicFormat' in project 'swift-syntax'
➜ Explicit dependency on target 'SwiftParserDiagnostics' in project 'swift-syntax'
➜ Explicit dependency on target 'SwiftSyntaxBuilder' in project 'swift-syntax'
➜ Explicit dependency on target 'SwiftSyntaxMacros' in project 'swift-syntax'
➜ Explicit dependency on target 'SwiftSyntaxMacroExpansion' in project 'swift-syntax'
Target 'SwiftSyntaxMacroExpansion' in project 'swift-syntax'
➜ Explicit dependency on target 'SwiftSyntax509' in project 'swift-syntax'
➜ Explicit dependency on target 'SwiftSyntax' in project 'swift-syntax'
➜ Explicit dependency on target 'SwiftBasicFormat' in project 'swift-syntax'
➜ Explicit dependency on target 'SwiftParser' in project 'swift-syntax'
➜ Explicit dependency on target 'SwiftDiagnostics' in project 'swift-syntax'
➜ Explicit dependency on target 'SwiftParserDiagnostics' in project 'swift-syntax'
➜ Explicit dependency on target 'SwiftSyntaxBuilder' in project 'swift-syntax'
➜ Explicit dependency on target 'SwiftSyntaxMacros' in project 'swift-syntax'
Target 'SwiftOperators' in project 'swift-syntax'
➜ Explicit dependency on target 'SwiftSyntax509' in project 'swift-syntax'
➜ Explicit dependency on target 'SwiftSyntax' in project 'swift-syntax'
➜ Explicit dependency on target 'SwiftDiagnostics' in project 'swift-syntax'
➜ Explicit dependency on target 'SwiftParser' in project 'swift-syntax'
Target 'SwiftSyntaxMacros-product' in project 'swift-syntax'
➜ Explicit dependency on target 'SwiftSyntaxMacros' in project 'swift-syntax'
➜ Explicit dependency on target 'SwiftSyntax509' in project 'swift-syntax'
➜ Explicit dependency on target 'SwiftSyntax' in project 'swift-syntax'
➜ Explicit dependency on target 'SwiftDiagnostics' in project 'swift-syntax'
➜ Explicit dependency on target 'SwiftParser' in project 'swift-syntax'
➜ Explicit dependency on target 'SwiftBasicFormat' in project 'swift-syntax'
➜ Explicit dependency on target 'SwiftParserDiagnostics' in project 'swift-syntax'
➜ Explicit dependency on target 'SwiftSyntaxBuilder' in project 'swift-syntax'
Target 'SwiftSyntaxMacros' in project 'swift-syntax'
➜ Explicit dependency on target 'SwiftSyntax509' in project 'swift-syntax'
➜ Explicit dependency on target 'SwiftSyntax' in project 'swift-syntax'
➜ Explicit dependency on target 'SwiftDiagnostics' in project 'swift-syntax'
➜ Explicit dependency on target 'SwiftParser' in project 'swift-syntax'
➜ Explicit dependency on target 'SwiftBasicFormat' in project 'swift-syntax'
➜ Explicit dependency on target 'SwiftParserDiagnostics' in project 'swift-syntax'
➜ Explicit dependency on target 'SwiftSyntaxBuilder' in project 'swift-syntax'
Target 'SwiftSyntaxBuilder' in project 'swift-syntax'
➜ Explicit dependency on target 'SwiftSyntax509' in project 'swift-syntax'
➜ Explicit dependency on target 'SwiftSyntax' in project 'swift-syntax'
➜ Explicit dependency on target 'SwiftBasicFormat' in project 'swift-syntax'
➜ Explicit dependency on target 'SwiftParser' in project 'swift-syntax'
➜ Explicit dependency on target 'SwiftDiagnostics' in project 'swift-syntax'
➜ Explicit dependency on target 'SwiftParserDiagnostics' in project 'swift-syntax'
Target 'SwiftParserDiagnostics' in project 'swift-syntax'
➜ Explicit dependency on target 'SwiftSyntax509' in project 'swift-syntax'
➜ Explicit dependency on target 'SwiftSyntax' in project 'swift-syntax'
➜ Explicit dependency on target 'SwiftBasicFormat' in project 'swift-syntax'
➜ Explicit dependency on target 'SwiftDiagnostics' in project 'swift-syntax'
➜ Explicit dependency on target 'SwiftParser' in project 'swift-syntax'
Target 'SwiftBasicFormat' in project 'swift-syntax'
➜ Explicit dependency on target 'SwiftSyntax509' in project 'swift-syntax'
➜ Explicit dependency on target 'SwiftSyntax' in project 'swift-syntax'
Target 'SwiftParser' in project 'swift-syntax'
➜ Explicit dependency on target 'SwiftSyntax509' in project 'swift-syntax'
➜ Explicit dependency on target 'SwiftSyntax' in project 'swift-syntax'
Target 'SwiftDiagnostics' in project 'swift-syntax'
➜ Explicit dependency on target 'SwiftSyntax509' in project 'swift-syntax'
➜ Explicit dependency on target 'SwiftSyntax' in project 'swift-syntax'
Target 'SwiftSyntax-product' in project 'swift-syntax'
➜ Explicit dependency on target 'SwiftSyntax' in project 'swift-syntax'
➜ Explicit dependency on target 'SwiftSyntax509' in project 'swift-syntax'
Target 'SwiftSyntax' in project 'swift-syntax'
➜ Explicit dependency on target 'SwiftSyntax509' in project 'swift-syntax'
Target 'SwiftSyntax509' in project 'swift-syntax' (no dependencies)
Target 'CocoaExtensions-product' in project 'swift-cocoa-extensions'
➜ Explicit dependency on target 'CocoaExtensions' in project 'swift-cocoa-extensions'
➜ Explicit dependency on target 'CocoaAliases-product' in project 'cocoa-aliases'
➜ Explicit dependency on target 'DeclarativeConfiguration-product' in project 'swift-declarative-configuration'
➜ Explicit dependency on target 'FoundationExtensions-product' in project 'swift-foundation-extensions'
➜ Explicit dependency on target 'IdentifiedCollections-product' in project 'swift-identified-collections'
Target 'CocoaExtensions' in project 'swift-cocoa-extensions'
➜ Explicit dependency on target 'CocoaAliases-product' in project 'cocoa-aliases'
➜ Explicit dependency on target 'DeclarativeConfiguration-product' in project 'swift-declarative-configuration'
➜ Explicit dependency on target 'FoundationExtensions-product' in project 'swift-foundation-extensions'
➜ Explicit dependency on target 'IdentifiedCollections-product' in project 'swift-identified-collections'
Target 'IdentifiedCollections-product' in project 'swift-identified-collections'
➜ Explicit dependency on target 'IdentifiedCollections' in project 'swift-identified-collections'
➜ Explicit dependency on target 'OrderedCollections-product' in project 'swift-collections'
Target 'IdentifiedCollections' in project 'swift-identified-collections'
➜ Explicit dependency on target 'OrderedCollections-product' in project 'swift-collections'
Target 'OrderedCollections-product' in project 'swift-collections'
➜ Explicit dependency on target 'OrderedCollections' in project 'swift-collections'
➜ Explicit dependency on target 'InternalCollectionsUtilities' in project 'swift-collections'
Target 'OrderedCollections' in project 'swift-collections'
➜ Explicit dependency on target 'InternalCollectionsUtilities' in project 'swift-collections'
Target 'InternalCollectionsUtilities' in project 'swift-collections' (no dependencies)
Target 'FoundationExtensions-product' in project 'swift-foundation-extensions'
➜ Explicit dependency on target 'FoundationExtensions' in project 'swift-foundation-extensions'
➜ Explicit dependency on target 'FunctionalKeyPath-product' in project 'swift-declarative-configuration'
➜ Explicit dependency on target 'CustomDump-product' in project 'swift-custom-dump'
Target 'FoundationExtensions' in project 'swift-foundation-extensions'
➜ Explicit dependency on target 'FunctionalKeyPath-product' in project 'swift-declarative-configuration'
➜ Explicit dependency on target 'CustomDump-product' in project 'swift-custom-dump'
Target 'CustomDump-product' in project 'swift-custom-dump'
➜ Explicit dependency on target 'CustomDump' in project 'swift-custom-dump'
➜ Explicit dependency on target 'IssueReporting-product' in project 'swift-issue-reporting'
Target 'CustomDump' in project 'swift-custom-dump'
➜ Explicit dependency on target 'IssueReporting-product' in project 'swift-issue-reporting'
Target 'IssueReporting-product' in project 'swift-issue-reporting'
➜ Explicit dependency on target 'IssueReporting' in project 'swift-issue-reporting'
Target 'IssueReporting' in project 'swift-issue-reporting' (no dependencies)
Target 'FunctionalKeyPath-product' in project 'swift-declarative-configuration'
➜ Explicit dependency on target 'FunctionalKeyPath' in project 'swift-declarative-configuration'
➜ Explicit dependency on target 'FunctionalModification' in project 'swift-declarative-configuration'
Target 'DeclarativeConfiguration-product' in project 'swift-declarative-configuration'
➜ Explicit dependency on target 'DeclarativeConfiguration' in project 'swift-declarative-configuration'
➜ Explicit dependency on target 'FunctionalModification' in project 'swift-declarative-configuration'
➜ Explicit dependency on target 'FunctionalKeyPath' in project 'swift-declarative-configuration'
➜ Explicit dependency on target 'FunctionalConfigurator' in project 'swift-declarative-configuration'
➜ Explicit dependency on target 'FunctionalBuilder' in project 'swift-declarative-configuration'
➜ Explicit dependency on target 'FunctionalClosures' in project 'swift-declarative-configuration'
Target 'DeclarativeConfiguration' in project 'swift-declarative-configuration'
➜ Explicit dependency on target 'FunctionalModification' in project 'swift-declarative-configuration'
➜ Explicit dependency on target 'FunctionalKeyPath' in project 'swift-declarative-configuration'
➜ Explicit dependency on target 'FunctionalConfigurator' in project 'swift-declarative-configuration'
➜ Explicit dependency on target 'FunctionalBuilder' in project 'swift-declarative-configuration'
➜ Explicit dependency on target 'FunctionalClosures' in project 'swift-declarative-configuration'
Target 'FunctionalClosures' in project 'swift-declarative-configuration' (no dependencies)
Target 'FunctionalBuilder' in project 'swift-declarative-configuration'
➜ Explicit dependency on target 'FunctionalModification' in project 'swift-declarative-configuration'
➜ Explicit dependency on target 'FunctionalKeyPath' in project 'swift-declarative-configuration'
➜ Explicit dependency on target 'FunctionalConfigurator' in project 'swift-declarative-configuration'
Target 'FunctionalConfigurator' in project 'swift-declarative-configuration'
➜ Explicit dependency on target 'FunctionalModification' in project 'swift-declarative-configuration'
➜ Explicit dependency on target 'FunctionalKeyPath' in project 'swift-declarative-configuration'
Target 'FunctionalKeyPath' in project 'swift-declarative-configuration'
➜ Explicit dependency on target 'FunctionalModification' in project 'swift-declarative-configuration'
Target 'FunctionalModification' in project 'swift-declarative-configuration' (no dependencies)
Target 'CocoaAliases-product' in project 'cocoa-aliases'
➜ Explicit dependency on target 'CocoaAliases' in project 'cocoa-aliases'
Target 'CocoaAliases' in project 'cocoa-aliases' (no dependencies)
GatherProvisioningInputs
CreateBuildDescription
ClangStatCache /Applications/Xcode-27.0.0-Release.Candidate.app/Contents/Developer/Toolchains/XcodeDefault.xctoolchain/usr/bin/clang-stat-cache /Applications/Xcode-27.0.0-Release.Candidate.app/Contents/Developer/Platforms/MacOSX.platform/Developer/SDKs/MacOSX27.0.sdk /Users/admin/builder/spi-builder-workspace/.derivedData/SDKStatCaches.noindex/macosx27.0-26A425-e829b21a6f8c9b70876ba0858053c0446a22442a12e9d48fe1a705f55a1adfc4.sdkstatcache
cd /Users/admin/builder/spi-builder-workspace/.swiftpm/xcode
/Applications/Xcode-27.0.0-Release.Candidate.app/Contents/Developer/Toolchains/XcodeDefault.xctoolchain/usr/bin/clang-stat-cache /Applications/Xcode-27.0.0-Release.Candidate.app/Contents/Developer/Platforms/MacOSX.platform/Developer/SDKs/MacOSX27.0.sdk -o /Users/admin/builder/spi-builder-workspace/.derivedData/SDKStatCaches.noindex/macosx27.0-26A425-e829b21a6f8c9b70876ba0858053c0446a22442a12e9d48fe1a705f55a1adfc4.sdkstatcache
ClangStatCache /Applications/Xcode-27.0.0-Release.Candidate.app/Contents/Developer/Toolchains/XcodeDefault.xctoolchain/usr/bin/clang-stat-cache /Applications/Xcode-27.0.0-Release.Candidate.app/Contents/Developer/Platforms/WatchOS.platform/Developer/SDKs/WatchOS27.0.sdk /Users/admin/builder/spi-builder-workspace/.derivedData/SDKStatCaches.noindex/watchos27.0-24R360-e829b21a6f8c9b70876ba0858053c04477534ef55a1706bf4c1112bbb242f0a2.sdkstatcache
cd /Users/admin/builder/spi-builder-workspace/.swiftpm/xcode
/Applications/Xcode-27.0.0-Release.Candidate.app/Contents/Developer/Toolchains/XcodeDefault.xctoolchain/usr/bin/clang-stat-cache /Applications/Xcode-27.0.0-Release.Candidate.app/Contents/Developer/Platforms/WatchOS.platform/Developer/SDKs/WatchOS27.0.sdk -o /Users/admin/builder/spi-builder-workspace/.derivedData/SDKStatCaches.noindex/watchos27.0-24R360-e829b21a6f8c9b70876ba0858053c04477534ef55a1706bf4c1112bbb242f0a2.sdkstatcache
SwiftDriver SwiftSyntaxBuilder normal x86_64 com.apple.xcode.tools.swift.compiler (in target 'SwiftSyntaxBuilder' from project 'swift-syntax')
cd /Users/admin/builder/spi-builder-workspace/.swiftpm/xcode
builtin-SwiftDriver -- /Applications/Xcode-27.0.0-Release.Candidate.app/Contents/Developer/Toolchains/XcodeDefault.xctoolchain/usr/bin/swiftc -parse-as-library -module-name SwiftSyntaxBuilder -Onone @/Users/admin/builder/spi-builder-workspace/.derivedData/Build/Intermediates.noindex/swift-syntax.build/Debug/SwiftSyntaxBuilder-t.build/Objects-normal/x86_64/SwiftSyntaxBuilder.SwiftFileList -DSWIFT_PACKAGE -DDEBUG -DSWIFT_MODULE_RESOURCE_BUNDLE_UNAVAILABLE -DXcode -plugin-path /Applications/Xcode-27.0.0-Release.Candidate.app/Contents/Developer/Toolchains/XcodeDefault.xctoolchain/usr/lib/swift/host/plugins/testing -enable-experimental-feature DebugDescriptionMacro -sdk /Applications/Xcode-27.0.0-Release.Candidate.app/Contents/Developer/Platforms/MacOSX.platform/Developer/SDKs/MacOSX27.0.sdk -target x86_64-apple-macos12.0 -g -module-cache-path /Users/admin/builder/spi-builder-workspace/.derivedData/ModuleCache.noindex -Xfrontend -serialize-debugging-options -profile-coverage-mapping -profile-generate -enable-testing -suppress-warnings -index-store-path /Users/admin/builder/spi-builder-workspace/.derivedData/Index.noindex/DataStore -Xcc -D_LIBCPP_HARDENING_MODE\=_LIBCPP_HARDENING_MODE_DEBUG -swift-version 5 -I /Users/admin/builder/spi-builder-workspace/.derivedData/Build/Products/Debug -Isystem /Applications/Xcode-27.0.0-Release.Candidate.app/Contents/Developer/Platforms/MacOSX.platform/Developer/usr/lib -F /Users/admin/builder/spi-builder-workspace/.derivedData/Build/Products/Debug/PackageFrameworks -F /Users/admin/builder/spi-builder-workspace/.derivedData/Build/Products/Debug -F /Applications/Xcode-27.0.0-Release.Candidate.app/Contents/Developer/Platforms/MacOSX.platform/Developer/Library/Frameworks -c -j10 -enable-batch-mode -incremental -Xcc -ivfsstatcache -Xcc /Users/admin/builder/spi-builder-workspace/.derivedData/SDKStatCaches.noindex/macosx27.0-26A425-e829b21a6f8c9b70876ba0858053c0446a22442a12e9d48fe1a705f55a1adfc4.sdkstatcache -output-file-map /Users/admin/builder/spi-builder-workspace/.derivedData/Build/Intermediates.noindex/swift-syntax.build/Debug/SwiftSyntaxBuilder-t.build/Objects-normal/x86_64/SwiftSyntaxBuilder-OutputFileMap.json -save-temps -no-color-diagnostics -explicit-module-build -module-cache-path /Users/admin/builder/spi-builder-workspace/.derivedData/Build/Intermediates.noindex/SwiftExplicitPrecompiledModules -clang-scanner-module-cache-path /Users/admin/builder/spi-builder-workspace/.derivedData/ModuleCache.noindex -sdk-module-cache-path /Users/admin/builder/spi-builder-workspace/.derivedData/SDKExplicitPrecompiledModules -emit-dependencies -emit-module -emit-module-path /Users/admin/builder/spi-builder-workspace/.derivedData/Build/Intermediates.noindex/swift-syntax.build/Debug/SwiftSyntaxBuilder-t.build/Objects-normal/x86_64/SwiftSyntaxBuilder.swiftmodule -serialize-diagnostics -dependency-scan-serialize-diagnostics-path /Users/admin/builder/spi-builder-workspace/.derivedData/Build/Intermediates.noindex/swift-syntax.build/Debug/SwiftSyntaxBuilder-t.build/Objects-normal/x86_64/SwiftSyntaxBuilder-dependency-scan.dia -validate-clang-modules-once -clang-build-session-file /Users/admin/builder/spi-builder-workspace/.derivedData/ModuleCache.noindex/Session.modulevalidation -Xcc -fmodules-prune-interval\=86400 -Xcc -fmodules-prune-after\=345600 -emit-const-values -const-gather-protocols-list /Users/admin/builder/spi-builder-workspace/.derivedData/Build/Intermediates.noindex/swift-syntax.build/Debug/SwiftSyntaxBuilder-t.build/Objects-normal/x86_64/SwiftSyntaxBuilder_const_extract_protocols.json -Xcc -I/Users/admin/builder/spi-builder-workspace/.derivedData/Build/Products/Debug/include -Xcc -I/Users/admin/builder/spi-builder-workspace/.derivedData/Build/Intermediates.noindex/swift-syntax.build/Debug/SwiftSyntaxBuilder-t.build/DerivedSources-normal/x86_64 -Xcc -I/Users/admin/builder/spi-builder-workspace/.derivedData/Build/Intermediates.noindex/swift-syntax.build/Debug/SwiftSyntaxBuilder-t.build/DerivedSources/x86_64 -Xcc -I/Users/admin/builder/spi-builder-workspace/.derivedData/Build/Intermediates.noindex/swift-syntax.build/Debug/SwiftSyntaxBuilder-t.build/DerivedSources -Xcc -DSWIFT_PACKAGE -Xcc -DDEBUG\=1 -emit-objc-header -emit-objc-header-path /Users/admin/builder/spi-builder-workspace/.derivedData/Build/Intermediates.noindex/swift-syntax.build/Debug/SwiftSyntaxBuilder-t.build/Objects-normal/x86_64/SwiftSyntaxBuilder-Swift.h -working-directory /Users/admin/builder/spi-builder-workspace/.swiftpm/xcode -experimental-emit-module-separately -disable-cmo
SwiftDriver SwiftSyntaxBuilder normal arm64 com.apple.xcode.tools.swift.compiler (in target 'SwiftSyntaxBuilder' from project 'swift-syntax')
cd /Users/admin/builder/spi-builder-workspace/.swiftpm/xcode
builtin-SwiftDriver -- /Applications/Xcode-27.0.0-Release.Candidate.app/Contents/Developer/Toolchains/XcodeDefault.xctoolchain/usr/bin/swiftc -parse-as-library -module-name SwiftSyntaxBuilder -Onone @/Users/admin/builder/spi-builder-workspace/.derivedData/Build/Intermediates.noindex/swift-syntax.build/Debug/SwiftSyntaxBuilder-t.build/Objects-normal/arm64/SwiftSyntaxBuilder.SwiftFileList -DSWIFT_PACKAGE -DDEBUG -DSWIFT_MODULE_RESOURCE_BUNDLE_UNAVAILABLE -DXcode -plugin-path /Applications/Xcode-27.0.0-Release.Candidate.app/Contents/Developer/Toolchains/XcodeDefault.xctoolchain/usr/lib/swift/host/plugins/testing -enable-experimental-feature DebugDescriptionMacro -sdk /Applications/Xcode-27.0.0-Release.Candidate.app/Contents/Developer/Platforms/MacOSX.platform/Developer/SDKs/MacOSX27.0.sdk -target arm64-apple-macos12.0 -g -module-cache-path /Users/admin/builder/spi-builder-workspace/.derivedData/ModuleCache.noindex -Xfrontend -serialize-debugging-options -profile-coverage-mapping -profile-generate -enable-testing -suppress-warnings -index-store-path /Users/admin/builder/spi-builder-workspace/.derivedData/Index.noindex/DataStore -Xcc -D_LIBCPP_HARDENING_MODE\=_LIBCPP_HARDENING_MODE_DEBUG -swift-version 5 -I /Users/admin/builder/spi-builder-workspace/.derivedData/Build/Products/Debug -Isystem /Applications/Xcode-27.0.0-Release.Candidate.app/Contents/Developer/Platforms/MacOSX.platform/Developer/usr/lib -F /Users/admin/builder/spi-builder-workspace/.derivedData/Build/Products/Debug/PackageFrameworks -F /Users/admin/builder/spi-builder-workspace/.derivedData/Build/Products/Debug -F /Applications/Xcode-27.0.0-Release.Candidate.app/Contents/Developer/Platforms/MacOSX.platform/Developer/Library/Frameworks -c -j10 -enable-batch-mode -incremental -Xcc -ivfsstatcache -Xcc /Users/admin/builder/spi-builder-workspace/.derivedData/SDKStatCaches.noindex/macosx27.0-26A425-e829b21a6f8c9b70876ba0858053c0446a22442a12e9d48fe1a705f55a1adfc4.sdkstatcache -output-file-map /Users/admin/builder/spi-builder-workspace/.derivedData/Build/Intermediates.noindex/swift-syntax.build/Debug/SwiftSyntaxBuilder-t.build/Objects-normal/arm64/SwiftSyntaxBuilder-OutputFileMap.json -save-temps -no-color-diagnostics -explicit-module-build -module-cache-path /Users/admin/builder/spi-builder-workspace/.derivedData/Build/Intermediates.noindex/SwiftExplicitPrecompiledModules -clang-scanner-module-cache-path /Users/admin/builder/spi-builder-workspace/.derivedData/ModuleCache.noindex -sdk-module-cache-path /Users/admin/builder/spi-builder-workspace/.derivedData/SDKExplicitPrecompiledModules -emit-dependencies -emit-module -emit-module-path /Users/admin/builder/spi-builder-workspace/.derivedData/Build/Intermediates.noindex/swift-syntax.build/Debug/SwiftSyntaxBuilder-t.build/Objects-normal/arm64/SwiftSyntaxBuilder.swiftmodule -serialize-diagnostics -dependency-scan-serialize-diagnostics-path /Users/admin/builder/spi-builder-workspace/.derivedData/Build/Intermediates.noindex/swift-syntax.build/Debug/SwiftSyntaxBuilder-t.build/Objects-normal/arm64/SwiftSyntaxBuilder-dependency-scan.dia -validate-clang-modules-once -clang-build-session-file /Users/admin/builder/spi-builder-workspace/.derivedData/ModuleCache.noindex/Session.modulevalidation -Xcc -fmodules-prune-interval\=86400 -Xcc -fmodules-prune-after\=345600 -emit-const-values -const-gather-protocols-list /Users/admin/builder/spi-builder-workspace/.derivedData/Build/Intermediates.noindex/swift-syntax.build/Debug/SwiftSyntaxBuilder-t.build/Objects-normal/arm64/SwiftSyntaxBuilder_const_extract_protocols.json -Xcc -I/Users/admin/builder/spi-builder-workspace/.derivedData/Build/Products/Debug/include -Xcc -I/Users/admin/builder/spi-builder-workspace/.derivedData/Build/Intermediates.noindex/swift-syntax.build/Debug/SwiftSyntaxBuilder-t.build/DerivedSources-normal/arm64 -Xcc -I/Users/admin/builder/spi-builder-workspace/.derivedData/Build/Intermediates.noindex/swift-syntax.build/Debug/SwiftSyntaxBuilder-t.build/DerivedSources/arm64 -Xcc -I/Users/admin/builder/spi-builder-workspace/.derivedData/Build/Intermediates.noindex/swift-syntax.build/Debug/SwiftSyntaxBuilder-t.build/DerivedSources -Xcc -DSWIFT_PACKAGE -Xcc -DDEBUG\=1 -emit-objc-header -emit-objc-header-path /Users/admin/builder/spi-builder-workspace/.derivedData/Build/Intermediates.noindex/swift-syntax.build/Debug/SwiftSyntaxBuilder-t.build/Objects-normal/arm64/SwiftSyntaxBuilder-Swift.h -working-directory /Users/admin/builder/spi-builder-workspace/.swiftpm/xcode -experimental-emit-module-separately -disable-cmo
SwiftDriver SwiftParserDiagnostics normal x86_64 com.apple.xcode.tools.swift.compiler (in target 'SwiftParserDiagnostics' from project 'swift-syntax')
cd /Users/admin/builder/spi-builder-workspace/.swiftpm/xcode
builtin-SwiftDriver -- /Applications/Xcode-27.0.0-Release.Candidate.app/Contents/Developer/Toolchains/XcodeDefault.xctoolchain/usr/bin/swiftc -parse-as-library -module-name SwiftParserDiagnostics -Onone @/Users/admin/builder/spi-builder-workspace/.derivedData/Build/Intermediates.noindex/swift-syntax.build/Debug/SwiftParserDiagnostics-t.build/Objects-normal/x86_64/SwiftParserDiagnostics.SwiftFileList -DSWIFT_PACKAGE -DDEBUG -DSWIFT_MODULE_RESOURCE_BUNDLE_UNAVAILABLE -DXcode -plugin-path /Applications/Xcode-27.0.0-Release.Candidate.app/Contents/Developer/Toolchains/XcodeDefault.xctoolchain/usr/lib/swift/host/plugins/testing -enable-experimental-feature DebugDescriptionMacro -sdk /Applications/Xcode-27.0.0-Release.Candidate.app/Contents/Developer/Platforms/MacOSX.platform/Developer/SDKs/MacOSX27.0.sdk -target x86_64-apple-macos12.0 -g -module-cache-path /Users/admin/builder/spi-builder-workspace/.derivedData/ModuleCache.noindex -Xfrontend -serialize-debugging-options -profile-coverage-mapping -profile-generate -enable-testing -suppress-warnings -index-store-path /Users/admin/builder/spi-builder-workspace/.derivedData/Index.noindex/DataStore -Xcc -D_LIBCPP_HARDENING_MODE\=_LIBCPP_HARDENING_MODE_DEBUG -swift-version 5 -I /Users/admin/builder/spi-builder-workspace/.derivedData/Build/Products/Debug -Isystem /Applications/Xcode-27.0.0-Release.Candidate.app/Contents/Developer/Platforms/MacOSX.platform/Developer/usr/lib -F /Users/admin/builder/spi-builder-workspace/.derivedData/Build/Products/Debug/PackageFrameworks -F /Users/admin/builder/spi-builder-workspace/.derivedData/Build/Products/Debug -F /Applications/Xcode-27.0.0-Release.Candidate.app/Contents/Developer/Platforms/MacOSX.platform/Developer/Library/Frameworks -c -j10 -enable-batch-mode -incremental -Xcc -ivfsstatcache -Xcc /Users/admin/builder/spi-builder-workspace/.derivedData/SDKStatCaches.noindex/macosx27.0-26A425-e829b21a6f8c9b70876ba0858053c0446a22442a12e9d48fe1a705f55a1adfc4.sdkstatcache -output-file-map /Users/admin/builder/spi-builder-workspace/.derivedData/Build/Intermediates.noindex/swift-syntax.build/Debug/SwiftParserDiagnostics-t.build/Objects-normal/x86_64/SwiftParserDiagnostics-OutputFileMap.json -save-temps -no-color-diagnostics -explicit-module-build -module-cache-path /Users/admin/builder/spi-builder-workspace/.derivedData/Build/Intermediates.noindex/SwiftExplicitPrecompiledModules -clang-scanner-module-cache-path /Users/admin/builder/spi-builder-workspace/.derivedData/ModuleCache.noindex -sdk-module-cache-path /Users/admin/builder/spi-builder-workspace/.derivedData/SDKExplicitPrecompiledModules -emit-dependencies -emit-module -emit-module-path /Users/admin/builder/spi-builder-workspace/.derivedData/Build/Intermediates.noindex/swift-syntax.build/Debug/SwiftParserDiagnostics-t.build/Objects-normal/x86_64/SwiftParserDiagnostics.swiftmodule -serialize-diagnostics -dependency-scan-serialize-diagnostics-path /Users/admin/builder/spi-builder-workspace/.derivedData/Build/Intermediates.noindex/swift-syntax.build/Debug/SwiftParserDiagnostics-t.build/Objects-normal/x86_64/SwiftParserDiagnostics-dependency-scan.dia -validate-clang-modules-once -clang-build-session-file /Users/admin/builder/spi-builder-workspace/.derivedData/ModuleCache.noindex/Session.modulevalidation -Xcc -fmodules-prune-interval\=86400 -Xcc -fmodules-prune-after\=345600 -emit-const-values -const-gather-protocols-list /Users/admin/builder/spi-builder-workspace/.derivedData/Build/Intermediates.noindex/swift-syntax.build/Debug/SwiftParserDiagnostics-t.build/Objects-normal/x86_64/SwiftParserDiagnostics_const_extract_protocols.json -Xcc -I/Users/admin/builder/spi-builder-workspace/.derivedData/Build/Products/Debug/include -Xcc -I/Users/admin/builder/spi-builder-workspace/.derivedData/Build/Intermediates.noindex/swift-syntax.build/Debug/SwiftParserDiagnostics-t.build/DerivedSources-normal/x86_64 -Xcc -I/Users/admin/builder/spi-builder-workspace/.derivedData/Build/Intermediates.noindex/swift-syntax.build/Debug/SwiftParserDiagnostics-t.build/DerivedSources/x86_64 -Xcc -I/Users/admin/builder/spi-builder-workspace/.derivedData/Build/Intermediates.noindex/swift-syntax.build/Debug/SwiftParserDiagnostics-t.build/DerivedSources -Xcc -DSWIFT_PACKAGE -Xcc -DDEBUG\=1 -emit-objc-header -emit-objc-header-path /Users/admin/builder/spi-builder-workspace/.derivedData/Build/Intermediates.noindex/swift-syntax.build/Debug/SwiftParserDiagnostics-t.build/Objects-normal/x86_64/SwiftParserDiagnostics-Swift.h -working-directory /Users/admin/builder/spi-builder-workspace/.swiftpm/xcode -experimental-emit-module-separately -disable-cmo
SwiftDriver SwiftParserDiagnostics normal arm64 com.apple.xcode.tools.swift.compiler (in target 'SwiftParserDiagnostics' from project 'swift-syntax')
cd /Users/admin/builder/spi-builder-workspace/.swiftpm/xcode
builtin-SwiftDriver -- /Applications/Xcode-27.0.0-Release.Candidate.app/Contents/Developer/Toolchains/XcodeDefault.xctoolchain/usr/bin/swiftc -parse-as-library -module-name SwiftParserDiagnostics -Onone @/Users/admin/builder/spi-builder-workspace/.derivedData/Build/Intermediates.noindex/swift-syntax.build/Debug/SwiftParserDiagnostics-t.build/Objects-normal/arm64/SwiftParserDiagnostics.SwiftFileList -DSWIFT_PACKAGE -DDEBUG -DSWIFT_MODULE_RESOURCE_BUNDLE_UNAVAILABLE -DXcode -plugin-path /Applications/Xcode-27.0.0-Release.Candidate.app/Contents/Developer/Toolchains/XcodeDefault.xctoolchain/usr/lib/swift/host/plugins/testing -enable-experimental-feature DebugDescriptionMacro -sdk /Applications/Xcode-27.0.0-Release.Candidate.app/Contents/Developer/Platforms/MacOSX.platform/Developer/SDKs/MacOSX27.0.sdk -target arm64-apple-macos12.0 -g -module-cache-path /Users/admin/builder/spi-builder-workspace/.derivedData/ModuleCache.noindex -Xfrontend -serialize-debugging-options -profile-coverage-mapping -profile-generate -enable-testing -suppress-warnings -index-store-path /Users/admin/builder/spi-builder-workspace/.derivedData/Index.noindex/DataStore -Xcc -D_LIBCPP_HARDENING_MODE\=_LIBCPP_HARDENING_MODE_DEBUG -swift-version 5 -I /Users/admin/builder/spi-builder-workspace/.derivedData/Build/Products/Debug -Isystem /Applications/Xcode-27.0.0-Release.Candidate.app/Contents/Developer/Platforms/MacOSX.platform/Developer/usr/lib -F /Users/admin/builder/spi-builder-workspace/.derivedData/Build/Products/Debug/PackageFrameworks -F /Users/admin/builder/spi-builder-workspace/.derivedData/Build/Products/Debug -F /Applications/Xcode-27.0.0-Release.Candidate.app/Contents/Developer/Platforms/MacOSX.platform/Developer/Library/Frameworks -c -j10 -enable-batch-mode -incremental -Xcc -ivfsstatcache -Xcc /Users/admin/builder/spi-builder-workspace/.derivedData/SDKStatCaches.noindex/macosx27.0-26A425-e829b21a6f8c9b70876ba0858053c0446a22442a12e9d48fe1a705f55a1adfc4.sdkstatcache -output-file-map /Users/admin/builder/spi-builder-workspace/.derivedData/Build/Intermediates.noindex/swift-syntax.build/Debug/SwiftParserDiagnostics-t.build/Objects-normal/arm64/SwiftParserDiagnostics-OutputFileMap.json -save-temps -no-color-diagnostics -explicit-module-build -module-cache-path /Users/admin/builder/spi-builder-workspace/.derivedData/Build/Intermediates.noindex/SwiftExplicitPrecompiledModules -clang-scanner-module-cache-path /Users/admin/builder/spi-builder-workspace/.derivedData/ModuleCache.noindex -sdk-module-cache-path /Users/admin/builder/spi-builder-workspace/.derivedData/SDKExplicitPrecompiledModules -emit-dependencies -emit-module -emit-module-path /Users/admin/builder/spi-builder-workspace/.derivedData/Build/Intermediates.noindex/swift-syntax.build/Debug/SwiftParserDiagnostics-t.build/Objects-normal/arm64/SwiftParserDiagnostics.swiftmodule -serialize-diagnostics -dependency-scan-serialize-diagnostics-path /Users/admin/builder/spi-builder-workspace/.derivedData/Build/Intermediates.noindex/swift-syntax.build/Debug/SwiftParserDiagnostics-t.build/Objects-normal/arm64/SwiftParserDiagnostics-dependency-scan.dia -validate-clang-modules-once -clang-build-session-file /Users/admin/builder/spi-builder-workspace/.derivedData/ModuleCache.noindex/Session.modulevalidation -Xcc -fmodules-prune-interval\=86400 -Xcc -fmodules-prune-after\=345600 -emit-const-values -const-gather-protocols-list /Users/admin/builder/spi-builder-workspace/.derivedData/Build/Intermediates.noindex/swift-syntax.build/Debug/SwiftParserDiagnostics-t.build/Objects-normal/arm64/SwiftParserDiagnostics_const_extract_protocols.json -Xcc -I/Users/admin/builder/spi-builder-workspace/.derivedData/Build/Products/Debug/include -Xcc -I/Users/admin/builder/spi-builder-workspace/.derivedData/Build/Intermediates.noindex/swift-syntax.build/Debug/SwiftParserDiagnostics-t.build/DerivedSources-normal/arm64 -Xcc -I/Users/admin/builder/spi-builder-workspace/.derivedData/Build/Intermediates.noindex/swift-syntax.build/Debug/SwiftParserDiagnostics-t.build/DerivedSources/arm64 -Xcc -I/Users/admin/builder/spi-builder-workspace/.derivedData/Build/Intermediates.noindex/swift-syntax.build/Debug/SwiftParserDiagnostics-t.build/DerivedSources -Xcc -DSWIFT_PACKAGE -Xcc -DDEBUG\=1 -emit-objc-header -emit-objc-header-path /Users/admin/builder/spi-builder-workspace/.derivedData/Build/Intermediates.noindex/swift-syntax.build/Debug/SwiftParserDiagnostics-t.build/Objects-normal/arm64/SwiftParserDiagnostics-Swift.h -working-directory /Users/admin/builder/spi-builder-workspace/.swiftpm/xcode -experimental-emit-module-separately -disable-cmo
SwiftDriver SwiftSyntaxMacroExpansion normal arm64 com.apple.xcode.tools.swift.compiler (in target 'SwiftSyntaxMacroExpansion' from project 'swift-syntax')
cd /Users/admin/builder/spi-builder-workspace/.swiftpm/xcode
builtin-SwiftDriver -- /Applications/Xcode-27.0.0-Release.Candidate.app/Contents/Developer/Toolchains/XcodeDefault.xctoolchain/usr/bin/swiftc -parse-as-library -module-name SwiftSyntaxMacroExpansion -Onone @/Users/admin/builder/spi-builder-workspace/.derivedData/Build/Intermediates.noindex/swift-syntax.build/Debug-watchos/SwiftSyntaxMacroExpansion-t.build/Objects-normal/arm64/SwiftSyntaxMacroExpansion.SwiftFileList -DSWIFT_PACKAGE -DDEBUG -DSWIFT_MODULE_RESOURCE_BUNDLE_UNAVAILABLE -DXcode -plugin-path /Applications/Xcode-27.0.0-Release.Candidate.app/Contents/Developer/Toolchains/XcodeDefault.xctoolchain/usr/lib/swift/host/plugins/testing -enable-experimental-feature DebugDescriptionMacro -sdk /Applications/Xcode-27.0.0-Release.Candidate.app/Contents/Developer/Platforms/WatchOS.platform/Developer/SDKs/WatchOS27.0.sdk -target arm64-apple-watchos9.0 -g -module-cache-path /Users/admin/builder/spi-builder-workspace/.derivedData/ModuleCache.noindex -Xfrontend -serialize-debugging-options -profile-coverage-mapping -profile-generate -enable-testing -suppress-warnings -index-store-path /Users/admin/builder/spi-builder-workspace/.derivedData/Index.noindex/DataStore -Xcc -D_LIBCPP_HARDENING_MODE\=_LIBCPP_HARDENING_MODE_DEBUG -swift-version 5 -I /Users/admin/builder/spi-builder-workspace/.derivedData/Build/Products/Debug-watchos -Isystem /Applications/Xcode-27.0.0-Release.Candidate.app/Contents/Developer/Platforms/WatchOS.platform/Developer/usr/lib -F /Users/admin/builder/spi-builder-workspace/.derivedData/Build/Products/Debug-watchos/PackageFrameworks -F /Users/admin/builder/spi-builder-workspace/.derivedData/Build/Products/Debug-watchos -F /Applications/Xcode-27.0.0-Release.Candidate.app/Contents/Developer/Platforms/WatchOS.platform/Developer/Library/Frameworks -F /Applications/Xcode-27.0.0-Release.Candidate.app/Contents/Developer/Platforms/WatchOS.platform/Developer/SDKs/WatchOS27.0.sdk/Developer/Library/Frameworks -c -j10 -enable-batch-mode -incremental -Xcc -ivfsstatcache -Xcc /Users/admin/builder/spi-builder-workspace/.derivedData/SDKStatCaches.noindex/watchos27.0-24R360-e829b21a6f8c9b70876ba0858053c04477534ef55a1706bf4c1112bbb242f0a2.sdkstatcache -output-file-map /Users/admin/builder/spi-builder-workspace/.derivedData/Build/Intermediates.noindex/swift-syntax.build/Debug-watchos/SwiftSyntaxMacroExpansion-t.build/Objects-normal/arm64/SwiftSyntaxMacroExpansion-OutputFileMap.json -save-temps -no-color-diagnostics -explicit-module-build -module-cache-path /Users/admin/builder/spi-builder-workspace/.derivedData/Build/Intermediates.noindex/SwiftExplicitPrecompiledModules -clang-scanner-module-cache-path /Users/admin/builder/spi-builder-workspace/.derivedData/ModuleCache.noindex -sdk-module-cache-path /Users/admin/builder/spi-builder-workspace/.derivedData/SDKExplicitPrecompiledModules -emit-dependencies -emit-module -emit-module-path /Users/admin/builder/spi-builder-workspace/.derivedData/Build/Intermediates.noindex/swift-syntax.build/Debug-watchos/SwiftSyntaxMacroExpansion-t.build/Objects-normal/arm64/SwiftSyntaxMacroExpansion.swiftmodule -serialize-diagnostics -dependency-scan-serialize-diagnostics-path /Users/admin/builder/spi-builder-workspace/.derivedData/Build/Intermediates.noindex/swift-syntax.build/Debug-watchos/SwiftSyntaxMacroExpansion-t.build/Objects-normal/arm64/SwiftSyntaxMacroExpansion-dependency-scan.dia -validate-clang-modules-once -clang-build-session-file /Users/admin/builder/spi-builder-workspace/.derivedData/ModuleCache.noindex/Session.modulevalidation -Xcc -fmodules-prune-interval\=86400 -Xcc -fmodules-prune-after\=345600 -emit-const-values -const-gather-protocols-list /Users/admin/builder/spi-builder-workspace/.derivedData/Build/Intermediates.noindex/swift-syntax.build/Debug-watchos/SwiftSyntaxMacroExpansion-t.build/Objects-normal/arm64/SwiftSyntaxMacroExpansion_const_extract_protocols.json -Xcc -I/Users/admin/builder/spi-builder-workspace/.derivedData/Build/Products/Debug-watchos/include -Xcc -I/Users/admin/builder/spi-builder-workspace/.derivedData/Build/Intermediates.noindex/swift-syntax.build/Debug-watchos/SwiftSyntaxMacroExpansion-t.build/DerivedSources-normal/arm64 -Xcc -I/Users/admin/builder/spi-builder-workspace/.derivedData/Build/Intermediates.noindex/swift-syntax.build/Debug-watchos/SwiftSyntaxMacroExpansion-t.build/DerivedSources/arm64 -Xcc -I/Users/admin/builder/spi-builder-workspace/.derivedData/Build/Intermediates.noindex/swift-syntax.build/Debug-watchos/SwiftSyntaxMacroExpansion-t.build/DerivedSources -Xcc -DSWIFT_PACKAGE -Xcc -DDEBUG\=1 -emit-objc-header -emit-objc-header-path /Users/admin/builder/spi-builder-workspace/.derivedData/Build/Intermediates.noindex/swift-syntax.build/Debug-watchos/SwiftSyntaxMacroExpansion-t.build/Objects-normal/arm64/SwiftSyntaxMacroExpansion-Swift.h -working-directory /Users/admin/builder/spi-builder-workspace/.swiftpm/xcode -experimental-emit-module-separately -disable-cmo
SwiftDriver SwiftSyntaxMacroExpansion normal arm64_32 com.apple.xcode.tools.swift.compiler (in target 'SwiftSyntaxMacroExpansion' from project 'swift-syntax')
cd /Users/admin/builder/spi-builder-workspace/.swiftpm/xcode
builtin-SwiftDriver -- /Applications/Xcode-27.0.0-Release.Candidate.app/Contents/Developer/Toolchains/XcodeDefault.xctoolchain/usr/bin/swiftc -parse-as-library -module-name SwiftSyntaxMacroExpansion -Onone @/Users/admin/builder/spi-builder-workspace/.derivedData/Build/Intermediates.noindex/swift-syntax.build/Debug-watchos/SwiftSyntaxMacroExpansion-t.build/Objects-normal/arm64_32/SwiftSyntaxMacroExpansion.SwiftFileList -DSWIFT_PACKAGE -DDEBUG -DSWIFT_MODULE_RESOURCE_BUNDLE_UNAVAILABLE -DXcode -plugin-path /Applications/Xcode-27.0.0-Release.Candidate.app/Contents/Developer/Toolchains/XcodeDefault.xctoolchain/usr/lib/swift/host/plugins/testing -enable-experimental-feature DebugDescriptionMacro -sdk /Applications/Xcode-27.0.0-Release.Candidate.app/Contents/Developer/Platforms/WatchOS.platform/Developer/SDKs/WatchOS27.0.sdk -target arm64_32-apple-watchos9.0 -g -module-cache-path /Users/admin/builder/spi-builder-workspace/.derivedData/ModuleCache.noindex -Xfrontend -serialize-debugging-options -profile-coverage-mapping -profile-generate -enable-testing -suppress-warnings -index-store-path /Users/admin/builder/spi-builder-workspace/.derivedData/Index.noindex/DataStore -Xcc -D_LIBCPP_HARDENING_MODE\=_LIBCPP_HARDENING_MODE_DEBUG -swift-version 5 -I /Users/admin/builder/spi-builder-workspace/.derivedData/Build/Products/Debug-watchos -Isystem /Applications/Xcode-27.0.0-Release.Candidate.app/Contents/Developer/Platforms/WatchOS.platform/Developer/usr/lib -F /Users/admin/builder/spi-builder-workspace/.derivedData/Build/Products/Debug-watchos/PackageFrameworks -F /Users/admin/builder/spi-builder-workspace/.derivedData/Build/Products/Debug-watchos -F /Applications/Xcode-27.0.0-Release.Candidate.app/Contents/Developer/Platforms/WatchOS.platform/Developer/Library/Frameworks -F /Applications/Xcode-27.0.0-Release.Candidate.app/Contents/Developer/Platforms/WatchOS.platform/Developer/SDKs/WatchOS27.0.sdk/Developer/Library/Frameworks -c -j10 -enable-batch-mode -incremental -Xcc -ivfsstatcache -Xcc /Users/admin/builder/spi-builder-workspace/.derivedData/SDKStatCaches.noindex/watchos27.0-24R360-e829b21a6f8c9b70876ba0858053c04477534ef55a1706bf4c1112bbb242f0a2.sdkstatcache -output-file-map /Users/admin/builder/spi-builder-workspace/.derivedData/Build/Intermediates.noindex/swift-syntax.build/Debug-watchos/SwiftSyntaxMacroExpansion-t.build/Objects-normal/arm64_32/SwiftSyntaxMacroExpansion-OutputFileMap.json -save-temps -no-color-diagnostics -explicit-module-build -module-cache-path /Users/admin/builder/spi-builder-workspace/.derivedData/Build/Intermediates.noindex/SwiftExplicitPrecompiledModules -clang-scanner-module-cache-path /Users/admin/builder/spi-builder-workspace/.derivedData/ModuleCache.noindex -sdk-module-cache-path /Users/admin/builder/spi-builder-workspace/.derivedData/SDKExplicitPrecompiledModules -emit-dependencies -emit-module -emit-module-path /Users/admin/builder/spi-builder-workspace/.derivedData/Build/Intermediates.noindex/swift-syntax.build/Debug-watchos/SwiftSyntaxMacroExpansion-t.build/Objects-normal/arm64_32/SwiftSyntaxMacroExpansion.swiftmodule -serialize-diagnostics -dependency-scan-serialize-diagnostics-path /Users/admin/builder/spi-builder-workspace/.derivedData/Build/Intermediates.noindex/swift-syntax.build/Debug-watchos/SwiftSyntaxMacroExpansion-t.build/Objects-normal/arm64_32/SwiftSyntaxMacroExpansion-dependency-scan.dia -validate-clang-modules-once -clang-build-session-file /Users/admin/builder/spi-builder-workspace/.derivedData/ModuleCache.noindex/Session.modulevalidation -Xcc -fmodules-prune-interval\=86400 -Xcc -fmodules-prune-after\=345600 -emit-const-values -const-gather-protocols-list /Users/admin/builder/spi-builder-workspace/.derivedData/Build/Intermediates.noindex/swift-syntax.build/Debug-watchos/SwiftSyntaxMacroExpansion-t.build/Objects-normal/arm64_32/SwiftSyntaxMacroExpansion_const_extract_protocols.json -Xcc -I/Users/admin/builder/spi-builder-workspace/.derivedData/Build/Products/Debug-watchos/include -Xcc -I/Users/admin/builder/spi-builder-workspace/.derivedData/Build/Intermediates.noindex/swift-syntax.build/Debug-watchos/SwiftSyntaxMacroExpansion-t.build/DerivedSources-normal/arm64_32 -Xcc -I/Users/admin/builder/spi-builder-workspace/.derivedData/Build/Intermediates.noindex/swift-syntax.build/Debug-watchos/SwiftSyntaxMacroExpansion-t.build/DerivedSources/arm64_32 -Xcc -I/Users/admin/builder/spi-builder-workspace/.derivedData/Build/Intermediates.noindex/swift-syntax.build/Debug-watchos/SwiftSyntaxMacroExpansion-t.build/DerivedSources -Xcc -DSWIFT_PACKAGE -Xcc -DDEBUG\=1 -emit-objc-header -emit-objc-header-path /Users/admin/builder/spi-builder-workspace/.derivedData/Build/Intermediates.noindex/swift-syntax.build/Debug-watchos/SwiftSyntaxMacroExpansion-t.build/Objects-normal/arm64_32/SwiftSyntaxMacroExpansion-Swift.h -working-directory /Users/admin/builder/spi-builder-workspace/.swiftpm/xcode -experimental-emit-module-separately -disable-cmo
SwiftDriver SnapshotTestingCustomDump normal arm64 com.apple.xcode.tools.swift.compiler (in target 'SnapshotTestingCustomDump' from project 'swift-snapshot-testing')
cd /Users/admin/builder/spi-builder-workspace/.swiftpm/xcode
builtin-SwiftDriver -- /Applications/Xcode-27.0.0-Release.Candidate.app/Contents/Developer/Toolchains/XcodeDefault.xctoolchain/usr/bin/swiftc -parse-as-library -module-name SnapshotTestingCustomDump -Onone @/Users/admin/builder/spi-builder-workspace/.derivedData/Build/Intermediates.noindex/swift-snapshot-testing.build/Debug-watchos/SnapshotTestingCustomDump-t.build/Objects-normal/arm64/SnapshotTestingCustomDump.SwiftFileList -DSWIFT_PACKAGE -DDEBUG -DSWIFT_MODULE_RESOURCE_BUNDLE_UNAVAILABLE -DXcode -plugin-path /Applications/Xcode-27.0.0-Release.Candidate.app/Contents/Developer/Toolchains/XcodeDefault.xctoolchain/usr/lib/swift/host/plugins/testing -enable-experimental-feature DebugDescriptionMacro -sdk /Applications/Xcode-27.0.0-Release.Candidate.app/Contents/Developer/Platforms/WatchOS.platform/Developer/SDKs/WatchOS27.0.sdk -target arm64-apple-watchos9.0 -g -module-cache-path /Users/admin/builder/spi-builder-workspace/.derivedData/ModuleCache.noindex -Xfrontend -serialize-debugging-options -profile-coverage-mapping -profile-generate -enable-testing -suppress-warnings -index-store-path /Users/admin/builder/spi-builder-workspace/.derivedData/Index.noindex/DataStore -Xcc -D_LIBCPP_HARDENING_MODE\=_LIBCPP_HARDENING_MODE_DEBUG -swift-version 5 -I /Users/admin/builder/spi-builder-workspace/.derivedData/Build/Products/Debug-watchos -Isystem /Applications/Xcode-27.0.0-Release.Candidate.app/Contents/Developer/Platforms/WatchOS.platform/Developer/usr/lib -F /Users/admin/builder/spi-builder-workspace/.derivedData/Build/Products/Debug-watchos/PackageFrameworks -F /Users/admin/builder/spi-builder-workspace/.derivedData/Build/Products/Debug-watchos -F /Applications/Xcode-27.0.0-Release.Candidate.app/Contents/Developer/Platforms/WatchOS.platform/Developer/Library/Frameworks -F /Applications/Xcode-27.0.0-Release.Candidate.app/Contents/Developer/Platforms/WatchOS.platform/Developer/SDKs/WatchOS27.0.sdk/Developer/Library/Frameworks -c -j10 -enable-batch-mode -incremental -Xcc -ivfsstatcache -Xcc /Users/admin/builder/spi-builder-workspace/.derivedData/SDKStatCaches.noindex/watchos27.0-24R360-e829b21a6f8c9b70876ba0858053c04477534ef55a1706bf4c1112bbb242f0a2.sdkstatcache -output-file-map /Users/admin/builder/spi-builder-workspace/.derivedData/Build/Intermediates.noindex/swift-snapshot-testing.build/Debug-watchos/SnapshotTestingCustomDump-t.build/Objects-normal/arm64/SnapshotTestingCustomDump-OutputFileMap.json -save-temps -no-color-diagnostics -explicit-module-build -module-cache-path /Users/admin/builder/spi-builder-workspace/.derivedData/Build/Intermediates.noindex/SwiftExplicitPrecompiledModules -clang-scanner-module-cache-path /Users/admin/builder/spi-builder-workspace/.derivedData/ModuleCache.noindex -sdk-module-cache-path /Users/admin/builder/spi-builder-workspace/.derivedData/SDKExplicitPrecompiledModules -emit-dependencies -emit-module -emit-module-path /Users/admin/builder/spi-builder-workspace/.derivedData/Build/Intermediates.noindex/swift-snapshot-testing.build/Debug-watchos/SnapshotTestingCustomDump-t.build/Objects-normal/arm64/SnapshotTestingCustomDump.swiftmodule -serialize-diagnostics -dependency-scan-serialize-diagnostics-path /Users/admin/builder/spi-builder-workspace/.derivedData/Build/Intermediates.noindex/swift-snapshot-testing.build/Debug-watchos/SnapshotTestingCustomDump-t.build/Objects-normal/arm64/SnapshotTestingCustomDump-dependency-scan.dia -user-module-version 1.19.6 -validate-clang-modules-once -clang-build-session-file /Users/admin/builder/spi-builder-workspace/.derivedData/ModuleCache.noindex/Session.modulevalidation -Xcc -fmodules-prune-interval\=86400 -Xcc -fmodules-prune-after\=345600 -package-name swift_snapshot_testing -emit-const-values -const-gather-protocols-list /Users/admin/builder/spi-builder-workspace/.derivedData/Build/Intermediates.noindex/swift-snapshot-testing.build/Debug-watchos/SnapshotTestingCustomDump-t.build/Objects-normal/arm64/SnapshotTestingCustomDump_const_extract_protocols.json -Xcc -I/Users/admin/builder/spi-builder-workspace/.derivedData/Build/Products/Debug-watchos/include -Xcc -I/Users/admin/builder/spi-builder-workspace/.derivedData/Build/Intermediates.noindex/swift-snapshot-testing.build/Debug-watchos/SnapshotTestingCustomDump-t.build/DerivedSources-normal/arm64 -Xcc -I/Users/admin/builder/spi-builder-workspace/.derivedData/Build/Intermediates.noindex/swift-snapshot-testing.build/Debug-watchos/SnapshotTestingCustomDump-t.build/DerivedSources/arm64 -Xcc -I/Users/admin/builder/spi-builder-workspace/.derivedData/Build/Intermediates.noindex/swift-snapshot-testing.build/Debug-watchos/SnapshotTestingCustomDump-t.build/DerivedSources -Xcc -DSWIFT_PACKAGE -Xcc -DDEBUG\=1 -emit-objc-header -emit-objc-header-path /Users/admin/builder/spi-builder-workspace/.derivedData/Build/Intermediates.noindex/swift-snapshot-testing.build/Debug-watchos/SnapshotTestingCustomDump-t.build/Objects-normal/arm64/SnapshotTestingCustomDump-Swift.h -working-directory /Users/admin/builder/spi-builder-workspace/.swiftpm/xcode -experimental-emit-module-separately -disable-cmo
SwiftDriver SnapshotTestingCustomDump normal arm64_32 com.apple.xcode.tools.swift.compiler (in target 'SnapshotTestingCustomDump' from project 'swift-snapshot-testing')
cd /Users/admin/builder/spi-builder-workspace/.swiftpm/xcode
builtin-SwiftDriver -- /Applications/Xcode-27.0.0-Release.Candidate.app/Contents/Developer/Toolchains/XcodeDefault.xctoolchain/usr/bin/swiftc -parse-as-library -module-name SnapshotTestingCustomDump -Onone @/Users/admin/builder/spi-builder-workspace/.derivedData/Build/Intermediates.noindex/swift-snapshot-testing.build/Debug-watchos/SnapshotTestingCustomDump-t.build/Objects-normal/arm64_32/SnapshotTestingCustomDump.SwiftFileList -DSWIFT_PACKAGE -DDEBUG -DSWIFT_MODULE_RESOURCE_BUNDLE_UNAVAILABLE -DXcode -plugin-path /Applications/Xcode-27.0.0-Release.Candidate.app/Contents/Developer/Toolchains/XcodeDefault.xctoolchain/usr/lib/swift/host/plugins/testing -enable-experimental-feature DebugDescriptionMacro -sdk /Applications/Xcode-27.0.0-Release.Candidate.app/Contents/Developer/Platforms/WatchOS.platform/Developer/SDKs/WatchOS27.0.sdk -target arm64_32-apple-watchos9.0 -g -module-cache-path /Users/admin/builder/spi-builder-workspace/.derivedData/ModuleCache.noindex -Xfrontend -serialize-debugging-options -profile-coverage-mapping -profile-generate -enable-testing -suppress-warnings -index-store-path /Users/admin/builder/spi-builder-workspace/.derivedData/Index.noindex/DataStore -Xcc -D_LIBCPP_HARDENING_MODE\=_LIBCPP_HARDENING_MODE_DEBUG -swift-version 5 -I /Users/admin/builder/spi-builder-workspace/.derivedData/Build/Products/Debug-watchos -Isystem /Applications/Xcode-27.0.0-Release.Candidate.app/Contents/Developer/Platforms/WatchOS.platform/Developer/usr/lib -F /Users/admin/builder/spi-builder-workspace/.derivedData/Build/Products/Debug-watchos/PackageFrameworks -F /Users/admin/builder/spi-builder-workspace/.derivedData/Build/Products/Debug-watchos -F /Applications/Xcode-27.0.0-Release.Candidate.app/Contents/Developer/Platforms/WatchOS.platform/Developer/Library/Frameworks -F /Applications/Xcode-27.0.0-Release.Candidate.app/Contents/Developer/Platforms/WatchOS.platform/Developer/SDKs/WatchOS27.0.sdk/Developer/Library/Frameworks -c -j10 -enable-batch-mode -incremental -Xcc -ivfsstatcache -Xcc /Users/admin/builder/spi-builder-workspace/.derivedData/SDKStatCaches.noindex/watchos27.0-24R360-e829b21a6f8c9b70876ba0858053c04477534ef55a1706bf4c1112bbb242f0a2.sdkstatcache -output-file-map /Users/admin/builder/spi-builder-workspace/.derivedData/Build/Intermediates.noindex/swift-snapshot-testing.build/Debug-watchos/SnapshotTestingCustomDump-t.build/Objects-normal/arm64_32/SnapshotTestingCustomDump-OutputFileMap.json -save-temps -no-color-diagnostics -explicit-module-build -module-cache-path /Users/admin/builder/spi-builder-workspace/.derivedData/Build/Intermediates.noindex/SwiftExplicitPrecompiledModules -clang-scanner-module-cache-path /Users/admin/builder/spi-builder-workspace/.derivedData/ModuleCache.noindex -sdk-module-cache-path /Users/admin/builder/spi-builder-workspace/.derivedData/SDKExplicitPrecompiledModules -emit-dependencies -emit-module -emit-module-path /Users/admin/builder/spi-builder-workspace/.derivedData/Build/Intermediates.noindex/swift-snapshot-testing.build/Debug-watchos/SnapshotTestingCustomDump-t.build/Objects-normal/arm64_32/SnapshotTestingCustomDump.swiftmodule -serialize-diagnostics -dependency-scan-serialize-diagnostics-path /Users/admin/builder/spi-builder-workspace/.derivedData/Build/Intermediates.noindex/swift-snapshot-testing.build/Debug-watchos/SnapshotTestingCustomDump-t.build/Objects-normal/arm64_32/SnapshotTestingCustomDump-dependency-scan.dia -user-module-version 1.19.6 -validate-clang-modules-once -clang-build-session-file /Users/admin/builder/spi-builder-workspace/.derivedData/ModuleCache.noindex/Session.modulevalidation -Xcc -fmodules-prune-interval\=86400 -Xcc -fmodules-prune-after\=345600 -package-name swift_snapshot_testing -emit-const-values -const-gather-protocols-list /Users/admin/builder/spi-builder-workspace/.derivedData/Build/Intermediates.noindex/swift-snapshot-testing.build/Debug-watchos/SnapshotTestingCustomDump-t.build/Objects-normal/arm64_32/SnapshotTestingCustomDump_const_extract_protocols.json -Xcc -I/Users/admin/builder/spi-builder-workspace/.derivedData/Build/Products/Debug-watchos/include -Xcc -I/Users/admin/builder/spi-builder-workspace/.derivedData/Build/Intermediates.noindex/swift-snapshot-testing.build/Debug-watchos/SnapshotTestingCustomDump-t.build/DerivedSources-normal/arm64_32 -Xcc -I/Users/admin/builder/spi-builder-workspace/.derivedData/Build/Intermediates.noindex/swift-snapshot-testing.build/Debug-watchos/SnapshotTestingCustomDump-t.build/DerivedSources/arm64_32 -Xcc -I/Users/admin/builder/spi-builder-workspace/.derivedData/Build/Intermediates.noindex/swift-snapshot-testing.build/Debug-watchos/SnapshotTestingCustomDump-t.build/DerivedSources -Xcc -DSWIFT_PACKAGE -Xcc -DDEBUG\=1 -emit-objc-header -emit-objc-header-path /Users/admin/builder/spi-builder-workspace/.derivedData/Build/Intermediates.noindex/swift-snapshot-testing.build/Debug-watchos/SnapshotTestingCustomDump-t.build/Objects-normal/arm64_32/SnapshotTestingCustomDump-Swift.h -working-directory /Users/admin/builder/spi-builder-workspace/.swiftpm/xcode -experimental-emit-module-separately -disable-cmo
SwiftDriver FoundationExtensions normal arm64_32 com.apple.xcode.tools.swift.compiler (in target 'FoundationExtensions' from project 'swift-foundation-extensions')
cd /Users/admin/builder/spi-builder-workspace/.swiftpm/xcode
builtin-SwiftDriver -- /Applications/Xcode-27.0.0-Release.Candidate.app/Contents/Developer/Toolchains/XcodeDefault.xctoolchain/usr/bin/swiftc -parse-as-library -module-name FoundationExtensions -Onone @/Users/admin/builder/spi-builder-workspace/.derivedData/Build/Intermediates.noindex/swift-foundation-extensions.build/Debug-watchos/FoundationExtensions-t.build/Objects-normal/arm64_32/FoundationExtensions.SwiftFileList -DSWIFT_PACKAGE -DDEBUG -DSWIFT_MODULE_RESOURCE_BUNDLE_UNAVAILABLE -DXcode -plugin-path /Applications/Xcode-27.0.0-Release.Candidate.app/Contents/Developer/Toolchains/XcodeDefault.xctoolchain/usr/lib/swift/host/plugins/testing -enable-experimental-feature DebugDescriptionMacro -sdk /Applications/Xcode-27.0.0-Release.Candidate.app/Contents/Developer/Platforms/WatchOS.platform/Developer/SDKs/WatchOS27.0.sdk -target arm64_32-apple-watchos9.0 -g -module-cache-path /Users/admin/builder/spi-builder-workspace/.derivedData/ModuleCache.noindex -Xfrontend -serialize-debugging-options -profile-coverage-mapping -profile-generate -enable-testing -suppress-warnings -index-store-path /Users/admin/builder/spi-builder-workspace/.derivedData/Index.noindex/DataStore -Xcc -D_LIBCPP_HARDENING_MODE\=_LIBCPP_HARDENING_MODE_DEBUG -swift-version 5 -I /Users/admin/builder/spi-builder-workspace/.derivedData/Build/Products/Debug-watchos -Isystem /Applications/Xcode-27.0.0-Release.Candidate.app/Contents/Developer/Platforms/WatchOS.platform/Developer/usr/lib -F /Users/admin/builder/spi-builder-workspace/.derivedData/Build/Products/Debug-watchos/PackageFrameworks -F /Users/admin/builder/spi-builder-workspace/.derivedData/Build/Products/Debug-watchos -F /Applications/Xcode-27.0.0-Release.Candidate.app/Contents/Developer/Platforms/WatchOS.platform/Developer/Library/Frameworks -F /Applications/Xcode-27.0.0-Release.Candidate.app/Contents/Developer/Platforms/WatchOS.platform/Developer/SDKs/WatchOS27.0.sdk/Developer/Library/Frameworks -c -j10 -enable-batch-mode -incremental -Xcc -ivfsstatcache -Xcc /Users/admin/builder/spi-builder-workspace/.derivedData/SDKStatCaches.noindex/watchos27.0-24R360-e829b21a6f8c9b70876ba0858053c04477534ef55a1706bf4c1112bbb242f0a2.sdkstatcache -output-file-map /Users/admin/builder/spi-builder-workspace/.derivedData/Build/Intermediates.noindex/swift-foundation-extensions.build/Debug-watchos/FoundationExtensions-t.build/Objects-normal/arm64_32/FoundationExtensions-OutputFileMap.json -save-temps -no-color-diagnostics -explicit-module-build -module-cache-path /Users/admin/builder/spi-builder-workspace/.derivedData/Build/Intermediates.noindex/SwiftExplicitPrecompiledModules -clang-scanner-module-cache-path /Users/admin/builder/spi-builder-workspace/.derivedData/ModuleCache.noindex -sdk-module-cache-path /Users/admin/builder/spi-builder-workspace/.derivedData/SDKExplicitPrecompiledModules -emit-dependencies -emit-module -emit-module-path /Users/admin/builder/spi-builder-workspace/.derivedData/Build/Intermediates.noindex/swift-foundation-extensions.build/Debug-watchos/FoundationExtensions-t.build/Objects-normal/arm64_32/FoundationExtensions.swiftmodule -serialize-diagnostics -dependency-scan-serialize-diagnostics-path /Users/admin/builder/spi-builder-workspace/.derivedData/Build/Intermediates.noindex/swift-foundation-extensions.build/Debug-watchos/FoundationExtensions-t.build/Objects-normal/arm64_32/FoundationExtensions-dependency-scan.dia -validate-clang-modules-once -clang-build-session-file /Users/admin/builder/spi-builder-workspace/.derivedData/ModuleCache.noindex/Session.modulevalidation -Xcc -fmodules-prune-interval\=86400 -Xcc -fmodules-prune-after\=345600 -package-name swift_foundation_extensions -emit-const-values -const-gather-protocols-list /Users/admin/builder/spi-builder-workspace/.derivedData/Build/Intermediates.noindex/swift-foundation-extensions.build/Debug-watchos/FoundationExtensions-t.build/Objects-normal/arm64_32/FoundationExtensions_const_extract_protocols.json -Xcc -I/Users/admin/builder/spi-builder-workspace/.derivedData/Build/Products/Debug-watchos/include -Xcc -I/Users/admin/builder/spi-builder-workspace/.derivedData/Build/Intermediates.noindex/swift-foundation-extensions.build/Debug-watchos/FoundationExtensions-t.build/DerivedSources-normal/arm64_32 -Xcc -I/Users/admin/builder/spi-builder-workspace/.derivedData/Build/Intermediates.noindex/swift-foundation-extensions.build/Debug-watchos/FoundationExtensions-t.build/DerivedSources/arm64_32 -Xcc -I/Users/admin/builder/spi-builder-workspace/.derivedData/Build/Intermediates.noindex/swift-foundation-extensions.build/Debug-watchos/FoundationExtensions-t.build/DerivedSources -Xcc -DSWIFT_PACKAGE -Xcc -DDEBUG\=1 -emit-objc-header -emit-objc-header-path /Users/admin/builder/spi-builder-workspace/.derivedData/Build/Intermediates.noindex/swift-foundation-extensions.build/Debug-watchos/FoundationExtensions-t.build/Objects-normal/arm64_32/FoundationExtensions-Swift.h -working-directory /Users/admin/builder/spi-builder-workspace/.swiftpm/xcode -experimental-emit-module-separately -disable-cmo
/Users/admin/builder/spi-builder-workspace/.dependencies/checkouts/swift-foundation-extensions/Sources/FoundationExtensions/General/RuntimeWarnings.swift:48:8: error: Unable to resolve module dependency: 'XCTestDynamicOverlay' (in target 'FoundationExtensions' from project 'swift-foundation-extensions')
note: A dependency of main module 'FoundationExtensions'
/Users/admin/builder/spi-builder-workspace/.dependencies/checkouts/swift-foundation-extensions/Sources/FoundationExtensions/General/RuntimeWarnings.swift:48:8: note: A dependency of main module 'FoundationExtensions'
import XCTestDynamicOverlay
^ (in target 'FoundationExtensions' from project 'swift-foundation-extensions')
SwiftDriver FoundationExtensions normal arm64 com.apple.xcode.tools.swift.compiler (in target 'FoundationExtensions' from project 'swift-foundation-extensions')
cd /Users/admin/builder/spi-builder-workspace/.swiftpm/xcode
builtin-SwiftDriver -- /Applications/Xcode-27.0.0-Release.Candidate.app/Contents/Developer/Toolchains/XcodeDefault.xctoolchain/usr/bin/swiftc -parse-as-library -module-name FoundationExtensions -Onone @/Users/admin/builder/spi-builder-workspace/.derivedData/Build/Intermediates.noindex/swift-foundation-extensions.build/Debug-watchos/FoundationExtensions-t.build/Objects-normal/arm64/FoundationExtensions.SwiftFileList -DSWIFT_PACKAGE -DDEBUG -DSWIFT_MODULE_RESOURCE_BUNDLE_UNAVAILABLE -DXcode -plugin-path /Applications/Xcode-27.0.0-Release.Candidate.app/Contents/Developer/Toolchains/XcodeDefault.xctoolchain/usr/lib/swift/host/plugins/testing -enable-experimental-feature DebugDescriptionMacro -sdk /Applications/Xcode-27.0.0-Release.Candidate.app/Contents/Developer/Platforms/WatchOS.platform/Developer/SDKs/WatchOS27.0.sdk -target arm64-apple-watchos9.0 -g -module-cache-path /Users/admin/builder/spi-builder-workspace/.derivedData/ModuleCache.noindex -Xfrontend -serialize-debugging-options -profile-coverage-mapping -profile-generate -enable-testing -suppress-warnings -index-store-path /Users/admin/builder/spi-builder-workspace/.derivedData/Index.noindex/DataStore -Xcc -D_LIBCPP_HARDENING_MODE\=_LIBCPP_HARDENING_MODE_DEBUG -swift-version 5 -I /Users/admin/builder/spi-builder-workspace/.derivedData/Build/Products/Debug-watchos -Isystem /Applications/Xcode-27.0.0-Release.Candidate.app/Contents/Developer/Platforms/WatchOS.platform/Developer/usr/lib -F /Users/admin/builder/spi-builder-workspace/.derivedData/Build/Products/Debug-watchos/PackageFrameworks -F /Users/admin/builder/spi-builder-workspace/.derivedData/Build/Products/Debug-watchos -F /Applications/Xcode-27.0.0-Release.Candidate.app/Contents/Developer/Platforms/WatchOS.platform/Developer/Library/Frameworks -F /Applications/Xcode-27.0.0-Release.Candidate.app/Contents/Developer/Platforms/WatchOS.platform/Developer/SDKs/WatchOS27.0.sdk/Developer/Library/Frameworks -c -j10 -enable-batch-mode -incremental -Xcc -ivfsstatcache -Xcc /Users/admin/builder/spi-builder-workspace/.derivedData/SDKStatCaches.noindex/watchos27.0-24R360-e829b21a6f8c9b70876ba0858053c04477534ef55a1706bf4c1112bbb242f0a2.sdkstatcache -output-file-map /Users/admin/builder/spi-builder-workspace/.derivedData/Build/Intermediates.noindex/swift-foundation-extensions.build/Debug-watchos/FoundationExtensions-t.build/Objects-normal/arm64/FoundationExtensions-OutputFileMap.json -save-temps -no-color-diagnostics -explicit-module-build -module-cache-path /Users/admin/builder/spi-builder-workspace/.derivedData/Build/Intermediates.noindex/SwiftExplicitPrecompiledModules -clang-scanner-module-cache-path /Users/admin/builder/spi-builder-workspace/.derivedData/ModuleCache.noindex -sdk-module-cache-path /Users/admin/builder/spi-builder-workspace/.derivedData/SDKExplicitPrecompiledModules -emit-dependencies -emit-module -emit-module-path /Users/admin/builder/spi-builder-workspace/.derivedData/Build/Intermediates.noindex/swift-foundation-extensions.build/Debug-watchos/FoundationExtensions-t.build/Objects-normal/arm64/FoundationExtensions.swiftmodule -serialize-diagnostics -dependency-scan-serialize-diagnostics-path /Users/admin/builder/spi-builder-workspace/.derivedData/Build/Intermediates.noindex/swift-foundation-extensions.build/Debug-watchos/FoundationExtensions-t.build/Objects-normal/arm64/FoundationExtensions-dependency-scan.dia -validate-clang-modules-once -clang-build-session-file /Users/admin/builder/spi-builder-workspace/.derivedData/ModuleCache.noindex/Session.modulevalidation -Xcc -fmodules-prune-interval\=86400 -Xcc -fmodules-prune-after\=345600 -package-name swift_foundation_extensions -emit-const-values -const-gather-protocols-list /Users/admin/builder/spi-builder-workspace/.derivedData/Build/Intermediates.noindex/swift-foundation-extensions.build/Debug-watchos/FoundationExtensions-t.build/Objects-normal/arm64/FoundationExtensions_const_extract_protocols.json -Xcc -I/Users/admin/builder/spi-builder-workspace/.derivedData/Build/Products/Debug-watchos/include -Xcc -I/Users/admin/builder/spi-builder-workspace/.derivedData/Build/Intermediates.noindex/swift-foundation-extensions.build/Debug-watchos/FoundationExtensions-t.build/DerivedSources-normal/arm64 -Xcc -I/Users/admin/builder/spi-builder-workspace/.derivedData/Build/Intermediates.noindex/swift-foundation-extensions.build/Debug-watchos/FoundationExtensions-t.build/DerivedSources/arm64 -Xcc -I/Users/admin/builder/spi-builder-workspace/.derivedData/Build/Intermediates.noindex/swift-foundation-extensions.build/Debug-watchos/FoundationExtensions-t.build/DerivedSources -Xcc -DSWIFT_PACKAGE -Xcc -DDEBUG\=1 -emit-objc-header -emit-objc-header-path /Users/admin/builder/spi-builder-workspace/.derivedData/Build/Intermediates.noindex/swift-foundation-extensions.build/Debug-watchos/FoundationExtensions-t.build/Objects-normal/arm64/FoundationExtensions-Swift.h -working-directory /Users/admin/builder/spi-builder-workspace/.swiftpm/xcode -experimental-emit-module-separately -disable-cmo
/Users/admin/builder/spi-builder-workspace/.dependencies/checkouts/swift-foundation-extensions/Sources/FoundationExtensions/General/RuntimeWarnings.swift:48:8: error: Unable to resolve module dependency: 'XCTestDynamicOverlay' (in target 'FoundationExtensions' from project 'swift-foundation-extensions')
note: A dependency of main module 'FoundationExtensions'
/Users/admin/builder/spi-builder-workspace/.dependencies/checkouts/swift-foundation-extensions/Sources/FoundationExtensions/General/RuntimeWarnings.swift:48:8: note: A dependency of main module 'FoundationExtensions'
import XCTestDynamicOverlay
^ (in target 'FoundationExtensions' from project 'swift-foundation-extensions')
SwiftEmitModule normal arm64 Emitting\ module\ for\ SwiftParserDiagnostics (in target 'SwiftParserDiagnostics' from project 'swift-syntax')
SwiftCompile normal arm64 (in target 'SwiftParserDiagnostics' from project 'swift-syntax')
cd /Users/admin/builder/spi-builder-workspace/.swiftpm/xcode
SwiftCompile normal arm64 Compiling\ TokenNameForDiagnostics.swift /Users/admin/builder/spi-builder-workspace/.dependencies/checkouts/swift-syntax/Sources/SwiftParserDiagnostics/generated/TokenNameForDiagnostics.swift (in target 'SwiftParserDiagnostics' from project 'swift-syntax')
SwiftCompile normal arm64 /Users/admin/builder/spi-builder-workspace/.dependencies/checkouts/swift-syntax/Sources/SwiftParserDiagnostics/generated/TokenNameForDiagnostics.swift (in target 'SwiftParserDiagnostics' from project 'swift-syntax')
cd /Users/admin/builder/spi-builder-workspace/.swiftpm/xcode
builtin-SwiftPerFileCompile TokenNameForDiagnostics.swift
SwiftEmitModule normal x86_64 Emitting\ module\ for\ SwiftParserDiagnostics (in target 'SwiftParserDiagnostics' from project 'swift-syntax')
SwiftCompile normal x86_64 (in target 'SwiftParserDiagnostics' from project 'swift-syntax')
cd /Users/admin/builder/spi-builder-workspace/.swiftpm/xcode
SwiftCompile normal arm64 Compiling\ DiagnosticExtensions.swift,\ LexerDiagnosticMessages.swift /Users/admin/builder/spi-builder-workspace/.dependencies/checkouts/swift-syntax/Sources/SwiftParserDiagnostics/DiagnosticExtensions.swift /Users/admin/builder/spi-builder-workspace/.dependencies/checkouts/swift-syntax/Sources/SwiftParserDiagnostics/LexerDiagnosticMessages.swift (in target 'SwiftParserDiagnostics' from project 'swift-syntax')
SwiftCompile normal arm64 /Users/admin/builder/spi-builder-workspace/.dependencies/checkouts/swift-syntax/Sources/SwiftParserDiagnostics/DiagnosticExtensions.swift (in target 'SwiftParserDiagnostics' from project 'swift-syntax')
cd /Users/admin/builder/spi-builder-workspace/.swiftpm/xcode
builtin-SwiftPerFileCompile DiagnosticExtensions.swift
SwiftCompile normal arm64 /Users/admin/builder/spi-builder-workspace/.dependencies/checkouts/swift-syntax/Sources/SwiftParserDiagnostics/LexerDiagnosticMessages.swift (in target 'SwiftParserDiagnostics' from project 'swift-syntax')
cd /Users/admin/builder/spi-builder-workspace/.swiftpm/xcode
builtin-SwiftPerFileCompile LexerDiagnosticMessages.swift
SwiftDriverJobDiscovery normal arm64 Compiling TokenNameForDiagnostics.swift (in target 'SwiftParserDiagnostics' from project 'swift-syntax')
SwiftCompile normal arm64 Compiling\ SyntaxKindNameForDiagnostics.swift /Users/admin/builder/spi-builder-workspace/.dependencies/checkouts/swift-syntax/Sources/SwiftParserDiagnostics/generated/SyntaxKindNameForDiagnostics.swift (in target 'SwiftParserDiagnostics' from project 'swift-syntax')
SwiftCompile normal arm64 /Users/admin/builder/spi-builder-workspace/.dependencies/checkouts/swift-syntax/Sources/SwiftParserDiagnostics/generated/SyntaxKindNameForDiagnostics.swift (in target 'SwiftParserDiagnostics' from project 'swift-syntax')
cd /Users/admin/builder/spi-builder-workspace/.swiftpm/xcode
builtin-SwiftPerFileCompile SyntaxKindNameForDiagnostics.swift
SwiftEmitModule normal arm64_32 Emitting\ module\ for\ SwiftSyntaxMacroExpansion (in target 'SwiftSyntaxMacroExpansion' from project 'swift-syntax')
SwiftCompile normal arm64_32 (in target 'SwiftSyntaxMacroExpansion' from project 'swift-syntax')
cd /Users/admin/builder/spi-builder-workspace/.swiftpm/xcode
SwiftExplicitDependencyGeneratePcm arm64 /Users/admin/builder/spi-builder-workspace/.derivedData/SDKExplicitPrecompiledModules/MachO-AWTJ65TFR7TMST2NUE6ZCC1SL.pcm
SwiftDriverJobDiscovery normal arm64 Compiling SyntaxKindNameForDiagnostics.swift (in target 'SwiftParserDiagnostics' from project 'swift-syntax')
SwiftExplicitDependencyGeneratePcm arm64 /Users/admin/builder/spi-builder-workspace/.derivedData/SDKExplicitPrecompiledModules/ptrauth-2W92ZJRLNJU99RJUQGGJG3OC3.pcm
SwiftExplicitDependencyGeneratePcm x86_64 /Users/admin/builder/spi-builder-workspace/.derivedData/SDKExplicitPrecompiledModules/libkern-47OU32XOSD91C4CVN0KRDJEYW.pcm
SwiftExplicitDependencyGeneratePcm x86_64 /Users/admin/builder/spi-builder-workspace/.derivedData/SDKExplicitPrecompiledModules/_Builtin_stdatomic-5T75TOGJ0QOLA5HDV8S5OY6V6.pcm
SwiftDriverJobDiscovery normal arm64 Compiling DiagnosticExtensions.swift, LexerDiagnosticMessages.swift (in target 'SwiftParserDiagnostics' from project 'swift-syntax')
SwiftExplicitDependencyGeneratePcm x86_64 /Users/admin/builder/spi-builder-workspace/.derivedData/SDKExplicitPrecompiledModules/launch-EMOSCJSGBTZRDATCEUWBYVGSZ.pcm
SwiftExplicitDependencyGeneratePcm x86_64 /Users/admin/builder/spi-builder-workspace/.derivedData/SDKExplicitPrecompiledModules/MachO-7J38C6YM3D1SU2ITZZ3KRTQYC.pcm
SwiftExplicitDependencyGeneratePcm x86_64 /Users/admin/builder/spi-builder-workspace/.derivedData/SDKExplicitPrecompiledModules/ptrauth-3JLEXN4JC2T8DSEOXFVXWDI56.pcm
SwiftExplicitDependencyGeneratePcm arm64 /Users/admin/builder/spi-builder-workspace/.derivedData/SDKExplicitPrecompiledModules/ObjectiveC-B89IQP2TC4CFSWOUMTUZRI1VZ.pcm
SwiftExplicitDependencyGeneratePcm arm64 /Users/admin/builder/spi-builder-workspace/.derivedData/SDKExplicitPrecompiledModules/UserNotificationsUI-B0J07SYK3H0D8VO2S5WMFPJK9.pcm
SwiftEmitModule normal arm64 Emitting\ module\ for\ SwiftSyntaxMacroExpansion (in target 'SwiftSyntaxMacroExpansion' from project 'swift-syntax')
SwiftCompile normal arm64 (in target 'SwiftSyntaxMacroExpansion' from project 'swift-syntax')
cd /Users/admin/builder/spi-builder-workspace/.swiftpm/xcode
SwiftExplicitDependencyGeneratePcm arm64 /Users/admin/builder/spi-builder-workspace/.derivedData/SDKExplicitPrecompiledModules/StoreKit-6TYFVE68YA7QPB7CDP2TOH6SI.pcm
SwiftExplicitDependencyGeneratePcm arm64 /Users/admin/builder/spi-builder-workspace/.derivedData/SDKExplicitPrecompiledModules/launch-2XAORMJNLLVS0OVKC1M0752GY.pcm
PruneExplicitPrecompiledModules /Users/admin/builder/spi-builder-workspace/.derivedData/Build/Intermediates.noindex/ExplicitPrecompiledModules
PruneExplicitPrecompiledModules /Users/admin/builder/spi-builder-workspace/.derivedData/Build/Intermediates.noindex/SwiftExplicitPrecompiledModules
PruneExplicitPrecompiledModules /Users/admin/builder/spi-builder-workspace/.derivedData/SDKExplicitPrecompiledModules
warning: 'SwiftSyntaxMacroExpansion' is missing a dependency on 'SwiftOperators' because dependency scan of Swift module 'SwiftSyntaxMacroExpansion' discovered a dependency on 'SwiftOperators'
warning: 'SwiftSyntaxMacroExpansion' is missing a dependency on 'SwiftOperators' because dependency scan of Swift module 'SwiftSyntaxMacroExpansion' discovered a dependency on 'SwiftOperators'
2026-09-23 23:44:43.190 xcodebuild[2103:11643] [MT] IDERunDestination: Supported platforms for the buildables in the current scheme is empty.
2026-09-23 23:44:43.289 xcodebuild[2103:11643] [MT] IDERunDestination: Supported platforms for the buildables in the current scheme is empty.
** BUILD FAILED **
The following build commands failed:
SwiftDriver FoundationExtensions normal arm64_32 com.apple.xcode.tools.swift.compiler (in target 'FoundationExtensions' from project 'swift-foundation-extensions')
SwiftDriver FoundationExtensions normal arm64 com.apple.xcode.tools.swift.compiler (in target 'FoundationExtensions' from project 'swift-foundation-extensions')
Building workspace swift-cocoa-extensions with scheme swift-cocoa-extensions-Package
(3 failures)
BUILD FAILURE 6.4 watchOS