Build Information
Failed to build CoreUI, reference main (fce17d), with Swift 6.4 for macOS (Xcode) using Xcode 27.0 on 18 Sep 2026 23:27:35 UTC.
Build Command
env DEVELOPER_DIR=/Applications/Xcode-27.0.0-Release.Candidate.app xcrun xcodebuild -IDEClonedSourcePackagesDirPathOverride=$PWD/.dependencies -skipMacroValidation -skipPackagePluginValidation -derivedDataPath $PWD/.derivedData build -scheme CoreUI -destination platform=macOS,arch=arm64Build Log
========================================
RunAll
========================================
Builder version: 5.1.0
Interrupt handler set up.
========================================
Checkout
========================================
Clone URL: https://github.com/Swift-CoreUI/CoreUI.git
Reference: main
Initialized empty Git repository in /Users/admin/builder/spi-builder-workspace/.git/
From https://github.com/Swift-CoreUI/CoreUI
* branch main -> FETCH_HEAD
* [new branch] main -> origin/main
HEAD is now at fce17d7 UIControl extension to bind events to blocks (iOS 14+)
Cloned https://github.com/Swift-CoreUI/CoreUI.git
Revision (git rev-parse @):
fce17d7a0006f87345aba0ce36c7d3f0690e4933
SUCCESS checkout https://github.com/Swift-CoreUI/CoreUI.git at main
========================================
Build
========================================
Selected platform: macosXcodebuild
Swift version: 6.4
Building package at path: $PWD
https://github.com/Swift-CoreUI/CoreUI.git
Command line invocation:
/Applications/Xcode-27.0.0-Release.Candidate.app/Contents/Developer/usr/bin/xcodebuild -IDEClonedSourcePackagesDirPathOverride=/Users/admin/builder/spi-builder-workspace/.dependencies -resolvePackageDependencies
Resolve Package Graph
Resolve Package Graph
Resolved source packages:
CoreUI: /Users/admin/builder/spi-builder-workspace
resolved source packages: CoreUI
2026-09-18 19:26:45.154 xcodebuild[529:3022] [MT] IDERunDestination: Supported platforms for the buildables in the current scheme is empty.
{
"dependencies" : [
],
"manifest_display_name" : "CoreUI",
"name" : "CoreUI",
"path" : "/Users/admin/builder/spi-builder-workspace",
"platforms" : [
{
"name" : "ios",
"version" : "11.0"
}
],
"products" : [
{
"name" : "CoreUI",
"targets" : [
"CoreUI"
],
"type" : {
"library" : [
"automatic"
]
}
}
],
"targets" : [
{
"c99name" : "CoreUITests",
"module_type" : "SwiftTarget",
"name" : "CoreUITests",
"path" : "Tests/CoreUITests",
"sources" : [
"ApplyProtocolTests.swift",
"CoreUITests.swift"
],
"target_dependencies" : [
"CoreUI"
],
"type" : "test"
},
{
"c99name" : "CoreUI",
"module_type" : "SwiftTarget",
"name" : "CoreUI",
"path" : "Sources/CoreUI",
"product_memberships" : [
"CoreUI"
],
"sources" : [
"ApplyProtocol/ApplyProtocol+Optional.swift",
"ApplyProtocol/ApplyProtocol+UIKit.swift",
"ApplyProtocol/ApplyProtocol.swift",
"Layout/LayoutAnchor.swift",
"Layout/UIStackView+add.swift",
"Layout/UIView+add.swift",
"UI/UI+Accessibility.swift",
"UI/UI+Button.swift",
"UI/UI+ImageView.swift",
"UI/UI+Label.swift",
"UI/UI+ScrollView.swift",
"UI/UI+Stack.swift",
"UI/UI+TextView.swift",
"UI/UI+View.swift",
"UI/UI+Wrap.swift",
"UI/UI.swift",
"UI/UIView+accessibility.swift",
"UI/UIView+wrap.swift",
"UIControl+onEvent.swift",
"UIEdgeInsets+builders.swift",
"UITableView+cell.swift",
"UIView+keyboardAnimation.swift",
"UIViewController+child.swift"
],
"type" : "library"
}
],
"tools_version" : "5.3"
}
{
"workspace" : {
"name" : "CoreUI",
"schemes" : [
"CoreUI"
]
}
}
2026-09-18 19:27:26.707 xcodebuild[647:4158] [MT] IDERunDestination: Supported platforms for the buildables in the current scheme is empty.
Running build ...
env DEVELOPER_DIR=/Applications/Xcode-27.0.0-Release.Candidate.app xcrun xcodebuild -IDEClonedSourcePackagesDirPathOverride=$PWD/.dependencies -skipMacroValidation -skipPackagePluginValidation -derivedDataPath $PWD/.derivedData build -scheme CoreUI -destination platform=macOS,arch=arm64
Command line invocation:
/Applications/Xcode-27.0.0-Release.Candidate.app/Contents/Developer/usr/bin/xcodebuild -IDEClonedSourcePackagesDirPathOverride=/Users/admin/builder/spi-builder-workspace/.dependencies -skipMacroValidation -skipPackagePluginValidation -derivedDataPath /Users/admin/builder/spi-builder-workspace/.derivedData build -scheme CoreUI -destination platform=macOS,arch=arm64
Resolve Package Graph
Resolved source packages:
CoreUI: /Users/admin/builder/spi-builder-workspace
ComputePackagePrebuildTargetDependencyGraph
Prepare packages
CreateBuildRequest
SendProjectDescription
CreateBuildOperation
ComputeTargetDependencyGraph
note: Building targets in dependency order
note: Target dependency graph (2 targets)
Target 'CoreUI-product' in project 'CoreUI'
➜ Explicit dependency on target 'CoreUI' in project 'CoreUI'
Target 'CoreUI' in project 'CoreUI' (no dependencies)
GatherProvisioningInputs
CreateBuildDescription
ExecuteExternalTool /Applications/Xcode-27.0.0-Release.Candidate.app/Contents/Developer/Toolchains/XcodeDefault.xctoolchain/usr/bin/clang -v -E -dM -isysroot /Applications/Xcode-27.0.0-Release.Candidate.app/Contents/Developer/Platforms/MacOSX.platform/Developer/SDKs/MacOSX27.0.sdk -x c -c /dev/null
ExecuteExternalTool /Applications/Xcode-27.0.0-Release.Candidate.app/Contents/Developer/Toolchains/XcodeDefault.xctoolchain/usr/bin/swiftc --version
ExecuteExternalTool /Applications/Xcode-27.0.0-Release.Candidate.app/Contents/Developer/Toolchains/XcodeDefault.xctoolchain/usr/bin/ld -version_details
Build description signature: c7f6c17a77aed6299d5601d57a09ae08
Build description path: /Users/admin/builder/spi-builder-workspace/.derivedData/Build/Intermediates.noindex/XCBuildData/c7f6c17a77aed6299d5601d57a09ae08.xcbuilddata
CreateBuildDirectory /Users/admin/builder/spi-builder-workspace/.derivedData/SDKExplicitPrecompiledModules
cd /Users/admin/builder/spi-builder-workspace/.swiftpm/xcode
builtin-create-build-directory /Users/admin/builder/spi-builder-workspace/.derivedData/SDKExplicitPrecompiledModules
CreateBuildDirectory /Users/admin/builder/spi-builder-workspace/.derivedData/CompilationCache.noindex
cd /Users/admin/builder/spi-builder-workspace/.swiftpm/xcode
builtin-create-build-directory /Users/admin/builder/spi-builder-workspace/.derivedData/CompilationCache.noindex
CreateBuildDirectory /Users/admin/builder/spi-builder-workspace/.derivedData/ModuleCache.noindex
cd /Users/admin/builder/spi-builder-workspace/.swiftpm/xcode
builtin-create-build-directory /Users/admin/builder/spi-builder-workspace/.derivedData/ModuleCache.noindex
CreateBuildDirectory /Users/admin/builder/spi-builder-workspace/.derivedData/Build/Products
cd /Users/admin/builder/spi-builder-workspace/.swiftpm/xcode
builtin-create-build-directory /Users/admin/builder/spi-builder-workspace/.derivedData/Build/Products
CreateBuildDirectory /Users/admin/builder/spi-builder-workspace/.derivedData/Build/Intermediates.noindex
cd /Users/admin/builder/spi-builder-workspace/.swiftpm/xcode
builtin-create-build-directory /Users/admin/builder/spi-builder-workspace/.derivedData/Build/Intermediates.noindex
ClangStatCache /Applications/Xcode-27.0.0-Release.Candidate.app/Contents/Developer/Toolchains/XcodeDefault.xctoolchain/usr/bin/clang-stat-cache /Applications/Xcode-27.0.0-Release.Candidate.app/Contents/Developer/Platforms/MacOSX.platform/Developer/SDKs/MacOSX27.0.sdk /Users/admin/builder/spi-builder-workspace/.derivedData/SDKStatCaches.noindex/macosx27.0-26A425-e829b21a6f8c9b70876ba0858053c0446a22442a12e9d48fe1a705f55a1adfc4.sdkstatcache
cd /Users/admin/builder/spi-builder-workspace/.swiftpm/xcode
/Applications/Xcode-27.0.0-Release.Candidate.app/Contents/Developer/Toolchains/XcodeDefault.xctoolchain/usr/bin/clang-stat-cache /Applications/Xcode-27.0.0-Release.Candidate.app/Contents/Developer/Platforms/MacOSX.platform/Developer/SDKs/MacOSX27.0.sdk -o /Users/admin/builder/spi-builder-workspace/.derivedData/SDKStatCaches.noindex/macosx27.0-26A425-e829b21a6f8c9b70876ba0858053c0446a22442a12e9d48fe1a705f55a1adfc4.sdkstatcache
CreateBuildDirectory /Users/admin/builder/spi-builder-workspace/.derivedData/Build/Intermediates.noindex/SwiftExplicitPrecompiledModules
cd /Users/admin/builder/spi-builder-workspace/.swiftpm/xcode
builtin-create-build-directory /Users/admin/builder/spi-builder-workspace/.derivedData/Build/Intermediates.noindex/SwiftExplicitPrecompiledModules
CreateBuildDirectory /Users/admin/builder/spi-builder-workspace/.derivedData/Build/Intermediates.noindex/ExplicitPrecompiledModules
cd /Users/admin/builder/spi-builder-workspace/.swiftpm/xcode
builtin-create-build-directory /Users/admin/builder/spi-builder-workspace/.derivedData/Build/Intermediates.noindex/ExplicitPrecompiledModules
CreateBuildDirectory /Users/admin/builder/spi-builder-workspace/.derivedData/Build/Intermediates.noindex/PrecompiledHeaders
cd /Users/admin/builder/spi-builder-workspace/.swiftpm/xcode
builtin-create-build-directory /Users/admin/builder/spi-builder-workspace/.derivedData/Build/Intermediates.noindex/PrecompiledHeaders
CreateBuildDirectory /Users/admin/builder/spi-builder-workspace/.derivedData/Build/Intermediates.noindex/EagerLinkingTBDs/Debug
cd /Users/admin/builder/spi-builder-workspace/.swiftpm/xcode
builtin-create-build-directory /Users/admin/builder/spi-builder-workspace/.derivedData/Build/Intermediates.noindex/EagerLinkingTBDs/Debug
CreateBuildDirectory /Users/admin/builder/spi-builder-workspace/.derivedData/Build/Products/Debug
cd /Users/admin/builder/spi-builder-workspace/.swiftpm/xcode
builtin-create-build-directory /Users/admin/builder/spi-builder-workspace/.derivedData/Build/Products/Debug
CreateBuildDirectory /Users/admin/builder/spi-builder-workspace/.derivedData/Build/Products/Debug/PackageFrameworks
cd /Users/admin/builder/spi-builder-workspace/.swiftpm/xcode
builtin-create-build-directory /Users/admin/builder/spi-builder-workspace/.derivedData/Build/Products/Debug/PackageFrameworks
WriteAuxiliaryFile /Users/admin/builder/spi-builder-workspace/.derivedData/Build/Intermediates.noindex/CoreUI.build/Debug/CoreUI-t.build/CoreUI.DependencyStaticMetadataFileList (in target 'CoreUI' from project 'CoreUI')
cd /Users/admin/builder/spi-builder-workspace
write-file /Users/admin/builder/spi-builder-workspace/.derivedData/Build/Intermediates.noindex/CoreUI.build/Debug/CoreUI-t.build/CoreUI.DependencyStaticMetadataFileList
WriteAuxiliaryFile /Users/admin/builder/spi-builder-workspace/.derivedData/Build/Intermediates.noindex/CoreUI.build/Debug/CoreUI-t.build/CoreUI.modulemap (in target 'CoreUI' from project 'CoreUI')
cd /Users/admin/builder/spi-builder-workspace
write-file /Users/admin/builder/spi-builder-workspace/.derivedData/Build/Intermediates.noindex/CoreUI.build/Debug/CoreUI-t.build/CoreUI.modulemap
WriteAuxiliaryFile /Users/admin/builder/spi-builder-workspace/.derivedData/Build/Intermediates.noindex/CoreUI.build/Debug/CoreUI-t.build/CoreUI.DependencyMetadataFileList (in target 'CoreUI' from project 'CoreUI')
cd /Users/admin/builder/spi-builder-workspace
write-file /Users/admin/builder/spi-builder-workspace/.derivedData/Build/Intermediates.noindex/CoreUI.build/Debug/CoreUI-t.build/CoreUI.DependencyMetadataFileList
WriteAuxiliaryFile /Users/admin/builder/spi-builder-workspace/.derivedData/Build/Intermediates.noindex/CoreUI.build/Debug/CoreUI-t.build/Objects-normal/arm64/CoreUI.SwiftConstValuesFileList (in target 'CoreUI' from project 'CoreUI')
cd /Users/admin/builder/spi-builder-workspace
write-file /Users/admin/builder/spi-builder-workspace/.derivedData/Build/Intermediates.noindex/CoreUI.build/Debug/CoreUI-t.build/Objects-normal/arm64/CoreUI.SwiftConstValuesFileList
WriteAuxiliaryFile /Users/admin/builder/spi-builder-workspace/.derivedData/Build/Intermediates.noindex/CoreUI.build/Debug/CoreUI-t.build/Objects-normal/arm64/CoreUI_const_extract_protocols.json (in target 'CoreUI' from project 'CoreUI')
cd /Users/admin/builder/spi-builder-workspace
write-file /Users/admin/builder/spi-builder-workspace/.derivedData/Build/Intermediates.noindex/CoreUI.build/Debug/CoreUI-t.build/Objects-normal/arm64/CoreUI_const_extract_protocols.json
WriteAuxiliaryFile /Users/admin/builder/spi-builder-workspace/.derivedData/Build/Intermediates.noindex/CoreUI.build/Debug/CoreUI-t.build/Objects-normal/arm64/CoreUI.LinkFileList (in target 'CoreUI' from project 'CoreUI')
cd /Users/admin/builder/spi-builder-workspace
write-file /Users/admin/builder/spi-builder-workspace/.derivedData/Build/Intermediates.noindex/CoreUI.build/Debug/CoreUI-t.build/Objects-normal/arm64/CoreUI.LinkFileList
WriteAuxiliaryFile /Users/admin/builder/spi-builder-workspace/.derivedData/Build/Intermediates.noindex/CoreUI.build/Debug/CoreUI-t.build/Objects-normal/arm64/CoreUI-OutputFileMap.json (in target 'CoreUI' from project 'CoreUI')
cd /Users/admin/builder/spi-builder-workspace
write-file /Users/admin/builder/spi-builder-workspace/.derivedData/Build/Intermediates.noindex/CoreUI.build/Debug/CoreUI-t.build/Objects-normal/arm64/CoreUI-OutputFileMap.json
WriteAuxiliaryFile /Users/admin/builder/spi-builder-workspace/.derivedData/Build/Intermediates.noindex/CoreUI.build/Debug/CoreUI-t.build/Objects-normal/arm64/CoreUI.SwiftFileList (in target 'CoreUI' from project 'CoreUI')
cd /Users/admin/builder/spi-builder-workspace
write-file /Users/admin/builder/spi-builder-workspace/.derivedData/Build/Intermediates.noindex/CoreUI.build/Debug/CoreUI-t.build/Objects-normal/arm64/CoreUI.SwiftFileList
Copy /Users/admin/builder/spi-builder-workspace/.derivedData/Build/Intermediates.noindex/GeneratedModuleMaps/CoreUI.modulemap /Users/admin/builder/spi-builder-workspace/.derivedData/Build/Intermediates.noindex/CoreUI.build/Debug/CoreUI-t.build/CoreUI.modulemap (in target 'CoreUI' from project 'CoreUI')
cd /Users/admin/builder/spi-builder-workspace
builtin-copy -exclude .DS_Store -exclude CVS -exclude .svn -exclude .git -exclude .hg -resolve-src-symlinks /Users/admin/builder/spi-builder-workspace/.derivedData/Build/Intermediates.noindex/CoreUI.build/Debug/CoreUI-t.build/CoreUI.modulemap /Users/admin/builder/spi-builder-workspace/.derivedData/Build/Intermediates.noindex/GeneratedModuleMaps
SwiftDriver CoreUI normal arm64 com.apple.xcode.tools.swift.compiler (in target 'CoreUI' from project 'CoreUI')
cd /Users/admin/builder/spi-builder-workspace/.swiftpm/xcode
builtin-SwiftDriver -- /Applications/Xcode-27.0.0-Release.Candidate.app/Contents/Developer/Toolchains/XcodeDefault.xctoolchain/usr/bin/swiftc -parse-as-library -module-name CoreUI -Onone @/Users/admin/builder/spi-builder-workspace/.derivedData/Build/Intermediates.noindex/CoreUI.build/Debug/CoreUI-t.build/Objects-normal/arm64/CoreUI.SwiftFileList -DSWIFT_PACKAGE -DDEBUG -DSWIFT_MODULE_RESOURCE_BUNDLE_UNAVAILABLE -DXcode -plugin-path /Applications/Xcode-27.0.0-Release.Candidate.app/Contents/Developer/Toolchains/XcodeDefault.xctoolchain/usr/lib/swift/host/plugins/testing -enable-experimental-feature DebugDescriptionMacro -sdk /Applications/Xcode-27.0.0-Release.Candidate.app/Contents/Developer/Platforms/MacOSX.platform/Developer/SDKs/MacOSX27.0.sdk -target arm64-apple-macos12.0 -g -module-cache-path /Users/admin/builder/spi-builder-workspace/.derivedData/ModuleCache.noindex -Xfrontend -serialize-debugging-options -profile-coverage-mapping -profile-generate -enable-testing -index-store-path /Users/admin/builder/spi-builder-workspace/.derivedData/Index.noindex/DataStore -Xcc -D_LIBCPP_HARDENING_MODE\=_LIBCPP_HARDENING_MODE_DEBUG -swift-version 5 -I /Users/admin/builder/spi-builder-workspace/.derivedData/Build/Products/Debug -Isystem /Applications/Xcode-27.0.0-Release.Candidate.app/Contents/Developer/Platforms/MacOSX.platform/Developer/usr/lib -F /Users/admin/builder/spi-builder-workspace/.derivedData/Build/Products/Debug -F /Applications/Xcode-27.0.0-Release.Candidate.app/Contents/Developer/Platforms/MacOSX.platform/Developer/Library/Frameworks -c -j10 -enable-batch-mode -incremental -Xcc -ivfsstatcache -Xcc /Users/admin/builder/spi-builder-workspace/.derivedData/SDKStatCaches.noindex/macosx27.0-26A425-e829b21a6f8c9b70876ba0858053c0446a22442a12e9d48fe1a705f55a1adfc4.sdkstatcache -output-file-map /Users/admin/builder/spi-builder-workspace/.derivedData/Build/Intermediates.noindex/CoreUI.build/Debug/CoreUI-t.build/Objects-normal/arm64/CoreUI-OutputFileMap.json -save-temps -no-color-diagnostics -explicit-module-build -module-cache-path /Users/admin/builder/spi-builder-workspace/.derivedData/Build/Intermediates.noindex/SwiftExplicitPrecompiledModules -clang-scanner-module-cache-path /Users/admin/builder/spi-builder-workspace/.derivedData/ModuleCache.noindex -sdk-module-cache-path /Users/admin/builder/spi-builder-workspace/.derivedData/SDKExplicitPrecompiledModules -emit-dependencies -emit-module -emit-module-path /Users/admin/builder/spi-builder-workspace/.derivedData/Build/Intermediates.noindex/CoreUI.build/Debug/CoreUI-t.build/Objects-normal/arm64/CoreUI.swiftmodule -serialize-diagnostics -dependency-scan-serialize-diagnostics-path /Users/admin/builder/spi-builder-workspace/.derivedData/Build/Intermediates.noindex/CoreUI.build/Debug/CoreUI-t.build/Objects-normal/arm64/CoreUI-dependency-scan.dia -validate-clang-modules-once -clang-build-session-file /Users/admin/builder/spi-builder-workspace/.derivedData/ModuleCache.noindex/Session.modulevalidation -Xcc -fmodules-prune-interval\=86400 -Xcc -fmodules-prune-after\=345600 -emit-const-values -const-gather-protocols-list /Users/admin/builder/spi-builder-workspace/.derivedData/Build/Intermediates.noindex/CoreUI.build/Debug/CoreUI-t.build/Objects-normal/arm64/CoreUI_const_extract_protocols.json -Xcc -I/Users/admin/builder/spi-builder-workspace/.derivedData/Build/Products/Debug/include -Xcc -I/Users/admin/builder/spi-builder-workspace/.derivedData/Build/Intermediates.noindex/CoreUI.build/Debug/CoreUI-t.build/DerivedSources-normal/arm64 -Xcc -I/Users/admin/builder/spi-builder-workspace/.derivedData/Build/Intermediates.noindex/CoreUI.build/Debug/CoreUI-t.build/DerivedSources/arm64 -Xcc -I/Users/admin/builder/spi-builder-workspace/.derivedData/Build/Intermediates.noindex/CoreUI.build/Debug/CoreUI-t.build/DerivedSources -Xcc -DSWIFT_PACKAGE -Xcc -DDEBUG\=1 -emit-objc-header -emit-objc-header-path /Users/admin/builder/spi-builder-workspace/.derivedData/Build/Intermediates.noindex/CoreUI.build/Debug/CoreUI-t.build/Objects-normal/arm64/CoreUI-Swift.h -working-directory /Users/admin/builder/spi-builder-workspace/.swiftpm/xcode -experimental-emit-module-separately -disable-cmo
/Users/admin/builder/spi-builder-workspace/Sources/CoreUI/ApplyProtocol/ApplyProtocol+UIKit.swift:2:8: error: Unable to resolve module dependency: 'UIKit' (in target 'CoreUI' from project 'CoreUI')
note: A dependency of main module 'CoreUI'
/Users/admin/builder/spi-builder-workspace/Sources/CoreUI/Layout/LayoutAnchor.swift:1:8: note: Also imported here
/Users/admin/builder/spi-builder-workspace/Sources/CoreUI/Layout/UIStackView+add.swift:1:8: note: Also imported here
/Users/admin/builder/spi-builder-workspace/Sources/CoreUI/Layout/UIView+add.swift:1:8: note: Also imported here
/Users/admin/builder/spi-builder-workspace/Sources/CoreUI/UI/UI+Accessibility.swift:1:8: note: Also imported here
/Users/admin/builder/spi-builder-workspace/Sources/CoreUI/UI/UI+Button.swift:1:8: note: Also imported here
/Users/admin/builder/spi-builder-workspace/Sources/CoreUI/UI/UI+ImageView.swift:1:8: note: Also imported here
/Users/admin/builder/spi-builder-workspace/Sources/CoreUI/UI/UI+Label.swift:1:8: note: Also imported here
/Users/admin/builder/spi-builder-workspace/Sources/CoreUI/UI/UI+ScrollView.swift:1:8: note: Also imported here
/Users/admin/builder/spi-builder-workspace/Sources/CoreUI/UI/UI+Stack.swift:1:8: note: Also imported here
/Users/admin/builder/spi-builder-workspace/Sources/CoreUI/UI/UI+TextView.swift:1:8: note: Also imported here
/Users/admin/builder/spi-builder-workspace/Sources/CoreUI/UI/UI+View.swift:1:8: note: Also imported here
/Users/admin/builder/spi-builder-workspace/Sources/CoreUI/UI/UI+Wrap.swift:1:8: note: Also imported here
/Users/admin/builder/spi-builder-workspace/Sources/CoreUI/UI/UI.swift:1:8: note: Also imported here
/Users/admin/builder/spi-builder-workspace/Sources/CoreUI/UI/UIView+accessibility.swift:1:8: note: Also imported here
/Users/admin/builder/spi-builder-workspace/Sources/CoreUI/UI/UIView+wrap.swift:1:8: note: Also imported here
/Users/admin/builder/spi-builder-workspace/Sources/CoreUI/UIControl+onEvent.swift:1:8: note: Also imported here
/Users/admin/builder/spi-builder-workspace/Sources/CoreUI/UIEdgeInsets+builders.swift:1:8: note: Also imported here
/Users/admin/builder/spi-builder-workspace/Sources/CoreUI/UITableView+cell.swift:1:8: note: Also imported here
/Users/admin/builder/spi-builder-workspace/Sources/CoreUI/UIView+keyboardAnimation.swift:1:8: note: Also imported here
/Users/admin/builder/spi-builder-workspace/Sources/CoreUI/UIViewController+child.swift:1:8: note: Also imported here
/Users/admin/builder/spi-builder-workspace/Sources/CoreUI/ApplyProtocol/ApplyProtocol+UIKit.swift:2:8: note: A dependency of main module 'CoreUI'
import UIKit
^ (in target 'CoreUI' from project 'CoreUI')
/Users/admin/builder/spi-builder-workspace/Sources/CoreUI/Layout/LayoutAnchor.swift:1:8: note: Also imported here
import UIKit
^ (in target 'CoreUI' from project 'CoreUI')
/Users/admin/builder/spi-builder-workspace/Sources/CoreUI/Layout/UIStackView+add.swift:1:8: note: Also imported here
import UIKit
^ (in target 'CoreUI' from project 'CoreUI')
/Users/admin/builder/spi-builder-workspace/Sources/CoreUI/Layout/UIView+add.swift:1:8: note: Also imported here
import UIKit
^ (in target 'CoreUI' from project 'CoreUI')
/Users/admin/builder/spi-builder-workspace/Sources/CoreUI/UI/UI+Accessibility.swift:1:8: note: Also imported here
import UIKit
^ (in target 'CoreUI' from project 'CoreUI')
/Users/admin/builder/spi-builder-workspace/Sources/CoreUI/UI/UI+Button.swift:1:8: note: Also imported here
import UIKit
^ (in target 'CoreUI' from project 'CoreUI')
/Users/admin/builder/spi-builder-workspace/Sources/CoreUI/UI/UI+ImageView.swift:1:8: note: Also imported here
import UIKit
^ (in target 'CoreUI' from project 'CoreUI')
/Users/admin/builder/spi-builder-workspace/Sources/CoreUI/UI/UI+Label.swift:1:8: note: Also imported here
import UIKit
^ (in target 'CoreUI' from project 'CoreUI')
/Users/admin/builder/spi-builder-workspace/Sources/CoreUI/UI/UI+ScrollView.swift:1:8: note: Also imported here
import UIKit
^ (in target 'CoreUI' from project 'CoreUI')
/Users/admin/builder/spi-builder-workspace/Sources/CoreUI/UI/UI+Stack.swift:1:8: note: Also imported here
import UIKit
^ (in target 'CoreUI' from project 'CoreUI')
/Users/admin/builder/spi-builder-workspace/Sources/CoreUI/UI/UI+TextView.swift:1:8: note: Also imported here
import UIKit
^ (in target 'CoreUI' from project 'CoreUI')
/Users/admin/builder/spi-builder-workspace/Sources/CoreUI/UI/UI+View.swift:1:8: note: Also imported here
import UIKit
^ (in target 'CoreUI' from project 'CoreUI')
/Users/admin/builder/spi-builder-workspace/Sources/CoreUI/UI/UI+Wrap.swift:1:8: note: Also imported here
import UIKit
^ (in target 'CoreUI' from project 'CoreUI')
/Users/admin/builder/spi-builder-workspace/Sources/CoreUI/UI/UI.swift:1:8: note: Also imported here
import UIKit
^ (in target 'CoreUI' from project 'CoreUI')
/Users/admin/builder/spi-builder-workspace/Sources/CoreUI/UI/UIView+accessibility.swift:1:8: note: Also imported here
import UIKit
^ (in target 'CoreUI' from project 'CoreUI')
/Users/admin/builder/spi-builder-workspace/Sources/CoreUI/UI/UIView+wrap.swift:1:8: note: Also imported here
import UIKit
^ (in target 'CoreUI' from project 'CoreUI')
/Users/admin/builder/spi-builder-workspace/Sources/CoreUI/UIControl+onEvent.swift:1:8: note: Also imported here
import UIKit
^ (in target 'CoreUI' from project 'CoreUI')
/Users/admin/builder/spi-builder-workspace/Sources/CoreUI/UIEdgeInsets+builders.swift:1:8: note: Also imported here
import UIKit
^ (in target 'CoreUI' from project 'CoreUI')
/Users/admin/builder/spi-builder-workspace/Sources/CoreUI/UITableView+cell.swift:1:8: note: Also imported here
import UIKit
^ (in target 'CoreUI' from project 'CoreUI')
/Users/admin/builder/spi-builder-workspace/Sources/CoreUI/UIView+keyboardAnimation.swift:1:8: note: Also imported here
import UIKit
^ (in target 'CoreUI' from project 'CoreUI')
/Users/admin/builder/spi-builder-workspace/Sources/CoreUI/UIViewController+child.swift:1:8: note: Also imported here
import UIKit
^ (in target 'CoreUI' from project 'CoreUI')
PruneExplicitPrecompiledModules /Users/admin/builder/spi-builder-workspace/.derivedData/Build/Intermediates.noindex/ExplicitPrecompiledModules
PruneExplicitPrecompiledModules /Users/admin/builder/spi-builder-workspace/.derivedData/SDKExplicitPrecompiledModules
PruneExplicitPrecompiledModules /Users/admin/builder/spi-builder-workspace/.derivedData/Build/Intermediates.noindex/SwiftExplicitPrecompiledModules
2026-09-18 19:27:28.283 xcodebuild[648:4200] [MT] IDERunDestination: Supported platforms for the buildables in the current scheme is empty.
--- xcodebuild: WARNING: Using the first of multiple matching destinations:
{ platform:macOS, arch:arm64, id:7a405a15354eae98392261ac0f469933df279908, name:My Mac }
{ platform:macOS, arch:arm64, variant:Mac Catalyst, id:7a405a15354eae98392261ac0f469933df279908, name:My Mac }
{ platform:macOS, arch:arm64, variant:DriverKit, id:7a405a15354eae98392261ac0f469933df279908, name:My Mac }
{ platform:macOS, arch:arm64, variant:Designed for [iPad,iPhone], id:7a405a15354eae98392261ac0f469933df279908, name:My Mac }
** BUILD FAILED **
The following build commands failed:
SwiftDriver CoreUI normal arm64 com.apple.xcode.tools.swift.compiler (in target 'CoreUI' from project 'CoreUI')
Building workspace CoreUI with scheme CoreUI
(2 failures)
Command line invocation:
/Applications/Xcode-27.0.0-Release.Candidate.app/Contents/Developer/usr/bin/xcodebuild -IDEClonedSourcePackagesDirPathOverride=/Users/admin/builder/spi-builder-workspace/.dependencies -resolvePackageDependencies
Resolve Package Graph
Resolved source packages:
CoreUI: /Users/admin/builder/spi-builder-workspace
resolved source packages: CoreUI
2026-09-18 19:27:32.932 xcodebuild[663:4375] [MT] IDERunDestination: Supported platforms for the buildables in the current scheme is empty.
{
"dependencies" : [
],
"manifest_display_name" : "CoreUI",
"name" : "CoreUI",
"path" : "/Users/admin/builder/spi-builder-workspace",
"platforms" : [
{
"name" : "ios",
"version" : "11.0"
}
],
"products" : [
{
"name" : "CoreUI",
"targets" : [
"CoreUI"
],
"type" : {
"library" : [
"automatic"
]
}
}
],
"targets" : [
{
"c99name" : "CoreUITests",
"module_type" : "SwiftTarget",
"name" : "CoreUITests",
"path" : "Tests/CoreUITests",
"sources" : [
"ApplyProtocolTests.swift",
"CoreUITests.swift"
],
"target_dependencies" : [
"CoreUI"
],
"type" : "test"
},
{
"c99name" : "CoreUI",
"module_type" : "SwiftTarget",
"name" : "CoreUI",
"path" : "Sources/CoreUI",
"product_memberships" : [
"CoreUI"
],
"sources" : [
"ApplyProtocol/ApplyProtocol+Optional.swift",
"ApplyProtocol/ApplyProtocol+UIKit.swift",
"ApplyProtocol/ApplyProtocol.swift",
"Layout/LayoutAnchor.swift",
"Layout/UIStackView+add.swift",
"Layout/UIView+add.swift",
"UI/UI+Accessibility.swift",
"UI/UI+Button.swift",
"UI/UI+ImageView.swift",
"UI/UI+Label.swift",
"UI/UI+ScrollView.swift",
"UI/UI+Stack.swift",
"UI/UI+TextView.swift",
"UI/UI+View.swift",
"UI/UI+Wrap.swift",
"UI/UI.swift",
"UI/UIView+accessibility.swift",
"UI/UIView+wrap.swift",
"UIControl+onEvent.swift",
"UIEdgeInsets+builders.swift",
"UITableView+cell.swift",
"UIView+keyboardAnimation.swift",
"UIViewController+child.swift"
],
"type" : "library"
}
],
"tools_version" : "5.3"
}
{
"workspace" : {
"name" : "CoreUI",
"schemes" : [
"CoreUI"
]
}
}
2026-09-18 19:27:34.092 xcodebuild[671:4443] [MT] IDERunDestination: Supported platforms for the buildables in the current scheme is empty.
Running build ...
env DEVELOPER_DIR=/Applications/Xcode-27.0.0-Release.Candidate.app xcrun xcodebuild -IDEClonedSourcePackagesDirPathOverride=$PWD/.dependencies -skipMacroValidation -skipPackagePluginValidation -derivedDataPath $PWD/.derivedData build -scheme CoreUI -destination platform=macOS,arch=arm64
Command line invocation:
/Applications/Xcode-27.0.0-Release.Candidate.app/Contents/Developer/usr/bin/xcodebuild -IDEClonedSourcePackagesDirPathOverride=/Users/admin/builder/spi-builder-workspace/.dependencies -skipMacroValidation -skipPackagePluginValidation -derivedDataPath /Users/admin/builder/spi-builder-workspace/.derivedData build -scheme CoreUI -destination platform=macOS,arch=arm64
Resolve Package Graph
Resolved source packages:
CoreUI: /Users/admin/builder/spi-builder-workspace
ComputePackagePrebuildTargetDependencyGraph
Prepare packages
CreateBuildRequest
SendProjectDescription
CreateBuildOperation
ComputeTargetDependencyGraph
note: Building targets in dependency order
note: Target dependency graph (2 targets)
Target 'CoreUI-product' in project 'CoreUI'
➜ Explicit dependency on target 'CoreUI' in project 'CoreUI'
Target 'CoreUI' in project 'CoreUI' (no dependencies)
GatherProvisioningInputs
CreateBuildDescription
ClangStatCache /Applications/Xcode-27.0.0-Release.Candidate.app/Contents/Developer/Toolchains/XcodeDefault.xctoolchain/usr/bin/clang-stat-cache /Applications/Xcode-27.0.0-Release.Candidate.app/Contents/Developer/Platforms/MacOSX.platform/Developer/SDKs/MacOSX27.0.sdk /Users/admin/builder/spi-builder-workspace/.derivedData/SDKStatCaches.noindex/macosx27.0-26A425-e829b21a6f8c9b70876ba0858053c0446a22442a12e9d48fe1a705f55a1adfc4.sdkstatcache
cd /Users/admin/builder/spi-builder-workspace/.swiftpm/xcode
/Applications/Xcode-27.0.0-Release.Candidate.app/Contents/Developer/Toolchains/XcodeDefault.xctoolchain/usr/bin/clang-stat-cache /Applications/Xcode-27.0.0-Release.Candidate.app/Contents/Developer/Platforms/MacOSX.platform/Developer/SDKs/MacOSX27.0.sdk -o /Users/admin/builder/spi-builder-workspace/.derivedData/SDKStatCaches.noindex/macosx27.0-26A425-e829b21a6f8c9b70876ba0858053c0446a22442a12e9d48fe1a705f55a1adfc4.sdkstatcache
SwiftDriver CoreUI normal arm64 com.apple.xcode.tools.swift.compiler (in target 'CoreUI' from project 'CoreUI')
cd /Users/admin/builder/spi-builder-workspace/.swiftpm/xcode
builtin-SwiftDriver -- /Applications/Xcode-27.0.0-Release.Candidate.app/Contents/Developer/Toolchains/XcodeDefault.xctoolchain/usr/bin/swiftc -parse-as-library -module-name CoreUI -Onone @/Users/admin/builder/spi-builder-workspace/.derivedData/Build/Intermediates.noindex/CoreUI.build/Debug/CoreUI-t.build/Objects-normal/arm64/CoreUI.SwiftFileList -DSWIFT_PACKAGE -DDEBUG -DSWIFT_MODULE_RESOURCE_BUNDLE_UNAVAILABLE -DXcode -plugin-path /Applications/Xcode-27.0.0-Release.Candidate.app/Contents/Developer/Toolchains/XcodeDefault.xctoolchain/usr/lib/swift/host/plugins/testing -enable-experimental-feature DebugDescriptionMacro -sdk /Applications/Xcode-27.0.0-Release.Candidate.app/Contents/Developer/Platforms/MacOSX.platform/Developer/SDKs/MacOSX27.0.sdk -target arm64-apple-macos12.0 -g -module-cache-path /Users/admin/builder/spi-builder-workspace/.derivedData/ModuleCache.noindex -Xfrontend -serialize-debugging-options -profile-coverage-mapping -profile-generate -enable-testing -index-store-path /Users/admin/builder/spi-builder-workspace/.derivedData/Index.noindex/DataStore -Xcc -D_LIBCPP_HARDENING_MODE\=_LIBCPP_HARDENING_MODE_DEBUG -swift-version 5 -I /Users/admin/builder/spi-builder-workspace/.derivedData/Build/Products/Debug -Isystem /Applications/Xcode-27.0.0-Release.Candidate.app/Contents/Developer/Platforms/MacOSX.platform/Developer/usr/lib -F /Users/admin/builder/spi-builder-workspace/.derivedData/Build/Products/Debug -F /Applications/Xcode-27.0.0-Release.Candidate.app/Contents/Developer/Platforms/MacOSX.platform/Developer/Library/Frameworks -c -j10 -enable-batch-mode -incremental -Xcc -ivfsstatcache -Xcc /Users/admin/builder/spi-builder-workspace/.derivedData/SDKStatCaches.noindex/macosx27.0-26A425-e829b21a6f8c9b70876ba0858053c0446a22442a12e9d48fe1a705f55a1adfc4.sdkstatcache -output-file-map /Users/admin/builder/spi-builder-workspace/.derivedData/Build/Intermediates.noindex/CoreUI.build/Debug/CoreUI-t.build/Objects-normal/arm64/CoreUI-OutputFileMap.json -save-temps -no-color-diagnostics -explicit-module-build -module-cache-path /Users/admin/builder/spi-builder-workspace/.derivedData/Build/Intermediates.noindex/SwiftExplicitPrecompiledModules -clang-scanner-module-cache-path /Users/admin/builder/spi-builder-workspace/.derivedData/ModuleCache.noindex -sdk-module-cache-path /Users/admin/builder/spi-builder-workspace/.derivedData/SDKExplicitPrecompiledModules -emit-dependencies -emit-module -emit-module-path /Users/admin/builder/spi-builder-workspace/.derivedData/Build/Intermediates.noindex/CoreUI.build/Debug/CoreUI-t.build/Objects-normal/arm64/CoreUI.swiftmodule -serialize-diagnostics -dependency-scan-serialize-diagnostics-path /Users/admin/builder/spi-builder-workspace/.derivedData/Build/Intermediates.noindex/CoreUI.build/Debug/CoreUI-t.build/Objects-normal/arm64/CoreUI-dependency-scan.dia -validate-clang-modules-once -clang-build-session-file /Users/admin/builder/spi-builder-workspace/.derivedData/ModuleCache.noindex/Session.modulevalidation -Xcc -fmodules-prune-interval\=86400 -Xcc -fmodules-prune-after\=345600 -emit-const-values -const-gather-protocols-list /Users/admin/builder/spi-builder-workspace/.derivedData/Build/Intermediates.noindex/CoreUI.build/Debug/CoreUI-t.build/Objects-normal/arm64/CoreUI_const_extract_protocols.json -Xcc -I/Users/admin/builder/spi-builder-workspace/.derivedData/Build/Products/Debug/include -Xcc -I/Users/admin/builder/spi-builder-workspace/.derivedData/Build/Intermediates.noindex/CoreUI.build/Debug/CoreUI-t.build/DerivedSources-normal/arm64 -Xcc -I/Users/admin/builder/spi-builder-workspace/.derivedData/Build/Intermediates.noindex/CoreUI.build/Debug/CoreUI-t.build/DerivedSources/arm64 -Xcc -I/Users/admin/builder/spi-builder-workspace/.derivedData/Build/Intermediates.noindex/CoreUI.build/Debug/CoreUI-t.build/DerivedSources -Xcc -DSWIFT_PACKAGE -Xcc -DDEBUG\=1 -emit-objc-header -emit-objc-header-path /Users/admin/builder/spi-builder-workspace/.derivedData/Build/Intermediates.noindex/CoreUI.build/Debug/CoreUI-t.build/Objects-normal/arm64/CoreUI-Swift.h -working-directory /Users/admin/builder/spi-builder-workspace/.swiftpm/xcode -experimental-emit-module-separately -disable-cmo
/Users/admin/builder/spi-builder-workspace/Sources/CoreUI/ApplyProtocol/ApplyProtocol+UIKit.swift:2:8: error: Unable to resolve module dependency: 'UIKit' (in target 'CoreUI' from project 'CoreUI')
note: A dependency of main module 'CoreUI'
/Users/admin/builder/spi-builder-workspace/Sources/CoreUI/Layout/LayoutAnchor.swift:1:8: note: Also imported here
/Users/admin/builder/spi-builder-workspace/Sources/CoreUI/Layout/UIStackView+add.swift:1:8: note: Also imported here
/Users/admin/builder/spi-builder-workspace/Sources/CoreUI/Layout/UIView+add.swift:1:8: note: Also imported here
/Users/admin/builder/spi-builder-workspace/Sources/CoreUI/UI/UI+Accessibility.swift:1:8: note: Also imported here
/Users/admin/builder/spi-builder-workspace/Sources/CoreUI/UI/UI+Button.swift:1:8: note: Also imported here
/Users/admin/builder/spi-builder-workspace/Sources/CoreUI/UI/UI+ImageView.swift:1:8: note: Also imported here
/Users/admin/builder/spi-builder-workspace/Sources/CoreUI/UI/UI+Label.swift:1:8: note: Also imported here
/Users/admin/builder/spi-builder-workspace/Sources/CoreUI/UI/UI+ScrollView.swift:1:8: note: Also imported here
/Users/admin/builder/spi-builder-workspace/Sources/CoreUI/UI/UI+Stack.swift:1:8: note: Also imported here
/Users/admin/builder/spi-builder-workspace/Sources/CoreUI/UI/UI+TextView.swift:1:8: note: Also imported here
/Users/admin/builder/spi-builder-workspace/Sources/CoreUI/UI/UI+View.swift:1:8: note: Also imported here
/Users/admin/builder/spi-builder-workspace/Sources/CoreUI/UI/UI+Wrap.swift:1:8: note: Also imported here
/Users/admin/builder/spi-builder-workspace/Sources/CoreUI/UI/UI.swift:1:8: note: Also imported here
/Users/admin/builder/spi-builder-workspace/Sources/CoreUI/UI/UIView+accessibility.swift:1:8: note: Also imported here
/Users/admin/builder/spi-builder-workspace/Sources/CoreUI/UI/UIView+wrap.swift:1:8: note: Also imported here
/Users/admin/builder/spi-builder-workspace/Sources/CoreUI/UIControl+onEvent.swift:1:8: note: Also imported here
/Users/admin/builder/spi-builder-workspace/Sources/CoreUI/UIEdgeInsets+builders.swift:1:8: note: Also imported here
/Users/admin/builder/spi-builder-workspace/Sources/CoreUI/UITableView+cell.swift:1:8: note: Also imported here
/Users/admin/builder/spi-builder-workspace/Sources/CoreUI/UIView+keyboardAnimation.swift:1:8: note: Also imported here
/Users/admin/builder/spi-builder-workspace/Sources/CoreUI/UIViewController+child.swift:1:8: note: Also imported here
/Users/admin/builder/spi-builder-workspace/Sources/CoreUI/ApplyProtocol/ApplyProtocol+UIKit.swift:2:8: note: A dependency of main module 'CoreUI'
import UIKit
^ (in target 'CoreUI' from project 'CoreUI')
/Users/admin/builder/spi-builder-workspace/Sources/CoreUI/Layout/LayoutAnchor.swift:1:8: note: Also imported here
import UIKit
^ (in target 'CoreUI' from project 'CoreUI')
/Users/admin/builder/spi-builder-workspace/Sources/CoreUI/Layout/UIStackView+add.swift:1:8: note: Also imported here
import UIKit
^ (in target 'CoreUI' from project 'CoreUI')
/Users/admin/builder/spi-builder-workspace/Sources/CoreUI/Layout/UIView+add.swift:1:8: note: Also imported here
import UIKit
^ (in target 'CoreUI' from project 'CoreUI')
/Users/admin/builder/spi-builder-workspace/Sources/CoreUI/UI/UI+Accessibility.swift:1:8: note: Also imported here
import UIKit
^ (in target 'CoreUI' from project 'CoreUI')
/Users/admin/builder/spi-builder-workspace/Sources/CoreUI/UI/UI+Button.swift:1:8: note: Also imported here
import UIKit
^ (in target 'CoreUI' from project 'CoreUI')
/Users/admin/builder/spi-builder-workspace/Sources/CoreUI/UI/UI+ImageView.swift:1:8: note: Also imported here
import UIKit
^ (in target 'CoreUI' from project 'CoreUI')
/Users/admin/builder/spi-builder-workspace/Sources/CoreUI/UI/UI+Label.swift:1:8: note: Also imported here
import UIKit
^ (in target 'CoreUI' from project 'CoreUI')
/Users/admin/builder/spi-builder-workspace/Sources/CoreUI/UI/UI+ScrollView.swift:1:8: note: Also imported here
import UIKit
^ (in target 'CoreUI' from project 'CoreUI')
/Users/admin/builder/spi-builder-workspace/Sources/CoreUI/UI/UI+Stack.swift:1:8: note: Also imported here
import UIKit
^ (in target 'CoreUI' from project 'CoreUI')
/Users/admin/builder/spi-builder-workspace/Sources/CoreUI/UI/UI+TextView.swift:1:8: note: Also imported here
import UIKit
^ (in target 'CoreUI' from project 'CoreUI')
/Users/admin/builder/spi-builder-workspace/Sources/CoreUI/UI/UI+View.swift:1:8: note: Also imported here
import UIKit
^ (in target 'CoreUI' from project 'CoreUI')
/Users/admin/builder/spi-builder-workspace/Sources/CoreUI/UI/UI+Wrap.swift:1:8: note: Also imported here
import UIKit
^ (in target 'CoreUI' from project 'CoreUI')
/Users/admin/builder/spi-builder-workspace/Sources/CoreUI/UI/UI.swift:1:8: note: Also imported here
import UIKit
^ (in target 'CoreUI' from project 'CoreUI')
/Users/admin/builder/spi-builder-workspace/Sources/CoreUI/UI/UIView+accessibility.swift:1:8: note: Also imported here
import UIKit
^ (in target 'CoreUI' from project 'CoreUI')
/Users/admin/builder/spi-builder-workspace/Sources/CoreUI/UI/UIView+wrap.swift:1:8: note: Also imported here
import UIKit
^ (in target 'CoreUI' from project 'CoreUI')
/Users/admin/builder/spi-builder-workspace/Sources/CoreUI/UIControl+onEvent.swift:1:8: note: Also imported here
import UIKit
^ (in target 'CoreUI' from project 'CoreUI')
/Users/admin/builder/spi-builder-workspace/Sources/CoreUI/UIEdgeInsets+builders.swift:1:8: note: Also imported here
import UIKit
^ (in target 'CoreUI' from project 'CoreUI')
/Users/admin/builder/spi-builder-workspace/Sources/CoreUI/UITableView+cell.swift:1:8: note: Also imported here
import UIKit
^ (in target 'CoreUI' from project 'CoreUI')
/Users/admin/builder/spi-builder-workspace/Sources/CoreUI/UIView+keyboardAnimation.swift:1:8: note: Also imported here
import UIKit
^ (in target 'CoreUI' from project 'CoreUI')
/Users/admin/builder/spi-builder-workspace/Sources/CoreUI/UIViewController+child.swift:1:8: note: Also imported here
import UIKit
^ (in target 'CoreUI' from project 'CoreUI')
PruneExplicitPrecompiledModules /Users/admin/builder/spi-builder-workspace/.derivedData/SDKExplicitPrecompiledModules
PruneExplicitPrecompiledModules /Users/admin/builder/spi-builder-workspace/.derivedData/Build/Intermediates.noindex/ExplicitPrecompiledModules
PruneExplicitPrecompiledModules /Users/admin/builder/spi-builder-workspace/.derivedData/Build/Intermediates.noindex/SwiftExplicitPrecompiledModules
2026-09-18 19:27:35.038 xcodebuild[672:4466] [MT] IDERunDestination: Supported platforms for the buildables in the current scheme is empty.
--- xcodebuild: WARNING: Using the first of multiple matching destinations:
{ platform:macOS, arch:arm64, id:7a405a15354eae98392261ac0f469933df279908, name:My Mac }
{ platform:macOS, arch:arm64, variant:Mac Catalyst, id:7a405a15354eae98392261ac0f469933df279908, name:My Mac }
{ platform:macOS, arch:arm64, variant:DriverKit, id:7a405a15354eae98392261ac0f469933df279908, name:My Mac }
{ platform:macOS, arch:arm64, variant:Designed for [iPad,iPhone], id:7a405a15354eae98392261ac0f469933df279908, name:My Mac }
** BUILD FAILED **
The following build commands failed:
SwiftDriver CoreUI normal arm64 com.apple.xcode.tools.swift.compiler (in target 'CoreUI' from project 'CoreUI')
Building workspace CoreUI with scheme CoreUI
(2 failures)
BUILD FAILURE 6.4 macosXcodebuild