Build Information
Failed to build Levenshtein, reference 0.1.0 (8088f8), with Swift 6.3 for macOS (Xcode) using Xcode 26.4 on 11 Aug 2026 20:49:11 UTC.
Build Command
No build command. This typically means the build failed at an early stage where we determine the build command.Build Log
========================================
RunAll
========================================
Builder version: undefined version: run 'make version' to update
Interrupt handler set up.
========================================
Checkout
========================================
Clone URL: https://github.com/johannesvroth/Levenshtein.git
Reference: 0.1.0
Initialized empty Git repository in /Users/admin/builder/spi-builder-workspace/.git/
From https://github.com/johannesvroth/Levenshtein
* tag 0.1.0 -> FETCH_HEAD
HEAD is now at 8088f82 Initial commit
Cloned https://github.com/johannesvroth/Levenshtein.git
Revision (git rev-parse @):
8088f82d193c69a319acc7c03fa2631bbca02ac1
SUCCESS checkout https://github.com/johannesvroth/Levenshtein.git at 0.1.0
========================================
Build
========================================
Selected platform: macosXcodebuild
Swift version: 6.3
Building package at path: $PWD
https://github.com/johannesvroth/Levenshtein.git
Command line invocation:
/Applications/Xcode-26.4.0.app/Contents/Developer/usr/bin/xcodebuild -IDEClonedSourcePackagesDirPathOverride=/Users/admin/builder/spi-builder-workspace/.dependencies -resolvePackageDependencies
Resolve Package Graph
package 'spi-builder-workspace' is using Swift tools version 3.1.0 which is no longer supported; consider using '// swift-tools-version: 6.3' to specify the current tools version
Resolved source packages:
spi-builder-workspace: (null)
2026-08-11 16:49:09.419 xcodebuild[541:3136] Writing error result bundle to /var/folders/xq/y_g06wb113726d38xsyx71_h0000gn/T/ResultBundle_2026-11-08_16-49-0009.xcresult
xcodebuild: error: Could not resolve package dependencies:
package 'spi-builder-workspace' is using Swift tools version 3.1.0 which is no longer supported; consider using '// swift-tools-version: 6.3' to specify the current tools version
Command line invocation:
/Applications/Xcode-26.4.0.app/Contents/Developer/usr/bin/xcodebuild -IDEClonedSourcePackagesDirPathOverride=/Users/admin/builder/spi-builder-workspace/.dependencies -resolvePackageDependencies
Resolve Package Graph
package 'spi-builder-workspace' is using Swift tools version 3.1.0 which is no longer supported; consider using '// swift-tools-version: 6.3' to specify the current tools version
Resolved source packages:
spi-builder-workspace: (null)
2026-08-11 16:49:11.068 xcodebuild[639:3843] Writing error result bundle to /var/folders/xq/y_g06wb113726d38xsyx71_h0000gn/T/ResultBundle_2026-11-08_16-49-0011.xcresult
xcodebuild: error: Could not resolve package dependencies:
package 'spi-builder-workspace' is using Swift tools version 3.1.0 which is no longer supported; consider using '// swift-tools-version: 6.3' to specify the current tools version
BUILD FAILURE 6.3 macosXcodebuild