The Swift Package Index logo.Swift Package Index

Build Information

Failed to build XcodeProjectCLI, reference v1.2.3 (a0fd07), with Swift 6.3 for watchOS using Xcode 26.4 on 1 Sep 2026 19:11:28 UTC.

Build Command

env DEVELOPER_DIR=/Applications/Xcode-26.5.0.app xcrun xcodebuild -IDEClonedSourcePackagesDirPathOverride=$PWD/.dependencies -skipMacroValidation -skipPackagePluginValidation -derivedDataPath $PWD/.derivedData build -scheme XcodeProjectCLI-Package -destination generic/platform=watchOS

Build Log

	SwiftCompile normal arm64_32 /Users/admin/builder/spi-builder-workspace/.dependencies/checkouts/XcodeProj/Sources/XcodeProj/Extensions/Path+Extras.swift (in target 'XcodeProj' from project 'XcodeProj')
	SwiftCompile normal arm64_32 /Users/admin/builder/spi-builder-workspace/.dependencies/checkouts/XcodeProj/Sources/XcodeProj/Extensions/String+md5.swift (in target 'XcodeProj' from project 'XcodeProj')
	Building workspace spi-builder-workspace with scheme XcodeProjectCLI-Package
(4 failures)
Command line invocation:
    /Applications/Xcode-26.5.0.app/Contents/Developer/usr/bin/xcodebuild -IDEClonedSourcePackagesDirPathOverride=/Users/admin/builder/spi-builder-workspace/.dependencies -resolvePackageDependencies
Resolve Package Graph
Resolved source packages:
  Spectre: https://github.com/kylef/Spectre.git @ 0.10.1
  AEXML: https://github.com/tadija/AEXML.git @ 4.7.0
  swift-argument-parser: https://github.com/apple/swift-argument-parser @ 1.8.2
  XcodeProjectCLI: /Users/admin/builder/spi-builder-workspace
  XcodeProj: https://github.com/wojciech-kulik/XcodeProj.git @ main (db12c9c)
  PathKit: https://github.com/kylef/PathKit.git @ 1.0.1
resolved source packages: Spectre, AEXML, swift-argument-parser, XcodeProjectCLI, XcodeProj, PathKit
2026-09-01 15:11:20.581 xcodebuild[1221:6889] [MT] IDERunDestination: Supported platforms for the buildables in the current scheme is empty.
{
  "dependencies" : [
    {
      "identity" : "xcodeproj",
      "requirement" : {
        "branch" : [
          "main"
        ]
      },
      "type" : "sourceControl",
      "url" : "https://github.com/wojciech-kulik/XcodeProj.git"
    },
    {
      "identity" : "swift-argument-parser",
      "requirement" : {
        "range" : [
          {
            "lower_bound" : "1.5.0",
            "upper_bound" : "2.0.0"
          }
        ]
      },
      "type" : "sourceControl",
      "url" : "https://github.com/apple/swift-argument-parser"
    }
  ],
  "manifest_display_name" : "XcodeProjectCLI",
  "name" : "XcodeProjectCLI",
  "path" : "/Users/admin/builder/spi-builder-workspace",
  "platforms" : [
    {
      "name" : "macos",
      "version" : "13.0"
    }
  ],
  "products" : [
    {
      "name" : "XcodeProject",
      "targets" : [
        "XcodeProject"
      ],
      "type" : {
        "library" : [
          "automatic"
        ]
      }
    },
    {
      "name" : "xcp",
      "targets" : [
        "XcodeProjectCLI"
      ],
      "type" : {
        "executable" : null
      }
    }
  ],
  "targets" : [
    {
      "c99name" : "XcodeProjectCommandsTests",
      "module_type" : "SwiftTarget",
      "name" : "XcodeProjectCommandsTests",
      "path" : "Tests/XcodeProjectCommandsTests",
      "sources" : [
        "AddColorAssetCommandTests.swift",
        "AddDataAssetCommandTests.swift",
        "AddFileCommandTests.swift",
        "AddGroupCommandTests.swift",
        "AddImageAssetCommandTests.swift",
        "DeleteAssetCommandTests.swift",
        "DeleteFileCommandTests.swift",
        "DeleteGroupCommandTests.swift",
        "GetBuildSettingCommandTests.swift",
        "InputPathTests.swift",
        "ListAssetsCommandTests.swift",
        "ListTargetsCommandTests.swift",
        "MoveAssetCommandTests.swift",
        "MoveFileCommandTests.swift",
        "MoveGroupCommandTests.swift",
        "ProjectPathTests.swift",
        "RenameFileCommandTests.swift",
        "RenameGroupCommandTests.swift",
        "SetBuildSettingCommandTests.swift",
        "SetTargetCommandTests.swift",
        "Utils/ProjectAssetsTests.swift",
        "Utils/ProjectTests.swift",
        "Utils/SerializedSuite.swift",
        "Utils/String+LinesComparison.swift",
        "Utils/TestProjectStructure.swift"
      ],
      "target_dependencies" : [
        "XcodeProjectCommands"
      ],
      "type" : "test"
    },
    {
      "c99name" : "XcodeProjectCommands",
      "module_type" : "SwiftTarget",
      "name" : "XcodeProjectCommands",
      "path" : "Sources/XcodeProjectCommands",
      "product_dependencies" : [
        "ArgumentParser"
      ],
      "product_memberships" : [
        "xcp"
      ],
      "sources" : [
        "Assets/AddColorAssetCommand.swift",
        "Assets/AddDataAssetCommand.swift",
        "Assets/AddImageAssetCommand.swift",
        "Assets/DeleteAssetCommand.swift",
        "Assets/ListAssetsCommand.swift",
        "Assets/MoveAssetCommand.swift",
        "BuildSettings/GetBuildSettingCommand.swift",
        "BuildSettings/SetBuildSettingCommand.swift",
        "Files/AddFileCommand.swift",
        "Files/DeleteFileCommand.swift",
        "Files/MoveFileCommand.swift",
        "Files/RenameFileCommand.swift",
        "Groups/AddGroupCommand.swift",
        "Groups/DeleteGroupCommand.swift",
        "Groups/MoveGroupCommand.swift",
        "Groups/RenameGroupCommand.swift",
        "ProjectOptions.swift",
        "Targets/ListTargetsCommand.swift",
        "Targets/SetTargetCommand.swift"
      ],
      "target_dependencies" : [
        "XcodeProject"
      ],
      "type" : "library"
    },
    {
      "c99name" : "XcodeProjectCLI",
      "module_type" : "SwiftTarget",
      "name" : "XcodeProjectCLI",
      "path" : "Sources/XcodeProjectCLI",
      "product_dependencies" : [
        "ArgumentParser"
      ],
      "product_memberships" : [
        "xcp"
      ],
      "sources" : [
        "XcodeProjectCLI.swift"
      ],
      "target_dependencies" : [
        "XcodeProjectCommands"
      ],
      "type" : "executable"
    },
    {
      "c99name" : "XcodeProject",
      "module_type" : "SwiftTarget",
      "name" : "XcodeProject",
      "path" : "Sources/XcodeProject",
      "product_dependencies" : [
        "XcodeProj"
      ],
      "product_memberships" : [
        "XcodeProject",
        "xcp"
      ],
      "sources" : [
        "Core/AssetTemplateBuilders/ColorAssetBuilder.swift",
        "Core/AssetTemplateBuilders/DataAssetBuilder.swift",
        "Core/AssetTemplateBuilders/ImageAssetBuilder.swift",
        "Core/Project.swift",
        "Core/ProjectAssets.swift",
        "Core/ProjectFiles.swift",
        "Core/ProjectGroups.swift",
        "Core/ProjectTargets.swift",
        "Extensions/Collection.swift",
        "Extensions/PBXFileElement.swift",
        "Extensions/PBXGroup.swift",
        "Extensions/PBXNativeTarget.swift",
        "Extensions/String.swift",
        "Extensions/XcodeProj.swift",
        "Models/AssetInfo.swift",
        "Models/AssetType.swift",
        "Models/HexColor.swift",
        "Models/InputPath.swift",
        "Models/RenderingMode.swift",
        "Models/Typealiases.swift",
        "Models/XcodeProjectError.swift",
        "Utils/PathUtils.swift"
      ],
      "type" : "library"
    }
  ],
  "tools_version" : "5.9"
}
{
  "workspace" : {
    "name" : "spi-builder-workspace",
    "schemes" : [
      "XcodeProject",
      "XcodeProjectCLI-Package",
      "xcp"
    ]
  }
}
2026-09-01 15:11:22.848 xcodebuild[1239:7014] [MT] IDERunDestination: Supported platforms for the buildables in the current scheme is empty.
Running build ...
env DEVELOPER_DIR=/Applications/Xcode-26.5.0.app xcrun xcodebuild -IDEClonedSourcePackagesDirPathOverride=$PWD/.dependencies -skipMacroValidation -skipPackagePluginValidation -derivedDataPath $PWD/.derivedData build -scheme XcodeProjectCLI-Package -destination generic/platform=watchOS
Command line invocation:
    /Applications/Xcode-26.5.0.app/Contents/Developer/usr/bin/xcodebuild -IDEClonedSourcePackagesDirPathOverride=/Users/admin/builder/spi-builder-workspace/.dependencies -skipMacroValidation -skipPackagePluginValidation -derivedDataPath /Users/admin/builder/spi-builder-workspace/.derivedData build -scheme XcodeProjectCLI-Package -destination generic/platform=watchOS
Resolve Package Graph
Resolved source packages:
  XcodeProj: https://github.com/wojciech-kulik/XcodeProj.git @ main (db12c9c)
  PathKit: https://github.com/kylef/PathKit.git @ 1.0.1
  XcodeProjectCLI: /Users/admin/builder/spi-builder-workspace
  AEXML: https://github.com/tadija/AEXML.git @ 4.7.0
  Spectre: https://github.com/kylef/Spectre.git @ 0.10.1
  swift-argument-parser: https://github.com/apple/swift-argument-parser @ 1.8.2
ComputePackagePrebuildTargetDependencyGraph
Prepare packages
CreateBuildRequest
SendProjectDescription
CreateBuildOperation
ComputeTargetDependencyGraph
note: Building targets in dependency order
note: Target dependency graph (13 targets)
    Target 'xcp' in project 'XcodeProjectCLI'
        ➜ Explicit dependency on target 'XcodeProject' in project 'XcodeProjectCLI'
        ➜ Explicit dependency on target 'XcodeProjectCommands' in project 'XcodeProjectCLI'
        ➜ Explicit dependency on target 'XcodeProj' in project 'XcodeProj'
        ➜ Explicit dependency on target 'ArgumentParser' in project 'swift-argument-parser'
    Target 'XcodeProjectCommands' in project 'XcodeProjectCLI'
        ➜ Explicit dependency on target 'XcodeProject' in project 'XcodeProjectCLI'
        ➜ Explicit dependency on target 'XcodeProj' in project 'XcodeProj'
        ➜ Explicit dependency on target 'ArgumentParser' in project 'swift-argument-parser'
    Target 'ArgumentParser' in project 'swift-argument-parser'
        ➜ Explicit dependency on target 'ArgumentParser' in project 'swift-argument-parser'
        ➜ Explicit dependency on target 'ArgumentParserToolInfo' in project 'swift-argument-parser'
    Target 'ArgumentParser' in project 'swift-argument-parser'
        ➜ Explicit dependency on target 'ArgumentParserToolInfo' in project 'swift-argument-parser'
    Target 'ArgumentParserToolInfo' in project 'swift-argument-parser' (no dependencies)
    Target 'XcodeProject' in project 'XcodeProjectCLI'
        ➜ Explicit dependency on target 'XcodeProject' in project 'XcodeProjectCLI'
        ➜ Explicit dependency on target 'XcodeProj' in project 'XcodeProj'
    Target 'XcodeProject' in project 'XcodeProjectCLI'
        ➜ Explicit dependency on target 'XcodeProj' in project 'XcodeProj'
    Target 'XcodeProj' in project 'XcodeProj'
        ➜ Explicit dependency on target 'XcodeProj' in project 'XcodeProj'
        ➜ Explicit dependency on target 'PathKit' in project 'PathKit'
        ➜ Explicit dependency on target 'AEXML' in project 'AEXML'
    Target 'XcodeProj' in project 'XcodeProj'
        ➜ Explicit dependency on target 'PathKit' in project 'PathKit'
        ➜ Explicit dependency on target 'AEXML' in project 'AEXML'
    Target 'AEXML' in project 'AEXML'
        ➜ Explicit dependency on target 'AEXML' in project 'AEXML'
    Target 'AEXML' in project 'AEXML' (no dependencies)
    Target 'PathKit' in project 'PathKit'
        ➜ Explicit dependency on target 'PathKit' in project 'PathKit'
    Target 'PathKit' in project 'PathKit' (no dependencies)
GatherProvisioningInputs
CreateBuildDescription
ClangStatCache /Applications/Xcode-26.5.0.app/Contents/Developer/Toolchains/XcodeDefault.xctoolchain/usr/bin/clang-stat-cache /Applications/Xcode-26.5.0.app/Contents/Developer/Platforms/WatchOS.platform/Developer/SDKs/WatchOS26.5.sdk /Users/admin/builder/spi-builder-workspace/.derivedData/SDKStatCaches.noindex/watchos26.5-23T570-688ef53f1462e2c8f657fdc38a81448f7931b973dfc65d9472806dbbc3af9379.sdkstatcache
    cd /Users/admin/builder/spi-builder-workspace/.swiftpm/xcode
    /Applications/Xcode-26.5.0.app/Contents/Developer/Toolchains/XcodeDefault.xctoolchain/usr/bin/clang-stat-cache /Applications/Xcode-26.5.0.app/Contents/Developer/Platforms/WatchOS.platform/Developer/SDKs/WatchOS26.5.sdk -o /Users/admin/builder/spi-builder-workspace/.derivedData/SDKStatCaches.noindex/watchos26.5-23T570-688ef53f1462e2c8f657fdc38a81448f7931b973dfc65d9472806dbbc3af9379.sdkstatcache
SwiftDriver XcodeProj normal arm64_32 com.apple.xcode.tools.swift.compiler (in target 'XcodeProj' from project 'XcodeProj')
    cd /Users/admin/builder/spi-builder-workspace/.swiftpm/xcode
    builtin-SwiftDriver -- /Applications/Xcode-26.5.0.app/Contents/Developer/Toolchains/XcodeDefault.xctoolchain/usr/bin/swiftc -module-name XcodeProj -Onone @/Users/admin/builder/spi-builder-workspace/.derivedData/Build/Intermediates.noindex/XcodeProj.build/Debug-watchos/XcodeProj.build/Objects-normal/arm64_32/XcodeProj.SwiftFileList -DSWIFT_PACKAGE -DDEBUG -DSWIFT_MODULE_RESOURCE_BUNDLE_UNAVAILABLE -DXcode -enable-experimental-feature StrictConcurrency -plugin-path /Applications/Xcode-26.5.0.app/Contents/Developer/Toolchains/XcodeDefault.xctoolchain/usr/lib/swift/host/plugins/testing -enable-experimental-feature DebugDescriptionMacro -sdk /Applications/Xcode-26.5.0.app/Contents/Developer/Platforms/WatchOS.platform/Developer/SDKs/WatchOS26.5.sdk -target arm64_32-apple-watchos5.0 -g -module-cache-path /Users/admin/builder/spi-builder-workspace/.derivedData/ModuleCache.noindex -Xfrontend -serialize-debugging-options -profile-coverage-mapping -profile-generate -enable-testing -suppress-warnings -index-store-path /Users/admin/builder/spi-builder-workspace/.derivedData/Index.noindex/DataStore -Xcc -D_LIBCPP_HARDENING_MODE\=_LIBCPP_HARDENING_MODE_DEBUG -swift-version 6 -I /Users/admin/builder/spi-builder-workspace/.derivedData/Build/Products/Debug-watchos -Isystem /Applications/Xcode-26.5.0.app/Contents/Developer/Platforms/WatchOS.platform/Developer/usr/lib -F /Users/admin/builder/spi-builder-workspace/.derivedData/Build/Products/Debug-watchos/PackageFrameworks -F /Users/admin/builder/spi-builder-workspace/.derivedData/Build/Products/Debug-watchos/PackageFrameworks -F /Users/admin/builder/spi-builder-workspace/.derivedData/Build/Products/Debug-watchos -F /Applications/Xcode-26.5.0.app/Contents/Developer/Platforms/WatchOS.platform/Developer/Library/Frameworks -F /Applications/Xcode-26.5.0.app/Contents/Developer/Platforms/WatchOS.platform/Developer/SDKs/WatchOS26.5.sdk/Developer/Library/Frameworks -c -j10 -enable-batch-mode -incremental -Xcc -ivfsstatcache -Xcc /Users/admin/builder/spi-builder-workspace/.derivedData/SDKStatCaches.noindex/watchos26.5-23T570-688ef53f1462e2c8f657fdc38a81448f7931b973dfc65d9472806dbbc3af9379.sdkstatcache -output-file-map /Users/admin/builder/spi-builder-workspace/.derivedData/Build/Intermediates.noindex/XcodeProj.build/Debug-watchos/XcodeProj.build/Objects-normal/arm64_32/XcodeProj-OutputFileMap.json -use-frontend-parseable-output -save-temps -no-color-diagnostics -explicit-module-build -module-cache-path /Users/admin/builder/spi-builder-workspace/.derivedData/Build/Intermediates.noindex/SwiftExplicitPrecompiledModules -clang-scanner-module-cache-path /Users/admin/builder/spi-builder-workspace/.derivedData/ModuleCache.noindex -sdk-module-cache-path /Users/admin/builder/spi-builder-workspace/.derivedData/ModuleCache.noindex -serialize-diagnostics -emit-dependencies -emit-module -emit-module-path /Users/admin/builder/spi-builder-workspace/.derivedData/Build/Intermediates.noindex/XcodeProj.build/Debug-watchos/XcodeProj.build/Objects-normal/arm64_32/XcodeProj.swiftmodule -validate-clang-modules-once -clang-build-session-file /Users/admin/builder/spi-builder-workspace/.derivedData/ModuleCache.noindex/Session.modulevalidation -package-name xcodeproj -Xcc -I/Users/admin/builder/spi-builder-workspace/.derivedData/Build/Intermediates.noindex/XcodeProj.build/Debug-watchos/XcodeProj.build/swift-overrides.hmap -emit-const-values -Xfrontend -const-gather-protocols-file -Xfrontend /Users/admin/builder/spi-builder-workspace/.derivedData/Build/Intermediates.noindex/XcodeProj.build/Debug-watchos/XcodeProj.build/Objects-normal/arm64_32/XcodeProj_const_extract_protocols.json -Xcc -I/Users/admin/builder/spi-builder-workspace/.derivedData/Build/Products/Debug-watchos/include -Xcc -I/Users/admin/builder/spi-builder-workspace/.derivedData/Build/Intermediates.noindex/XcodeProj.build/Debug-watchos/XcodeProj.build/DerivedSources-normal/arm64_32 -Xcc -I/Users/admin/builder/spi-builder-workspace/.derivedData/Build/Intermediates.noindex/XcodeProj.build/Debug-watchos/XcodeProj.build/DerivedSources/arm64_32 -Xcc -I/Users/admin/builder/spi-builder-workspace/.derivedData/Build/Intermediates.noindex/XcodeProj.build/Debug-watchos/XcodeProj.build/DerivedSources -Xcc -DSWIFT_PACKAGE -Xcc -DDEBUG\=1 -emit-objc-header -emit-objc-header-path /Users/admin/builder/spi-builder-workspace/.derivedData/Build/Intermediates.noindex/XcodeProj.build/Debug-watchos/XcodeProj.build/Objects-normal/arm64_32/XcodeProj-Swift.h -working-directory /Users/admin/builder/spi-builder-workspace/.swiftpm/xcode -experimental-emit-module-separately -disable-cmo
SwiftDriver ArgumentParser normal arm64_32 com.apple.xcode.tools.swift.compiler (in target 'ArgumentParser' from project 'swift-argument-parser')
    cd /Users/admin/builder/spi-builder-workspace/.swiftpm/xcode
    builtin-SwiftDriver -- /Applications/Xcode-26.5.0.app/Contents/Developer/Toolchains/XcodeDefault.xctoolchain/usr/bin/swiftc -module-name ArgumentParser -Onone @/Users/admin/builder/spi-builder-workspace/.derivedData/Build/Intermediates.noindex/swift-argument-parser.build/Debug-watchos/ArgumentParser.build/Objects-normal/arm64_32/ArgumentParser.SwiftFileList -DSWIFT_PACKAGE -DDEBUG -DSWIFT_MODULE_RESOURCE_BUNDLE_UNAVAILABLE -DXcode -plugin-path /Applications/Xcode-26.5.0.app/Contents/Developer/Toolchains/XcodeDefault.xctoolchain/usr/lib/swift/host/plugins/testing -enable-experimental-feature DebugDescriptionMacro -sdk /Applications/Xcode-26.5.0.app/Contents/Developer/Platforms/WatchOS.platform/Developer/SDKs/WatchOS26.5.sdk -target arm64_32-apple-watchos5.0 -g -module-cache-path /Users/admin/builder/spi-builder-workspace/.derivedData/ModuleCache.noindex -Xfrontend -serialize-debugging-options -profile-coverage-mapping -profile-generate -enable-testing -suppress-warnings -index-store-path /Users/admin/builder/spi-builder-workspace/.derivedData/Index.noindex/DataStore -Xcc -D_LIBCPP_HARDENING_MODE\=_LIBCPP_HARDENING_MODE_DEBUG -swift-version 6 -I /Users/admin/builder/spi-builder-workspace/.derivedData/Build/Products/Debug-watchos -Isystem /Applications/Xcode-26.5.0.app/Contents/Developer/Platforms/WatchOS.platform/Developer/usr/lib -F /Users/admin/builder/spi-builder-workspace/.derivedData/Build/Products/Debug-watchos/PackageFrameworks -F /Users/admin/builder/spi-builder-workspace/.derivedData/Build/Products/Debug-watchos -F /Applications/Xcode-26.5.0.app/Contents/Developer/Platforms/WatchOS.platform/Developer/Library/Frameworks -F /Applications/Xcode-26.5.0.app/Contents/Developer/Platforms/WatchOS.platform/Developer/SDKs/WatchOS26.5.sdk/Developer/Library/Frameworks -c -j10 -enable-batch-mode -incremental -Xcc -ivfsstatcache -Xcc /Users/admin/builder/spi-builder-workspace/.derivedData/SDKStatCaches.noindex/watchos26.5-23T570-688ef53f1462e2c8f657fdc38a81448f7931b973dfc65d9472806dbbc3af9379.sdkstatcache -output-file-map /Users/admin/builder/spi-builder-workspace/.derivedData/Build/Intermediates.noindex/swift-argument-parser.build/Debug-watchos/ArgumentParser.build/Objects-normal/arm64_32/ArgumentParser-OutputFileMap.json -use-frontend-parseable-output -save-temps -no-color-diagnostics -explicit-module-build -module-cache-path /Users/admin/builder/spi-builder-workspace/.derivedData/Build/Intermediates.noindex/SwiftExplicitPrecompiledModules -clang-scanner-module-cache-path /Users/admin/builder/spi-builder-workspace/.derivedData/ModuleCache.noindex -sdk-module-cache-path /Users/admin/builder/spi-builder-workspace/.derivedData/ModuleCache.noindex -serialize-diagnostics -emit-dependencies -emit-module -emit-module-path /Users/admin/builder/spi-builder-workspace/.derivedData/Build/Intermediates.noindex/swift-argument-parser.build/Debug-watchos/ArgumentParser.build/Objects-normal/arm64_32/ArgumentParser.swiftmodule -user-module-version 1.8.2 -validate-clang-modules-once -clang-build-session-file /Users/admin/builder/spi-builder-workspace/.derivedData/ModuleCache.noindex/Session.modulevalidation -package-name swift_argument_parser -Xcc -I/Users/admin/builder/spi-builder-workspace/.derivedData/Build/Intermediates.noindex/swift-argument-parser.build/Debug-watchos/ArgumentParser.build/swift-overrides.hmap -emit-const-values -Xfrontend -const-gather-protocols-file -Xfrontend /Users/admin/builder/spi-builder-workspace/.derivedData/Build/Intermediates.noindex/swift-argument-parser.build/Debug-watchos/ArgumentParser.build/Objects-normal/arm64_32/ArgumentParser_const_extract_protocols.json -Xcc -I/Users/admin/builder/spi-builder-workspace/.derivedData/Build/Products/Debug-watchos/include -Xcc -I/Users/admin/builder/spi-builder-workspace/.derivedData/Build/Intermediates.noindex/swift-argument-parser.build/Debug-watchos/ArgumentParser.build/DerivedSources-normal/arm64_32 -Xcc -I/Users/admin/builder/spi-builder-workspace/.derivedData/Build/Intermediates.noindex/swift-argument-parser.build/Debug-watchos/ArgumentParser.build/DerivedSources/arm64_32 -Xcc -I/Users/admin/builder/spi-builder-workspace/.derivedData/Build/Intermediates.noindex/swift-argument-parser.build/Debug-watchos/ArgumentParser.build/DerivedSources -Xcc -DSWIFT_PACKAGE -Xcc -DDEBUG\=1 -emit-objc-header -emit-objc-header-path /Users/admin/builder/spi-builder-workspace/.derivedData/Build/Intermediates.noindex/swift-argument-parser.build/Debug-watchos/ArgumentParser.build/Objects-normal/arm64_32/ArgumentParser-Swift.h -working-directory /Users/admin/builder/spi-builder-workspace/.swiftpm/xcode -experimental-emit-module-separately -disable-cmo
SwiftDriver XcodeProj normal armv7k com.apple.xcode.tools.swift.compiler (in target 'XcodeProj' from project 'XcodeProj')
    cd /Users/admin/builder/spi-builder-workspace/.swiftpm/xcode
    builtin-SwiftDriver -- /Applications/Xcode-26.5.0.app/Contents/Developer/Toolchains/XcodeDefault.xctoolchain/usr/bin/swiftc -module-name XcodeProj -Onone @/Users/admin/builder/spi-builder-workspace/.derivedData/Build/Intermediates.noindex/XcodeProj.build/Debug-watchos/XcodeProj.build/Objects-normal/armv7k/XcodeProj.SwiftFileList -DSWIFT_PACKAGE -DDEBUG -DSWIFT_MODULE_RESOURCE_BUNDLE_UNAVAILABLE -DXcode -enable-experimental-feature StrictConcurrency -plugin-path /Applications/Xcode-26.5.0.app/Contents/Developer/Toolchains/XcodeDefault.xctoolchain/usr/lib/swift/host/plugins/testing -enable-experimental-feature DebugDescriptionMacro -sdk /Applications/Xcode-26.5.0.app/Contents/Developer/Platforms/WatchOS.platform/Developer/SDKs/WatchOS26.5.sdk -target armv7k-apple-watchos5.0 -g -module-cache-path /Users/admin/builder/spi-builder-workspace/.derivedData/ModuleCache.noindex -Xfrontend -serialize-debugging-options -profile-coverage-mapping -profile-generate -enable-testing -suppress-warnings -index-store-path /Users/admin/builder/spi-builder-workspace/.derivedData/Index.noindex/DataStore -Xcc -D_LIBCPP_HARDENING_MODE\=_LIBCPP_HARDENING_MODE_DEBUG -swift-version 6 -I /Users/admin/builder/spi-builder-workspace/.derivedData/Build/Products/Debug-watchos -Isystem /Applications/Xcode-26.5.0.app/Contents/Developer/Platforms/WatchOS.platform/Developer/usr/lib -F /Users/admin/builder/spi-builder-workspace/.derivedData/Build/Products/Debug-watchos/PackageFrameworks -F /Users/admin/builder/spi-builder-workspace/.derivedData/Build/Products/Debug-watchos/PackageFrameworks -F /Users/admin/builder/spi-builder-workspace/.derivedData/Build/Products/Debug-watchos -F /Applications/Xcode-26.5.0.app/Contents/Developer/Platforms/WatchOS.platform/Developer/Library/Frameworks -F /Applications/Xcode-26.5.0.app/Contents/Developer/Platforms/WatchOS.platform/Developer/SDKs/WatchOS26.5.sdk/Developer/Library/Frameworks -c -j10 -enable-batch-mode -incremental -Xcc -ivfsstatcache -Xcc /Users/admin/builder/spi-builder-workspace/.derivedData/SDKStatCaches.noindex/watchos26.5-23T570-688ef53f1462e2c8f657fdc38a81448f7931b973dfc65d9472806dbbc3af9379.sdkstatcache -output-file-map /Users/admin/builder/spi-builder-workspace/.derivedData/Build/Intermediates.noindex/XcodeProj.build/Debug-watchos/XcodeProj.build/Objects-normal/armv7k/XcodeProj-OutputFileMap.json -use-frontend-parseable-output -save-temps -no-color-diagnostics -explicit-module-build -module-cache-path /Users/admin/builder/spi-builder-workspace/.derivedData/Build/Intermediates.noindex/SwiftExplicitPrecompiledModules -clang-scanner-module-cache-path /Users/admin/builder/spi-builder-workspace/.derivedData/ModuleCache.noindex -sdk-module-cache-path /Users/admin/builder/spi-builder-workspace/.derivedData/ModuleCache.noindex -serialize-diagnostics -emit-dependencies -emit-module -emit-module-path /Users/admin/builder/spi-builder-workspace/.derivedData/Build/Intermediates.noindex/XcodeProj.build/Debug-watchos/XcodeProj.build/Objects-normal/armv7k/XcodeProj.swiftmodule -validate-clang-modules-once -clang-build-session-file /Users/admin/builder/spi-builder-workspace/.derivedData/ModuleCache.noindex/Session.modulevalidation -package-name xcodeproj -Xcc -I/Users/admin/builder/spi-builder-workspace/.derivedData/Build/Intermediates.noindex/XcodeProj.build/Debug-watchos/XcodeProj.build/swift-overrides.hmap -emit-const-values -Xfrontend -const-gather-protocols-file -Xfrontend /Users/admin/builder/spi-builder-workspace/.derivedData/Build/Intermediates.noindex/XcodeProj.build/Debug-watchos/XcodeProj.build/Objects-normal/armv7k/XcodeProj_const_extract_protocols.json -Xcc -I/Users/admin/builder/spi-builder-workspace/.derivedData/Build/Products/Debug-watchos/include -Xcc -I/Users/admin/builder/spi-builder-workspace/.derivedData/Build/Intermediates.noindex/XcodeProj.build/Debug-watchos/XcodeProj.build/DerivedSources-normal/armv7k -Xcc -I/Users/admin/builder/spi-builder-workspace/.derivedData/Build/Intermediates.noindex/XcodeProj.build/Debug-watchos/XcodeProj.build/DerivedSources/armv7k -Xcc -I/Users/admin/builder/spi-builder-workspace/.derivedData/Build/Intermediates.noindex/XcodeProj.build/Debug-watchos/XcodeProj.build/DerivedSources -Xcc -DSWIFT_PACKAGE -Xcc -DDEBUG\=1 -emit-objc-header -emit-objc-header-path /Users/admin/builder/spi-builder-workspace/.derivedData/Build/Intermediates.noindex/XcodeProj.build/Debug-watchos/XcodeProj.build/Objects-normal/armv7k/XcodeProj-Swift.h -working-directory /Users/admin/builder/spi-builder-workspace/.swiftpm/xcode -experimental-emit-module-separately -disable-cmo
SwiftDriver XcodeProj normal arm64 com.apple.xcode.tools.swift.compiler (in target 'XcodeProj' from project 'XcodeProj')
    cd /Users/admin/builder/spi-builder-workspace/.swiftpm/xcode
    builtin-SwiftDriver -- /Applications/Xcode-26.5.0.app/Contents/Developer/Toolchains/XcodeDefault.xctoolchain/usr/bin/swiftc -module-name XcodeProj -Onone @/Users/admin/builder/spi-builder-workspace/.derivedData/Build/Intermediates.noindex/XcodeProj.build/Debug-watchos/XcodeProj.build/Objects-normal/arm64/XcodeProj.SwiftFileList -DSWIFT_PACKAGE -DDEBUG -DSWIFT_MODULE_RESOURCE_BUNDLE_UNAVAILABLE -DXcode -enable-experimental-feature StrictConcurrency -plugin-path /Applications/Xcode-26.5.0.app/Contents/Developer/Toolchains/XcodeDefault.xctoolchain/usr/lib/swift/host/plugins/testing -enable-experimental-feature DebugDescriptionMacro -sdk /Applications/Xcode-26.5.0.app/Contents/Developer/Platforms/WatchOS.platform/Developer/SDKs/WatchOS26.5.sdk -target arm64-apple-watchos5.0 -g -module-cache-path /Users/admin/builder/spi-builder-workspace/.derivedData/ModuleCache.noindex -Xfrontend -serialize-debugging-options -profile-coverage-mapping -profile-generate -enable-testing -suppress-warnings -index-store-path /Users/admin/builder/spi-builder-workspace/.derivedData/Index.noindex/DataStore -Xcc -D_LIBCPP_HARDENING_MODE\=_LIBCPP_HARDENING_MODE_DEBUG -swift-version 6 -I /Users/admin/builder/spi-builder-workspace/.derivedData/Build/Products/Debug-watchos -Isystem /Applications/Xcode-26.5.0.app/Contents/Developer/Platforms/WatchOS.platform/Developer/usr/lib -F /Users/admin/builder/spi-builder-workspace/.derivedData/Build/Products/Debug-watchos/PackageFrameworks -F /Users/admin/builder/spi-builder-workspace/.derivedData/Build/Products/Debug-watchos/PackageFrameworks -F /Users/admin/builder/spi-builder-workspace/.derivedData/Build/Products/Debug-watchos -F /Applications/Xcode-26.5.0.app/Contents/Developer/Platforms/WatchOS.platform/Developer/Library/Frameworks -F /Applications/Xcode-26.5.0.app/Contents/Developer/Platforms/WatchOS.platform/Developer/SDKs/WatchOS26.5.sdk/Developer/Library/Frameworks -c -j10 -enable-batch-mode -incremental -Xcc -ivfsstatcache -Xcc /Users/admin/builder/spi-builder-workspace/.derivedData/SDKStatCaches.noindex/watchos26.5-23T570-688ef53f1462e2c8f657fdc38a81448f7931b973dfc65d9472806dbbc3af9379.sdkstatcache -output-file-map /Users/admin/builder/spi-builder-workspace/.derivedData/Build/Intermediates.noindex/XcodeProj.build/Debug-watchos/XcodeProj.build/Objects-normal/arm64/XcodeProj-OutputFileMap.json -use-frontend-parseable-output -save-temps -no-color-diagnostics -explicit-module-build -module-cache-path /Users/admin/builder/spi-builder-workspace/.derivedData/Build/Intermediates.noindex/SwiftExplicitPrecompiledModules -clang-scanner-module-cache-path /Users/admin/builder/spi-builder-workspace/.derivedData/ModuleCache.noindex -sdk-module-cache-path /Users/admin/builder/spi-builder-workspace/.derivedData/ModuleCache.noindex -serialize-diagnostics -emit-dependencies -emit-module -emit-module-path /Users/admin/builder/spi-builder-workspace/.derivedData/Build/Intermediates.noindex/XcodeProj.build/Debug-watchos/XcodeProj.build/Objects-normal/arm64/XcodeProj.swiftmodule -validate-clang-modules-once -clang-build-session-file /Users/admin/builder/spi-builder-workspace/.derivedData/ModuleCache.noindex/Session.modulevalidation -package-name xcodeproj -Xcc -I/Users/admin/builder/spi-builder-workspace/.derivedData/Build/Intermediates.noindex/XcodeProj.build/Debug-watchos/XcodeProj.build/swift-overrides.hmap -emit-const-values -Xfrontend -const-gather-protocols-file -Xfrontend /Users/admin/builder/spi-builder-workspace/.derivedData/Build/Intermediates.noindex/XcodeProj.build/Debug-watchos/XcodeProj.build/Objects-normal/arm64/XcodeProj_const_extract_protocols.json -Xcc -I/Users/admin/builder/spi-builder-workspace/.derivedData/Build/Products/Debug-watchos/include -Xcc -I/Users/admin/builder/spi-builder-workspace/.derivedData/Build/Intermediates.noindex/XcodeProj.build/Debug-watchos/XcodeProj.build/DerivedSources-normal/arm64 -Xcc -I/Users/admin/builder/spi-builder-workspace/.derivedData/Build/Intermediates.noindex/XcodeProj.build/Debug-watchos/XcodeProj.build/DerivedSources/arm64 -Xcc -I/Users/admin/builder/spi-builder-workspace/.derivedData/Build/Intermediates.noindex/XcodeProj.build/Debug-watchos/XcodeProj.build/DerivedSources -Xcc -DSWIFT_PACKAGE -Xcc -DDEBUG\=1 -emit-objc-header -emit-objc-header-path /Users/admin/builder/spi-builder-workspace/.derivedData/Build/Intermediates.noindex/XcodeProj.build/Debug-watchos/XcodeProj.build/Objects-normal/arm64/XcodeProj-Swift.h -working-directory /Users/admin/builder/spi-builder-workspace/.swiftpm/xcode -experimental-emit-module-separately -disable-cmo
SwiftDriver ArgumentParser normal armv7k com.apple.xcode.tools.swift.compiler (in target 'ArgumentParser' from project 'swift-argument-parser')
    cd /Users/admin/builder/spi-builder-workspace/.swiftpm/xcode
    builtin-SwiftDriver -- /Applications/Xcode-26.5.0.app/Contents/Developer/Toolchains/XcodeDefault.xctoolchain/usr/bin/swiftc -module-name ArgumentParser -Onone @/Users/admin/builder/spi-builder-workspace/.derivedData/Build/Intermediates.noindex/swift-argument-parser.build/Debug-watchos/ArgumentParser.build/Objects-normal/armv7k/ArgumentParser.SwiftFileList -DSWIFT_PACKAGE -DDEBUG -DSWIFT_MODULE_RESOURCE_BUNDLE_UNAVAILABLE -DXcode -plugin-path /Applications/Xcode-26.5.0.app/Contents/Developer/Toolchains/XcodeDefault.xctoolchain/usr/lib/swift/host/plugins/testing -enable-experimental-feature DebugDescriptionMacro -sdk /Applications/Xcode-26.5.0.app/Contents/Developer/Platforms/WatchOS.platform/Developer/SDKs/WatchOS26.5.sdk -target armv7k-apple-watchos5.0 -g -module-cache-path /Users/admin/builder/spi-builder-workspace/.derivedData/ModuleCache.noindex -Xfrontend -serialize-debugging-options -profile-coverage-mapping -profile-generate -enable-testing -suppress-warnings -index-store-path /Users/admin/builder/spi-builder-workspace/.derivedData/Index.noindex/DataStore -Xcc -D_LIBCPP_HARDENING_MODE\=_LIBCPP_HARDENING_MODE_DEBUG -swift-version 6 -I /Users/admin/builder/spi-builder-workspace/.derivedData/Build/Products/Debug-watchos -Isystem /Applications/Xcode-26.5.0.app/Contents/Developer/Platforms/WatchOS.platform/Developer/usr/lib -F /Users/admin/builder/spi-builder-workspace/.derivedData/Build/Products/Debug-watchos/PackageFrameworks -F /Users/admin/builder/spi-builder-workspace/.derivedData/Build/Products/Debug-watchos -F /Applications/Xcode-26.5.0.app/Contents/Developer/Platforms/WatchOS.platform/Developer/Library/Frameworks -F /Applications/Xcode-26.5.0.app/Contents/Developer/Platforms/WatchOS.platform/Developer/SDKs/WatchOS26.5.sdk/Developer/Library/Frameworks -c -j10 -enable-batch-mode -incremental -Xcc -ivfsstatcache -Xcc /Users/admin/builder/spi-builder-workspace/.derivedData/SDKStatCaches.noindex/watchos26.5-23T570-688ef53f1462e2c8f657fdc38a81448f7931b973dfc65d9472806dbbc3af9379.sdkstatcache -output-file-map /Users/admin/builder/spi-builder-workspace/.derivedData/Build/Intermediates.noindex/swift-argument-parser.build/Debug-watchos/ArgumentParser.build/Objects-normal/armv7k/ArgumentParser-OutputFileMap.json -use-frontend-parseable-output -save-temps -no-color-diagnostics -explicit-module-build -module-cache-path /Users/admin/builder/spi-builder-workspace/.derivedData/Build/Intermediates.noindex/SwiftExplicitPrecompiledModules -clang-scanner-module-cache-path /Users/admin/builder/spi-builder-workspace/.derivedData/ModuleCache.noindex -sdk-module-cache-path /Users/admin/builder/spi-builder-workspace/.derivedData/ModuleCache.noindex -serialize-diagnostics -emit-dependencies -emit-module -emit-module-path /Users/admin/builder/spi-builder-workspace/.derivedData/Build/Intermediates.noindex/swift-argument-parser.build/Debug-watchos/ArgumentParser.build/Objects-normal/armv7k/ArgumentParser.swiftmodule -user-module-version 1.8.2 -validate-clang-modules-once -clang-build-session-file /Users/admin/builder/spi-builder-workspace/.derivedData/ModuleCache.noindex/Session.modulevalidation -package-name swift_argument_parser -Xcc -I/Users/admin/builder/spi-builder-workspace/.derivedData/Build/Intermediates.noindex/swift-argument-parser.build/Debug-watchos/ArgumentParser.build/swift-overrides.hmap -emit-const-values -Xfrontend -const-gather-protocols-file -Xfrontend /Users/admin/builder/spi-builder-workspace/.derivedData/Build/Intermediates.noindex/swift-argument-parser.build/Debug-watchos/ArgumentParser.build/Objects-normal/armv7k/ArgumentParser_const_extract_protocols.json -Xcc -I/Users/admin/builder/spi-builder-workspace/.derivedData/Build/Products/Debug-watchos/include -Xcc -I/Users/admin/builder/spi-builder-workspace/.derivedData/Build/Intermediates.noindex/swift-argument-parser.build/Debug-watchos/ArgumentParser.build/DerivedSources-normal/armv7k -Xcc -I/Users/admin/builder/spi-builder-workspace/.derivedData/Build/Intermediates.noindex/swift-argument-parser.build/Debug-watchos/ArgumentParser.build/DerivedSources/armv7k -Xcc -I/Users/admin/builder/spi-builder-workspace/.derivedData/Build/Intermediates.noindex/swift-argument-parser.build/Debug-watchos/ArgumentParser.build/DerivedSources -Xcc -DSWIFT_PACKAGE -Xcc -DDEBUG\=1 -emit-objc-header -emit-objc-header-path /Users/admin/builder/spi-builder-workspace/.derivedData/Build/Intermediates.noindex/swift-argument-parser.build/Debug-watchos/ArgumentParser.build/Objects-normal/armv7k/ArgumentParser-Swift.h -working-directory /Users/admin/builder/spi-builder-workspace/.swiftpm/xcode -experimental-emit-module-separately -disable-cmo
SwiftDriver ArgumentParser normal arm64 com.apple.xcode.tools.swift.compiler (in target 'ArgumentParser' from project 'swift-argument-parser')
    cd /Users/admin/builder/spi-builder-workspace/.swiftpm/xcode
    builtin-SwiftDriver -- /Applications/Xcode-26.5.0.app/Contents/Developer/Toolchains/XcodeDefault.xctoolchain/usr/bin/swiftc -module-name ArgumentParser -Onone @/Users/admin/builder/spi-builder-workspace/.derivedData/Build/Intermediates.noindex/swift-argument-parser.build/Debug-watchos/ArgumentParser.build/Objects-normal/arm64/ArgumentParser.SwiftFileList -DSWIFT_PACKAGE -DDEBUG -DSWIFT_MODULE_RESOURCE_BUNDLE_UNAVAILABLE -DXcode -plugin-path /Applications/Xcode-26.5.0.app/Contents/Developer/Toolchains/XcodeDefault.xctoolchain/usr/lib/swift/host/plugins/testing -enable-experimental-feature DebugDescriptionMacro -sdk /Applications/Xcode-26.5.0.app/Contents/Developer/Platforms/WatchOS.platform/Developer/SDKs/WatchOS26.5.sdk -target arm64-apple-watchos5.0 -g -module-cache-path /Users/admin/builder/spi-builder-workspace/.derivedData/ModuleCache.noindex -Xfrontend -serialize-debugging-options -profile-coverage-mapping -profile-generate -enable-testing -suppress-warnings -index-store-path /Users/admin/builder/spi-builder-workspace/.derivedData/Index.noindex/DataStore -Xcc -D_LIBCPP_HARDENING_MODE\=_LIBCPP_HARDENING_MODE_DEBUG -swift-version 6 -I /Users/admin/builder/spi-builder-workspace/.derivedData/Build/Products/Debug-watchos -Isystem /Applications/Xcode-26.5.0.app/Contents/Developer/Platforms/WatchOS.platform/Developer/usr/lib -F /Users/admin/builder/spi-builder-workspace/.derivedData/Build/Products/Debug-watchos/PackageFrameworks -F /Users/admin/builder/spi-builder-workspace/.derivedData/Build/Products/Debug-watchos -F /Applications/Xcode-26.5.0.app/Contents/Developer/Platforms/WatchOS.platform/Developer/Library/Frameworks -F /Applications/Xcode-26.5.0.app/Contents/Developer/Platforms/WatchOS.platform/Developer/SDKs/WatchOS26.5.sdk/Developer/Library/Frameworks -c -j10 -enable-batch-mode -incremental -Xcc -ivfsstatcache -Xcc /Users/admin/builder/spi-builder-workspace/.derivedData/SDKStatCaches.noindex/watchos26.5-23T570-688ef53f1462e2c8f657fdc38a81448f7931b973dfc65d9472806dbbc3af9379.sdkstatcache -output-file-map /Users/admin/builder/spi-builder-workspace/.derivedData/Build/Intermediates.noindex/swift-argument-parser.build/Debug-watchos/ArgumentParser.build/Objects-normal/arm64/ArgumentParser-OutputFileMap.json -use-frontend-parseable-output -save-temps -no-color-diagnostics -explicit-module-build -module-cache-path /Users/admin/builder/spi-builder-workspace/.derivedData/Build/Intermediates.noindex/SwiftExplicitPrecompiledModules -clang-scanner-module-cache-path /Users/admin/builder/spi-builder-workspace/.derivedData/ModuleCache.noindex -sdk-module-cache-path /Users/admin/builder/spi-builder-workspace/.derivedData/ModuleCache.noindex -serialize-diagnostics -emit-dependencies -emit-module -emit-module-path /Users/admin/builder/spi-builder-workspace/.derivedData/Build/Intermediates.noindex/swift-argument-parser.build/Debug-watchos/ArgumentParser.build/Objects-normal/arm64/ArgumentParser.swiftmodule -user-module-version 1.8.2 -validate-clang-modules-once -clang-build-session-file /Users/admin/builder/spi-builder-workspace/.derivedData/ModuleCache.noindex/Session.modulevalidation -package-name swift_argument_parser -Xcc -I/Users/admin/builder/spi-builder-workspace/.derivedData/Build/Intermediates.noindex/swift-argument-parser.build/Debug-watchos/ArgumentParser.build/swift-overrides.hmap -emit-const-values -Xfrontend -const-gather-protocols-file -Xfrontend /Users/admin/builder/spi-builder-workspace/.derivedData/Build/Intermediates.noindex/swift-argument-parser.build/Debug-watchos/ArgumentParser.build/Objects-normal/arm64/ArgumentParser_const_extract_protocols.json -Xcc -I/Users/admin/builder/spi-builder-workspace/.derivedData/Build/Products/Debug-watchos/include -Xcc -I/Users/admin/builder/spi-builder-workspace/.derivedData/Build/Intermediates.noindex/swift-argument-parser.build/Debug-watchos/ArgumentParser.build/DerivedSources-normal/arm64 -Xcc -I/Users/admin/builder/spi-builder-workspace/.derivedData/Build/Intermediates.noindex/swift-argument-parser.build/Debug-watchos/ArgumentParser.build/DerivedSources/arm64 -Xcc -I/Users/admin/builder/spi-builder-workspace/.derivedData/Build/Intermediates.noindex/swift-argument-parser.build/Debug-watchos/ArgumentParser.build/DerivedSources -Xcc -DSWIFT_PACKAGE -Xcc -DDEBUG\=1 -emit-objc-header -emit-objc-header-path /Users/admin/builder/spi-builder-workspace/.derivedData/Build/Intermediates.noindex/swift-argument-parser.build/Debug-watchos/ArgumentParser.build/Objects-normal/arm64/ArgumentParser-Swift.h -working-directory /Users/admin/builder/spi-builder-workspace/.swiftpm/xcode -experimental-emit-module-separately -disable-cmo
SwiftDriver XcodeProject normal arm64_32 com.apple.xcode.tools.swift.compiler (in target 'XcodeProject' from project 'XcodeProjectCLI')
    cd /Users/admin/builder/spi-builder-workspace/.swiftpm/xcode
    builtin-SwiftDriver -- /Applications/Xcode-26.5.0.app/Contents/Developer/Toolchains/XcodeDefault.xctoolchain/usr/bin/swiftc -module-name XcodeProject -Onone @/Users/admin/builder/spi-builder-workspace/.derivedData/Build/Intermediates.noindex/XcodeProjectCLI.build/Debug-watchos/XcodeProject.build/Objects-normal/arm64_32/XcodeProject.SwiftFileList -DSWIFT_PACKAGE -DDEBUG -DSWIFT_MODULE_RESOURCE_BUNDLE_UNAVAILABLE -DXcode -plugin-path /Applications/Xcode-26.5.0.app/Contents/Developer/Toolchains/XcodeDefault.xctoolchain/usr/lib/swift/host/plugins/testing -enable-experimental-feature DebugDescriptionMacro -sdk /Applications/Xcode-26.5.0.app/Contents/Developer/Platforms/WatchOS.platform/Developer/SDKs/WatchOS26.5.sdk -target arm64_32-apple-watchos5.0 -g -module-cache-path /Users/admin/builder/spi-builder-workspace/.derivedData/ModuleCache.noindex -Xfrontend -serialize-debugging-options -profile-coverage-mapping -profile-generate -enable-testing -index-store-path /Users/admin/builder/spi-builder-workspace/.derivedData/Index.noindex/DataStore -Xcc -D_LIBCPP_HARDENING_MODE\=_LIBCPP_HARDENING_MODE_DEBUG -swift-version 5 -I /Users/admin/builder/spi-builder-workspace/.derivedData/Build/Products/Debug-watchos -Isystem /Applications/Xcode-26.5.0.app/Contents/Developer/Platforms/WatchOS.platform/Developer/usr/lib -F /Users/admin/builder/spi-builder-workspace/.derivedData/Build/Products/Debug-watchos/PackageFrameworks -F /Users/admin/builder/spi-builder-workspace/.derivedData/Build/Products/Debug-watchos/PackageFrameworks -F /Users/admin/builder/spi-builder-workspace/.derivedData/Build/Products/Debug-watchos/PackageFrameworks -F /Users/admin/builder/spi-builder-workspace/.derivedData/Build/Products/Debug-watchos -F /Applications/Xcode-26.5.0.app/Contents/Developer/Platforms/WatchOS.platform/Developer/Library/Frameworks -F /Applications/Xcode-26.5.0.app/Contents/Developer/Platforms/WatchOS.platform/Developer/SDKs/WatchOS26.5.sdk/Developer/Library/Frameworks -c -j10 -enable-batch-mode -incremental -Xcc -ivfsstatcache -Xcc /Users/admin/builder/spi-builder-workspace/.derivedData/SDKStatCaches.noindex/watchos26.5-23T570-688ef53f1462e2c8f657fdc38a81448f7931b973dfc65d9472806dbbc3af9379.sdkstatcache -output-file-map /Users/admin/builder/spi-builder-workspace/.derivedData/Build/Intermediates.noindex/XcodeProjectCLI.build/Debug-watchos/XcodeProject.build/Objects-normal/arm64_32/XcodeProject-OutputFileMap.json -use-frontend-parseable-output -save-temps -no-color-diagnostics -explicit-module-build -module-cache-path /Users/admin/builder/spi-builder-workspace/.derivedData/Build/Intermediates.noindex/SwiftExplicitPrecompiledModules -clang-scanner-module-cache-path /Users/admin/builder/spi-builder-workspace/.derivedData/ModuleCache.noindex -sdk-module-cache-path /Users/admin/builder/spi-builder-workspace/.derivedData/ModuleCache.noindex -serialize-diagnostics -emit-dependencies -emit-module -emit-module-path /Users/admin/builder/spi-builder-workspace/.derivedData/Build/Intermediates.noindex/XcodeProjectCLI.build/Debug-watchos/XcodeProject.build/Objects-normal/arm64_32/XcodeProject.swiftmodule -validate-clang-modules-once -clang-build-session-file /Users/admin/builder/spi-builder-workspace/.derivedData/ModuleCache.noindex/Session.modulevalidation -package-name spi_builder_workspace -Xcc -I/Users/admin/builder/spi-builder-workspace/.derivedData/Build/Intermediates.noindex/XcodeProjectCLI.build/Debug-watchos/XcodeProject.build/swift-overrides.hmap -emit-const-values -Xfrontend -const-gather-protocols-file -Xfrontend /Users/admin/builder/spi-builder-workspace/.derivedData/Build/Intermediates.noindex/XcodeProjectCLI.build/Debug-watchos/XcodeProject.build/Objects-normal/arm64_32/XcodeProject_const_extract_protocols.json -Xcc -I/Users/admin/builder/spi-builder-workspace/.derivedData/Build/Products/Debug-watchos/include -Xcc -I/Users/admin/builder/spi-builder-workspace/.derivedData/Build/Intermediates.noindex/XcodeProjectCLI.build/Debug-watchos/XcodeProject.build/DerivedSources-normal/arm64_32 -Xcc -I/Users/admin/builder/spi-builder-workspace/.derivedData/Build/Intermediates.noindex/XcodeProjectCLI.build/Debug-watchos/XcodeProject.build/DerivedSources/arm64_32 -Xcc -I/Users/admin/builder/spi-builder-workspace/.derivedData/Build/Intermediates.noindex/XcodeProjectCLI.build/Debug-watchos/XcodeProject.build/DerivedSources -Xcc -DSWIFT_PACKAGE -Xcc -DDEBUG\=1 -emit-objc-header -emit-objc-header-path /Users/admin/builder/spi-builder-workspace/.derivedData/Build/Intermediates.noindex/XcodeProjectCLI.build/Debug-watchos/XcodeProject.build/Objects-normal/arm64_32/XcodeProject-Swift.h -working-directory /Users/admin/builder/spi-builder-workspace/.swiftpm/xcode -experimental-emit-module-separately -disable-cmo
SwiftDriver XcodeProject normal armv7k com.apple.xcode.tools.swift.compiler (in target 'XcodeProject' from project 'XcodeProjectCLI')
    cd /Users/admin/builder/spi-builder-workspace/.swiftpm/xcode
    builtin-SwiftDriver -- /Applications/Xcode-26.5.0.app/Contents/Developer/Toolchains/XcodeDefault.xctoolchain/usr/bin/swiftc -module-name XcodeProject -Onone @/Users/admin/builder/spi-builder-workspace/.derivedData/Build/Intermediates.noindex/XcodeProjectCLI.build/Debug-watchos/XcodeProject.build/Objects-normal/armv7k/XcodeProject.SwiftFileList -DSWIFT_PACKAGE -DDEBUG -DSWIFT_MODULE_RESOURCE_BUNDLE_UNAVAILABLE -DXcode -plugin-path /Applications/Xcode-26.5.0.app/Contents/Developer/Toolchains/XcodeDefault.xctoolchain/usr/lib/swift/host/plugins/testing -enable-experimental-feature DebugDescriptionMacro -sdk /Applications/Xcode-26.5.0.app/Contents/Developer/Platforms/WatchOS.platform/Developer/SDKs/WatchOS26.5.sdk -target armv7k-apple-watchos5.0 -g -module-cache-path /Users/admin/builder/spi-builder-workspace/.derivedData/ModuleCache.noindex -Xfrontend -serialize-debugging-options -profile-coverage-mapping -profile-generate -enable-testing -index-store-path /Users/admin/builder/spi-builder-workspace/.derivedData/Index.noindex/DataStore -Xcc -D_LIBCPP_HARDENING_MODE\=_LIBCPP_HARDENING_MODE_DEBUG -swift-version 5 -I /Users/admin/builder/spi-builder-workspace/.derivedData/Build/Products/Debug-watchos -Isystem /Applications/Xcode-26.5.0.app/Contents/Developer/Platforms/WatchOS.platform/Developer/usr/lib -F /Users/admin/builder/spi-builder-workspace/.derivedData/Build/Products/Debug-watchos/PackageFrameworks -F /Users/admin/builder/spi-builder-workspace/.derivedData/Build/Products/Debug-watchos/PackageFrameworks -F /Users/admin/builder/spi-builder-workspace/.derivedData/Build/Products/Debug-watchos/PackageFrameworks -F /Users/admin/builder/spi-builder-workspace/.derivedData/Build/Products/Debug-watchos -F /Applications/Xcode-26.5.0.app/Contents/Developer/Platforms/WatchOS.platform/Developer/Library/Frameworks -F /Applications/Xcode-26.5.0.app/Contents/Developer/Platforms/WatchOS.platform/Developer/SDKs/WatchOS26.5.sdk/Developer/Library/Frameworks -c -j10 -enable-batch-mode -incremental -Xcc -ivfsstatcache -Xcc /Users/admin/builder/spi-builder-workspace/.derivedData/SDKStatCaches.noindex/watchos26.5-23T570-688ef53f1462e2c8f657fdc38a81448f7931b973dfc65d9472806dbbc3af9379.sdkstatcache -output-file-map /Users/admin/builder/spi-builder-workspace/.derivedData/Build/Intermediates.noindex/XcodeProjectCLI.build/Debug-watchos/XcodeProject.build/Objects-normal/armv7k/XcodeProject-OutputFileMap.json -use-frontend-parseable-output -save-temps -no-color-diagnostics -explicit-module-build -module-cache-path /Users/admin/builder/spi-builder-workspace/.derivedData/Build/Intermediates.noindex/SwiftExplicitPrecompiledModules -clang-scanner-module-cache-path /Users/admin/builder/spi-builder-workspace/.derivedData/ModuleCache.noindex -sdk-module-cache-path /Users/admin/builder/spi-builder-workspace/.derivedData/ModuleCache.noindex -serialize-diagnostics -emit-dependencies -emit-module -emit-module-path /Users/admin/builder/spi-builder-workspace/.derivedData/Build/Intermediates.noindex/XcodeProjectCLI.build/Debug-watchos/XcodeProject.build/Objects-normal/armv7k/XcodeProject.swiftmodule -validate-clang-modules-once -clang-build-session-file /Users/admin/builder/spi-builder-workspace/.derivedData/ModuleCache.noindex/Session.modulevalidation -package-name spi_builder_workspace -Xcc -I/Users/admin/builder/spi-builder-workspace/.derivedData/Build/Intermediates.noindex/XcodeProjectCLI.build/Debug-watchos/XcodeProject.build/swift-overrides.hmap -emit-const-values -Xfrontend -const-gather-protocols-file -Xfrontend /Users/admin/builder/spi-builder-workspace/.derivedData/Build/Intermediates.noindex/XcodeProjectCLI.build/Debug-watchos/XcodeProject.build/Objects-normal/armv7k/XcodeProject_const_extract_protocols.json -Xcc -I/Users/admin/builder/spi-builder-workspace/.derivedData/Build/Products/Debug-watchos/include -Xcc -I/Users/admin/builder/spi-builder-workspace/.derivedData/Build/Intermediates.noindex/XcodeProjectCLI.build/Debug-watchos/XcodeProject.build/DerivedSources-normal/armv7k -Xcc -I/Users/admin/builder/spi-builder-workspace/.derivedData/Build/Intermediates.noindex/XcodeProjectCLI.build/Debug-watchos/XcodeProject.build/DerivedSources/armv7k -Xcc -I/Users/admin/builder/spi-builder-workspace/.derivedData/Build/Intermediates.noindex/XcodeProjectCLI.build/Debug-watchos/XcodeProject.build/DerivedSources -Xcc -DSWIFT_PACKAGE -Xcc -DDEBUG\=1 -emit-objc-header -emit-objc-header-path /Users/admin/builder/spi-builder-workspace/.derivedData/Build/Intermediates.noindex/XcodeProjectCLI.build/Debug-watchos/XcodeProject.build/Objects-normal/armv7k/XcodeProject-Swift.h -working-directory /Users/admin/builder/spi-builder-workspace/.swiftpm/xcode -experimental-emit-module-separately -disable-cmo
SwiftDriver XcodeProject normal arm64 com.apple.xcode.tools.swift.compiler (in target 'XcodeProject' from project 'XcodeProjectCLI')
    cd /Users/admin/builder/spi-builder-workspace/.swiftpm/xcode
    builtin-SwiftDriver -- /Applications/Xcode-26.5.0.app/Contents/Developer/Toolchains/XcodeDefault.xctoolchain/usr/bin/swiftc -module-name XcodeProject -Onone @/Users/admin/builder/spi-builder-workspace/.derivedData/Build/Intermediates.noindex/XcodeProjectCLI.build/Debug-watchos/XcodeProject.build/Objects-normal/arm64/XcodeProject.SwiftFileList -DSWIFT_PACKAGE -DDEBUG -DSWIFT_MODULE_RESOURCE_BUNDLE_UNAVAILABLE -DXcode -plugin-path /Applications/Xcode-26.5.0.app/Contents/Developer/Toolchains/XcodeDefault.xctoolchain/usr/lib/swift/host/plugins/testing -enable-experimental-feature DebugDescriptionMacro -sdk /Applications/Xcode-26.5.0.app/Contents/Developer/Platforms/WatchOS.platform/Developer/SDKs/WatchOS26.5.sdk -target arm64-apple-watchos5.0 -g -module-cache-path /Users/admin/builder/spi-builder-workspace/.derivedData/ModuleCache.noindex -Xfrontend -serialize-debugging-options -profile-coverage-mapping -profile-generate -enable-testing -index-store-path /Users/admin/builder/spi-builder-workspace/.derivedData/Index.noindex/DataStore -Xcc -D_LIBCPP_HARDENING_MODE\=_LIBCPP_HARDENING_MODE_DEBUG -swift-version 5 -I /Users/admin/builder/spi-builder-workspace/.derivedData/Build/Products/Debug-watchos -Isystem /Applications/Xcode-26.5.0.app/Contents/Developer/Platforms/WatchOS.platform/Developer/usr/lib -F /Users/admin/builder/spi-builder-workspace/.derivedData/Build/Products/Debug-watchos/PackageFrameworks -F /Users/admin/builder/spi-builder-workspace/.derivedData/Build/Products/Debug-watchos/PackageFrameworks -F /Users/admin/builder/spi-builder-workspace/.derivedData/Build/Products/Debug-watchos/PackageFrameworks -F /Users/admin/builder/spi-builder-workspace/.derivedData/Build/Products/Debug-watchos -F /Applications/Xcode-26.5.0.app/Contents/Developer/Platforms/WatchOS.platform/Developer/Library/Frameworks -F /Applications/Xcode-26.5.0.app/Contents/Developer/Platforms/WatchOS.platform/Developer/SDKs/WatchOS26.5.sdk/Developer/Library/Frameworks -c -j10 -enable-batch-mode -incremental -Xcc -ivfsstatcache -Xcc /Users/admin/builder/spi-builder-workspace/.derivedData/SDKStatCaches.noindex/watchos26.5-23T570-688ef53f1462e2c8f657fdc38a81448f7931b973dfc65d9472806dbbc3af9379.sdkstatcache -output-file-map /Users/admin/builder/spi-builder-workspace/.derivedData/Build/Intermediates.noindex/XcodeProjectCLI.build/Debug-watchos/XcodeProject.build/Objects-normal/arm64/XcodeProject-OutputFileMap.json -use-frontend-parseable-output -save-temps -no-color-diagnostics -explicit-module-build -module-cache-path /Users/admin/builder/spi-builder-workspace/.derivedData/Build/Intermediates.noindex/SwiftExplicitPrecompiledModules -clang-scanner-module-cache-path /Users/admin/builder/spi-builder-workspace/.derivedData/ModuleCache.noindex -sdk-module-cache-path /Users/admin/builder/spi-builder-workspace/.derivedData/ModuleCache.noindex -serialize-diagnostics -emit-dependencies -emit-module -emit-module-path /Users/admin/builder/spi-builder-workspace/.derivedData/Build/Intermediates.noindex/XcodeProjectCLI.build/Debug-watchos/XcodeProject.build/Objects-normal/arm64/XcodeProject.swiftmodule -validate-clang-modules-once -clang-build-session-file /Users/admin/builder/spi-builder-workspace/.derivedData/ModuleCache.noindex/Session.modulevalidation -package-name spi_builder_workspace -Xcc -I/Users/admin/builder/spi-builder-workspace/.derivedData/Build/Intermediates.noindex/XcodeProjectCLI.build/Debug-watchos/XcodeProject.build/swift-overrides.hmap -emit-const-values -Xfrontend -const-gather-protocols-file -Xfrontend /Users/admin/builder/spi-builder-workspace/.derivedData/Build/Intermediates.noindex/XcodeProjectCLI.build/Debug-watchos/XcodeProject.build/Objects-normal/arm64/XcodeProject_const_extract_protocols.json -Xcc -I/Users/admin/builder/spi-builder-workspace/.derivedData/Build/Products/Debug-watchos/include -Xcc -I/Users/admin/builder/spi-builder-workspace/.derivedData/Build/Intermediates.noindex/XcodeProjectCLI.build/Debug-watchos/XcodeProject.build/DerivedSources-normal/arm64 -Xcc -I/Users/admin/builder/spi-builder-workspace/.derivedData/Build/Intermediates.noindex/XcodeProjectCLI.build/Debug-watchos/XcodeProject.build/DerivedSources/arm64 -Xcc -I/Users/admin/builder/spi-builder-workspace/.derivedData/Build/Intermediates.noindex/XcodeProjectCLI.build/Debug-watchos/XcodeProject.build/DerivedSources -Xcc -DSWIFT_PACKAGE -Xcc -DDEBUG\=1 -emit-objc-header -emit-objc-header-path /Users/admin/builder/spi-builder-workspace/.derivedData/Build/Intermediates.noindex/XcodeProjectCLI.build/Debug-watchos/XcodeProject.build/Objects-normal/arm64/XcodeProject-Swift.h -working-directory /Users/admin/builder/spi-builder-workspace/.swiftpm/xcode -experimental-emit-module-separately -disable-cmo
SwiftExplicitDependencyGeneratePcm armv7k /Users/admin/builder/spi-builder-workspace/.derivedData/ModuleCache.noindex/LocalAuthentication-CWZ8DCBKCYBB0PE7KZISK2T6I.pcm
SwiftExplicitDependencyGeneratePcm arm64_32 /Users/admin/builder/spi-builder-workspace/.derivedData/ModuleCache.noindex/LocalAuthentication-DDE48XIW48ODFN2EM8IXHXZSK.pcm
SwiftExplicitDependencyGeneratePcm arm64 /Users/admin/builder/spi-builder-workspace/.derivedData/ModuleCache.noindex/LocalAuthentication-9JJJ5H6ZHGZDNL14PZH1PP58N.pcm
SwiftEmitModule normal arm64 Emitting\ module\ for\ ArgumentParser (in target 'ArgumentParser' from project 'swift-argument-parser')
EmitSwiftModule normal arm64 (in target 'ArgumentParser' from project 'swift-argument-parser')
    cd /Users/admin/builder/spi-builder-workspace/.swiftpm/xcode

SwiftCompile normal arm64 Compiling\ CodingKeyValidator.swift,\ NonsenseFlagsValidator.swift,\ ParsableArgumentsValidation.swift,\ PositionalArgumentsValidator.swift,\ UniqueNamesValidator.swift /Users/admin/builder/spi-builder-workspace/.dependencies/checkouts/swift-argument-parser/Sources/ArgumentParser/Validators/CodingKeyValidator.swift /Users/admin/builder/spi-builder-workspace/.dependencies/checkouts/swift-argument-parser/Sources/ArgumentParser/Validators/NonsenseFlagsValidator.swift /Users/admin/builder/spi-builder-workspace/.dependencies/checkouts/swift-argument-parser/Sources/ArgumentParser/Validators/ParsableArgumentsValidation.swift /Users/admin/builder/spi-builder-workspace/.dependencies/checkouts/swift-argument-parser/Sources/ArgumentParser/Validators/PositionalArgumentsValidator.swift /Users/admin/builder/spi-builder-workspace/.dependencies/checkouts/swift-argument-parser/Sources/ArgumentParser/Validators/UniqueNamesValidator.swift (in target 'ArgumentParser' from project 'swift-argument-parser')
SwiftCompile normal arm64 /Users/admin/builder/spi-builder-workspace/.dependencies/checkouts/swift-argument-parser/Sources/ArgumentParser/Validators/CodingKeyValidator.swift (in target 'ArgumentParser' from project 'swift-argument-parser')
    cd /Users/admin/builder/spi-builder-workspace/.swiftpm/xcode

SwiftCompile normal arm64 /Users/admin/builder/spi-builder-workspace/.dependencies/checkouts/swift-argument-parser/Sources/ArgumentParser/Validators/NonsenseFlagsValidator.swift (in target 'ArgumentParser' from project 'swift-argument-parser')
    cd /Users/admin/builder/spi-builder-workspace/.swiftpm/xcode

SwiftCompile normal arm64 /Users/admin/builder/spi-builder-workspace/.dependencies/checkouts/swift-argument-parser/Sources/ArgumentParser/Validators/ParsableArgumentsValidation.swift (in target 'ArgumentParser' from project 'swift-argument-parser')
    cd /Users/admin/builder/spi-builder-workspace/.swiftpm/xcode

SwiftCompile normal arm64 /Users/admin/builder/spi-builder-workspace/.dependencies/checkouts/swift-argument-parser/Sources/ArgumentParser/Validators/PositionalArgumentsValidator.swift (in target 'ArgumentParser' from project 'swift-argument-parser')
    cd /Users/admin/builder/spi-builder-workspace/.swiftpm/xcode

SwiftCompile normal arm64 /Users/admin/builder/spi-builder-workspace/.dependencies/checkouts/swift-argument-parser/Sources/ArgumentParser/Validators/UniqueNamesValidator.swift (in target 'ArgumentParser' from project 'swift-argument-parser')
    cd /Users/admin/builder/spi-builder-workspace/.swiftpm/xcode

SwiftCompile normal arm64 Compiling\ BashCompletionsGenerator.swift,\ CompletionsGenerator.swift,\ FishCompletionsGenerator.swift,\ ZshCompletionsGenerator.swift,\ Argument.swift,\ ArgumentDiscussion.swift /Users/admin/builder/spi-builder-workspace/.dependencies/checkouts/swift-argument-parser/Sources/ArgumentParser/Completions/BashCompletionsGenerator.swift /Users/admin/builder/spi-builder-workspace/.dependencies/checkouts/swift-argument-parser/Sources/ArgumentParser/Completions/CompletionsGenerator.swift /Users/admin/builder/spi-builder-workspace/.dependencies/checkouts/swift-argument-parser/Sources/ArgumentParser/Completions/FishCompletionsGenerator.swift /Users/admin/builder/spi-builder-workspace/.dependencies/checkouts/swift-argument-parser/Sources/ArgumentParser/Completions/ZshCompletionsGenerator.swift /Users/admin/builder/spi-builder-workspace/.dependencies/checkouts/swift-argument-parser/Sources/ArgumentParser/Parsable\ Properties/Argument.swift /Users/admin/builder/spi-builder-workspace/.dependencies/checkouts/swift-argument-parser/Sources/ArgumentParser/Parsable\ Properties/ArgumentDiscussion.swift (in target 'ArgumentParser' from project 'swift-argument-parser')
SwiftCompile normal arm64 /Users/admin/builder/spi-builder-workspace/.dependencies/checkouts/swift-argument-parser/Sources/ArgumentParser/Completions/BashCompletionsGenerator.swift (in target 'ArgumentParser' from project 'swift-argument-parser')
    cd /Users/admin/builder/spi-builder-workspace/.swiftpm/xcode

SwiftCompile normal arm64 /Users/admin/builder/spi-builder-workspace/.dependencies/checkouts/swift-argument-parser/Sources/ArgumentParser/Completions/CompletionsGenerator.swift (in target 'ArgumentParser' from project 'swift-argument-parser')
    cd /Users/admin/builder/spi-builder-workspace/.swiftpm/xcode

SwiftCompile normal arm64 /Users/admin/builder/spi-builder-workspace/.dependencies/checkouts/swift-argument-parser/Sources/ArgumentParser/Completions/FishCompletionsGenerator.swift (in target 'ArgumentParser' from project 'swift-argument-parser')
    cd /Users/admin/builder/spi-builder-workspace/.swiftpm/xcode

SwiftCompile normal arm64 /Users/admin/builder/spi-builder-workspace/.dependencies/checkouts/swift-argument-parser/Sources/ArgumentParser/Completions/ZshCompletionsGenerator.swift (in target 'ArgumentParser' from project 'swift-argument-parser')
    cd /Users/admin/builder/spi-builder-workspace/.swiftpm/xcode

SwiftCompile normal arm64 /Users/admin/builder/spi-builder-workspace/.dependencies/checkouts/swift-argument-parser/Sources/ArgumentParser/Parsable\ Properties/Argument.swift (in target 'ArgumentParser' from project 'swift-argument-parser')
    cd /Users/admin/builder/spi-builder-workspace/.swiftpm/xcode

SwiftCompile normal arm64 /Users/admin/builder/spi-builder-workspace/.dependencies/checkouts/swift-argument-parser/Sources/ArgumentParser/Parsable\ Properties/ArgumentDiscussion.swift (in target 'ArgumentParser' from project 'swift-argument-parser')
    cd /Users/admin/builder/spi-builder-workspace/.swiftpm/xcode

SwiftEmitModule normal armv7k Emitting\ module\ for\ XcodeProject (in target 'XcodeProject' from project 'XcodeProjectCLI')
EmitSwiftModule normal armv7k (in target 'XcodeProject' from project 'XcodeProjectCLI')
    cd /Users/admin/builder/spi-builder-workspace/.swiftpm/xcode

SwiftEmitModule normal arm64 Emitting\ module\ for\ XcodeProject (in target 'XcodeProject' from project 'XcodeProjectCLI')
EmitSwiftModule normal arm64 (in target 'XcodeProject' from project 'XcodeProjectCLI')
    cd /Users/admin/builder/spi-builder-workspace/.swiftpm/xcode

SwiftEmitModule normal arm64_32 Emitting\ module\ for\ XcodeProject (in target 'XcodeProject' from project 'XcodeProjectCLI')
EmitSwiftModule normal arm64_32 (in target 'XcodeProject' from project 'XcodeProjectCLI')
    cd /Users/admin/builder/spi-builder-workspace/.swiftpm/xcode

SwiftEmitModule normal arm64_32 Emitting\ module\ for\ ArgumentParser (in target 'ArgumentParser' from project 'swift-argument-parser')
EmitSwiftModule normal arm64_32 (in target 'ArgumentParser' from project 'swift-argument-parser')
    cd /Users/admin/builder/spi-builder-workspace/.swiftpm/xcode

SwiftEmitModule normal armv7k Emitting\ module\ for\ ArgumentParser (in target 'ArgumentParser' from project 'swift-argument-parser')
EmitSwiftModule normal armv7k (in target 'ArgumentParser' from project 'swift-argument-parser')
    cd /Users/admin/builder/spi-builder-workspace/.swiftpm/xcode

SwiftCompile normal arm64_32 Compiling\ PBXGroup.swift,\ PBXNativeTarget.swift /Users/admin/builder/spi-builder-workspace/Sources/XcodeProject/Extensions/PBXGroup.swift /Users/admin/builder/spi-builder-workspace/Sources/XcodeProject/Extensions/PBXNativeTarget.swift (in target 'XcodeProject' from project 'XcodeProjectCLI')
SwiftCompile normal arm64_32 /Users/admin/builder/spi-builder-workspace/Sources/XcodeProject/Extensions/PBXGroup.swift (in target 'XcodeProject' from project 'XcodeProjectCLI')
    cd /Users/admin/builder/spi-builder-workspace/.swiftpm/xcode

SwiftCompile normal arm64_32 /Users/admin/builder/spi-builder-workspace/Sources/XcodeProject/Extensions/PBXNativeTarget.swift (in target 'XcodeProject' from project 'XcodeProjectCLI')
    cd /Users/admin/builder/spi-builder-workspace/.swiftpm/xcode

SwiftCompile normal armv7k Compiling\ ColorAssetBuilder.swift,\ DataAssetBuilder.swift,\ ImageAssetBuilder.swift /Users/admin/builder/spi-builder-workspace/Sources/XcodeProject/Core/AssetTemplateBuilders/ColorAssetBuilder.swift /Users/admin/builder/spi-builder-workspace/Sources/XcodeProject/Core/AssetTemplateBuilders/DataAssetBuilder.swift /Users/admin/builder/spi-builder-workspace/Sources/XcodeProject/Core/AssetTemplateBuilders/ImageAssetBuilder.swift (in target 'XcodeProject' from project 'XcodeProjectCLI')
SwiftCompile normal armv7k /Users/admin/builder/spi-builder-workspace/Sources/XcodeProject/Core/AssetTemplateBuilders/ColorAssetBuilder.swift (in target 'XcodeProject' from project 'XcodeProjectCLI')
    cd /Users/admin/builder/spi-builder-workspace/.swiftpm/xcode

SwiftCompile normal armv7k /Users/admin/builder/spi-builder-workspace/Sources/XcodeProject/Core/AssetTemplateBuilders/DataAssetBuilder.swift (in target 'XcodeProject' from project 'XcodeProjectCLI')
    cd /Users/admin/builder/spi-builder-workspace/.swiftpm/xcode

SwiftCompile normal armv7k /Users/admin/builder/spi-builder-workspace/Sources/XcodeProject/Core/AssetTemplateBuilders/ImageAssetBuilder.swift (in target 'XcodeProject' from project 'XcodeProjectCLI')
    cd /Users/admin/builder/spi-builder-workspace/.swiftpm/xcode

SwiftEmitModule normal arm64_32 Emitting\ module\ for\ XcodeProj (in target 'XcodeProj' from project 'XcodeProj')
EmitSwiftModule normal arm64_32 (in target 'XcodeProj' from project 'XcodeProj')
    cd /Users/admin/builder/spi-builder-workspace/.swiftpm/xcode

SwiftEmitModule normal arm64 Emitting\ module\ for\ XcodeProj (in target 'XcodeProj' from project 'XcodeProj')
EmitSwiftModule normal arm64 (in target 'XcodeProj' from project 'XcodeProj')
    cd /Users/admin/builder/spi-builder-workspace/.swiftpm/xcode

SwiftDriverJobDiscovery normal armv7k Emitting module for XcodeProject (in target 'XcodeProject' from project 'XcodeProjectCLI')
SwiftDriverJobDiscovery normal arm64 Emitting module for XcodeProject (in target 'XcodeProject' from project 'XcodeProjectCLI')
SwiftDriver\ Compilation\ Requirements XcodeProject normal armv7k com.apple.xcode.tools.swift.compiler (in target 'XcodeProject' from project 'XcodeProjectCLI')
    cd /Users/admin/builder/spi-builder-workspace/.swiftpm/xcode
    builtin-Swift-Compilation-Requirements -- /Applications/Xcode-26.5.0.app/Contents/Developer/Toolchains/XcodeDefault.xctoolchain/usr/bin/swiftc -module-name XcodeProject -Onone @/Users/admin/builder/spi-builder-workspace/.derivedData/Build/Intermediates.noindex/XcodeProjectCLI.build/Debug-watchos/XcodeProject.build/Objects-normal/armv7k/XcodeProject.SwiftFileList -DSWIFT_PACKAGE -DDEBUG -DSWIFT_MODULE_RESOURCE_BUNDLE_UNAVAILABLE -DXcode -plugin-path /Applications/Xcode-26.5.0.app/Contents/Developer/Toolchains/XcodeDefault.xctoolchain/usr/lib/swift/host/plugins/testing -enable-experimental-feature DebugDescriptionMacro -sdk /Applications/Xcode-26.5.0.app/Contents/Developer/Platforms/WatchOS.platform/Developer/SDKs/WatchOS26.5.sdk -target armv7k-apple-watchos5.0 -g -module-cache-path /Users/admin/builder/spi-builder-workspace/.derivedData/ModuleCache.noindex -Xfrontend -serialize-debugging-options -profile-coverage-mapping -profile-generate -enable-testing -index-store-path /Users/admin/builder/spi-builder-workspace/.derivedData/Index.noindex/DataStore -Xcc -D_LIBCPP_HARDENING_MODE\=_LIBCPP_HARDENING_MODE_DEBUG -swift-version 5 -I /Users/admin/builder/spi-builder-workspace/.derivedData/Build/Products/Debug-watchos -Isystem /Applications/Xcode-26.5.0.app/Contents/Developer/Platforms/WatchOS.platform/Developer/usr/lib -F /Users/admin/builder/spi-builder-workspace/.derivedData/Build/Products/Debug-watchos/PackageFrameworks -F /Users/admin/builder/spi-builder-workspace/.derivedData/Build/Products/Debug-watchos/PackageFrameworks -F /Users/admin/builder/spi-builder-workspace/.derivedData/Build/Products/Debug-watchos/PackageFrameworks -F /Users/admin/builder/spi-builder-workspace/.derivedData/Build/Products/Debug-watchos -F /Applications/Xcode-26.5.0.app/Contents/Developer/Platforms/WatchOS.platform/Developer/Library/Frameworks -F /Applications/Xcode-26.5.0.app/Contents/Developer/Platforms/WatchOS.platform/Developer/SDKs/WatchOS26.5.sdk/Developer/Library/Frameworks -c -j10 -enable-batch-mode -incremental -Xcc -ivfsstatcache -Xcc /Users/admin/builder/spi-builder-workspace/.derivedData/SDKStatCaches.noindex/watchos26.5-23T570-688ef53f1462e2c8f657fdc38a81448f7931b973dfc65d9472806dbbc3af9379.sdkstatcache -output-file-map /Users/admin/builder/spi-builder-workspace/.derivedData/Build/Intermediates.noindex/XcodeProjectCLI.build/Debug-watchos/XcodeProject.build/Objects-normal/armv7k/XcodeProject-OutputFileMap.json -use-frontend-parseable-output -save-temps -no-color-diagnostics -explicit-module-build -module-cache-path /Users/admin/builder/spi-builder-workspace/.derivedData/Build/Intermediates.noindex/SwiftExplicitPrecompiledModules -clang-scanner-module-cache-path /Users/admin/builder/spi-builder-workspace/.derivedData/ModuleCache.noindex -sdk-module-cache-path /Users/admin/builder/spi-builder-workspace/.derivedData/ModuleCache.noindex -serialize-diagnostics -emit-dependencies -emit-module -emit-module-path /Users/admin/builder/spi-builder-workspace/.derivedData/Build/Intermediates.noindex/XcodeProjectCLI.build/Debug-watchos/XcodeProject.build/Objects-normal/armv7k/XcodeProject.swiftmodule -validate-clang-modules-once -clang-build-session-file /Users/admin/builder/spi-builder-workspace/.derivedData/ModuleCache.noindex/Session.modulevalidation -package-name spi_builder_workspace -Xcc -I/Users/admin/builder/spi-builder-workspace/.derivedData/Build/Intermediates.noindex/XcodeProjectCLI.build/Debug-watchos/XcodeProject.build/swift-overrides.hmap -emit-const-values -Xfrontend -const-gather-protocols-file -Xfrontend /Users/admin/builder/spi-builder-workspace/.derivedData/Build/Intermediates.noindex/XcodeProjectCLI.build/Debug-watchos/XcodeProject.build/Objects-normal/armv7k/XcodeProject_const_extract_protocols.json -Xcc -I/Users/admin/builder/spi-builder-workspace/.derivedData/Build/Products/Debug-watchos/include -Xcc -I/Users/admin/builder/spi-builder-workspace/.derivedData/Build/Intermediates.noindex/XcodeProjectCLI.build/Debug-watchos/XcodeProject.build/DerivedSources-normal/armv7k -Xcc -I/Users/admin/builder/spi-builder-workspace/.derivedData/Build/Intermediates.noindex/XcodeProjectCLI.build/Debug-watchos/XcodeProject.build/DerivedSources/armv7k -Xcc -I/Users/admin/builder/spi-builder-workspace/.derivedData/Build/Intermediates.noindex/XcodeProjectCLI.build/Debug-watchos/XcodeProject.build/DerivedSources -Xcc -DSWIFT_PACKAGE -Xcc -DDEBUG\=1 -emit-objc-header -emit-objc-header-path /Users/admin/builder/spi-builder-workspace/.derivedData/Build/Intermediates.noindex/XcodeProjectCLI.build/Debug-watchos/XcodeProject.build/Objects-normal/armv7k/XcodeProject-Swift.h -working-directory /Users/admin/builder/spi-builder-workspace/.swiftpm/xcode -experimental-emit-module-separately -disable-cmo
SwiftDriverJobDiscovery normal arm64_32 Emitting module for XcodeProject (in target 'XcodeProject' from project 'XcodeProjectCLI')
SwiftDriver\ Compilation\ Requirements XcodeProject normal arm64_32 com.apple.xcode.tools.swift.compiler (in target 'XcodeProject' from project 'XcodeProjectCLI')
    cd /Users/admin/builder/spi-builder-workspace/.swiftpm/xcode
    builtin-Swift-Compilation-Requirements -- /Applications/Xcode-26.5.0.app/Contents/Developer/Toolchains/XcodeDefault.xctoolchain/usr/bin/swiftc -module-name XcodeProject -Onone @/Users/admin/builder/spi-builder-workspace/.derivedData/Build/Intermediates.noindex/XcodeProjectCLI.build/Debug-watchos/XcodeProject.build/Objects-normal/arm64_32/XcodeProject.SwiftFileList -DSWIFT_PACKAGE -DDEBUG -DSWIFT_MODULE_RESOURCE_BUNDLE_UNAVAILABLE -DXcode -plugin-path /Applications/Xcode-26.5.0.app/Contents/Developer/Toolchains/XcodeDefault.xctoolchain/usr/lib/swift/host/plugins/testing -enable-experimental-feature DebugDescriptionMacro -sdk /Applications/Xcode-26.5.0.app/Contents/Developer/Platforms/WatchOS.platform/Developer/SDKs/WatchOS26.5.sdk -target arm64_32-apple-watchos5.0 -g -module-cache-path /Users/admin/builder/spi-builder-workspace/.derivedData/ModuleCache.noindex -Xfrontend -serialize-debugging-options -profile-coverage-mapping -profile-generate -enable-testing -index-store-path /Users/admin/builder/spi-builder-workspace/.derivedData/Index.noindex/DataStore -Xcc -D_LIBCPP_HARDENING_MODE\=_LIBCPP_HARDENING_MODE_DEBUG -swift-version 5 -I /Users/admin/builder/spi-builder-workspace/.derivedData/Build/Products/Debug-watchos -Isystem /Applications/Xcode-26.5.0.app/Contents/Developer/Platforms/WatchOS.platform/Developer/usr/lib -F /Users/admin/builder/spi-builder-workspace/.derivedData/Build/Products/Debug-watchos/PackageFrameworks -F /Users/admin/builder/spi-builder-workspace/.derivedData/Build/Products/Debug-watchos/PackageFrameworks -F /Users/admin/builder/spi-builder-workspace/.derivedData/Build/Products/Debug-watchos/PackageFrameworks -F /Users/admin/builder/spi-builder-workspace/.derivedData/Build/Products/Debug-watchos -F /Applications/Xcode-26.5.0.app/Contents/Developer/Platforms/WatchOS.platform/Developer/Library/Frameworks -F /Applications/Xcode-26.5.0.app/Contents/Developer/Platforms/WatchOS.platform/Developer/SDKs/WatchOS26.5.sdk/Developer/Library/Frameworks -c -j10 -enable-batch-mode -incremental -Xcc -ivfsstatcache -Xcc /Users/admin/builder/spi-builder-workspace/.derivedData/SDKStatCaches.noindex/watchos26.5-23T570-688ef53f1462e2c8f657fdc38a81448f7931b973dfc65d9472806dbbc3af9379.sdkstatcache -output-file-map /Users/admin/builder/spi-builder-workspace/.derivedData/Build/Intermediates.noindex/XcodeProjectCLI.build/Debug-watchos/XcodeProject.build/Objects-normal/arm64_32/XcodeProject-OutputFileMap.json -use-frontend-parseable-output -save-temps -no-color-diagnostics -explicit-module-build -module-cache-path /Users/admin/builder/spi-builder-workspace/.derivedData/Build/Intermediates.noindex/SwiftExplicitPrecompiledModules -clang-scanner-module-cache-path /Users/admin/builder/spi-builder-workspace/.derivedData/ModuleCache.noindex -sdk-module-cache-path /Users/admin/builder/spi-builder-workspace/.derivedData/ModuleCache.noindex -serialize-diagnostics -emit-dependencies -emit-module -emit-module-path /Users/admin/builder/spi-builder-workspace/.derivedData/Build/Intermediates.noindex/XcodeProjectCLI.build/Debug-watchos/XcodeProject.build/Objects-normal/arm64_32/XcodeProject.swiftmodule -validate-clang-modules-once -clang-build-session-file /Users/admin/builder/spi-builder-workspace/.derivedData/ModuleCache.noindex/Session.modulevalidation -package-name spi_builder_workspace -Xcc -I/Users/admin/builder/spi-builder-workspace/.derivedData/Build/Intermediates.noindex/XcodeProjectCLI.build/Debug-watchos/XcodeProject.build/swift-overrides.hmap -emit-const-values -Xfrontend -const-gather-protocols-file -Xfrontend /Users/admin/builder/spi-builder-workspace/.derivedData/Build/Intermediates.noindex/XcodeProjectCLI.build/Debug-watchos/XcodeProject.build/Objects-normal/arm64_32/XcodeProject_const_extract_protocols.json -Xcc -I/Users/admin/builder/spi-builder-workspace/.derivedData/Build/Products/Debug-watchos/include -Xcc -I/Users/admin/builder/spi-builder-workspace/.derivedData/Build/Intermediates.noindex/XcodeProjectCLI.build/Debug-watchos/XcodeProject.build/DerivedSources-normal/arm64_32 -Xcc -I/Users/admin/builder/spi-builder-workspace/.derivedData/Build/Intermediates.noindex/XcodeProjectCLI.build/Debug-watchos/XcodeProject.build/DerivedSources/arm64_32 -Xcc -I/Users/admin/builder/spi-builder-workspace/.derivedData/Build/Intermediates.noindex/XcodeProjectCLI.build/Debug-watchos/XcodeProject.build/DerivedSources -Xcc -DSWIFT_PACKAGE -Xcc -DDEBUG\=1 -emit-objc-header -emit-objc-header-path /Users/admin/builder/spi-builder-workspace/.derivedData/Build/Intermediates.noindex/XcodeProjectCLI.build/Debug-watchos/XcodeProject.build/Objects-normal/arm64_32/XcodeProject-Swift.h -working-directory /Users/admin/builder/spi-builder-workspace/.swiftpm/xcode -experimental-emit-module-separately -disable-cmo
SwiftDriver\ Compilation\ Requirements XcodeProject normal arm64 com.apple.xcode.tools.swift.compiler (in target 'XcodeProject' from project 'XcodeProjectCLI')
    cd /Users/admin/builder/spi-builder-workspace/.swiftpm/xcode
    builtin-Swift-Compilation-Requirements -- /Applications/Xcode-26.5.0.app/Contents/Developer/Toolchains/XcodeDefault.xctoolchain/usr/bin/swiftc -module-name XcodeProject -Onone @/Users/admin/builder/spi-builder-workspace/.derivedData/Build/Intermediates.noindex/XcodeProjectCLI.build/Debug-watchos/XcodeProject.build/Objects-normal/arm64/XcodeProject.SwiftFileList -DSWIFT_PACKAGE -DDEBUG -DSWIFT_MODULE_RESOURCE_BUNDLE_UNAVAILABLE -DXcode -plugin-path /Applications/Xcode-26.5.0.app/Contents/Developer/Toolchains/XcodeDefault.xctoolchain/usr/lib/swift/host/plugins/testing -enable-experimental-feature DebugDescriptionMacro -sdk /Applications/Xcode-26.5.0.app/Contents/Developer/Platforms/WatchOS.platform/Developer/SDKs/WatchOS26.5.sdk -target arm64-apple-watchos5.0 -g -module-cache-path /Users/admin/builder/spi-builder-workspace/.derivedData/ModuleCache.noindex -Xfrontend -serialize-debugging-options -profile-coverage-mapping -profile-generate -enable-testing -index-store-path /Users/admin/builder/spi-builder-workspace/.derivedData/Index.noindex/DataStore -Xcc -D_LIBCPP_HARDENING_MODE\=_LIBCPP_HARDENING_MODE_DEBUG -swift-version 5 -I /Users/admin/builder/spi-builder-workspace/.derivedData/Build/Products/Debug-watchos -Isystem /Applications/Xcode-26.5.0.app/Contents/Developer/Platforms/WatchOS.platform/Developer/usr/lib -F /Users/admin/builder/spi-builder-workspace/.derivedData/Build/Products/Debug-watchos/PackageFrameworks -F /Users/admin/builder/spi-builder-workspace/.derivedData/Build/Products/Debug-watchos/PackageFrameworks -F /Users/admin/builder/spi-builder-workspace/.derivedData/Build/Products/Debug-watchos/PackageFrameworks -F /Users/admin/builder/spi-builder-workspace/.derivedData/Build/Products/Debug-watchos -F /Applications/Xcode-26.5.0.app/Contents/Developer/Platforms/WatchOS.platform/Developer/Library/Frameworks -F /Applications/Xcode-26.5.0.app/Contents/Developer/Platforms/WatchOS.platform/Developer/SDKs/WatchOS26.5.sdk/Developer/Library/Frameworks -c -j10 -enable-batch-mode -incremental -Xcc -ivfsstatcache -Xcc /Users/admin/builder/spi-builder-workspace/.derivedData/SDKStatCaches.noindex/watchos26.5-23T570-688ef53f1462e2c8f657fdc38a81448f7931b973dfc65d9472806dbbc3af9379.sdkstatcache -output-file-map /Users/admin/builder/spi-builder-workspace/.derivedData/Build/Intermediates.noindex/XcodeProjectCLI.build/Debug-watchos/XcodeProject.build/Objects-normal/arm64/XcodeProject-OutputFileMap.json -use-frontend-parseable-output -save-temps -no-color-diagnostics -explicit-module-build -module-cache-path /Users/admin/builder/spi-builder-workspace/.derivedData/Build/Intermediates.noindex/SwiftExplicitPrecompiledModules -clang-scanner-module-cache-path /Users/admin/builder/spi-builder-workspace/.derivedData/ModuleCache.noindex -sdk-module-cache-path /Users/admin/builder/spi-builder-workspace/.derivedData/ModuleCache.noindex -serialize-diagnostics -emit-dependencies -emit-module -emit-module-path /Users/admin/builder/spi-builder-workspace/.derivedData/Build/Intermediates.noindex/XcodeProjectCLI.build/Debug-watchos/XcodeProject.build/Objects-normal/arm64/XcodeProject.swiftmodule -validate-clang-modules-once -clang-build-session-file /Users/admin/builder/spi-builder-workspace/.derivedData/ModuleCache.noindex/Session.modulevalidation -package-name spi_builder_workspace -Xcc -I/Users/admin/builder/spi-builder-workspace/.derivedData/Build/Intermediates.noindex/XcodeProjectCLI.build/Debug-watchos/XcodeProject.build/swift-overrides.hmap -emit-const-values -Xfrontend -const-gather-protocols-file -Xfrontend /Users/admin/builder/spi-builder-workspace/.derivedData/Build/Intermediates.noindex/XcodeProjectCLI.build/Debug-watchos/XcodeProject.build/Objects-normal/arm64/XcodeProject_const_extract_protocols.json -Xcc -I/Users/admin/builder/spi-builder-workspace/.derivedData/Build/Products/Debug-watchos/include -Xcc -I/Users/admin/builder/spi-builder-workspace/.derivedData/Build/Intermediates.noindex/XcodeProjectCLI.build/Debug-watchos/XcodeProject.build/DerivedSources-normal/arm64 -Xcc -I/Users/admin/builder/spi-builder-workspace/.derivedData/Build/Intermediates.noindex/XcodeProjectCLI.build/Debug-watchos/XcodeProject.build/DerivedSources/arm64 -Xcc -I/Users/admin/builder/spi-builder-workspace/.derivedData/Build/Intermediates.noindex/XcodeProjectCLI.build/Debug-watchos/XcodeProject.build/DerivedSources -Xcc -DSWIFT_PACKAGE -Xcc -DDEBUG\=1 -emit-objc-header -emit-objc-header-path /Users/admin/builder/spi-builder-workspace/.derivedData/Build/Intermediates.noindex/XcodeProjectCLI.build/Debug-watchos/XcodeProject.build/Objects-normal/arm64/XcodeProject-Swift.h -working-directory /Users/admin/builder/spi-builder-workspace/.swiftpm/xcode -experimental-emit-module-separately -disable-cmo
Copy /Users/admin/builder/spi-builder-workspace/.derivedData/Build/Products/Debug-watchos/XcodeProject.swiftmodule/armv7k-apple-watchos.swiftmodule /Users/admin/builder/spi-builder-workspace/.derivedData/Build/Intermediates.noindex/XcodeProjectCLI.build/Debug-watchos/XcodeProject.build/Objects-normal/armv7k/XcodeProject.swiftmodule (in target 'XcodeProject' from project 'XcodeProjectCLI')
    cd /Users/admin/builder/spi-builder-workspace
    builtin-copy -exclude .DS_Store -exclude CVS -exclude .svn -exclude .git -exclude .hg -resolve-src-symlinks -rename /Users/admin/builder/spi-builder-workspace/.derivedData/Build/Intermediates.noindex/XcodeProjectCLI.build/Debug-watchos/XcodeProject.build/Objects-normal/armv7k/XcodeProject.swiftmodule /Users/admin/builder/spi-builder-workspace/.derivedData/Build/Products/Debug-watchos/XcodeProject.swiftmodule/armv7k-apple-watchos.swiftmodule
SwiftMergeGeneratedHeaders /Users/admin/builder/spi-builder-workspace/.derivedData/Build/Intermediates.noindex/GeneratedModuleMaps-watchos/XcodeProject-Swift.h /Users/admin/builder/spi-builder-workspace/.derivedData/Build/Intermediates.noindex/XcodeProjectCLI.build/Debug-watchos/XcodeProject.build/Objects-normal/arm64/XcodeProject-Swift.h /Users/admin/builder/spi-builder-workspace/.derivedData/Build/Intermediates.noindex/XcodeProjectCLI.build/Debug-watchos/XcodeProject.build/Objects-normal/arm64_32/XcodeProject-Swift.h /Users/admin/builder/spi-builder-workspace/.derivedData/Build/Intermediates.noindex/XcodeProjectCLI.build/Debug-watchos/XcodeProject.build/Objects-normal/armv7k/XcodeProject-Swift.h (in target 'XcodeProject' from project 'XcodeProjectCLI')
    cd /Users/admin/builder/spi-builder-workspace
    builtin-swiftHeaderTool -arch arm64 /Users/admin/builder/spi-builder-workspace/.derivedData/Build/Intermediates.noindex/XcodeProjectCLI.build/Debug-watchos/XcodeProject.build/Objects-normal/arm64/XcodeProject-Swift.h -arch arm64_32 /Users/admin/builder/spi-builder-workspace/.derivedData/Build/Intermediates.noindex/XcodeProjectCLI.build/Debug-watchos/XcodeProject.build/Objects-normal/arm64_32/XcodeProject-Swift.h -arch armv7k /Users/admin/builder/spi-builder-workspace/.derivedData/Build/Intermediates.noindex/XcodeProjectCLI.build/Debug-watchos/XcodeProject.build/Objects-normal/armv7k/XcodeProject-Swift.h -o /Users/admin/builder/spi-builder-workspace/.derivedData/Build/Intermediates.noindex/GeneratedModuleMaps-watchos/XcodeProject-Swift.h
Copy /Users/admin/builder/spi-builder-workspace/.derivedData/Build/Products/Debug-watchos/XcodeProject.swiftmodule/armv7k-apple-watchos.swiftdoc /Users/admin/builder/spi-builder-workspace/.derivedData/Build/Intermediates.noindex/XcodeProjectCLI.build/Debug-watchos/XcodeProject.build/Objects-normal/armv7k/XcodeProject.swiftdoc (in target 'XcodeProject' from project 'XcodeProjectCLI')
    cd /Users/admin/builder/spi-builder-workspace
    builtin-copy -exclude .DS_Store -exclude CVS -exclude .svn -exclude .git -exclude .hg -resolve-src-symlinks -rename /Users/admin/builder/spi-builder-workspace/.derivedData/Build/Intermediates.noindex/XcodeProjectCLI.build/Debug-watchos/XcodeProject.build/Objects-normal/armv7k/XcodeProject.swiftdoc /Users/admin/builder/spi-builder-workspace/.derivedData/Build/Products/Debug-watchos/XcodeProject.swiftmodule/armv7k-apple-watchos.swiftdoc
Copy /Users/admin/builder/spi-builder-workspace/.derivedData/Build/Products/Debug-watchos/XcodeProject.swiftmodule/armv7k-apple-watchos.abi.json /Users/admin/builder/spi-builder-workspace/.derivedData/Build/Intermediates.noindex/XcodeProjectCLI.build/Debug-watchos/XcodeProject.build/Objects-normal/armv7k/XcodeProject.abi.json (in target 'XcodeProject' from project 'XcodeProjectCLI')
    cd /Users/admin/builder/spi-builder-workspace
    builtin-copy -exclude .DS_Store -exclude CVS -exclude .svn -exclude .git -exclude .hg -resolve-src-symlinks -rename /Users/admin/builder/spi-builder-workspace/.derivedData/Build/Intermediates.noindex/XcodeProjectCLI.build/Debug-watchos/XcodeProject.build/Objects-normal/armv7k/XcodeProject.abi.json /Users/admin/builder/spi-builder-workspace/.derivedData/Build/Products/Debug-watchos/XcodeProject.swiftmodule/armv7k-apple-watchos.abi.json
Copy /Users/admin/builder/spi-builder-workspace/.derivedData/Build/Products/Debug-watchos/XcodeProject.swiftmodule/arm64_32-apple-watchos.swiftmodule /Users/admin/builder/spi-builder-workspace/.derivedData/Build/Intermediates.noindex/XcodeProjectCLI.build/Debug-watchos/XcodeProject.build/Objects-normal/arm64_32/XcodeProject.swiftmodule (in target 'XcodeProject' from project 'XcodeProjectCLI')
    cd /Users/admin/builder/spi-builder-workspace
    builtin-copy -exclude .DS_Store -exclude CVS -exclude .svn -exclude .git -exclude .hg -resolve-src-symlinks -rename /Users/admin/builder/spi-builder-workspace/.derivedData/Build/Intermediates.noindex/XcodeProjectCLI.build/Debug-watchos/XcodeProject.build/Objects-normal/arm64_32/XcodeProject.swiftmodule /Users/admin/builder/spi-builder-workspace/.derivedData/Build/Products/Debug-watchos/XcodeProject.swiftmodule/arm64_32-apple-watchos.swiftmodule
Copy /Users/admin/builder/spi-builder-workspace/.derivedData/Build/Products/Debug-watchos/XcodeProject.swiftmodule/arm64_32-apple-watchos.swiftdoc /Users/admin/builder/spi-builder-workspace/.derivedData/Build/Intermediates.noindex/XcodeProjectCLI.build/Debug-watchos/XcodeProject.build/Objects-normal/arm64_32/XcodeProject.swiftdoc (in target 'XcodeProject' from project 'XcodeProjectCLI')
    cd /Users/admin/builder/spi-builder-workspace
    builtin-copy -exclude .DS_Store -exclude CVS -exclude .svn -exclude .git -exclude .hg -resolve-src-symlinks -rename /Users/admin/builder/spi-builder-workspace/.derivedData/Build/Intermediates.noindex/XcodeProjectCLI.build/Debug-watchos/XcodeProject.build/Objects-normal/arm64_32/XcodeProject.swiftdoc /Users/admin/builder/spi-builder-workspace/.derivedData/Build/Products/Debug-watchos/XcodeProject.swiftmodule/arm64_32-apple-watchos.swiftdoc
Copy /Users/admin/builder/spi-builder-workspace/.derivedData/Build/Products/Debug-watchos/XcodeProject.swiftmodule/arm64_32-apple-watchos.abi.json /Users/admin/builder/spi-builder-workspace/.derivedData/Build/Intermediates.noindex/XcodeProjectCLI.build/Debug-watchos/XcodeProject.build/Objects-normal/arm64_32/XcodeProject.abi.json (in target 'XcodeProject' from project 'XcodeProjectCLI')
    cd /Users/admin/builder/spi-builder-workspace
    builtin-copy -exclude .DS_Store -exclude CVS -exclude .svn -exclude .git -exclude .hg -resolve-src-symlinks -rename /Users/admin/builder/spi-builder-workspace/.derivedData/Build/Intermediates.noindex/XcodeProjectCLI.build/Debug-watchos/XcodeProject.build/Objects-normal/arm64_32/XcodeProject.abi.json /Users/admin/builder/spi-builder-workspace/.derivedData/Build/Products/Debug-watchos/XcodeProject.swiftmodule/arm64_32-apple-watchos.abi.json
Copy /Users/admin/builder/spi-builder-workspace/.derivedData/Build/Products/Debug-watchos/XcodeProject.swiftmodule/arm64-apple-watchos.swiftmodule /Users/admin/builder/spi-builder-workspace/.derivedData/Build/Intermediates.noindex/XcodeProjectCLI.build/Debug-watchos/XcodeProject.build/Objects-normal/arm64/XcodeProject.swiftmodule (in target 'XcodeProject' from project 'XcodeProjectCLI')
    cd /Users/admin/builder/spi-builder-workspace
    builtin-copy -exclude .DS_Store -exclude CVS -exclude .svn -exclude .git -exclude .hg -resolve-src-symlinks -rename /Users/admin/builder/spi-builder-workspace/.derivedData/Build/Intermediates.noindex/XcodeProjectCLI.build/Debug-watchos/XcodeProject.build/Objects-normal/arm64/XcodeProject.swiftmodule /Users/admin/builder/spi-builder-workspace/.derivedData/Build/Products/Debug-watchos/XcodeProject.swiftmodule/arm64-apple-watchos.swiftmodule
Copy /Users/admin/builder/spi-builder-workspace/.derivedData/Build/Products/Debug-watchos/XcodeProject.swiftmodule/arm64-apple-watchos.swiftdoc /Users/admin/builder/spi-builder-workspace/.derivedData/Build/Intermediates.noindex/XcodeProjectCLI.build/Debug-watchos/XcodeProject.build/Objects-normal/arm64/XcodeProject.swiftdoc (in target 'XcodeProject' from project 'XcodeProjectCLI')
    cd /Users/admin/builder/spi-builder-workspace
    builtin-copy -exclude .DS_Store -exclude CVS -exclude .svn -exclude .git -exclude .hg -resolve-src-symlinks -rename /Users/admin/builder/spi-builder-workspace/.derivedData/Build/Intermediates.noindex/XcodeProjectCLI.build/Debug-watchos/XcodeProject.build/Objects-normal/arm64/XcodeProject.swiftdoc /Users/admin/builder/spi-builder-workspace/.derivedData/Build/Products/Debug-watchos/XcodeProject.swiftmodule/arm64-apple-watchos.swiftdoc
Copy /Users/admin/builder/spi-builder-workspace/.derivedData/Build/Products/Debug-watchos/XcodeProject.swiftmodule/arm64-apple-watchos.abi.json /Users/admin/builder/spi-builder-workspace/.derivedData/Build/Intermediates.noindex/XcodeProjectCLI.build/Debug-watchos/XcodeProject.build/Objects-normal/arm64/XcodeProject.abi.json (in target 'XcodeProject' from project 'XcodeProjectCLI')
    cd /Users/admin/builder/spi-builder-workspace
    builtin-copy -exclude .DS_Store -exclude CVS -exclude .svn -exclude .git -exclude .hg -resolve-src-symlinks -rename /Users/admin/builder/spi-builder-workspace/.derivedData/Build/Intermediates.noindex/XcodeProjectCLI.build/Debug-watchos/XcodeProject.build/Objects-normal/arm64/XcodeProject.abi.json /Users/admin/builder/spi-builder-workspace/.derivedData/Build/Products/Debug-watchos/XcodeProject.swiftmodule/arm64-apple-watchos.abi.json
Copy /Users/admin/builder/spi-builder-workspace/.derivedData/Build/Products/Debug-watchos/XcodeProject.swiftmodule/Project/armv7k-apple-watchos.swiftsourceinfo /Users/admin/builder/spi-builder-workspace/.derivedData/Build/Intermediates.noindex/XcodeProjectCLI.build/Debug-watchos/XcodeProject.build/Objects-normal/armv7k/XcodeProject.swiftsourceinfo (in target 'XcodeProject' from project 'XcodeProjectCLI')
    cd /Users/admin/builder/spi-builder-workspace
    builtin-copy -exclude .DS_Store -exclude CVS -exclude .svn -exclude .git -exclude .hg -resolve-src-symlinks -rename /Users/admin/builder/spi-builder-workspace/.derivedData/Build/Intermediates.noindex/XcodeProjectCLI.build/Debug-watchos/XcodeProject.build/Objects-normal/armv7k/XcodeProject.swiftsourceinfo /Users/admin/builder/spi-builder-workspace/.derivedData/Build/Products/Debug-watchos/XcodeProject.swiftmodule/Project/armv7k-apple-watchos.swiftsourceinfo
Copy /Users/admin/builder/spi-builder-workspace/.derivedData/Build/Products/Debug-watchos/XcodeProject.swiftmodule/Project/arm64_32-apple-watchos.swiftsourceinfo /Users/admin/builder/spi-builder-workspace/.derivedData/Build/Intermediates.noindex/XcodeProjectCLI.build/Debug-watchos/XcodeProject.build/Objects-normal/arm64_32/XcodeProject.swiftsourceinfo (in target 'XcodeProject' from project 'XcodeProjectCLI')
    cd /Users/admin/builder/spi-builder-workspace
    builtin-copy -exclude .DS_Store -exclude CVS -exclude .svn -exclude .git -exclude .hg -resolve-src-symlinks -rename /Users/admin/builder/spi-builder-workspace/.derivedData/Build/Intermediates.noindex/XcodeProjectCLI.build/Debug-watchos/XcodeProject.build/Objects-normal/arm64_32/XcodeProject.swiftsourceinfo /Users/admin/builder/spi-builder-workspace/.derivedData/Build/Products/Debug-watchos/XcodeProject.swiftmodule/Project/arm64_32-apple-watchos.swiftsourceinfo
Copy /Users/admin/builder/spi-builder-workspace/.derivedData/Build/Products/Debug-watchos/XcodeProject.swiftmodule/Project/arm64-apple-watchos.swiftsourceinfo /Users/admin/builder/spi-builder-workspace/.derivedData/Build/Intermediates.noindex/XcodeProjectCLI.build/Debug-watchos/XcodeProject.build/Objects-normal/arm64/XcodeProject.swiftsourceinfo (in target 'XcodeProject' from project 'XcodeProjectCLI')
    cd /Users/admin/builder/spi-builder-workspace
    builtin-copy -exclude .DS_Store -exclude CVS -exclude .svn -exclude .git -exclude .hg -resolve-src-symlinks -rename /Users/admin/builder/spi-builder-workspace/.derivedData/Build/Intermediates.noindex/XcodeProjectCLI.build/Debug-watchos/XcodeProject.build/Objects-normal/arm64/XcodeProject.swiftsourceinfo /Users/admin/builder/spi-builder-workspace/.derivedData/Build/Products/Debug-watchos/XcodeProject.swiftmodule/Project/arm64-apple-watchos.swiftsourceinfo
SwiftEmitModule normal armv7k Emitting\ module\ for\ XcodeProj (in target 'XcodeProj' from project 'XcodeProj')
EmitSwiftModule normal armv7k (in target 'XcodeProj' from project 'XcodeProj')
    cd /Users/admin/builder/spi-builder-workspace/.swiftpm/xcode

SwiftCompile normal arm64 Compiling\ Collection.swift,\ PBXFileElement.swift /Users/admin/builder/spi-builder-workspace/Sources/XcodeProject/Extensions/Collection.swift /Users/admin/builder/spi-builder-workspace/Sources/XcodeProject/Extensions/PBXFileElement.swift (in target 'XcodeProject' from project 'XcodeProjectCLI')
SwiftCompile normal arm64 /Users/admin/builder/spi-builder-workspace/Sources/XcodeProject/Extensions/Collection.swift (in target 'XcodeProject' from project 'XcodeProjectCLI')
    cd /Users/admin/builder/spi-builder-workspace/.swiftpm/xcode

SwiftCompile normal arm64 /Users/admin/builder/spi-builder-workspace/Sources/XcodeProject/Extensions/PBXFileElement.swift (in target 'XcodeProject' from project 'XcodeProjectCLI')
    cd /Users/admin/builder/spi-builder-workspace/.swiftpm/xcode

SwiftDriverJobDiscovery normal arm64_32 Compiling PBXGroup.swift, PBXNativeTarget.swift (in target 'XcodeProject' from project 'XcodeProjectCLI')
SwiftCompile normal arm64_32 Compiling\ RenderingMode.swift,\ Typealiases.swift /Users/admin/builder/spi-builder-workspace/Sources/XcodeProject/Models/RenderingMode.swift /Users/admin/builder/spi-builder-workspace/Sources/XcodeProject/Models/Typealiases.swift (in target 'XcodeProject' from project 'XcodeProjectCLI')
SwiftCompile normal arm64_32 /Users/admin/builder/spi-builder-workspace/Sources/XcodeProject/Models/RenderingMode.swift (in target 'XcodeProject' from project 'XcodeProjectCLI')
    cd /Users/admin/builder/spi-builder-workspace/.swiftpm/xcode

SwiftCompile normal arm64_32 /Users/admin/builder/spi-builder-workspace/Sources/XcodeProject/Models/Typealiases.swift (in target 'XcodeProject' from project 'XcodeProjectCLI')
    cd /Users/admin/builder/spi-builder-workspace/.swiftpm/xcode

SwiftDriverJobDiscovery normal armv7k Compiling ColorAssetBuilder.swift, DataAssetBuilder.swift, ImageAssetBuilder.swift (in target 'XcodeProject' from project 'XcodeProjectCLI')
SwiftCompile normal arm64_32 Compiling\ String.swift,\ XcodeProj.swift /Users/admin/builder/spi-builder-workspace/Sources/XcodeProject/Extensions/String.swift /Users/admin/builder/spi-builder-workspace/Sources/XcodeProject/Extensions/XcodeProj.swift (in target 'XcodeProject' from project 'XcodeProjectCLI')
SwiftCompile normal arm64_32 /Users/admin/builder/spi-builder-workspace/Sources/XcodeProject/Extensions/String.swift (in target 'XcodeProject' from project 'XcodeProjectCLI')
    cd /Users/admin/builder/spi-builder-workspace/.swiftpm/xcode

SwiftCompile normal arm64_32 /Users/admin/builder/spi-builder-workspace/Sources/XcodeProject/Extensions/XcodeProj.swift (in target 'XcodeProject' from project 'XcodeProjectCLI')
    cd /Users/admin/builder/spi-builder-workspace/.swiftpm/xcode

SwiftDriverJobDiscovery normal arm64 Compiling CodingKeyValidator.swift, NonsenseFlagsValidator.swift, ParsableArgumentsValidation.swift, PositionalArgumentsValidator.swift, UniqueNamesValidator.swift (in target 'ArgumentParser' from project 'swift-argument-parser')
SwiftCompile normal armv7k Compiling\ RenderingMode.swift,\ Typealiases.swift /Users/admin/builder/spi-builder-workspace/Sources/XcodeProject/Models/RenderingMode.swift /Users/admin/builder/spi-builder-workspace/Sources/XcodeProject/Models/Typealiases.swift (in target 'XcodeProject' from project 'XcodeProjectCLI')
SwiftCompile normal armv7k /Users/admin/builder/spi-builder-workspace/Sources/XcodeProject/Models/RenderingMode.swift (in target 'XcodeProject' from project 'XcodeProjectCLI')
    cd /Users/admin/builder/spi-builder-workspace/.swiftpm/xcode

SwiftCompile normal armv7k /Users/admin/builder/spi-builder-workspace/Sources/XcodeProject/Models/Typealiases.swift (in target 'XcodeProject' from project 'XcodeProjectCLI')
    cd /Users/admin/builder/spi-builder-workspace/.swiftpm/xcode

SwiftCompile normal arm64 Compiling\ RenderingMode.swift,\ Typealiases.swift /Users/admin/builder/spi-builder-workspace/Sources/XcodeProject/Models/RenderingMode.swift /Users/admin/builder/spi-builder-workspace/Sources/XcodeProject/Models/Typealiases.swift (in target 'XcodeProject' from project 'XcodeProjectCLI')
SwiftCompile normal arm64 /Users/admin/builder/spi-builder-workspace/Sources/XcodeProject/Models/RenderingMode.swift (in target 'XcodeProject' from project 'XcodeProjectCLI')
    cd /Users/admin/builder/spi-builder-workspace/.swiftpm/xcode

SwiftCompile normal arm64 /Users/admin/builder/spi-builder-workspace/Sources/XcodeProject/Models/Typealiases.swift (in target 'XcodeProject' from project 'XcodeProjectCLI')
    cd /Users/admin/builder/spi-builder-workspace/.swiftpm/xcode

SwiftDriverJobDiscovery normal arm64_32 Compiling RenderingMode.swift, Typealiases.swift (in target 'XcodeProject' from project 'XcodeProjectCLI')
SwiftDriverJobDiscovery normal arm64 Compiling Collection.swift, PBXFileElement.swift (in target 'XcodeProject' from project 'XcodeProjectCLI')
SwiftCompile normal arm64 Compiling\ HexColor.swift,\ InputPath.swift /Users/admin/builder/spi-builder-workspace/Sources/XcodeProject/Models/HexColor.swift /Users/admin/builder/spi-builder-workspace/Sources/XcodeProject/Models/InputPath.swift (in target 'XcodeProject' from project 'XcodeProjectCLI')
SwiftCompile normal arm64 /Users/admin/builder/spi-builder-workspace/Sources/XcodeProject/Models/HexColor.swift (in target 'XcodeProject' from project 'XcodeProjectCLI')
    cd /Users/admin/builder/spi-builder-workspace/.swiftpm/xcode

SwiftCompile normal arm64 /Users/admin/builder/spi-builder-workspace/Sources/XcodeProject/Models/InputPath.swift (in target 'XcodeProject' from project 'XcodeProjectCLI')
    cd /Users/admin/builder/spi-builder-workspace/.swiftpm/xcode

SwiftCompile normal armv7k Compiling\ HexColor.swift,\ InputPath.swift /Users/admin/builder/spi-builder-workspace/Sources/XcodeProject/Models/HexColor.swift /Users/admin/builder/spi-builder-workspace/Sources/XcodeProject/Models/InputPath.swift (in target 'XcodeProject' from project 'XcodeProjectCLI')
SwiftCompile normal armv7k /Users/admin/builder/spi-builder-workspace/Sources/XcodeProject/Models/HexColor.swift (in target 'XcodeProject' from project 'XcodeProjectCLI')
    cd /Users/admin/builder/spi-builder-workspace/.swiftpm/xcode

SwiftCompile normal armv7k /Users/admin/builder/spi-builder-workspace/Sources/XcodeProject/Models/InputPath.swift (in target 'XcodeProject' from project 'XcodeProjectCLI')
    cd /Users/admin/builder/spi-builder-workspace/.swiftpm/xcode

SwiftCompile normal arm64_32 Compiling\ ProjectGroups.swift,\ ProjectTargets.swift /Users/admin/builder/spi-builder-workspace/Sources/XcodeProject/Core/ProjectGroups.swift /Users/admin/builder/spi-builder-workspace/Sources/XcodeProject/Core/ProjectTargets.swift (in target 'XcodeProject' from project 'XcodeProjectCLI')
SwiftCompile normal arm64_32 /Users/admin/builder/spi-builder-workspace/Sources/XcodeProject/Core/ProjectGroups.swift (in target 'XcodeProject' from project 'XcodeProjectCLI')
    cd /Users/admin/builder/spi-builder-workspace/.swiftpm/xcode

SwiftCompile normal arm64_32 /Users/admin/builder/spi-builder-workspace/Sources/XcodeProject/Core/ProjectTargets.swift (in target 'XcodeProject' from project 'XcodeProjectCLI')
    cd /Users/admin/builder/spi-builder-workspace/.swiftpm/xcode

SwiftDriverJobDiscovery normal arm64_32 Compiling String.swift, XcodeProj.swift (in target 'XcodeProject' from project 'XcodeProjectCLI')
SwiftCompile normal armv7k Compiling\ Collection.swift,\ PBXFileElement.swift /Users/admin/builder/spi-builder-workspace/Sources/XcodeProject/Extensions/Collection.swift /Users/admin/builder/spi-builder-workspace/Sources/XcodeProject/Extensions/PBXFileElement.swift (in target 'XcodeProject' from project 'XcodeProjectCLI')
SwiftCompile normal armv7k /Users/admin/builder/spi-builder-workspace/Sources/XcodeProject/Extensions/Collection.swift (in target 'XcodeProject' from project 'XcodeProjectCLI')
    cd /Users/admin/builder/spi-builder-workspace/.swiftpm/xcode

SwiftCompile normal armv7k /Users/admin/builder/spi-builder-workspace/Sources/XcodeProject/Extensions/PBXFileElement.swift (in target 'XcodeProject' from project 'XcodeProjectCLI')
    cd /Users/admin/builder/spi-builder-workspace/.swiftpm/xcode

SwiftDriverJobDiscovery normal armv7k Compiling RenderingMode.swift, Typealiases.swift (in target 'XcodeProject' from project 'XcodeProjectCLI')
SwiftCompile normal arm64 Compiling\ ProjectGroups.swift,\ ProjectTargets.swift /Users/admin/builder/spi-builder-workspace/Sources/XcodeProject/Core/ProjectGroups.swift /Users/admin/builder/spi-builder-workspace/Sources/XcodeProject/Core/ProjectTargets.swift (in target 'XcodeProject' from project 'XcodeProjectCLI')
SwiftCompile normal arm64 /Users/admin/builder/spi-builder-workspace/Sources/XcodeProject/Core/ProjectGroups.swift (in target 'XcodeProject' from project 'XcodeProjectCLI')
    cd /Users/admin/builder/spi-builder-workspace/.swiftpm/xcode

SwiftCompile normal arm64 /Users/admin/builder/spi-builder-workspace/Sources/XcodeProject/Core/ProjectTargets.swift (in target 'XcodeProject' from project 'XcodeProjectCLI')
    cd /Users/admin/builder/spi-builder-workspace/.swiftpm/xcode

SwiftDriverJobDiscovery normal arm64 Compiling RenderingMode.swift, Typealiases.swift (in target 'XcodeProject' from project 'XcodeProjectCLI')
SwiftCompile normal arm64_32 Compiling\ ColorAssetBuilder.swift,\ DataAssetBuilder.swift,\ ImageAssetBuilder.swift /Users/admin/builder/spi-builder-workspace/Sources/XcodeProject/Core/AssetTemplateBuilders/ColorAssetBuilder.swift /Users/admin/builder/spi-builder-workspace/Sources/XcodeProject/Core/AssetTemplateBuilders/DataAssetBuilder.swift /Users/admin/builder/spi-builder-workspace/Sources/XcodeProject/Core/AssetTemplateBuilders/ImageAssetBuilder.swift (in target 'XcodeProject' from project 'XcodeProjectCLI')
SwiftCompile normal arm64_32 /Users/admin/builder/spi-builder-workspace/Sources/XcodeProject/Core/AssetTemplateBuilders/ColorAssetBuilder.swift (in target 'XcodeProject' from project 'XcodeProjectCLI')
    cd /Users/admin/builder/spi-builder-workspace/.swiftpm/xcode

SwiftCompile normal arm64_32 /Users/admin/builder/spi-builder-workspace/Sources/XcodeProject/Core/AssetTemplateBuilders/DataAssetBuilder.swift (in target 'XcodeProject' from project 'XcodeProjectCLI')
    cd /Users/admin/builder/spi-builder-workspace/.swiftpm/xcode

SwiftCompile normal arm64_32 /Users/admin/builder/spi-builder-workspace/Sources/XcodeProject/Core/AssetTemplateBuilders/ImageAssetBuilder.swift (in target 'XcodeProject' from project 'XcodeProjectCLI')
    cd /Users/admin/builder/spi-builder-workspace/.swiftpm/xcode

SwiftCompile normal armv7k Compiling\ String.swift,\ XcodeProj.swift /Users/admin/builder/spi-builder-workspace/Sources/XcodeProject/Extensions/String.swift /Users/admin/builder/spi-builder-workspace/Sources/XcodeProject/Extensions/XcodeProj.swift (in target 'XcodeProject' from project 'XcodeProjectCLI')
SwiftCompile normal armv7k /Users/admin/builder/spi-builder-workspace/Sources/XcodeProject/Extensions/String.swift (in target 'XcodeProject' from project 'XcodeProjectCLI')
    cd /Users/admin/builder/spi-builder-workspace/.swiftpm/xcode

SwiftCompile normal armv7k /Users/admin/builder/spi-builder-workspace/Sources/XcodeProject/Extensions/XcodeProj.swift (in target 'XcodeProject' from project 'XcodeProjectCLI')
    cd /Users/admin/builder/spi-builder-workspace/.swiftpm/xcode

SwiftDriverJobDiscovery normal arm64 Compiling HexColor.swift, InputPath.swift (in target 'XcodeProject' from project 'XcodeProjectCLI')
SwiftCompile normal arm64 Compiling\ AssetInfo.swift,\ AssetType.swift /Users/admin/builder/spi-builder-workspace/Sources/XcodeProject/Models/AssetInfo.swift /Users/admin/builder/spi-builder-workspace/Sources/XcodeProject/Models/AssetType.swift (in target 'XcodeProject' from project 'XcodeProjectCLI')
SwiftCompile normal arm64 /Users/admin/builder/spi-builder-workspace/Sources/XcodeProject/Models/AssetInfo.swift (in target 'XcodeProject' from project 'XcodeProjectCLI')
    cd /Users/admin/builder/spi-builder-workspace/.swiftpm/xcode

SwiftCompile normal arm64 /Users/admin/builder/spi-builder-workspace/Sources/XcodeProject/Models/AssetType.swift (in target 'XcodeProject' from project 'XcodeProjectCLI')
    cd /Users/admin/builder/spi-builder-workspace/.swiftpm/xcode

SwiftDriverJobDiscovery normal armv7k Compiling Collection.swift, PBXFileElement.swift (in target 'XcodeProject' from project 'XcodeProjectCLI')
SwiftCompile normal arm64_32 Compiling\ HexColor.swift,\ InputPath.swift /Users/admin/builder/spi-builder-workspace/Sources/XcodeProject/Models/HexColor.swift /Users/admin/builder/spi-builder-workspace/Sources/XcodeProject/Models/InputPath.swift (in target 'XcodeProject' from project 'XcodeProjectCLI')
SwiftCompile normal arm64_32 /Users/admin/builder/spi-builder-workspace/Sources/XcodeProject/Models/HexColor.swift (in target 'XcodeProject' from project 'XcodeProjectCLI')
    cd /Users/admin/builder/spi-builder-workspace/.swiftpm/xcode

SwiftCompile normal arm64_32 /Users/admin/builder/spi-builder-workspace/Sources/XcodeProject/Models/InputPath.swift (in target 'XcodeProject' from project 'XcodeProjectCLI')
    cd /Users/admin/builder/spi-builder-workspace/.swiftpm/xcode

SwiftDriverJobDiscovery normal arm64_32 Compiling ColorAssetBuilder.swift, DataAssetBuilder.swift, ImageAssetBuilder.swift (in target 'XcodeProject' from project 'XcodeProjectCLI')
SwiftCompile normal arm64 Compiling\ String.swift,\ XcodeProj.swift /Users/admin/builder/spi-builder-workspace/Sources/XcodeProject/Extensions/String.swift /Users/admin/builder/spi-builder-workspace/Sources/XcodeProject/Extensions/XcodeProj.swift (in target 'XcodeProject' from project 'XcodeProjectCLI')
SwiftCompile normal arm64 /Users/admin/builder/spi-builder-workspace/Sources/XcodeProject/Extensions/String.swift (in target 'XcodeProject' from project 'XcodeProjectCLI')
    cd /Users/admin/builder/spi-builder-workspace/.swiftpm/xcode

SwiftCompile normal arm64 /Users/admin/builder/spi-builder-workspace/Sources/XcodeProject/Extensions/XcodeProj.swift (in target 'XcodeProject' from project 'XcodeProjectCLI')
    cd /Users/admin/builder/spi-builder-workspace/.swiftpm/xcode

SwiftDriverJobDiscovery normal armv7k Compiling HexColor.swift, InputPath.swift (in target 'XcodeProject' from project 'XcodeProjectCLI')
SwiftCompile normal arm64_32 Compiling\ XcodeProjectError.swift,\ PathUtils.swift /Users/admin/builder/spi-builder-workspace/Sources/XcodeProject/Models/XcodeProjectError.swift /Users/admin/builder/spi-builder-workspace/Sources/XcodeProject/Utils/PathUtils.swift (in target 'XcodeProject' from project 'XcodeProjectCLI')
SwiftCompile normal arm64_32 /Users/admin/builder/spi-builder-workspace/Sources/XcodeProject/Models/XcodeProjectError.swift (in target 'XcodeProject' from project 'XcodeProjectCLI')
    cd /Users/admin/builder/spi-builder-workspace/.swiftpm/xcode

SwiftCompile normal arm64_32 /Users/admin/builder/spi-builder-workspace/Sources/XcodeProject/Utils/PathUtils.swift (in target 'XcodeProject' from project 'XcodeProjectCLI')
    cd /Users/admin/builder/spi-builder-workspace/.swiftpm/xcode

SwiftDriverJobDiscovery normal armv7k Compiling String.swift, XcodeProj.swift (in target 'XcodeProject' from project 'XcodeProjectCLI')
SwiftCompile normal arm64_32 Compiling\ AssetInfo.swift,\ AssetType.swift /Users/admin/builder/spi-builder-workspace/Sources/XcodeProject/Models/AssetInfo.swift /Users/admin/builder/spi-builder-workspace/Sources/XcodeProject/Models/AssetType.swift (in target 'XcodeProject' from project 'XcodeProjectCLI')
SwiftCompile normal arm64_32 /Users/admin/builder/spi-builder-workspace/Sources/XcodeProject/Models/AssetInfo.swift (in target 'XcodeProject' from project 'XcodeProjectCLI')
    cd /Users/admin/builder/spi-builder-workspace/.swiftpm/xcode

SwiftCompile normal arm64_32 /Users/admin/builder/spi-builder-workspace/Sources/XcodeProject/Models/AssetType.swift (in target 'XcodeProject' from project 'XcodeProjectCLI')
    cd /Users/admin/builder/spi-builder-workspace/.swiftpm/xcode

SwiftDriverJobDiscovery normal arm64 Compiling BashCompletionsGenerator.swift, CompletionsGenerator.swift, FishCompletionsGenerator.swift, ZshCompletionsGenerator.swift, Argument.swift, ArgumentDiscussion.swift (in target 'ArgumentParser' from project 'swift-argument-parser')
SwiftCompile normal armv7k Compiling\ PBXGroup.swift,\ PBXNativeTarget.swift /Users/admin/builder/spi-builder-workspace/Sources/XcodeProject/Extensions/PBXGroup.swift /Users/admin/builder/spi-builder-workspace/Sources/XcodeProject/Extensions/PBXNativeTarget.swift (in target 'XcodeProject' from project 'XcodeProjectCLI')
SwiftCompile normal armv7k /Users/admin/builder/spi-builder-workspace/Sources/XcodeProject/Extensions/PBXGroup.swift (in target 'XcodeProject' from project 'XcodeProjectCLI')
    cd /Users/admin/builder/spi-builder-workspace/.swiftpm/xcode

SwiftCompile normal armv7k /Users/admin/builder/spi-builder-workspace/Sources/XcodeProject/Extensions/PBXNativeTarget.swift (in target 'XcodeProject' from project 'XcodeProjectCLI')
    cd /Users/admin/builder/spi-builder-workspace/.swiftpm/xcode

SwiftDriverJobDiscovery normal arm64 Compiling AssetInfo.swift, AssetType.swift (in target 'XcodeProject' from project 'XcodeProjectCLI')
SwiftCompile normal arm64 Compiling\ ColorAssetBuilder.swift,\ DataAssetBuilder.swift,\ ImageAssetBuilder.swift /Users/admin/builder/spi-builder-workspace/Sources/XcodeProject/Core/AssetTemplateBuilders/ColorAssetBuilder.swift /Users/admin/builder/spi-builder-workspace/Sources/XcodeProject/Core/AssetTemplateBuilders/DataAssetBuilder.swift /Users/admin/builder/spi-builder-workspace/Sources/XcodeProject/Core/AssetTemplateBuilders/ImageAssetBuilder.swift (in target 'XcodeProject' from project 'XcodeProjectCLI')
SwiftCompile normal arm64 /Users/admin/builder/spi-builder-workspace/Sources/XcodeProject/Core/AssetTemplateBuilders/ColorAssetBuilder.swift (in target 'XcodeProject' from project 'XcodeProjectCLI')
    cd /Users/admin/builder/spi-builder-workspace/.swiftpm/xcode

SwiftCompile normal arm64 /Users/admin/builder/spi-builder-workspace/Sources/XcodeProject/Core/AssetTemplateBuilders/DataAssetBuilder.swift (in target 'XcodeProject' from project 'XcodeProjectCLI')
    cd /Users/admin/builder/spi-builder-workspace/.swiftpm/xcode

SwiftCompile normal arm64 /Users/admin/builder/spi-builder-workspace/Sources/XcodeProject/Core/AssetTemplateBuilders/ImageAssetBuilder.swift (in target 'XcodeProject' from project 'XcodeProjectCLI')
    cd /Users/admin/builder/spi-builder-workspace/.swiftpm/xcode

SwiftDriverJobDiscovery normal arm64_32 Compiling ProjectGroups.swift, ProjectTargets.swift (in target 'XcodeProject' from project 'XcodeProjectCLI')
SwiftCompile normal arm64 Compiling\ XcodeProjectError.swift,\ PathUtils.swift /Users/admin/builder/spi-builder-workspace/Sources/XcodeProject/Models/XcodeProjectError.swift /Users/admin/builder/spi-builder-workspace/Sources/XcodeProject/Utils/PathUtils.swift (in target 'XcodeProject' from project 'XcodeProjectCLI')
SwiftCompile normal arm64 /Users/admin/builder/spi-builder-workspace/Sources/XcodeProject/Models/XcodeProjectError.swift (in target 'XcodeProject' from project 'XcodeProjectCLI')
    cd /Users/admin/builder/spi-builder-workspace/.swiftpm/xcode

SwiftCompile normal arm64 /Users/admin/builder/spi-builder-workspace/Sources/XcodeProject/Utils/PathUtils.swift (in target 'XcodeProject' from project 'XcodeProjectCLI')
    cd /Users/admin/builder/spi-builder-workspace/.swiftpm/xcode

SwiftDriverJobDiscovery normal arm64 Compiling String.swift, XcodeProj.swift (in target 'XcodeProject' from project 'XcodeProjectCLI')
SwiftCompile normal armv7k Compiling\ ProjectGroups.swift,\ ProjectTargets.swift /Users/admin/builder/spi-builder-workspace/Sources/XcodeProject/Core/ProjectGroups.swift /Users/admin/builder/spi-builder-workspace/Sources/XcodeProject/Core/ProjectTargets.swift (in target 'XcodeProject' from project 'XcodeProjectCLI')
SwiftCompile normal armv7k /Users/admin/builder/spi-builder-workspace/Sources/XcodeProject/Core/ProjectGroups.swift (in target 'XcodeProject' from project 'XcodeProjectCLI')
    cd /Users/admin/builder/spi-builder-workspace/.swiftpm/xcode

SwiftCompile normal armv7k /Users/admin/builder/spi-builder-workspace/Sources/XcodeProject/Core/ProjectTargets.swift (in target 'XcodeProject' from project 'XcodeProjectCLI')
    cd /Users/admin/builder/spi-builder-workspace/.swiftpm/xcode

SwiftDriverJobDiscovery normal arm64 Compiling ProjectGroups.swift, ProjectTargets.swift (in target 'XcodeProject' from project 'XcodeProjectCLI')
SwiftCompile normal armv7k Compiling\ XcodeProjectError.swift,\ PathUtils.swift /Users/admin/builder/spi-builder-workspace/Sources/XcodeProject/Models/XcodeProjectError.swift /Users/admin/builder/spi-builder-workspace/Sources/XcodeProject/Utils/PathUtils.swift (in target 'XcodeProject' from project 'XcodeProjectCLI')
SwiftCompile normal armv7k /Users/admin/builder/spi-builder-workspace/Sources/XcodeProject/Models/XcodeProjectError.swift (in target 'XcodeProject' from project 'XcodeProjectCLI')
    cd /Users/admin/builder/spi-builder-workspace/.swiftpm/xcode

SwiftCompile normal armv7k /Users/admin/builder/spi-builder-workspace/Sources/XcodeProject/Utils/PathUtils.swift (in target 'XcodeProject' from project 'XcodeProjectCLI')
    cd /Users/admin/builder/spi-builder-workspace/.swiftpm/xcode

SwiftCompile normal arm64 Compiling\ PBXGroup.swift,\ PBXNativeTarget.swift /Users/admin/builder/spi-builder-workspace/Sources/XcodeProject/Extensions/PBXGroup.swift /Users/admin/builder/spi-builder-workspace/Sources/XcodeProject/Extensions/PBXNativeTarget.swift (in target 'XcodeProject' from project 'XcodeProjectCLI')
SwiftCompile normal arm64 /Users/admin/builder/spi-builder-workspace/Sources/XcodeProject/Extensions/PBXGroup.swift (in target 'XcodeProject' from project 'XcodeProjectCLI')
    cd /Users/admin/builder/spi-builder-workspace/.swiftpm/xcode

SwiftCompile normal arm64 /Users/admin/builder/spi-builder-workspace/Sources/XcodeProject/Extensions/PBXNativeTarget.swift (in target 'XcodeProject' from project 'XcodeProjectCLI')
    cd /Users/admin/builder/spi-builder-workspace/.swiftpm/xcode

SwiftCompile normal arm64_32 Compiling\ Project.swift,\ ProjectAssets.swift,\ ProjectFiles.swift /Users/admin/builder/spi-builder-workspace/Sources/XcodeProject/Core/Project.swift /Users/admin/builder/spi-builder-workspace/Sources/XcodeProject/Core/ProjectAssets.swift /Users/admin/builder/spi-builder-workspace/Sources/XcodeProject/Core/ProjectFiles.swift (in target 'XcodeProject' from project 'XcodeProjectCLI')
SwiftCompile normal arm64_32 /Users/admin/builder/spi-builder-workspace/Sources/XcodeProject/Core/Project.swift (in target 'XcodeProject' from project 'XcodeProjectCLI')
    cd /Users/admin/builder/spi-builder-workspace/.swiftpm/xcode

SwiftCompile normal arm64_32 /Users/admin/builder/spi-builder-workspace/Sources/XcodeProject/Core/ProjectAssets.swift (in target 'XcodeProject' from project 'XcodeProjectCLI')
    cd /Users/admin/builder/spi-builder-workspace/.swiftpm/xcode

SwiftCompile normal arm64_32 /Users/admin/builder/spi-builder-workspace/Sources/XcodeProject/Core/ProjectFiles.swift (in target 'XcodeProject' from project 'XcodeProjectCLI')
    cd /Users/admin/builder/spi-builder-workspace/.swiftpm/xcode

SwiftDriverJobDiscovery normal arm64_32 Compiling HexColor.swift, InputPath.swift (in target 'XcodeProject' from project 'XcodeProjectCLI')
SwiftCompile normal armv7k Compiling\ Project.swift,\ ProjectAssets.swift,\ ProjectFiles.swift /Users/admin/builder/spi-builder-workspace/Sources/XcodeProject/Core/Project.swift /Users/admin/builder/spi-builder-workspace/Sources/XcodeProject/Core/ProjectAssets.swift /Users/admin/builder/spi-builder-workspace/Sources/XcodeProject/Core/ProjectFiles.swift (in target 'XcodeProject' from project 'XcodeProjectCLI')
SwiftCompile normal armv7k /Users/admin/builder/spi-builder-workspace/Sources/XcodeProject/Core/Project.swift (in target 'XcodeProject' from project 'XcodeProjectCLI')
    cd /Users/admin/builder/spi-builder-workspace/.swiftpm/xcode

SwiftCompile normal armv7k /Users/admin/builder/spi-builder-workspace/Sources/XcodeProject/Core/ProjectAssets.swift (in target 'XcodeProject' from project 'XcodeProjectCLI')
    cd /Users/admin/builder/spi-builder-workspace/.swiftpm/xcode

SwiftCompile normal armv7k /Users/admin/builder/spi-builder-workspace/Sources/XcodeProject/Core/ProjectFiles.swift (in target 'XcodeProject' from project 'XcodeProjectCLI')
    cd /Users/admin/builder/spi-builder-workspace/.swiftpm/xcode

SwiftDriverJobDiscovery normal arm64_32 Compiling AssetInfo.swift, AssetType.swift (in target 'XcodeProject' from project 'XcodeProjectCLI')
SwiftCompile normal arm64 Compiling\ Project.swift,\ ProjectAssets.swift,\ ProjectFiles.swift /Users/admin/builder/spi-builder-workspace/Sources/XcodeProject/Core/Project.swift /Users/admin/builder/spi-builder-workspace/Sources/XcodeProject/Core/ProjectAssets.swift /Users/admin/builder/spi-builder-workspace/Sources/XcodeProject/Core/ProjectFiles.swift (in target 'XcodeProject' from project 'XcodeProjectCLI')
SwiftCompile normal arm64 /Users/admin/builder/spi-builder-workspace/Sources/XcodeProject/Core/Project.swift (in target 'XcodeProject' from project 'XcodeProjectCLI')
    cd /Users/admin/builder/spi-builder-workspace/.swiftpm/xcode

SwiftCompile normal arm64 /Users/admin/builder/spi-builder-workspace/Sources/XcodeProject/Core/ProjectAssets.swift (in target 'XcodeProject' from project 'XcodeProjectCLI')
    cd /Users/admin/builder/spi-builder-workspace/.swiftpm/xcode

SwiftCompile normal arm64 /Users/admin/builder/spi-builder-workspace/Sources/XcodeProject/Core/ProjectFiles.swift (in target 'XcodeProject' from project 'XcodeProjectCLI')
    cd /Users/admin/builder/spi-builder-workspace/.swiftpm/xcode

SwiftDriverJobDiscovery normal arm64_32 Compiling XcodeProjectError.swift, PathUtils.swift (in target 'XcodeProject' from project 'XcodeProjectCLI')
SwiftCompile normal arm64_32 Compiling\ Collection.swift,\ PBXFileElement.swift /Users/admin/builder/spi-builder-workspace/Sources/XcodeProject/Extensions/Collection.swift /Users/admin/builder/spi-builder-workspace/Sources/XcodeProject/Extensions/PBXFileElement.swift (in target 'XcodeProject' from project 'XcodeProjectCLI')
SwiftCompile normal arm64_32 /Users/admin/builder/spi-builder-workspace/Sources/XcodeProject/Extensions/Collection.swift (in target 'XcodeProject' from project 'XcodeProjectCLI')
    cd /Users/admin/builder/spi-builder-workspace/.swiftpm/xcode

SwiftCompile normal arm64_32 /Users/admin/builder/spi-builder-workspace/Sources/XcodeProject/Extensions/PBXFileElement.swift (in target 'XcodeProject' from project 'XcodeProjectCLI')
    cd /Users/admin/builder/spi-builder-workspace/.swiftpm/xcode

SwiftDriverJobDiscovery normal armv7k Compiling PBXGroup.swift, PBXNativeTarget.swift (in target 'XcodeProject' from project 'XcodeProjectCLI')
SwiftCompile normal armv7k Compiling\ AssetInfo.swift,\ AssetType.swift /Users/admin/builder/spi-builder-workspace/Sources/XcodeProject/Models/AssetInfo.swift /Users/admin/builder/spi-builder-workspace/Sources/XcodeProject/Models/AssetType.swift (in target 'XcodeProject' from project 'XcodeProjectCLI')
SwiftCompile normal armv7k /Users/admin/builder/spi-builder-workspace/Sources/XcodeProject/Models/AssetInfo.swift (in target 'XcodeProject' from project 'XcodeProjectCLI')
    cd /Users/admin/builder/spi-builder-workspace/.swiftpm/xcode

SwiftCompile normal armv7k /Users/admin/builder/spi-builder-workspace/Sources/XcodeProject/Models/AssetType.swift (in target 'XcodeProject' from project 'XcodeProjectCLI')
    cd /Users/admin/builder/spi-builder-workspace/.swiftpm/xcode

SwiftCompile normal arm64_32 Compiling\ Errors.swift,\ AEXML+XcodeFormat.swift,\ Array+Extras.swift,\ Bool+Extras.swift,\ KeyedDecodingContainer+Additions.swift,\ NSRecursiveLock+Sync.swift,\ Path+Extras.swift,\ String+Utils.swift,\ String+md5.swift,\ BuildFileSetting.swift /Users/admin/builder/spi-builder-workspace/.dependencies/checkouts/XcodeProj/Sources/XcodeProj/Errors/Errors.swift /Users/admin/builder/spi-builder-workspace/.dependencies/checkouts/XcodeProj/Sources/XcodeProj/Extensions/AEXML+XcodeFormat.swift /Users/admin/builder/spi-builder-workspace/.dependencies/checkouts/XcodeProj/Sources/XcodeProj/Extensions/Array+Extras.swift /Users/admin/builder/spi-builder-workspace/.dependencies/checkouts/XcodeProj/Sources/XcodeProj/Extensions/Bool+Extras.swift /Users/admin/builder/spi-builder-workspace/.dependencies/checkouts/XcodeProj/Sources/XcodeProj/Extensions/KeyedDecodingContainer+Additions.swift /Users/admin/builder/spi-builder-workspace/.dependencies/checkouts/XcodeProj/Sources/XcodeProj/Extensions/NSRecursiveLock+Sync.swift /Users/admin/builder/spi-builder-workspace/.dependencies/checkouts/XcodeProj/Sources/XcodeProj/Extensions/Path+Extras.swift /Users/admin/builder/spi-builder-workspace/.dependencies/checkouts/XcodeProj/Sources/XcodeProj/Extensions/String+Utils.swift /Users/admin/builder/spi-builder-workspace/.dependencies/checkouts/XcodeProj/Sources/XcodeProj/Extensions/String+md5.swift /Users/admin/builder/spi-builder-workspace/.dependencies/checkouts/XcodeProj/Sources/XcodeProj/Objects/BuildPhase/BuildFileSetting.swift (in target 'XcodeProj' from project 'XcodeProj')
SwiftCompile normal arm64_32 /Users/admin/builder/spi-builder-workspace/.dependencies/checkouts/XcodeProj/Sources/XcodeProj/Errors/Errors.swift (in target 'XcodeProj' from project 'XcodeProj')
    cd /Users/admin/builder/spi-builder-workspace/.swiftpm/xcode

SwiftCompile normal arm64_32 /Users/admin/builder/spi-builder-workspace/.dependencies/checkouts/XcodeProj/Sources/XcodeProj/Extensions/AEXML+XcodeFormat.swift (in target 'XcodeProj' from project 'XcodeProj')
    cd /Users/admin/builder/spi-builder-workspace/.swiftpm/xcode

SwiftCompile normal arm64_32 /Users/admin/builder/spi-builder-workspace/.dependencies/checkouts/XcodeProj/Sources/XcodeProj/Extensions/Array+Extras.swift (in target 'XcodeProj' from project 'XcodeProj')
    cd /Users/admin/builder/spi-builder-workspace/.swiftpm/xcode

SwiftCompile normal arm64_32 /Users/admin/builder/spi-builder-workspace/.dependencies/checkouts/XcodeProj/Sources/XcodeProj/Extensions/Bool+Extras.swift (in target 'XcodeProj' from project 'XcodeProj')
    cd /Users/admin/builder/spi-builder-workspace/.swiftpm/xcode

SwiftCompile normal arm64_32 /Users/admin/builder/spi-builder-workspace/.dependencies/checkouts/XcodeProj/Sources/XcodeProj/Extensions/KeyedDecodingContainer+Additions.swift (in target 'XcodeProj' from project 'XcodeProj')
    cd /Users/admin/builder/spi-builder-workspace/.swiftpm/xcode

SwiftCompile normal arm64_32 /Users/admin/builder/spi-builder-workspace/.dependencies/checkouts/XcodeProj/Sources/XcodeProj/Extensions/NSRecursiveLock+Sync.swift (in target 'XcodeProj' from project 'XcodeProj')
    cd /Users/admin/builder/spi-builder-workspace/.swiftpm/xcode

SwiftCompile normal arm64_32 /Users/admin/builder/spi-builder-workspace/.dependencies/checkouts/XcodeProj/Sources/XcodeProj/Extensions/Path+Extras.swift (in target 'XcodeProj' from project 'XcodeProj')
    cd /Users/admin/builder/spi-builder-workspace/.swiftpm/xcode

/Users/admin/builder/spi-builder-workspace/.dependencies/checkouts/XcodeProj/Sources/XcodeProj/Extensions/Path+Extras.swift:12:16: error: cannot find 'Glibc' in scope
        return Glibc.glob(pattern, flags, errfunc, vector_ptr)
               ^~~~~
SwiftCompile normal arm64_32 /Users/admin/builder/spi-builder-workspace/.dependencies/checkouts/XcodeProj/Sources/XcodeProj/Extensions/String+Utils.swift (in target 'XcodeProj' from project 'XcodeProj')
    cd /Users/admin/builder/spi-builder-workspace/.swiftpm/xcode

SwiftCompile normal arm64_32 /Users/admin/builder/spi-builder-workspace/.dependencies/checkouts/XcodeProj/Sources/XcodeProj/Extensions/String+md5.swift (in target 'XcodeProj' from project 'XcodeProj')
    cd /Users/admin/builder/spi-builder-workspace/.swiftpm/xcode

/Users/admin/builder/spi-builder-workspace/.dependencies/checkouts/XcodeProj/Sources/XcodeProj/Extensions/String+md5.swift:35:24: error: 'Insecure' is only available in watchOS 6.0 or newer
                return Insecure.MD5.hash(data: data)
                       ^
/Users/admin/builder/spi-builder-workspace/.dependencies/checkouts/XcodeProj/Sources/XcodeProj/Extensions/String+md5.swift:35:24: note: add 'if #available' version check
                return Insecure.MD5.hash(data: data)
                       ^
/Users/admin/builder/spi-builder-workspace/.dependencies/checkouts/XcodeProj/Sources/XcodeProj/Extensions/String+md5.swift:29:9: note: add '@available' attribute to enclosing property
    var md5: String {
        ^
/Users/admin/builder/spi-builder-workspace/.dependencies/checkouts/XcodeProj/Sources/XcodeProj/Extensions/String+md5.swift:28:1: note: add '@available' attribute to enclosing extension
extension String {
^
/Users/admin/builder/spi-builder-workspace/.dependencies/checkouts/XcodeProj/Sources/XcodeProj/Extensions/String+md5.swift:35:37: error: 'hash(data:)' is only available in watchOS 6.0 or newer
                return Insecure.MD5.hash(data: data)
                                    ^
/Users/admin/builder/spi-builder-workspace/.dependencies/checkouts/XcodeProj/Sources/XcodeProj/Extensions/String+md5.swift:35:37: note: add 'if #available' version check
                return Insecure.MD5.hash(data: data)
                                    ^
/Users/admin/builder/spi-builder-workspace/.dependencies/checkouts/XcodeProj/Sources/XcodeProj/Extensions/String+md5.swift:29:9: note: add '@available' attribute to enclosing property
    var md5: String {
        ^
/Users/admin/builder/spi-builder-workspace/.dependencies/checkouts/XcodeProj/Sources/XcodeProj/Extensions/String+md5.swift:28:1: note: add '@available' attribute to enclosing extension
extension String {
^
SwiftCompile normal arm64_32 /Users/admin/builder/spi-builder-workspace/.dependencies/checkouts/XcodeProj/Sources/XcodeProj/Objects/BuildPhase/BuildFileSetting.swift (in target 'XcodeProj' from project 'XcodeProj')
    cd /Users/admin/builder/spi-builder-workspace/.swiftpm/xcode

Failed frontend command:
/Applications/Xcode-26.5.0.app/Contents/Developer/Toolchains/XcodeDefault.xctoolchain/usr/bin/swift-frontend -frontend -c -primary-file /Users/admin/builder/spi-builder-workspace/.dependencies/checkouts/XcodeProj/Sources/XcodeProj/Errors/Errors.swift -primary-file /Users/admin/builder/spi-builder-workspace/.dependencies/checkouts/XcodeProj/Sources/XcodeProj/Extensions/AEXML+XcodeFormat.swift -primary-file /Users/admin/builder/spi-builder-workspace/.dependencies/checkouts/XcodeProj/Sources/XcodeProj/Extensions/Array+Extras.swift -primary-file /Users/admin/builder/spi-builder-workspace/.dependencies/checkouts/XcodeProj/Sources/XcodeProj/Extensions/Bool+Extras.swift -primary-file /Users/admin/builder/spi-builder-workspace/.dependencies/checkouts/XcodeProj/Sources/XcodeProj/Extensions/KeyedDecodingContainer+Additions.swift -primary-file /Users/admin/builder/spi-builder-workspace/.dependencies/checkouts/XcodeProj/Sources/XcodeProj/Extensions/NSRecursiveLock+Sync.swift -primary-file /Users/admin/builder/spi-builder-workspace/.dependencies/checkouts/XcodeProj/Sources/XcodeProj/Extensions/Path+Extras.swift -primary-file /Users/admin/builder/spi-builder-workspace/.dependencies/checkouts/XcodeProj/Sources/XcodeProj/Extensions/String+Utils.swift -primary-file /Users/admin/builder/spi-builder-workspace/.dependencies/checkouts/XcodeProj/Sources/XcodeProj/Extensions/String+md5.swift -primary-file /Users/admin/builder/spi-builder-workspace/.dependencies/checkouts/XcodeProj/Sources/XcodeProj/Objects/BuildPhase/BuildFileSetting.swift /Users/admin/builder/spi-builder-workspace/.dependencies/checkouts/XcodeProj/Sources/XcodeProj/Objects/BuildPhase/BuildPhase.swift /Users/admin/builder/spi-builder-workspace/.dependencies/checkouts/XcodeProj/Sources/XcodeProj/Objects/BuildPhase/PBXBuildFile.swift /Users/admin/builder/spi-builder-workspace/.dependencies/checkouts/XcodeProj/Sources/XcodeProj/Objects/BuildPhase/PBXBuildPhase.swift /Users/admin/builder/spi-builder-workspace/.dependencies/checkouts/XcodeProj/Sources/XcodeProj/Objects/BuildPhase/PBXBuildRule.swift /Users/admin/builder/spi-builder-workspace/.dependencies/checkouts/XcodeProj/Sources/XcodeProj/Objects/BuildPhase/PBXCopyFilesBuildPhase.swift /Users/admin/builder/spi-builder-workspace/.dependencies/checkouts/XcodeProj/Sources/XcodeProj/Objects/BuildPhase/PBXFrameworksBuildPhase.swift /Users/admin/builder/spi-builder-workspace/.dependencies/checkouts/XcodeProj/Sources/XcodeProj/Objects/BuildPhase/PBXHeadersBuildPhase.swift /Users/admin/builder/spi-builder-workspace/.dependencies/checkouts/XcodeProj/Sources/XcodeProj/Objects/BuildPhase/PBXResourcesBuildPhase.swift /Users/admin/builder/spi-builder-workspace/.dependencies/checkouts/XcodeProj/Sources/XcodeProj/Objects/BuildPhase/PBXRezBuildPhase.swift /Users/admin/builder/spi-builder-workspace/.dependencies/checkouts/XcodeProj/Sources/XcodeProj/Objects/BuildPhase/PBXShellScriptBuildPhase.swift /Users/admin/builder/spi-builder-workspace/.dependencies/checkouts/XcodeProj/Sources/XcodeProj/Objects/BuildPhase/PBXSourcesBuildPhase.swift /Users/admin/builder/spi-builder-workspace/.dependencies/checkouts/XcodeProj/Sources/XcodeProj/Objects/Configuration/BuildSettings.swift /Users/admin/builder/spi-builder-workspace/.dependencies/checkouts/XcodeProj/Sources/XcodeProj/Objects/Configuration/XCBuildConfiguration.swift /Users/admin/builder/spi-builder-workspace/.dependencies/checkouts/XcodeProj/Sources/XcodeProj/Objects/Configuration/XCConfigurationList.swift /Users/admin/builder/spi-builder-workspace/.dependencies/checkouts/XcodeProj/Sources/XcodeProj/Objects/Files/PBXContainerItem.swift /Users/admin/builder/spi-builder-workspace/.dependencies/checkouts/XcodeProj/Sources/XcodeProj/Objects/Files/PBXContainerItemProxy.swift /Users/admin/builder/spi-builder-workspace/.dependencies/checkouts/XcodeProj/Sources/XcodeProj/Objects/Files/PBXFileElement.swift /Users/admin/builder/spi-builder-workspace/.dependencies/checkouts/XcodeProj/Sources/XcodeProj/Objects/Files/PBXFileReference.swift /Users/admin/builder/spi-builder-workspace/.dependencies/checkouts/XcodeProj/Sources/XcodeProj/Objects/Files/PBXFileSystemSynchronizedBuildFileExceptionSet.swift /Users/admin/builder/spi-builder-workspace/.dependencies/checkouts/XcodeProj/Sources/XcodeProj/Objects/Files/PBXFileSystemSynchronizedExceptionSet.swift /Users/admin/builder/spi-builder-workspace/.dependencies/checkouts/XcodeProj/Sources/XcodeProj/Objects/Files/PBXFileSystemSynchronizedGroupBuildPhaseMembershipExceptionSet.swift /Users/admin/builder/spi-builder-workspace/.dependencies/checkouts/XcodeProj/Sources/XcodeProj/Objects/Files/PBXFileSystemSynchronizedRootGroup.swift /Users/admin/builder/spi-builder-workspace/.dependencies/checkouts/XcodeProj/Sources/XcodeProj/Objects/Files/PBXGroup.swift /Users/admin/builder/spi-builder-workspace/.dependencies/checkouts/XcodeProj/Sources/XcodeProj/Objects/Files/PBXSourceTree.swift /Users/admin/builder/spi-builder-workspace/.dependencies/checkouts/XcodeProj/Sources/XcodeProj/Objects/Files/PBXVariantGroup.swift /Users/admin/builder/spi-builder-workspace/.dependencies/checkouts/XcodeProj/Sources/XcodeProj/Objects/Files/XCVersionGroup.swift /Users/admin/builder/spi-builder-workspace/.dependencies/checkouts/XcodeProj/Sources/XcodeProj/Objects/Project/PBXObject.swift /Users/admin/builder/spi-builder-workspace/.dependencies/checkouts/XcodeProj/Sources/XcodeProj/Objects/Project/PBXObjectDictionaryEntry.swift /Users/admin/builder/spi-builder-workspace/.dependencies/checkouts/XcodeProj/Sources/XcodeProj/Objects/Project/PBXObjectReference.swift /Users/admin/builder/spi-builder-workspace/.dependencies/checkouts/XcodeProj/Sources/XcodeProj/Objects/Project/PBXObjects.swift /Users/admin/builder/spi-builder-workspace/.dependencies/checkouts/XcodeProj/Sources/XcodeProj/Objects/Project/PBXOutputSettings.swift /Users/admin/builder/spi-builder-workspace/.dependencies/checkouts/XcodeProj/Sources/XcodeProj/Objects/Project/PBXProj.swift /Users/admin/builder/spi-builder-workspace/.dependencies/checkouts/XcodeProj/Sources/XcodeProj/Objects/Project/PBXProjEncoder.swift /Users/admin/builder/spi-builder-workspace/.dependencies/checkouts/XcodeProj/Sources/XcodeProj/Objects/Project/PBXProject.swift /Users/admin/builder/spi-builder-workspace/.dependencies/checkouts/XcodeProj/Sources/XcodeProj/Objects/Project/ProjectAttribute.swift /Users/admin/builder/spi-builder-workspace/.dependencies/checkouts/XcodeProj/Sources/XcodeProj/Objects/Sourcery/Equality.generated.swift /Users/admin/builder/spi-builder-workspace/.dependencies/checkouts/XcodeProj/Sources/XcodeProj/Objects/Sourcery/Sourcery.swift /Users/admin/builder/spi-builder-workspace/.dependencies/checkouts/XcodeProj/Sources/XcodeProj/Objects/SwiftPackage/XCLocalSwiftPackageReference.swift /Users/admin/builder/spi-builder-workspace/.dependencies/checkouts/XcodeProj/Sources/XcodeProj/Objects/SwiftPackage/XCRemoteSwiftPackageReference.swift /Users/admin/builder/spi-builder-workspace/.dependencies/checkouts/XcodeProj/Sources/XcodeProj/Objects/SwiftPackage/XCSwiftPackageProductDependency.swift /Users/admin/builder/spi-builder-workspace/.dependencies/checkouts/XcodeProj/Sources/XcodeProj/Objects/Targets/PBXAggregateTarget.swift /Users/admin/builder/spi-builder-workspace/.dependencies/checkouts/XcodeProj/Sources/XcodeProj/Objects/Targets/PBXLegacyTarget.swift /Users/admin/builder/spi-builder-workspace/.dependencies/checkouts/XcodeProj/Sources/XcodeProj/Objects/Targets/PBXNativeTarget.swift /Users/admin/builder/spi-builder-workspace/.dependencies/checkouts/XcodeProj/Sources/XcodeProj/Objects/Targets/PBXProductType.swift /Users/admin/builder/spi-builder-workspace/.dependencies/checkouts/XcodeProj/Sources/XcodeProj/Objects/Targets/PBXReferenceProxy.swift /Users/admin/builder/spi-builder-workspace/.dependencies/checkouts/XcodeProj/Sources/XcodeProj/Objects/Targets/PBXTarget.swift /Users/admin/builder/spi-builder-workspace/.dependencies/checkouts/XcodeProj/Sources/XcodeProj/Objects/Targets/PBXTargetDependency.swift /Users/admin/builder/spi-builder-workspace/.dependencies/checkouts/XcodeProj/Sources/XcodeProj/Project/WorkspaceSettings.swift /Users/admin/builder/spi-builder-workspace/.dependencies/checkouts/XcodeProj/Sources/XcodeProj/Project/XCBreakpointList.swift /Users/admin/builder/spi-builder-workspace/.dependencies/checkouts/XcodeProj/Sources/XcodeProj/Project/XCDebugger.swift /Users/admin/builder/spi-builder-workspace/.dependencies/checkouts/XcodeProj/Sources/XcodeProj/Project/XCSharedData.swift /Users/admin/builder/spi-builder-workspace/.dependencies/checkouts/XcodeProj/Sources/XcodeProj/Project/XCUserData.swift /Users/admin/builder/spi-builder-workspace/.dependencies/checkouts/XcodeProj/Sources/XcodeProj/Project/Xcode.swift /Users/admin/builder/spi-builder-workspace/.dependencies/checkouts/XcodeProj/Sources/XcodeProj/Project/XcodeProj.swift /Users/admin/builder/spi-builder-workspace/.dependencies/checkouts/XcodeProj/Sources/XcodeProj/Protocols/Writable.swift /Users/admin/builder/spi-builder-workspace/.dependencies/checkouts/XcodeProj/Sources/XcodeProj/Scheme/XCScheme+AditionalOption.swift /Users/admin/builder/spi-builder-workspace/.dependencies/checkouts/XcodeProj/Sources/XcodeProj/Scheme/XCScheme+AnalyzeAction.swift /Users/admin/builder/spi-builder-workspace/.dependencies/checkouts/XcodeProj/Sources/XcodeProj/Scheme/XCScheme+ArchiveAction.swift /Users/admin/builder/spi-builder-workspace/.dependencies/checkouts/XcodeProj/Sources/XcodeProj/Scheme/XCScheme+BuildAction.swift /Users/admin/builder/spi-builder-workspace/.dependencies/checkouts/XcodeProj/Sources/XcodeProj/Scheme/XCScheme+BuildableProductRunnable.swift /Users/admin/builder/spi-builder-workspace/.dependencies/checkouts/XcodeProj/Sources/XcodeProj/Scheme/XCScheme+BuildableReference.swift /Users/admin/builder/spi-builder-workspace/.dependencies/checkouts/XcodeProj/Sources/XcodeProj/Scheme/XCScheme+CommandLineArguments.swift /Users/admin/builder/spi-builder-workspace/.dependencies/checkouts/XcodeProj/Sources/XcodeProj/Scheme/XCScheme+EnvironmentVariable.swift /Users/admin/builder/spi-builder-workspace/.dependencies/checkouts/XcodeProj/Sources/XcodeProj/Scheme/XCScheme+ExecutionAction.swift /Users/admin/builder/spi-builder-workspace/.dependencies/checkouts/XcodeProj/Sources/XcodeProj/Scheme/XCScheme+LaunchAction.swift /Users/admin/builder/spi-builder-workspace/.dependencies/checkouts/XcodeProj/Sources/XcodeProj/Scheme/XCScheme+LocationScenarioReference.swift /Users/admin/builder/spi-builder-workspace/.dependencies/checkouts/XcodeProj/Sources/XcodeProj/Scheme/XCScheme+PathRunnable.swift /Users/admin/builder/spi-builder-workspace/.dependencies/checkouts/XcodeProj/Sources/XcodeProj/Scheme/XCScheme+ProfileAction.swift /Users/admin/builder/spi-builder-workspace/.dependencies/checkouts/XcodeProj/Sources/XcodeProj/Scheme/XCScheme+RemoteRunnable.swift /Users/admin/builder/spi-builder-workspace/.dependencies/checkouts/XcodeProj/Sources/XcodeProj/Scheme/XCScheme+Runnable.swift /Users/admin/builder/spi-builder-workspace/.dependencies/checkouts/XcodeProj/Sources/XcodeProj/Scheme/XCScheme+SerialAction.swift /Users/admin/builder/spi-builder-workspace/.dependencies/checkouts/XcodeProj/Sources/XcodeProj/Scheme/XCScheme+StoreKitConfigurationFileReference.swift /Users/admin/builder/spi-builder-workspace/.dependencies/checkouts/XcodeProj/Sources/XcodeProj/Scheme/XCScheme+TestAction.swift /Users/admin/builder/spi-builder-workspace/.dependencies/checkouts/XcodeProj/Sources/XcodeProj/Scheme/XCScheme+TestItem.swift /Users/admin/builder/spi-builder-workspace/.dependencies/checkouts/XcodeProj/Sources/XcodeProj/Scheme/XCScheme+TestParallelization.swift /Users/admin/builder/spi-builder-workspace/.dependencies/checkouts/XcodeProj/Sources/XcodeProj/Scheme/XCScheme+TestPlanReference.swift /Users/admin/builder/spi-builder-workspace/.dependencies/checkouts/XcodeProj/Sources/XcodeProj/Scheme/XCScheme+TestableReference.swift /Users/admin/builder/spi-builder-workspace/.dependencies/checkouts/XcodeProj/Sources/XcodeProj/Scheme/XCScheme.swift /Users/admin/builder/spi-builder-workspace/.dependencies/checkouts/XcodeProj/Sources/XcodeProj/Scheme/XCSchemeManagement.swift /Users/admin/builder/spi-builder-workspace/.dependencies/checkouts/XcodeProj/Sources/XcodeProj/Utils/BuildSettingsProvider.swift /Users/admin/builder/spi-builder-workspace/.dependencies/checkouts/XcodeProj/Sources/XcodeProj/Utils/Collection+Extras.swift /Users/admin/builder/spi-builder-workspace/.dependencies/checkouts/XcodeProj/Sources/XcodeProj/Utils/CommentedString.swift /Users/admin/builder/spi-builder-workspace/.dependencies/checkouts/XcodeProj/Sources/XcodeProj/Utils/Decoders.swift /Users/admin/builder/spi-builder-workspace/.dependencies/checkouts/XcodeProj/Sources/XcodeProj/Utils/JSONDecoding.swift /Users/admin/builder/spi-builder-workspace/.dependencies/checkouts/XcodeProj/Sources/XcodeProj/Utils/PBXBatchUpdater.swift /Users/admin/builder/spi-builder-workspace/.dependencies/checkouts/XcodeProj/Sources/XcodeProj/Utils/PlistDecoding.swift /Users/admin/builder/spi-builder-workspace/.dependencies/checkouts/XcodeProj/Sources/XcodeProj/Utils/PlistValue.swift /Users/admin/builder/spi-builder-workspace/.dependencies/checkouts/XcodeProj/Sources/XcodeProj/Utils/ReferenceGenerator.swift /Users/admin/builder/spi-builder-workspace/.dependencies/checkouts/XcodeProj/Sources/XcodeProj/Utils/XCConfig.swift /Users/admin/builder/spi-builder-workspace/.dependencies/checkouts/XcodeProj/Sources/XcodeProj/Workspace/XCWorkspace.swift /Users/admin/builder/spi-builder-workspace/.dependencies/checkouts/XcodeProj/Sources/XcodeProj/Workspace/XCWorkspaceData.swift /Users/admin/builder/spi-builder-workspace/.dependencies/checkouts/XcodeProj/Sources/XcodeProj/Workspace/XCWorkspaceDataElement.swift /Users/admin/builder/spi-builder-workspace/.dependencies/checkouts/XcodeProj/Sources/XcodeProj/Workspace/XCWorkspaceDataElementLocationType.swift /Users/admin/builder/spi-builder-workspace/.dependencies/checkouts/XcodeProj/Sources/XcodeProj/Workspace/XCWorkspaceDataFileRef.swift /Users/admin/builder/spi-builder-workspace/.dependencies/checkouts/XcodeProj/Sources/XcodeProj/Workspace/XCWorkspaceDataGroup.swift -supplementary-output-file-map /Users/admin/builder/spi-builder-workspace/.derivedData/Build/Intermediates.noindex/XcodeProj.build/Debug-watchos/XcodeProj.build/Objects-normal/arm64_32/supplementaryOutputs-38 -target arm64_32-apple-watchos5.0 -module-can-import-version CryptoKit 324.100.35 0 -load-resolved-plugin /Applications/Xcode-26.5.0.app/Contents/Developer/Platforms/WatchOS.platform/Developer/usr/lib/swift/host/plugins/libFoundationMacros.dylib\#/Applications/Xcode-26.5.0.app/Contents/Developer/Platforms/WatchOS.platform/Developer/usr/bin/swift-plugin-server\#FoundationMacros -load-resolved-plugin /Applications/Xcode-26.5.0.app/Contents/Developer/Platforms/WatchOS.platform/Developer/usr/lib/swift/host/plugins/libObservationMacros.dylib\#/Applications/Xcode-26.5.0.app/Contents/Developer/Platforms/WatchOS.platform/Developer/usr/bin/swift-plugin-server\#ObservationMacros -load-resolved-plugin /Applications/Xcode-26.5.0.app/Contents/Developer/Platforms/WatchOS.platform/Developer/usr/lib/swift/host/plugins/libSwiftMacros.dylib\#/Applications/Xcode-26.5.0.app/Contents/Developer/Platforms/WatchOS.platform/Developer/usr/bin/swift-plugin-server\#SwiftMacros -disable-implicit-swift-modules -Xcc -fno-implicit-modules -Xcc -fno-implicit-module-maps -explicit-swift-module-map-file /Users/admin/builder/spi-builder-workspace/.derivedData/Build/Intermediates.noindex/XcodeProj.build/Debug-watchos/XcodeProj.build/Objects-normal/arm64_32/XcodeProj-dependencies-2.json -debug-module-path /Users/admin/builder/spi-builder-workspace/.derivedData/Build/Intermediates.noindex/XcodeProj.build/Debug-watchos/XcodeProj.build/Objects-normal/arm64_32/XcodeProj.swiftmodule -enable-objc-interop -sdk /Applications/Xcode-26.5.0.app/Contents/Developer/Platforms/WatchOS.platform/Developer/SDKs/WatchOS26.5.sdk -I /Users/admin/builder/spi-builder-workspace/.derivedData/Build/Products/Debug-watchos -Isystem /Applications/Xcode-26.5.0.app/Contents/Developer/Platforms/WatchOS.platform/Developer/usr/lib -F /Users/admin/builder/spi-builder-workspace/.derivedData/Build/Products/Debug-watchos/PackageFrameworks -F /Users/admin/builder/spi-builder-workspace/.derivedData/Build/Products/Debug-watchos/PackageFrameworks -F /Users/admin/builder/spi-builder-workspace/.derivedData/Build/Products/Debug-watchos -F /Applications/Xcode-26.5.0.app/Contents/Developer/Platforms/WatchOS.platform/Developer/Library/Frameworks -F /Applications/Xcode-26.5.0.app/Contents/Developer/Platforms/WatchOS.platform/Developer/SDKs/WatchOS26.5.sdk/Developer/Library/Frameworks -no-color-diagnostics -Xcc -fno-color-diagnostics -enable-testing -g -debug-info-format\=dwarf -dwarf-version\=4 -module-cache-path /Users/admin/builder/spi-builder-workspace/.derivedData/Build/Intermediates.noindex/SwiftExplicitPrecompiledModules -suppress-warnings -profile-generate -profile-coverage-mapping -swift-version 6 -Onone -D SWIFT_PACKAGE -D DEBUG -D SWIFT_MODULE_RESOURCE_BUNDLE_UNAVAILABLE -D Xcode -serialize-debugging-options -const-gather-protocols-file /Users/admin/builder/spi-builder-workspace/.derivedData/Build/Intermediates.noindex/XcodeProj.build/Debug-watchos/XcodeProj.build/Objects-normal/arm64_32/XcodeProj_const_extract_protocols.json -enable-experimental-feature StrictConcurrency -enable-experimental-feature DebugDescriptionMacro -empty-abi-descriptor -validate-clang-modules-once -clang-build-session-file /Users/admin/builder/spi-builder-workspace/.derivedData/ModuleCache.noindex/Session.modulevalidation -Xcc -working-directory -Xcc /Users/admin/builder/spi-builder-workspace/.swiftpm/xcode -enable-anonymous-context-mangled-names -file-compilation-dir /Users/admin/builder/spi-builder-workspace/.swiftpm/xcode -Xcc -D_LIBCPP_HARDENING_MODE\=_LIBCPP_HARDENING_MODE_DEBUG -Xcc -ivfsstatcache -Xcc /Users/admin/builder/spi-builder-workspace/.derivedData/SDKStatCaches.noindex/watchos26.5-23T570-688ef53f1462e2c8f657fdc38a81448f7931b973dfc65d9472806dbbc3af9379.sdkstatcache -Xcc -I/Users/admin/builder/spi-builder-workspace/.derivedData/Build/Intermediates.noindex/XcodeProj.build/Debug-watchos/XcodeProj.build/swift-overrides.hmap -Xcc -I/Users/admin/builder/spi-builder-workspace/.derivedData/Build/Products/Debug-watchos/include -Xcc -I/Users/admin/builder/spi-builder-workspace/.derivedData/Build/Intermediates.noindex/XcodeProj.build/Debug-watchos/XcodeProj.build/DerivedSources-normal/arm64_32 -Xcc -I/Users/admin/builder/spi-builder-workspace/.derivedData/Build/Intermediates.noindex/XcodeProj.build/Debug-watchos/XcodeProj.build/DerivedSources/arm64_32 -Xcc -I/Users/admin/builder/spi-builder-workspace/.derivedData/Build/Intermediates.noindex/XcodeProj.build/Debug-watchos/XcodeProj.build/DerivedSources -Xcc -DSWIFT_PACKAGE -Xcc -DDEBUG\=1 -no-auto-bridging-header-chaining -module-name XcodeProj -package-name xcodeproj -frontend-parseable-output -disable-clang-spi -clang-target arm64_32-apple-watchos26.5 -target-sdk-version 26.5 -target-sdk-name watchos26.5 -in-process-plugin-server-path /Applications/Xcode-26.5.0.app/Contents/Developer/Toolchains/XcodeDefault.xctoolchain/usr/lib/swift/host/libSwiftInProcPluginServer.dylib -o /Users/admin/builder/spi-builder-workspace/.derivedData/Build/Intermediates.noindex/XcodeProj.build/Debug-watchos/XcodeProj.build/Objects-normal/arm64_32/Errors.o -o /Users/admin/builder/spi-builder-workspace/.derivedData/Build/Intermediates.noindex/XcodeProj.build/Debug-watchos/XcodeProj.build/Objects-normal/arm64_32/AEXML+XcodeFormat.o -o /Users/admin/builder/spi-builder-workspace/.derivedData/Build/Intermediates.noindex/XcodeProj.build/Debug-watchos/XcodeProj.build/Objects-normal/arm64_32/Array+Extras.o -o /Users/admin/builder/spi-builder-workspace/.derivedData/Build/Intermediates.noindex/XcodeProj.build/Debug-watchos/XcodeProj.build/Objects-normal/arm64_32/Bool+Extras.o -o /Users/admin/builder/spi-builder-workspace/.derivedData/Build/Intermediates.noindex/XcodeProj.build/Debug-watchos/XcodeProj.build/Objects-normal/arm64_32/KeyedDecodingContainer+Additions.o -o /Users/admin/builder/spi-builder-workspace/.derivedData/Build/Intermediates.noindex/XcodeProj.build/Debug-watchos/XcodeProj.build/Objects-normal/arm64_32/NSRecursiveLock+Sync.o -o /Users/admin/builder/spi-builder-workspace/.derivedData/Build/Intermediates.noindex/XcodeProj.build/Debug-watchos/XcodeProj.build/Objects-normal/arm64_32/Path+Extras.o -o /Users/admin/builder/spi-builder-workspace/.derivedData/Build/Intermediates.noindex/XcodeProj.build/Debug-watchos/XcodeProj.build/Objects-normal/arm64_32/String+Utils.o -o /Users/admin/builder/spi-builder-workspace/.derivedData/Build/Intermediates.noindex/XcodeProj.build/Debug-watchos/XcodeProj.build/Objects-normal/arm64_32/String+md5.o -o /Users/admin/builder/spi-builder-workspace/.derivedData/Build/Intermediates.noindex/XcodeProj.build/Debug-watchos/XcodeProj.build/Objects-normal/arm64_32/BuildFileSetting.o -index-unit-output-path /XcodeProj.build/Debug-watchos/XcodeProj.build/Objects-normal/arm64_32/Errors.o -index-unit-output-path /XcodeProj.build/Debug-watchos/XcodeProj.build/Objects-normal/arm64_32/AEXML+XcodeFormat.o -index-unit-output-path /XcodeProj.build/Debug-watchos/XcodeProj.build/Objects-normal/arm64_32/Array+Extras.o -index-unit-output-path /XcodeProj.build/Debug-watchos/XcodeProj.build/Objects-normal/arm64_32/Bool+Extras.o -index-unit-output-path /XcodeProj.build/Debug-watchos/XcodeProj.build/Objects-normal/arm64_32/KeyedDecodingContainer+Additions.o -index-unit-output-path /XcodeProj.build/Debug-watchos/XcodeProj.build/Objects-normal/arm64_32/NSRecursiveLock+Sync.o -index-unit-output-path /XcodeProj.build/Debug-watchos/XcodeProj.build/Objects-normal/arm64_32/Path+Extras.o -index-unit-output-path /XcodeProj.build/Debug-watchos/XcodeProj.build/Objects-normal/arm64_32/String+Utils.o -index-unit-output-path /XcodeProj.build/Debug-watchos/XcodeProj.build/Objects-normal/arm64_32/String+md5.o -index-unit-output-path /XcodeProj.build/Debug-watchos/XcodeProj.build/Objects-normal/arm64_32/BuildFileSetting.o -index-store-path /Users/admin/builder/spi-builder-workspace/.derivedData/Index.noindex/DataStore -index-system-modules
SwiftDriverJobDiscovery normal arm64 Compiling ColorAssetBuilder.swift, DataAssetBuilder.swift, ImageAssetBuilder.swift (in target 'XcodeProject' from project 'XcodeProjectCLI')
SwiftDriverJobDiscovery normal arm64 Compiling XcodeProjectError.swift, PathUtils.swift (in target 'XcodeProject' from project 'XcodeProjectCLI')
SwiftCompile normal arm64 Compiling\ PBXLegacyTarget.swift,\ PBXNativeTarget.swift,\ PBXProductType.swift,\ PBXReferenceProxy.swift,\ PBXTarget.swift,\ PBXTargetDependency.swift,\ WorkspaceSettings.swift,\ XCBreakpointList.swift,\ XCDebugger.swift /Users/admin/builder/spi-builder-workspace/.dependencies/checkouts/XcodeProj/Sources/XcodeProj/Objects/Targets/PBXLegacyTarget.swift /Users/admin/builder/spi-builder-workspace/.dependencies/checkouts/XcodeProj/Sources/XcodeProj/Objects/Targets/PBXNativeTarget.swift /Users/admin/builder/spi-builder-workspace/.dependencies/checkouts/XcodeProj/Sources/XcodeProj/Objects/Targets/PBXProductType.swift /Users/admin/builder/spi-builder-workspace/.dependencies/checkouts/XcodeProj/Sources/XcodeProj/Objects/Targets/PBXReferenceProxy.swift /Users/admin/builder/spi-builder-workspace/.dependencies/checkouts/XcodeProj/Sources/XcodeProj/Objects/Targets/PBXTarget.swift /Users/admin/builder/spi-builder-workspace/.dependencies/checkouts/XcodeProj/Sources/XcodeProj/Objects/Targets/PBXTargetDependency.swift /Users/admin/builder/spi-builder-workspace/.dependencies/checkouts/XcodeProj/Sources/XcodeProj/Project/WorkspaceSettings.swift /Users/admin/builder/spi-builder-workspace/.dependencies/checkouts/XcodeProj/Sources/XcodeProj/Project/XCBreakpointList.swift /Users/admin/builder/spi-builder-workspace/.dependencies/checkouts/XcodeProj/Sources/XcodeProj/Project/XCDebugger.swift (in target 'XcodeProj' from project 'XcodeProj')
SwiftCompile normal arm64 /Users/admin/builder/spi-builder-workspace/.dependencies/checkouts/XcodeProj/Sources/XcodeProj/Objects/Targets/PBXLegacyTarget.swift (in target 'XcodeProj' from project 'XcodeProj')
    cd /Users/admin/builder/spi-builder-workspace/.swiftpm/xcode

SwiftCompile normal arm64 /Users/admin/builder/spi-builder-workspace/.dependencies/checkouts/XcodeProj/Sources/XcodeProj/Objects/Targets/PBXNativeTarget.swift (in target 'XcodeProj' from project 'XcodeProj')
    cd /Users/admin/builder/spi-builder-workspace/.swiftpm/xcode

SwiftCompile normal arm64 /Users/admin/builder/spi-builder-workspace/.dependencies/checkouts/XcodeProj/Sources/XcodeProj/Objects/Targets/PBXProductType.swift (in target 'XcodeProj' from project 'XcodeProj')
    cd /Users/admin/builder/spi-builder-workspace/.swiftpm/xcode

SwiftCompile normal arm64 /Users/admin/builder/spi-builder-workspace/.dependencies/checkouts/XcodeProj/Sources/XcodeProj/Objects/Targets/PBXReferenceProxy.swift (in target 'XcodeProj' from project 'XcodeProj')
    cd /Users/admin/builder/spi-builder-workspace/.swiftpm/xcode

SwiftCompile normal arm64 /Users/admin/builder/spi-builder-workspace/.dependencies/checkouts/XcodeProj/Sources/XcodeProj/Objects/Targets/PBXTarget.swift (in target 'XcodeProj' from project 'XcodeProj')
    cd /Users/admin/builder/spi-builder-workspace/.swiftpm/xcode

SwiftCompile normal arm64 /Users/admin/builder/spi-builder-workspace/.dependencies/checkouts/XcodeProj/Sources/XcodeProj/Objects/Targets/PBXTargetDependency.swift (in target 'XcodeProj' from project 'XcodeProj')
    cd /Users/admin/builder/spi-builder-workspace/.swiftpm/xcode

SwiftCompile normal arm64 /Users/admin/builder/spi-builder-workspace/.dependencies/checkouts/XcodeProj/Sources/XcodeProj/Project/WorkspaceSettings.swift (in target 'XcodeProj' from project 'XcodeProj')
    cd /Users/admin/builder/spi-builder-workspace/.swiftpm/xcode

SwiftCompile normal arm64 /Users/admin/builder/spi-builder-workspace/.dependencies/checkouts/XcodeProj/Sources/XcodeProj/Project/XCBreakpointList.swift (in target 'XcodeProj' from project 'XcodeProj')
    cd /Users/admin/builder/spi-builder-workspace/.swiftpm/xcode

SwiftCompile normal arm64 /Users/admin/builder/spi-builder-workspace/.dependencies/checkouts/XcodeProj/Sources/XcodeProj/Project/XCDebugger.swift (in target 'XcodeProj' from project 'XcodeProj')
    cd /Users/admin/builder/spi-builder-workspace/.swiftpm/xcode

SwiftCompile normal arm64 Compiling\ BuildPhase.swift,\ PBXBuildFile.swift,\ PBXBuildPhase.swift,\ PBXBuildRule.swift,\ PBXCopyFilesBuildPhase.swift,\ PBXFrameworksBuildPhase.swift,\ PBXHeadersBuildPhase.swift,\ PBXResourcesBuildPhase.swift,\ PBXRezBuildPhase.swift,\ PBXShellScriptBuildPhase.swift /Users/admin/builder/spi-builder-workspace/.dependencies/checkouts/XcodeProj/Sources/XcodeProj/Objects/BuildPhase/BuildPhase.swift /Users/admin/builder/spi-builder-workspace/.dependencies/checkouts/XcodeProj/Sources/XcodeProj/Objects/BuildPhase/PBXBuildFile.swift /Users/admin/builder/spi-builder-workspace/.dependencies/checkouts/XcodeProj/Sources/XcodeProj/Objects/BuildPhase/PBXBuildPhase.swift /Users/admin/builder/spi-builder-workspace/.dependencies/checkouts/XcodeProj/Sources/XcodeProj/Objects/BuildPhase/PBXBuildRule.swift /Users/admin/builder/spi-builder-workspace/.dependencies/checkouts/XcodeProj/Sources/XcodeProj/Objects/BuildPhase/PBXCopyFilesBuildPhase.swift /Users/admin/builder/spi-builder-workspace/.dependencies/checkouts/XcodeProj/Sources/XcodeProj/Objects/BuildPhase/PBXFrameworksBuildPhase.swift /Users/admin/builder/spi-builder-workspace/.dependencies/checkouts/XcodeProj/Sources/XcodeProj/Objects/BuildPhase/PBXHeadersBuildPhase.swift /Users/admin/builder/spi-builder-workspace/.dependencies/checkouts/XcodeProj/Sources/XcodeProj/Objects/BuildPhase/PBXResourcesBuildPhase.swift /Users/admin/builder/spi-builder-workspace/.dependencies/checkouts/XcodeProj/Sources/XcodeProj/Objects/BuildPhase/PBXRezBuildPhase.swift /Users/admin/builder/spi-builder-workspace/.dependencies/checkouts/XcodeProj/Sources/XcodeProj/Objects/BuildPhase/PBXShellScriptBuildPhase.swift (in target 'XcodeProj' from project 'XcodeProj')
SwiftCompile normal arm64 /Users/admin/builder/spi-builder-workspace/.dependencies/checkouts/XcodeProj/Sources/XcodeProj/Objects/BuildPhase/BuildPhase.swift (in target 'XcodeProj' from project 'XcodeProj')
    cd /Users/admin/builder/spi-builder-workspace/.swiftpm/xcode

SwiftCompile normal arm64 /Users/admin/builder/spi-builder-workspace/.dependencies/checkouts/XcodeProj/Sources/XcodeProj/Objects/BuildPhase/PBXBuildFile.swift (in target 'XcodeProj' from project 'XcodeProj')
    cd /Users/admin/builder/spi-builder-workspace/.swiftpm/xcode

SwiftCompile normal arm64 /Users/admin/builder/spi-builder-workspace/.dependencies/checkouts/XcodeProj/Sources/XcodeProj/Objects/BuildPhase/PBXBuildPhase.swift (in target 'XcodeProj' from project 'XcodeProj')
    cd /Users/admin/builder/spi-builder-workspace/.swiftpm/xcode

SwiftCompile normal arm64 /Users/admin/builder/spi-builder-workspace/.dependencies/checkouts/XcodeProj/Sources/XcodeProj/Objects/BuildPhase/PBXBuildRule.swift (in target 'XcodeProj' from project 'XcodeProj')
    cd /Users/admin/builder/spi-builder-workspace/.swiftpm/xcode

SwiftCompile normal arm64 /Users/admin/builder/spi-builder-workspace/.dependencies/checkouts/XcodeProj/Sources/XcodeProj/Objects/BuildPhase/PBXCopyFilesBuildPhase.swift (in target 'XcodeProj' from project 'XcodeProj')
    cd /Users/admin/builder/spi-builder-workspace/.swiftpm/xcode

SwiftCompile normal arm64 /Users/admin/builder/spi-builder-workspace/.dependencies/checkouts/XcodeProj/Sources/XcodeProj/Objects/BuildPhase/PBXFrameworksBuildPhase.swift (in target 'XcodeProj' from project 'XcodeProj')
    cd /Users/admin/builder/spi-builder-workspace/.swiftpm/xcode

SwiftCompile normal arm64 /Users/admin/builder/spi-builder-workspace/.dependencies/checkouts/XcodeProj/Sources/XcodeProj/Objects/BuildPhase/PBXHeadersBuildPhase.swift (in target 'XcodeProj' from project 'XcodeProj')
    cd /Users/admin/builder/spi-builder-workspace/.swiftpm/xcode

SwiftCompile normal arm64 /Users/admin/builder/spi-builder-workspace/.dependencies/checkouts/XcodeProj/Sources/XcodeProj/Objects/BuildPhase/PBXResourcesBuildPhase.swift (in target 'XcodeProj' from project 'XcodeProj')
    cd /Users/admin/builder/spi-builder-workspace/.swiftpm/xcode

SwiftCompile normal arm64 /Users/admin/builder/spi-builder-workspace/.dependencies/checkouts/XcodeProj/Sources/XcodeProj/Objects/BuildPhase/PBXRezBuildPhase.swift (in target 'XcodeProj' from project 'XcodeProj')
    cd /Users/admin/builder/spi-builder-workspace/.swiftpm/xcode

SwiftCompile normal arm64 /Users/admin/builder/spi-builder-workspace/.dependencies/checkouts/XcodeProj/Sources/XcodeProj/Objects/BuildPhase/PBXShellScriptBuildPhase.swift (in target 'XcodeProj' from project 'XcodeProj')
    cd /Users/admin/builder/spi-builder-workspace/.swiftpm/xcode

SwiftDriverJobDiscovery normal arm64 Compiling PBXGroup.swift, PBXNativeTarget.swift (in target 'XcodeProject' from project 'XcodeProjectCLI')
SwiftCompile normal arm64_32 Compiling\ XCSharedData.swift,\ XCUserData.swift,\ Xcode.swift,\ XcodeProj.swift,\ Writable.swift,\ XCScheme+AditionalOption.swift,\ XCScheme+AnalyzeAction.swift,\ XCScheme+ArchiveAction.swift,\ XCScheme+BuildAction.swift /Users/admin/builder/spi-builder-workspace/.dependencies/checkouts/XcodeProj/Sources/XcodeProj/Project/XCSharedData.swift /Users/admin/builder/spi-builder-workspace/.dependencies/checkouts/XcodeProj/Sources/XcodeProj/Project/XCUserData.swift /Users/admin/builder/spi-builder-workspace/.dependencies/checkouts/XcodeProj/Sources/XcodeProj/Project/Xcode.swift /Users/admin/builder/spi-builder-workspace/.dependencies/checkouts/XcodeProj/Sources/XcodeProj/Project/XcodeProj.swift /Users/admin/builder/spi-builder-workspace/.dependencies/checkouts/XcodeProj/Sources/XcodeProj/Protocols/Writable.swift /Users/admin/builder/spi-builder-workspace/.dependencies/checkouts/XcodeProj/Sources/XcodeProj/Scheme/XCScheme+AditionalOption.swift /Users/admin/builder/spi-builder-workspace/.dependencies/checkouts/XcodeProj/Sources/XcodeProj/Scheme/XCScheme+AnalyzeAction.swift /Users/admin/builder/spi-builder-workspace/.dependencies/checkouts/XcodeProj/Sources/XcodeProj/Scheme/XCScheme+ArchiveAction.swift /Users/admin/builder/spi-builder-workspace/.dependencies/checkouts/XcodeProj/Sources/XcodeProj/Scheme/XCScheme+BuildAction.swift (in target 'XcodeProj' from project 'XcodeProj')
SwiftCompile normal arm64_32 /Users/admin/builder/spi-builder-workspace/.dependencies/checkouts/XcodeProj/Sources/XcodeProj/Project/XCSharedData.swift (in target 'XcodeProj' from project 'XcodeProj')
    cd /Users/admin/builder/spi-builder-workspace/.swiftpm/xcode

SwiftCompile normal arm64_32 /Users/admin/builder/spi-builder-workspace/.dependencies/checkouts/XcodeProj/Sources/XcodeProj/Project/XCUserData.swift (in target 'XcodeProj' from project 'XcodeProj')
    cd /Users/admin/builder/spi-builder-workspace/.swiftpm/xcode

SwiftCompile normal arm64_32 /Users/admin/builder/spi-builder-workspace/.dependencies/checkouts/XcodeProj/Sources/XcodeProj/Project/Xcode.swift (in target 'XcodeProj' from project 'XcodeProj')
    cd /Users/admin/builder/spi-builder-workspace/.swiftpm/xcode

SwiftCompile normal arm64_32 /Users/admin/builder/spi-builder-workspace/.dependencies/checkouts/XcodeProj/Sources/XcodeProj/Project/XcodeProj.swift (in target 'XcodeProj' from project 'XcodeProj')
    cd /Users/admin/builder/spi-builder-workspace/.swiftpm/xcode

SwiftCompile normal arm64_32 /Users/admin/builder/spi-builder-workspace/.dependencies/checkouts/XcodeProj/Sources/XcodeProj/Protocols/Writable.swift (in target 'XcodeProj' from project 'XcodeProj')
    cd /Users/admin/builder/spi-builder-workspace/.swiftpm/xcode

SwiftCompile normal arm64_32 /Users/admin/builder/spi-builder-workspace/.dependencies/checkouts/XcodeProj/Sources/XcodeProj/Scheme/XCScheme+AditionalOption.swift (in target 'XcodeProj' from project 'XcodeProj')
    cd /Users/admin/builder/spi-builder-workspace/.swiftpm/xcode

SwiftCompile normal arm64_32 /Users/admin/builder/spi-builder-workspace/.dependencies/checkouts/XcodeProj/Sources/XcodeProj/Scheme/XCScheme+AnalyzeAction.swift (in target 'XcodeProj' from project 'XcodeProj')
    cd /Users/admin/builder/spi-builder-workspace/.swiftpm/xcode

SwiftCompile normal arm64_32 /Users/admin/builder/spi-builder-workspace/.dependencies/checkouts/XcodeProj/Sources/XcodeProj/Scheme/XCScheme+ArchiveAction.swift (in target 'XcodeProj' from project 'XcodeProj')
    cd /Users/admin/builder/spi-builder-workspace/.swiftpm/xcode

SwiftCompile normal arm64_32 /Users/admin/builder/spi-builder-workspace/.dependencies/checkouts/XcodeProj/Sources/XcodeProj/Scheme/XCScheme+BuildAction.swift (in target 'XcodeProj' from project 'XcodeProj')
    cd /Users/admin/builder/spi-builder-workspace/.swiftpm/xcode

SwiftDriverJobDiscovery normal arm64_32 Compiling Collection.swift, PBXFileElement.swift (in target 'XcodeProject' from project 'XcodeProjectCLI')
SwiftCompile normal arm64_32 Compiling\ XCScheme+RemoteRunnable.swift,\ XCScheme+Runnable.swift,\ XCScheme+SerialAction.swift,\ XCScheme+StoreKitConfigurationFileReference.swift,\ XCScheme+TestAction.swift,\ XCScheme+TestItem.swift,\ XCScheme+TestParallelization.swift,\ XCScheme+TestPlanReference.swift,\ XCScheme+TestableReference.swift /Users/admin/builder/spi-builder-workspace/.dependencies/checkouts/XcodeProj/Sources/XcodeProj/Scheme/XCScheme+RemoteRunnable.swift /Users/admin/builder/spi-builder-workspace/.dependencies/checkouts/XcodeProj/Sources/XcodeProj/Scheme/XCScheme+Runnable.swift /Users/admin/builder/spi-builder-workspace/.dependencies/checkouts/XcodeProj/Sources/XcodeProj/Scheme/XCScheme+SerialAction.swift /Users/admin/builder/spi-builder-workspace/.dependencies/checkouts/XcodeProj/Sources/XcodeProj/Scheme/XCScheme+StoreKitConfigurationFileReference.swift /Users/admin/builder/spi-builder-workspace/.dependencies/checkouts/XcodeProj/Sources/XcodeProj/Scheme/XCScheme+TestAction.swift /Users/admin/builder/spi-builder-workspace/.dependencies/checkouts/XcodeProj/Sources/XcodeProj/Scheme/XCScheme+TestItem.swift /Users/admin/builder/spi-builder-workspace/.dependencies/checkouts/XcodeProj/Sources/XcodeProj/Scheme/XCScheme+TestParallelization.swift /Users/admin/builder/spi-builder-workspace/.dependencies/checkouts/XcodeProj/Sources/XcodeProj/Scheme/XCScheme+TestPlanReference.swift /Users/admin/builder/spi-builder-workspace/.dependencies/checkouts/XcodeProj/Sources/XcodeProj/Scheme/XCScheme+TestableReference.swift (in target 'XcodeProj' from project 'XcodeProj')
SwiftCompile normal arm64_32 /Users/admin/builder/spi-builder-workspace/.dependencies/checkouts/XcodeProj/Sources/XcodeProj/Scheme/XCScheme+RemoteRunnable.swift (in target 'XcodeProj' from project 'XcodeProj')
    cd /Users/admin/builder/spi-builder-workspace/.swiftpm/xcode

SwiftCompile normal arm64_32 /Users/admin/builder/spi-builder-workspace/.dependencies/checkouts/XcodeProj/Sources/XcodeProj/Scheme/XCScheme+Runnable.swift (in target 'XcodeProj' from project 'XcodeProj')
    cd /Users/admin/builder/spi-builder-workspace/.swiftpm/xcode

SwiftCompile normal arm64_32 /Users/admin/builder/spi-builder-workspace/.dependencies/checkouts/XcodeProj/Sources/XcodeProj/Scheme/XCScheme+SerialAction.swift (in target 'XcodeProj' from project 'XcodeProj')
    cd /Users/admin/builder/spi-builder-workspace/.swiftpm/xcode

SwiftCompile normal arm64_32 /Users/admin/builder/spi-builder-workspace/.dependencies/checkouts/XcodeProj/Sources/XcodeProj/Scheme/XCScheme+StoreKitConfigurationFileReference.swift (in target 'XcodeProj' from project 'XcodeProj')
    cd /Users/admin/builder/spi-builder-workspace/.swiftpm/xcode

SwiftCompile normal arm64_32 /Users/admin/builder/spi-builder-workspace/.dependencies/checkouts/XcodeProj/Sources/XcodeProj/Scheme/XCScheme+TestAction.swift (in target 'XcodeProj' from project 'XcodeProj')
    cd /Users/admin/builder/spi-builder-workspace/.swiftpm/xcode

SwiftCompile normal arm64_32 /Users/admin/builder/spi-builder-workspace/.dependencies/checkouts/XcodeProj/Sources/XcodeProj/Scheme/XCScheme+TestItem.swift (in target 'XcodeProj' from project 'XcodeProj')
    cd /Users/admin/builder/spi-builder-workspace/.swiftpm/xcode

SwiftCompile normal arm64_32 /Users/admin/builder/spi-builder-workspace/.dependencies/checkouts/XcodeProj/Sources/XcodeProj/Scheme/XCScheme+TestParallelization.swift (in target 'XcodeProj' from project 'XcodeProj')
    cd /Users/admin/builder/spi-builder-workspace/.swiftpm/xcode

SwiftCompile normal arm64_32 /Users/admin/builder/spi-builder-workspace/.dependencies/checkouts/XcodeProj/Sources/XcodeProj/Scheme/XCScheme+TestPlanReference.swift (in target 'XcodeProj' from project 'XcodeProj')
    cd /Users/admin/builder/spi-builder-workspace/.swiftpm/xcode

SwiftCompile normal arm64_32 /Users/admin/builder/spi-builder-workspace/.dependencies/checkouts/XcodeProj/Sources/XcodeProj/Scheme/XCScheme+TestableReference.swift (in target 'XcodeProj' from project 'XcodeProj')
    cd /Users/admin/builder/spi-builder-workspace/.swiftpm/xcode

SwiftDriverJobDiscovery normal armv7k Compiling XcodeProjectError.swift, PathUtils.swift (in target 'XcodeProject' from project 'XcodeProjectCLI')
SwiftCompile normal arm64 Compiling\ PBXProj.swift,\ PBXProjEncoder.swift,\ PBXProject.swift,\ ProjectAttribute.swift,\ Equality.generated.swift,\ Sourcery.swift,\ XCLocalSwiftPackageReference.swift,\ XCRemoteSwiftPackageReference.swift,\ XCSwiftPackageProductDependency.swift,\ PBXAggregateTarget.swift /Users/admin/builder/spi-builder-workspace/.dependencies/checkouts/XcodeProj/Sources/XcodeProj/Objects/Project/PBXProj.swift /Users/admin/builder/spi-builder-workspace/.dependencies/checkouts/XcodeProj/Sources/XcodeProj/Objects/Project/PBXProjEncoder.swift /Users/admin/builder/spi-builder-workspace/.dependencies/checkouts/XcodeProj/Sources/XcodeProj/Objects/Project/PBXProject.swift /Users/admin/builder/spi-builder-workspace/.dependencies/checkouts/XcodeProj/Sources/XcodeProj/Objects/Project/ProjectAttribute.swift /Users/admin/builder/spi-builder-workspace/.dependencies/checkouts/XcodeProj/Sources/XcodeProj/Objects/Sourcery/Equality.generated.swift /Users/admin/builder/spi-builder-workspace/.dependencies/checkouts/XcodeProj/Sources/XcodeProj/Objects/Sourcery/Sourcery.swift /Users/admin/builder/spi-builder-workspace/.dependencies/checkouts/XcodeProj/Sources/XcodeProj/Objects/SwiftPackage/XCLocalSwiftPackageReference.swift /Users/admin/builder/spi-builder-workspace/.dependencies/checkouts/XcodeProj/Sources/XcodeProj/Objects/SwiftPackage/XCRemoteSwiftPackageReference.swift /Users/admin/builder/spi-builder-workspace/.dependencies/checkouts/XcodeProj/Sources/XcodeProj/Objects/SwiftPackage/XCSwiftPackageProductDependency.swift /Users/admin/builder/spi-builder-workspace/.dependencies/checkouts/XcodeProj/Sources/XcodeProj/Objects/Targets/PBXAggregateTarget.swift (in target 'XcodeProj' from project 'XcodeProj')
SwiftCompile normal arm64 /Users/admin/builder/spi-builder-workspace/.dependencies/checkouts/XcodeProj/Sources/XcodeProj/Objects/Project/PBXProj.swift (in target 'XcodeProj' from project 'XcodeProj')
    cd /Users/admin/builder/spi-builder-workspace/.swiftpm/xcode

SwiftCompile normal arm64 /Users/admin/builder/spi-builder-workspace/.dependencies/checkouts/XcodeProj/Sources/XcodeProj/Objects/Project/PBXProjEncoder.swift (in target 'XcodeProj' from project 'XcodeProj')
    cd /Users/admin/builder/spi-builder-workspace/.swiftpm/xcode

SwiftCompile normal arm64 /Users/admin/builder/spi-builder-workspace/.dependencies/checkouts/XcodeProj/Sources/XcodeProj/Objects/Project/PBXProject.swift (in target 'XcodeProj' from project 'XcodeProj')
    cd /Users/admin/builder/spi-builder-workspace/.swiftpm/xcode

SwiftCompile normal arm64 /Users/admin/builder/spi-builder-workspace/.dependencies/checkouts/XcodeProj/Sources/XcodeProj/Objects/Project/ProjectAttribute.swift (in target 'XcodeProj' from project 'XcodeProj')
    cd /Users/admin/builder/spi-builder-workspace/.swiftpm/xcode

SwiftCompile normal arm64 /Users/admin/builder/spi-builder-workspace/.dependencies/checkouts/XcodeProj/Sources/XcodeProj/Objects/Sourcery/Equality.generated.swift (in target 'XcodeProj' from project 'XcodeProj')
    cd /Users/admin/builder/spi-builder-workspace/.swiftpm/xcode

SwiftCompile normal arm64 /Users/admin/builder/spi-builder-workspace/.dependencies/checkouts/XcodeProj/Sources/XcodeProj/Objects/Sourcery/Sourcery.swift (in target 'XcodeProj' from project 'XcodeProj')
    cd /Users/admin/builder/spi-builder-workspace/.swiftpm/xcode

SwiftCompile normal arm64 /Users/admin/builder/spi-builder-workspace/.dependencies/checkouts/XcodeProj/Sources/XcodeProj/Objects/SwiftPackage/XCLocalSwiftPackageReference.swift (in target 'XcodeProj' from project 'XcodeProj')
    cd /Users/admin/builder/spi-builder-workspace/.swiftpm/xcode

SwiftCompile normal arm64 /Users/admin/builder/spi-builder-workspace/.dependencies/checkouts/XcodeProj/Sources/XcodeProj/Objects/SwiftPackage/XCRemoteSwiftPackageReference.swift (in target 'XcodeProj' from project 'XcodeProj')
    cd /Users/admin/builder/spi-builder-workspace/.swiftpm/xcode

SwiftCompile normal arm64 /Users/admin/builder/spi-builder-workspace/.dependencies/checkouts/XcodeProj/Sources/XcodeProj/Objects/SwiftPackage/XCSwiftPackageProductDependency.swift (in target 'XcodeProj' from project 'XcodeProj')
    cd /Users/admin/builder/spi-builder-workspace/.swiftpm/xcode

SwiftCompile normal arm64 /Users/admin/builder/spi-builder-workspace/.dependencies/checkouts/XcodeProj/Sources/XcodeProj/Objects/Targets/PBXAggregateTarget.swift (in target 'XcodeProj' from project 'XcodeProj')
    cd /Users/admin/builder/spi-builder-workspace/.swiftpm/xcode

SwiftDriverJobDiscovery normal armv7k Compiling AssetInfo.swift, AssetType.swift (in target 'XcodeProject' from project 'XcodeProjectCLI')
SwiftCompile normal arm64_32 Compiling\ PlistValue.swift,\ ReferenceGenerator.swift,\ XCConfig.swift,\ XCWorkspace.swift,\ XCWorkspaceData.swift,\ XCWorkspaceDataElement.swift,\ XCWorkspaceDataElementLocationType.swift,\ XCWorkspaceDataFileRef.swift,\ XCWorkspaceDataGroup.swift /Users/admin/builder/spi-builder-workspace/.dependencies/checkouts/XcodeProj/Sources/XcodeProj/Utils/PlistValue.swift /Users/admin/builder/spi-builder-workspace/.dependencies/checkouts/XcodeProj/Sources/XcodeProj/Utils/ReferenceGenerator.swift /Users/admin/builder/spi-builder-workspace/.dependencies/checkouts/XcodeProj/Sources/XcodeProj/Utils/XCConfig.swift /Users/admin/builder/spi-builder-workspace/.dependencies/checkouts/XcodeProj/Sources/XcodeProj/Workspace/XCWorkspace.swift /Users/admin/builder/spi-builder-workspace/.dependencies/checkouts/XcodeProj/Sources/XcodeProj/Workspace/XCWorkspaceData.swift /Users/admin/builder/spi-builder-workspace/.dependencies/checkouts/XcodeProj/Sources/XcodeProj/Workspace/XCWorkspaceDataElement.swift /Users/admin/builder/spi-builder-workspace/.dependencies/checkouts/XcodeProj/Sources/XcodeProj/Workspace/XCWorkspaceDataElementLocationType.swift /Users/admin/builder/spi-builder-workspace/.dependencies/checkouts/XcodeProj/Sources/XcodeProj/Workspace/XCWorkspaceDataFileRef.swift /Users/admin/builder/spi-builder-workspace/.dependencies/checkouts/XcodeProj/Sources/XcodeProj/Workspace/XCWorkspaceDataGroup.swift (in target 'XcodeProj' from project 'XcodeProj')
SwiftCompile normal arm64_32 /Users/admin/builder/spi-builder-workspace/.dependencies/checkouts/XcodeProj/Sources/XcodeProj/Utils/PlistValue.swift (in target 'XcodeProj' from project 'XcodeProj')
    cd /Users/admin/builder/spi-builder-workspace/.swiftpm/xcode

SwiftCompile normal arm64_32 /Users/admin/builder/spi-builder-workspace/.dependencies/checkouts/XcodeProj/Sources/XcodeProj/Utils/ReferenceGenerator.swift (in target 'XcodeProj' from project 'XcodeProj')
    cd /Users/admin/builder/spi-builder-workspace/.swiftpm/xcode

SwiftCompile normal arm64_32 /Users/admin/builder/spi-builder-workspace/.dependencies/checkouts/XcodeProj/Sources/XcodeProj/Utils/XCConfig.swift (in target 'XcodeProj' from project 'XcodeProj')
    cd /Users/admin/builder/spi-builder-workspace/.swiftpm/xcode

SwiftCompile normal arm64_32 /Users/admin/builder/spi-builder-workspace/.dependencies/checkouts/XcodeProj/Sources/XcodeProj/Workspace/XCWorkspace.swift (in target 'XcodeProj' from project 'XcodeProj')
    cd /Users/admin/builder/spi-builder-workspace/.swiftpm/xcode

SwiftCompile normal arm64_32 /Users/admin/builder/spi-builder-workspace/.dependencies/checkouts/XcodeProj/Sources/XcodeProj/Workspace/XCWorkspaceData.swift (in target 'XcodeProj' from project 'XcodeProj')
    cd /Users/admin/builder/spi-builder-workspace/.swiftpm/xcode

SwiftCompile normal arm64_32 /Users/admin/builder/spi-builder-workspace/.dependencies/checkouts/XcodeProj/Sources/XcodeProj/Workspace/XCWorkspaceDataElement.swift (in target 'XcodeProj' from project 'XcodeProj')
    cd /Users/admin/builder/spi-builder-workspace/.swiftpm/xcode

SwiftCompile normal arm64_32 /Users/admin/builder/spi-builder-workspace/.dependencies/checkouts/XcodeProj/Sources/XcodeProj/Workspace/XCWorkspaceDataElementLocationType.swift (in target 'XcodeProj' from project 'XcodeProj')
    cd /Users/admin/builder/spi-builder-workspace/.swiftpm/xcode

SwiftCompile normal arm64_32 /Users/admin/builder/spi-builder-workspace/.dependencies/checkouts/XcodeProj/Sources/XcodeProj/Workspace/XCWorkspaceDataFileRef.swift (in target 'XcodeProj' from project 'XcodeProj')
    cd /Users/admin/builder/spi-builder-workspace/.swiftpm/xcode

SwiftCompile normal arm64_32 /Users/admin/builder/spi-builder-workspace/.dependencies/checkouts/XcodeProj/Sources/XcodeProj/Workspace/XCWorkspaceDataGroup.swift (in target 'XcodeProj' from project 'XcodeProj')
    cd /Users/admin/builder/spi-builder-workspace/.swiftpm/xcode

SwiftDriverJobDiscovery normal armv7k Compiling ProjectGroups.swift, ProjectTargets.swift (in target 'XcodeProject' from project 'XcodeProjectCLI')
SwiftCompile normal armv7k Compiling\ PBXOutputSettings.swift,\ PBXProj.swift,\ PBXProjEncoder.swift,\ PBXProject.swift,\ ProjectAttribute.swift,\ Equality.generated.swift,\ Sourcery.swift /Users/admin/builder/spi-builder-workspace/.dependencies/checkouts/XcodeProj/Sources/XcodeProj/Objects/Project/PBXOutputSettings.swift /Users/admin/builder/spi-builder-workspace/.dependencies/checkouts/XcodeProj/Sources/XcodeProj/Objects/Project/PBXProj.swift /Users/admin/builder/spi-builder-workspace/.dependencies/checkouts/XcodeProj/Sources/XcodeProj/Objects/Project/PBXProjEncoder.swift /Users/admin/builder/spi-builder-workspace/.dependencies/checkouts/XcodeProj/Sources/XcodeProj/Objects/Project/PBXProject.swift /Users/admin/builder/spi-builder-workspace/.dependencies/checkouts/XcodeProj/Sources/XcodeProj/Objects/Project/ProjectAttribute.swift /Users/admin/builder/spi-builder-workspace/.dependencies/checkouts/XcodeProj/Sources/XcodeProj/Objects/Sourcery/Equality.generated.swift /Users/admin/builder/spi-builder-workspace/.dependencies/checkouts/XcodeProj/Sources/XcodeProj/Objects/Sourcery/Sourcery.swift (in target 'XcodeProj' from project 'XcodeProj')
SwiftCompile normal armv7k /Users/admin/builder/spi-builder-workspace/.dependencies/checkouts/XcodeProj/Sources/XcodeProj/Objects/Project/PBXOutputSettings.swift (in target 'XcodeProj' from project 'XcodeProj')
    cd /Users/admin/builder/spi-builder-workspace/.swiftpm/xcode

SwiftCompile normal armv7k /Users/admin/builder/spi-builder-workspace/.dependencies/checkouts/XcodeProj/Sources/XcodeProj/Objects/Project/PBXProj.swift (in target 'XcodeProj' from project 'XcodeProj')
    cd /Users/admin/builder/spi-builder-workspace/.swiftpm/xcode

SwiftCompile normal armv7k /Users/admin/builder/spi-builder-workspace/.dependencies/checkouts/XcodeProj/Sources/XcodeProj/Objects/Project/PBXProjEncoder.swift (in target 'XcodeProj' from project 'XcodeProj')
    cd /Users/admin/builder/spi-builder-workspace/.swiftpm/xcode

SwiftCompile normal armv7k /Users/admin/builder/spi-builder-workspace/.dependencies/checkouts/XcodeProj/Sources/XcodeProj/Objects/Project/PBXProject.swift (in target 'XcodeProj' from project 'XcodeProj')
    cd /Users/admin/builder/spi-builder-workspace/.swiftpm/xcode

SwiftDriverJobDiscovery normal arm64 Compiling Project.swift, ProjectAssets.swift, ProjectFiles.swift (in target 'XcodeProject' from project 'XcodeProjectCLI')
SwiftDriver\ Compilation XcodeProject normal arm64 com.apple.xcode.tools.swift.compiler (in target 'XcodeProject' from project 'XcodeProjectCLI')
    cd /Users/admin/builder/spi-builder-workspace/.swiftpm/xcode
    builtin-Swift-Compilation -- /Applications/Xcode-26.5.0.app/Contents/Developer/Toolchains/XcodeDefault.xctoolchain/usr/bin/swiftc -module-name XcodeProject -Onone @/Users/admin/builder/spi-builder-workspace/.derivedData/Build/Intermediates.noindex/XcodeProjectCLI.build/Debug-watchos/XcodeProject.build/Objects-normal/arm64/XcodeProject.SwiftFileList -DSWIFT_PACKAGE -DDEBUG -DSWIFT_MODULE_RESOURCE_BUNDLE_UNAVAILABLE -DXcode -plugin-path /Applications/Xcode-26.5.0.app/Contents/Developer/Toolchains/XcodeDefault.xctoolchain/usr/lib/swift/host/plugins/testing -enable-experimental-feature DebugDescriptionMacro -sdk /Applications/Xcode-26.5.0.app/Contents/Developer/Platforms/WatchOS.platform/Developer/SDKs/WatchOS26.5.sdk -target arm64-apple-watchos5.0 -g -module-cache-path /Users/admin/builder/spi-builder-workspace/.derivedData/ModuleCache.noindex -Xfrontend -serialize-debugging-options -profile-coverage-mapping -profile-generate -enable-testing -index-store-path /Users/admin/builder/spi-builder-workspace/.derivedData/Index.noindex/DataStore -Xcc -D_LIBCPP_HARDENING_MODE\=_LIBCPP_HARDENING_MODE_DEBUG -swift-version 5 -I /Users/admin/builder/spi-builder-workspace/.derivedData/Build/Products/Debug-watchos -Isystem /Applications/Xcode-26.5.0.app/Contents/Developer/Platforms/WatchOS.platform/Developer/usr/lib -F /Users/admin/builder/spi-builder-workspace/.derivedData/Build/Products/Debug-watchos/PackageFrameworks -F /Users/admin/builder/spi-builder-workspace/.derivedData/Build/Products/Debug-watchos/PackageFrameworks -F /Users/admin/builder/spi-builder-workspace/.derivedData/Build/Products/Debug-watchos/PackageFrameworks -F /Users/admin/builder/spi-builder-workspace/.derivedData/Build/Products/Debug-watchos -F /Applications/Xcode-26.5.0.app/Contents/Developer/Platforms/WatchOS.platform/Developer/Library/Frameworks -F /Applications/Xcode-26.5.0.app/Contents/Developer/Platforms/WatchOS.platform/Developer/SDKs/WatchOS26.5.sdk/Developer/Library/Frameworks -c -j10 -enable-batch-mode -incremental -Xcc -ivfsstatcache -Xcc /Users/admin/builder/spi-builder-workspace/.derivedData/SDKStatCaches.noindex/watchos26.5-23T570-688ef53f1462e2c8f657fdc38a81448f7931b973dfc65d9472806dbbc3af9379.sdkstatcache -output-file-map /Users/admin/builder/spi-builder-workspace/.derivedData/Build/Intermediates.noindex/XcodeProjectCLI.build/Debug-watchos/XcodeProject.build/Objects-normal/arm64/XcodeProject-OutputFileMap.json -use-frontend-parseable-output -save-temps -no-color-diagnostics -explicit-module-build -module-cache-path /Users/admin/builder/spi-builder-workspace/.derivedData/Build/Intermediates.noindex/SwiftExplicitPrecompiledModules -clang-scanner-module-cache-path /Users/admin/builder/spi-builder-workspace/.derivedData/ModuleCache.noindex -sdk-module-cache-path /Users/admin/builder/spi-builder-workspace/.derivedData/ModuleCache.noindex -serialize-diagnostics -emit-dependencies -emit-module -emit-module-path /Users/admin/builder/spi-builder-workspace/.derivedData/Build/Intermediates.noindex/XcodeProjectCLI.build/Debug-watchos/XcodeProject.build/Objects-normal/arm64/XcodeProject.swiftmodule -validate-clang-modules-once -clang-build-session-file /Users/admin/builder/spi-builder-workspace/.derivedData/ModuleCache.noindex/Session.modulevalidation -package-name spi_builder_workspace -Xcc -I/Users/admin/builder/spi-builder-workspace/.derivedData/Build/Intermediates.noindex/XcodeProjectCLI.build/Debug-watchos/XcodeProject.build/swift-overrides.hmap -emit-const-values -Xfrontend -const-gather-protocols-file -Xfrontend /Users/admin/builder/spi-builder-workspace/.derivedData/Build/Intermediates.noindex/XcodeProjectCLI.build/Debug-watchos/XcodeProject.build/Objects-normal/arm64/XcodeProject_const_extract_protocols.json -Xcc -I/Users/admin/builder/spi-builder-workspace/.derivedData/Build/Products/Debug-watchos/include -Xcc -I/Users/admin/builder/spi-builder-workspace/.derivedData/Build/Intermediates.noindex/XcodeProjectCLI.build/Debug-watchos/XcodeProject.build/DerivedSources-normal/arm64 -Xcc -I/Users/admin/builder/spi-builder-workspace/.derivedData/Build/Intermediates.noindex/XcodeProjectCLI.build/Debug-watchos/XcodeProject.build/DerivedSources/arm64 -Xcc -I/Users/admin/builder/spi-builder-workspace/.derivedData/Build/Intermediates.noindex/XcodeProjectCLI.build/Debug-watchos/XcodeProject.build/DerivedSources -Xcc -DSWIFT_PACKAGE -Xcc -DDEBUG\=1 -emit-objc-header -emit-objc-header-path /Users/admin/builder/spi-builder-workspace/.derivedData/Build/Intermediates.noindex/XcodeProjectCLI.build/Debug-watchos/XcodeProject.build/Objects-normal/arm64/XcodeProject-Swift.h -working-directory /Users/admin/builder/spi-builder-workspace/.swiftpm/xcode -experimental-emit-module-separately -disable-cmo
SwiftDriverJobDiscovery normal arm64_32 Compiling Project.swift, ProjectAssets.swift, ProjectFiles.swift (in target 'XcodeProject' from project 'XcodeProjectCLI')
SwiftCompile normal armv7k Compiling\ XCLocalSwiftPackageReference.swift,\ XCRemoteSwiftPackageReference.swift,\ XCSwiftPackageProductDependency.swift,\ PBXAggregateTarget.swift,\ PBXLegacyTarget.swift,\ PBXNativeTarget.swift,\ PBXProductType.swift /Users/admin/builder/spi-builder-workspace/.dependencies/checkouts/XcodeProj/Sources/XcodeProj/Objects/SwiftPackage/XCLocalSwiftPackageReference.swift /Users/admin/builder/spi-builder-workspace/.dependencies/checkouts/XcodeProj/Sources/XcodeProj/Objects/SwiftPackage/XCRemoteSwiftPackageReference.swift /Users/admin/builder/spi-builder-workspace/.dependencies/checkouts/XcodeProj/Sources/XcodeProj/Objects/SwiftPackage/XCSwiftPackageProductDependency.swift /Users/admin/builder/spi-builder-workspace/.dependencies/checkouts/XcodeProj/Sources/XcodeProj/Objects/Targets/PBXAggregateTarget.swift /Users/admin/builder/spi-builder-workspace/.dependencies/checkouts/XcodeProj/Sources/XcodeProj/Objects/Targets/PBXLegacyTarget.swift /Users/admin/builder/spi-builder-workspace/.dependencies/checkouts/XcodeProj/Sources/XcodeProj/Objects/Targets/PBXNativeTarget.swift /Users/admin/builder/spi-builder-workspace/.dependencies/checkouts/XcodeProj/Sources/XcodeProj/Objects/Targets/PBXProductType.swift (in target 'XcodeProj' from project 'XcodeProj')
SwiftDriver\ Compilation XcodeProject normal arm64_32 com.apple.xcode.tools.swift.compiler (in target 'XcodeProject' from project 'XcodeProjectCLI')
    cd /Users/admin/builder/spi-builder-workspace/.swiftpm/xcode
    builtin-Swift-Compilation -- /Applications/Xcode-26.5.0.app/Contents/Developer/Toolchains/XcodeDefault.xctoolchain/usr/bin/swiftc -module-name XcodeProject -Onone @/Users/admin/builder/spi-builder-workspace/.derivedData/Build/Intermediates.noindex/XcodeProjectCLI.build/Debug-watchos/XcodeProject.build/Objects-normal/arm64_32/XcodeProject.SwiftFileList -DSWIFT_PACKAGE -DDEBUG -DSWIFT_MODULE_RESOURCE_BUNDLE_UNAVAILABLE -DXcode -plugin-path /Applications/Xcode-26.5.0.app/Contents/Developer/Toolchains/XcodeDefault.xctoolchain/usr/lib/swift/host/plugins/testing -enable-experimental-feature DebugDescriptionMacro -sdk /Applications/Xcode-26.5.0.app/Contents/Developer/Platforms/WatchOS.platform/Developer/SDKs/WatchOS26.5.sdk -target arm64_32-apple-watchos5.0 -g -module-cache-path /Users/admin/builder/spi-builder-workspace/.derivedData/ModuleCache.noindex -Xfrontend -serialize-debugging-options -profile-coverage-mapping -profile-generate -enable-testing -index-store-path /Users/admin/builder/spi-builder-workspace/.derivedData/Index.noindex/DataStore -Xcc -D_LIBCPP_HARDENING_MODE\=_LIBCPP_HARDENING_MODE_DEBUG -swift-version 5 -I /Users/admin/builder/spi-builder-workspace/.derivedData/Build/Products/Debug-watchos -Isystem /Applications/Xcode-26.5.0.app/Contents/Developer/Platforms/WatchOS.platform/Developer/usr/lib -F /Users/admin/builder/spi-builder-workspace/.derivedData/Build/Products/Debug-watchos/PackageFrameworks -F /Users/admin/builder/spi-builder-workspace/.derivedData/Build/Products/Debug-watchos/PackageFrameworks -F /Users/admin/builder/spi-builder-workspace/.derivedData/Build/Products/Debug-watchos/PackageFrameworks -F /Users/admin/builder/spi-builder-workspace/.derivedData/Build/Products/Debug-watchos -F /Applications/Xcode-26.5.0.app/Contents/Developer/Platforms/WatchOS.platform/Developer/Library/Frameworks -F /Applications/Xcode-26.5.0.app/Contents/Developer/Platforms/WatchOS.platform/Developer/SDKs/WatchOS26.5.sdk/Developer/Library/Frameworks -c -j10 -enable-batch-mode -incremental -Xcc -ivfsstatcache -Xcc /Users/admin/builder/spi-builder-workspace/.derivedData/SDKStatCaches.noindex/watchos26.5-23T570-688ef53f1462e2c8f657fdc38a81448f7931b973dfc65d9472806dbbc3af9379.sdkstatcache -output-file-map /Users/admin/builder/spi-builder-workspace/.derivedData/Build/Intermediates.noindex/XcodeProjectCLI.build/Debug-watchos/XcodeProject.build/Objects-normal/arm64_32/XcodeProject-OutputFileMap.json -use-frontend-parseable-output -save-temps -no-color-diagnostics -explicit-module-build -module-cache-path /Users/admin/builder/spi-builder-workspace/.derivedData/Build/Intermediates.noindex/SwiftExplicitPrecompiledModules -clang-scanner-module-cache-path /Users/admin/builder/spi-builder-workspace/.derivedData/ModuleCache.noindex -sdk-module-cache-path /Users/admin/builder/spi-builder-workspace/.derivedData/ModuleCache.noindex -serialize-diagnostics -emit-dependencies -emit-module -emit-module-path /Users/admin/builder/spi-builder-workspace/.derivedData/Build/Intermediates.noindex/XcodeProjectCLI.build/Debug-watchos/XcodeProject.build/Objects-normal/arm64_32/XcodeProject.swiftmodule -validate-clang-modules-once -clang-build-session-file /Users/admin/builder/spi-builder-workspace/.derivedData/ModuleCache.noindex/Session.modulevalidation -package-name spi_builder_workspace -Xcc -I/Users/admin/builder/spi-builder-workspace/.derivedData/Build/Intermediates.noindex/XcodeProjectCLI.build/Debug-watchos/XcodeProject.build/swift-overrides.hmap -emit-const-values -Xfrontend -const-gather-protocols-file -Xfrontend /Users/admin/builder/spi-builder-workspace/.derivedData/Build/Intermediates.noindex/XcodeProjectCLI.build/Debug-watchos/XcodeProject.build/Objects-normal/arm64_32/XcodeProject_const_extract_protocols.json -Xcc -I/Users/admin/builder/spi-builder-workspace/.derivedData/Build/Products/Debug-watchos/include -Xcc -I/Users/admin/builder/spi-builder-workspace/.derivedData/Build/Intermediates.noindex/XcodeProjectCLI.build/Debug-watchos/XcodeProject.build/DerivedSources-normal/arm64_32 -Xcc -I/Users/admin/builder/spi-builder-workspace/.derivedData/Build/Intermediates.noindex/XcodeProjectCLI.build/Debug-watchos/XcodeProject.build/DerivedSources/arm64_32 -Xcc -I/Users/admin/builder/spi-builder-workspace/.derivedData/Build/Intermediates.noindex/XcodeProjectCLI.build/Debug-watchos/XcodeProject.build/DerivedSources -Xcc -DSWIFT_PACKAGE -Xcc -DDEBUG\=1 -emit-objc-header -emit-objc-header-path /Users/admin/builder/spi-builder-workspace/.derivedData/Build/Intermediates.noindex/XcodeProjectCLI.build/Debug-watchos/XcodeProject.build/Objects-normal/arm64_32/XcodeProject-Swift.h -working-directory /Users/admin/builder/spi-builder-workspace/.swiftpm/xcode -experimental-emit-module-separately -disable-cmo
SwiftDriverJobDiscovery normal armv7k Compiling Project.swift, ProjectAssets.swift, ProjectFiles.swift (in target 'XcodeProject' from project 'XcodeProjectCLI')
SwiftCompile normal armv7k Compiling\ PBXReferenceProxy.swift,\ XCScheme+TestPlanReference.swift,\ XCScheme+TestableReference.swift,\ XCScheme.swift,\ XCSchemeManagement.swift,\ BuildSettingsProvider.swift,\ Collection+Extras.swift /Users/admin/builder/spi-builder-workspace/.dependencies/checkouts/XcodeProj/Sources/XcodeProj/Objects/Targets/PBXReferenceProxy.swift /Users/admin/builder/spi-builder-workspace/.dependencies/checkouts/XcodeProj/Sources/XcodeProj/Scheme/XCScheme+TestPlanReference.swift /Users/admin/builder/spi-builder-workspace/.dependencies/checkouts/XcodeProj/Sources/XcodeProj/Scheme/XCScheme+TestableReference.swift /Users/admin/builder/spi-builder-workspace/.dependencies/checkouts/XcodeProj/Sources/XcodeProj/Scheme/XCScheme.swift /Users/admin/builder/spi-builder-workspace/.dependencies/checkouts/XcodeProj/Sources/XcodeProj/Scheme/XCSchemeManagement.swift /Users/admin/builder/spi-builder-workspace/.dependencies/checkouts/XcodeProj/Sources/XcodeProj/Utils/BuildSettingsProvider.swift /Users/admin/builder/spi-builder-workspace/.dependencies/checkouts/XcodeProj/Sources/XcodeProj/Utils/Collection+Extras.swift (in target 'XcodeProj' from project 'XcodeProj')
SwiftDriver\ Compilation XcodeProject normal armv7k com.apple.xcode.tools.swift.compiler (in target 'XcodeProject' from project 'XcodeProjectCLI')
    cd /Users/admin/builder/spi-builder-workspace/.swiftpm/xcode
    builtin-Swift-Compilation -- /Applications/Xcode-26.5.0.app/Contents/Developer/Toolchains/XcodeDefault.xctoolchain/usr/bin/swiftc -module-name XcodeProject -Onone @/Users/admin/builder/spi-builder-workspace/.derivedData/Build/Intermediates.noindex/XcodeProjectCLI.build/Debug-watchos/XcodeProject.build/Objects-normal/armv7k/XcodeProject.SwiftFileList -DSWIFT_PACKAGE -DDEBUG -DSWIFT_MODULE_RESOURCE_BUNDLE_UNAVAILABLE -DXcode -plugin-path /Applications/Xcode-26.5.0.app/Contents/Developer/Toolchains/XcodeDefault.xctoolchain/usr/lib/swift/host/plugins/testing -enable-experimental-feature DebugDescriptionMacro -sdk /Applications/Xcode-26.5.0.app/Contents/Developer/Platforms/WatchOS.platform/Developer/SDKs/WatchOS26.5.sdk -target armv7k-apple-watchos5.0 -g -module-cache-path /Users/admin/builder/spi-builder-workspace/.derivedData/ModuleCache.noindex -Xfrontend -serialize-debugging-options -profile-coverage-mapping -profile-generate -enable-testing -index-store-path /Users/admin/builder/spi-builder-workspace/.derivedData/Index.noindex/DataStore -Xcc -D_LIBCPP_HARDENING_MODE\=_LIBCPP_HARDENING_MODE_DEBUG -swift-version 5 -I /Users/admin/builder/spi-builder-workspace/.derivedData/Build/Products/Debug-watchos -Isystem /Applications/Xcode-26.5.0.app/Contents/Developer/Platforms/WatchOS.platform/Developer/usr/lib -F /Users/admin/builder/spi-builder-workspace/.derivedData/Build/Products/Debug-watchos/PackageFrameworks -F /Users/admin/builder/spi-builder-workspace/.derivedData/Build/Products/Debug-watchos/PackageFrameworks -F /Users/admin/builder/spi-builder-workspace/.derivedData/Build/Products/Debug-watchos/PackageFrameworks -F /Users/admin/builder/spi-builder-workspace/.derivedData/Build/Products/Debug-watchos -F /Applications/Xcode-26.5.0.app/Contents/Developer/Platforms/WatchOS.platform/Developer/Library/Frameworks -F /Applications/Xcode-26.5.0.app/Contents/Developer/Platforms/WatchOS.platform/Developer/SDKs/WatchOS26.5.sdk/Developer/Library/Frameworks -c -j10 -enable-batch-mode -incremental -Xcc -ivfsstatcache -Xcc /Users/admin/builder/spi-builder-workspace/.derivedData/SDKStatCaches.noindex/watchos26.5-23T570-688ef53f1462e2c8f657fdc38a81448f7931b973dfc65d9472806dbbc3af9379.sdkstatcache -output-file-map /Users/admin/builder/spi-builder-workspace/.derivedData/Build/Intermediates.noindex/XcodeProjectCLI.build/Debug-watchos/XcodeProject.build/Objects-normal/armv7k/XcodeProject-OutputFileMap.json -use-frontend-parseable-output -save-temps -no-color-diagnostics -explicit-module-build -module-cache-path /Users/admin/builder/spi-builder-workspace/.derivedData/Build/Intermediates.noindex/SwiftExplicitPrecompiledModules -clang-scanner-module-cache-path /Users/admin/builder/spi-builder-workspace/.derivedData/ModuleCache.noindex -sdk-module-cache-path /Users/admin/builder/spi-builder-workspace/.derivedData/ModuleCache.noindex -serialize-diagnostics -emit-dependencies -emit-module -emit-module-path /Users/admin/builder/spi-builder-workspace/.derivedData/Build/Intermediates.noindex/XcodeProjectCLI.build/Debug-watchos/XcodeProject.build/Objects-normal/armv7k/XcodeProject.swiftmodule -validate-clang-modules-once -clang-build-session-file /Users/admin/builder/spi-builder-workspace/.derivedData/ModuleCache.noindex/Session.modulevalidation -package-name spi_builder_workspace -Xcc -I/Users/admin/builder/spi-builder-workspace/.derivedData/Build/Intermediates.noindex/XcodeProjectCLI.build/Debug-watchos/XcodeProject.build/swift-overrides.hmap -emit-const-values -Xfrontend -const-gather-protocols-file -Xfrontend /Users/admin/builder/spi-builder-workspace/.derivedData/Build/Intermediates.noindex/XcodeProjectCLI.build/Debug-watchos/XcodeProject.build/Objects-normal/armv7k/XcodeProject_const_extract_protocols.json -Xcc -I/Users/admin/builder/spi-builder-workspace/.derivedData/Build/Products/Debug-watchos/include -Xcc -I/Users/admin/builder/spi-builder-workspace/.derivedData/Build/Intermediates.noindex/XcodeProjectCLI.build/Debug-watchos/XcodeProject.build/DerivedSources-normal/armv7k -Xcc -I/Users/admin/builder/spi-builder-workspace/.derivedData/Build/Intermediates.noindex/XcodeProjectCLI.build/Debug-watchos/XcodeProject.build/DerivedSources/armv7k -Xcc -I/Users/admin/builder/spi-builder-workspace/.derivedData/Build/Intermediates.noindex/XcodeProjectCLI.build/Debug-watchos/XcodeProject.build/DerivedSources -Xcc -DSWIFT_PACKAGE -Xcc -DDEBUG\=1 -emit-objc-header -emit-objc-header-path /Users/admin/builder/spi-builder-workspace/.derivedData/Build/Intermediates.noindex/XcodeProjectCLI.build/Debug-watchos/XcodeProject.build/Objects-normal/armv7k/XcodeProject-Swift.h -working-directory /Users/admin/builder/spi-builder-workspace/.swiftpm/xcode -experimental-emit-module-separately -disable-cmo
2026-09-01 15:11:24.867 xcodebuild[1250:7097] [MT] IDERunDestination: Supported platforms for the buildables in the current scheme is empty.
** BUILD FAILED **
The following build commands failed:
	SwiftCompile normal arm64_32 /Users/admin/builder/spi-builder-workspace/.dependencies/checkouts/XcodeProj/Sources/XcodeProj/Extensions/Path+Extras.swift (in target 'XcodeProj' from project 'XcodeProj')
	SwiftCompile normal arm64_32 /Users/admin/builder/spi-builder-workspace/.dependencies/checkouts/XcodeProj/Sources/XcodeProj/Extensions/String+md5.swift (in target 'XcodeProj' from project 'XcodeProj')
	SwiftCompile normal arm64_32 Compiling\ Errors.swift,\ AEXML+XcodeFormat.swift,\ Array+Extras.swift,\ Bool+Extras.swift,\ KeyedDecodingContainer+Additions.swift,\ NSRecursiveLock+Sync.swift,\ Path+Extras.swift,\ String+Utils.swift,\ String+md5.swift,\ BuildFileSetting.swift /Users/admin/builder/spi-builder-workspace/.dependencies/checkouts/XcodeProj/Sources/XcodeProj/Errors/Errors.swift /Users/admin/builder/spi-builder-workspace/.dependencies/checkouts/XcodeProj/Sources/XcodeProj/Extensions/AEXML+XcodeFormat.swift /Users/admin/builder/spi-builder-workspace/.dependencies/checkouts/XcodeProj/Sources/XcodeProj/Extensions/Array+Extras.swift /Users/admin/builder/spi-builder-workspace/.dependencies/checkouts/XcodeProj/Sources/XcodeProj/Extensions/Bool+Extras.swift /Users/admin/builder/spi-builder-workspace/.dependencies/checkouts/XcodeProj/Sources/XcodeProj/Extensions/KeyedDecodingContainer+Additions.swift /Users/admin/builder/spi-builder-workspace/.dependencies/checkouts/XcodeProj/Sources/XcodeProj/Extensions/NSRecursiveLock+Sync.swift /Users/admin/builder/spi-builder-workspace/.dependencies/checkouts/XcodeProj/Sources/XcodeProj/Extensions/Path+Extras.swift /Users/admin/builder/spi-builder-workspace/.dependencies/checkouts/XcodeProj/Sources/XcodeProj/Extensions/String+Utils.swift /Users/admin/builder/spi-builder-workspace/.dependencies/checkouts/XcodeProj/Sources/XcodeProj/Extensions/String+md5.swift /Users/admin/builder/spi-builder-workspace/.dependencies/checkouts/XcodeProj/Sources/XcodeProj/Objects/BuildPhase/BuildFileSetting.swift (in target 'XcodeProj' from project 'XcodeProj')
	Building workspace spi-builder-workspace with scheme XcodeProjectCLI-Package
(4 failures)
BUILD FAILURE 6.3 watchOS