The Swift Package Index logo.Swift Package Index

Build Information

Failed to build OSCKit, reference 4.x (85279d), with Swift 6.4 for watchOS using Xcode 27.0 on 20 Sep 2026 19:38:20 UTC.

Build Command

env DEVELOPER_DIR=/Applications/Xcode-27.0.0-Release.Candidate.app xcrun xcodebuild -IDEClonedSourcePackagesDirPathOverride=$PWD/.dependencies -skipMacroValidation -skipPackagePluginValidation -derivedDataPath $PWD/.derivedData build -scheme OSCKit -destination generic/platform=watchOS

Build Log

========================================
RunAll
========================================
Builder version: 5.1.0
Interrupt handler set up.
========================================
Checkout
========================================
Clone URL: https://github.com/sammysmallman/OSCKit.git
Reference: 4.x
Initialized empty Git repository in /Users/admin/builder/spi-builder-workspace/.git/
From https://github.com/sammysmallman/OSCKit
 * branch            4.x        -> FETCH_HEAD
 * [new branch]      4.x        -> origin/4.x
HEAD is now at 85279d6 4.0.0 (#26)
Cloned https://github.com/sammysmallman/OSCKit.git
Revision (git rev-parse @):
85279d6703930b59d2e87a77636b26ed41c507f8
SUCCESS checkout https://github.com/sammysmallman/OSCKit.git at 4.x
========================================
Build
========================================
Selected platform:         watchOS
Swift version:             6.4
Building package at path:  $PWD
https://github.com/sammysmallman/OSCKit.git
Command line invocation:
    /Applications/Xcode-27.0.0-Release.Candidate.app/Contents/Developer/usr/bin/xcodebuild -IDEClonedSourcePackagesDirPathOverride=/Users/admin/builder/spi-builder-workspace/.dependencies -resolvePackageDependencies
Resolve Package Graph
Fetching from https://github.com/robbiehanson/CocoaAsyncSocket
Fetching from https://github.com/svdo/swift-netutils
Fetching from https://github.com/sammysmallman/CoreOSC.git
Creating working copy of package ‘CocoaAsyncSocket’
Checking out 7.6.5 of package ‘CocoaAsyncSocket’
Creating working copy of package ‘CoreOSC’
Checking out 2.4.0 of package ‘CoreOSC’
Creating working copy of package ‘swift-netutils’
Checking out 4.2.1 of package ‘swift-netutils’
Resolve Package Graph
Resolved source packages:
  CocoaAsyncSocket: https://github.com/robbiehanson/CocoaAsyncSocket @ 7.6.5
  CoreOSC: https://github.com/sammysmallman/CoreOSC.git @ 2.4.0
  OSCKit: /Users/admin/builder/spi-builder-workspace
  NetUtils: https://github.com/svdo/swift-netutils @ 4.2.1
resolved source packages: CocoaAsyncSocket, CoreOSC, OSCKit, NetUtils
2026-09-20 15:37:27.638 xcodebuild[529:3047] [MT] IDERunDestination: Supported platforms for the buildables in the current scheme is empty.
{
  "dependencies" : [
    {
      "identity" : "cocoaasyncsocket",
      "requirement" : {
        "range" : [
          {
            "lower_bound" : "7.6.4",
            "upper_bound" : "8.0.0"
          }
        ]
      },
      "type" : "sourceControl",
      "url" : "https://github.com/robbiehanson/CocoaAsyncSocket"
    },
    {
      "identity" : "swift-netutils",
      "requirement" : {
        "range" : [
          {
            "lower_bound" : "4.1.0",
            "upper_bound" : "5.0.0"
          }
        ]
      },
      "type" : "sourceControl",
      "url" : "https://github.com/svdo/swift-netutils"
    },
    {
      "identity" : "coreosc",
      "requirement" : {
        "range" : [
          {
            "lower_bound" : "2.0.0",
            "upper_bound" : "3.0.0"
          }
        ]
      },
      "type" : "sourceControl",
      "url" : "https://github.com/sammysmallman/CoreOSC.git"
    }
  ],
  "manifest_display_name" : "OSCKit",
  "name" : "OSCKit",
  "path" : "/Users/admin/builder/spi-builder-workspace",
  "platforms" : [
    {
      "name" : "ios",
      "version" : "9.0"
    },
    {
      "name" : "macos",
      "version" : "10.15"
    },
    {
      "name" : "tvos",
      "version" : "9.0"
    }
  ],
  "products" : [
    {
      "name" : "OSCKit",
      "targets" : [
        "OSCKit"
      ],
      "type" : {
        "library" : [
          "automatic"
        ]
      }
    }
  ],
  "targets" : [
    {
      "c99name" : "OSCKitTests",
      "module_type" : "SwiftTarget",
      "name" : "OSCKitTests",
      "path" : "Tests/OSCKitTests",
      "sources" : [
        "OSCKitTests.swift",
        "OSCTcpStreamFramingTests.swift"
      ],
      "target_dependencies" : [
        "OSCKit"
      ],
      "type" : "test"
    },
    {
      "c99name" : "OSCKit",
      "module_type" : "SwiftTarget",
      "name" : "OSCKit",
      "path" : "Sources/OSCKit",
      "product_dependencies" : [
        "CocoaAsyncSocket",
        "NetUtils",
        "CoreOSC"
      ],
      "product_memberships" : [
        "OSCKit"
      ],
      "resources" : [
        {
          "path" : "/Users/admin/builder/spi-builder-workspace/Sources/OSCKit/LICENSE.md",
          "rule" : {
            "process" : {
            }
          }
        }
      ],
      "sources" : [
        "Extensions/Interface.swift",
        "Extensions/Numeric.swift",
        "Extensions/UInt32.swift",
        "OSCKit.swift",
        "OSCSentPacket.swift",
        "OSCTcp.swift",
        "OSCTcpClient.swift",
        "OSCTcpClientConfiguration.swift",
        "OSCTcpClientDelegate.swift",
        "OSCTcpServer.swift",
        "OSCTcpServerConfiguration.swift",
        "OSCTcpServerDelegate.swift",
        "OSCUdpClient.swift",
        "OSCUdpClientConfiguration.swift",
        "OSCUdpClientDelegate.swift",
        "OSCUdpPeer.swift",
        "OSCUdpPeerConfiguration.swift",
        "OSCUdpPeerDelegate.swift",
        "OSCUdpServer.swift",
        "OSCUdpServerConfiguration.swift",
        "OSCUdpServerDelegate.swift"
      ],
      "type" : "library"
    }
  ],
  "tools_version" : "5.5"
}
{
  "workspace" : {
    "name" : "OSCKit",
    "schemes" : [
      "CoreOSC",
      "OSCKit"
    ]
  }
}
2026-09-20 15:38:09.319 xcodebuild[759:4725] [MT] IDERunDestination: Supported platforms for the buildables in the current scheme is empty.
{
  "workspace" : {
    "name" : "OSCKit",
    "schemes" : [
      "CoreOSC",
      "OSCKit"
    ]
  }
}
2026-09-20 15:38:10.384 xcodebuild[761:4783] [MT] IDERunDestination: Supported platforms for the buildables in the current scheme is empty.
Running build ...
env DEVELOPER_DIR=/Applications/Xcode-27.0.0-Release.Candidate.app xcrun xcodebuild -IDEClonedSourcePackagesDirPathOverride=$PWD/.dependencies -skipMacroValidation -skipPackagePluginValidation -derivedDataPath $PWD/.derivedData build -scheme OSCKit -destination generic/platform=watchOS
Command line invocation:
    /Applications/Xcode-27.0.0-Release.Candidate.app/Contents/Developer/usr/bin/xcodebuild -IDEClonedSourcePackagesDirPathOverride=/Users/admin/builder/spi-builder-workspace/.dependencies -skipMacroValidation -skipPackagePluginValidation -derivedDataPath /Users/admin/builder/spi-builder-workspace/.derivedData build -scheme OSCKit -destination generic/platform=watchOS
Resolve Package Graph
Resolve Package Graph
Resolved source packages:
  NetUtils: https://github.com/svdo/swift-netutils @ 4.2.1
  OSCKit: /Users/admin/builder/spi-builder-workspace
  CoreOSC: https://github.com/sammysmallman/CoreOSC.git @ 2.4.0
  CocoaAsyncSocket: https://github.com/robbiehanson/CocoaAsyncSocket @ 7.6.5
ComputePackagePrebuildTargetDependencyGraph
Prepare packages
CreateBuildRequest
SendProjectDescription
CreateBuildOperation
ComputeTargetDependencyGraph
note: Building targets in dependency order
note: Target dependency graph (10 targets)
    Target 'OSCKit-product' in project 'OSCKit'
        ➜ Explicit dependency on target 'OSCKit' in project 'OSCKit'
        ➜ Explicit dependency on target 'OSCKit_OSCKit' in project 'OSCKit'
        ➜ Explicit dependency on target 'CocoaAsyncSocket-product' in project 'CocoaAsyncSocket'
        ➜ Explicit dependency on target 'NetUtils-product' in project 'NetUtils'
        ➜ Explicit dependency on target 'CoreOSC-product' in project 'CoreOSC'
    Target 'OSCKit' in project 'OSCKit'
        ➜ Explicit dependency on target 'OSCKit_OSCKit' in project 'OSCKit'
        ➜ Explicit dependency on target 'CocoaAsyncSocket-product' in project 'CocoaAsyncSocket'
        ➜ Explicit dependency on target 'NetUtils-product' in project 'NetUtils'
        ➜ Explicit dependency on target 'CoreOSC-product' in project 'CoreOSC'
    Target 'CoreOSC-product' in project 'CoreOSC'
        ➜ Explicit dependency on target 'CoreOSC' in project 'CoreOSC'
        ➜ Explicit dependency on target 'CoreOSC_CoreOSC' in project 'CoreOSC'
    Target 'CoreOSC' in project 'CoreOSC'
        ➜ Explicit dependency on target 'CoreOSC_CoreOSC' in project 'CoreOSC'
    Target 'CoreOSC_CoreOSC' in project 'CoreOSC' (no dependencies)
    Target 'NetUtils-product' in project 'NetUtils'
        ➜ Explicit dependency on target 'NetUtils' in project 'NetUtils'
    Target 'NetUtils' in project 'NetUtils' (no dependencies)
    Target 'CocoaAsyncSocket-product' in project 'CocoaAsyncSocket'
        ➜ Explicit dependency on target 'CocoaAsyncSocket' in project 'CocoaAsyncSocket'
    Target 'CocoaAsyncSocket' in project 'CocoaAsyncSocket' (no dependencies)
    Target 'OSCKit_OSCKit' in project 'OSCKit' (no dependencies)
GatherProvisioningInputs
CreateBuildDescription
ExecuteExternalTool /Applications/Xcode-27.0.0-Release.Candidate.app/Contents/Developer/Toolchains/XcodeDefault.xctoolchain/usr/bin/swiftc --version
ExecuteExternalTool /Applications/Xcode-27.0.0-Release.Candidate.app/Contents/Developer/Toolchains/XcodeDefault.xctoolchain/usr/bin/clang -v -E -dM -arch arm64 -isysroot /Applications/Xcode-27.0.0-Release.Candidate.app/Contents/Developer/Platforms/WatchOS.platform/Developer/SDKs/WatchOS27.0.sdk -x objective-c -c /dev/null
ExecuteExternalTool /Applications/Xcode-27.0.0-Release.Candidate.app/Contents/Developer/Toolchains/XcodeDefault.xctoolchain/usr/bin/clang -v -E -dM -isysroot /Applications/Xcode-27.0.0-Release.Candidate.app/Contents/Developer/Platforms/WatchOS.platform/Developer/SDKs/WatchOS27.0.sdk -x c -c /dev/null
ExecuteExternalTool /Applications/Xcode-27.0.0-Release.Candidate.app/Contents/Developer/Toolchains/XcodeDefault.xctoolchain/usr/bin/clang -v -E -dM -arch arm64 -isysroot /Applications/Xcode-27.0.0-Release.Candidate.app/Contents/Developer/Platforms/WatchOS.platform/Developer/SDKs/WatchOS27.0.sdk -x c -c /dev/null
ExecuteExternalTool /Applications/Xcode-27.0.0-Release.Candidate.app/Contents/Developer/Toolchains/XcodeDefault.xctoolchain/usr/bin/ld -version_details
ExecuteExternalTool /Applications/Xcode-27.0.0-Release.Candidate.app/Contents/Developer/Toolchains/XcodeDefault.xctoolchain/usr/bin/clang -v -E -dM -arch arm64_32 -isysroot /Applications/Xcode-27.0.0-Release.Candidate.app/Contents/Developer/Platforms/WatchOS.platform/Developer/SDKs/WatchOS27.0.sdk -x objective-c -c /dev/null
ExecuteExternalTool /Applications/Xcode-27.0.0-Release.Candidate.app/Contents/Developer/Toolchains/XcodeDefault.xctoolchain/usr/bin/clang -v -E -dM -arch arm64_32 -isysroot /Applications/Xcode-27.0.0-Release.Candidate.app/Contents/Developer/Platforms/WatchOS.platform/Developer/SDKs/WatchOS27.0.sdk -x c -c /dev/null
ReadFileContents /Applications/Xcode-27.0.0-Release.Candidate.app/Contents/Developer/Toolchains/XcodeDefault.xctoolchain/usr/share/docc/features.json
Build description signature: 13ab08370ef00f8a0bb4fd9d83ad2613
Build description path: /Users/admin/builder/spi-builder-workspace/.derivedData/Build/Intermediates.noindex/XCBuildData/13ab08370ef00f8a0bb4fd9d83ad2613.xcbuilddata
CreateBuildDirectory /Users/admin/builder/spi-builder-workspace/.derivedData/SDKExplicitPrecompiledModules
    cd /Users/admin/builder/spi-builder-workspace/.swiftpm/xcode
    builtin-create-build-directory /Users/admin/builder/spi-builder-workspace/.derivedData/SDKExplicitPrecompiledModules
CreateBuildDirectory /Users/admin/builder/spi-builder-workspace/.derivedData/ModuleCache.noindex
    cd /Users/admin/builder/spi-builder-workspace/.swiftpm/xcode
    builtin-create-build-directory /Users/admin/builder/spi-builder-workspace/.derivedData/ModuleCache.noindex
CreateBuildDirectory /Users/admin/builder/spi-builder-workspace/.derivedData/CompilationCache.noindex
    cd /Users/admin/builder/spi-builder-workspace/.swiftpm/xcode
    builtin-create-build-directory /Users/admin/builder/spi-builder-workspace/.derivedData/CompilationCache.noindex
ClangStatCache /Applications/Xcode-27.0.0-Release.Candidate.app/Contents/Developer/Toolchains/XcodeDefault.xctoolchain/usr/bin/clang-stat-cache /Applications/Xcode-27.0.0-Release.Candidate.app/Contents/Developer/Platforms/WatchOS.platform/Developer/SDKs/WatchOS27.0.sdk /Users/admin/builder/spi-builder-workspace/.derivedData/SDKStatCaches.noindex/watchos27.0-24R360-e829b21a6f8c9b70876ba0858053c04477534ef55a1706bf4c1112bbb242f0a2.sdkstatcache
    cd /Users/admin/builder/spi-builder-workspace/.swiftpm/xcode
    /Applications/Xcode-27.0.0-Release.Candidate.app/Contents/Developer/Toolchains/XcodeDefault.xctoolchain/usr/bin/clang-stat-cache /Applications/Xcode-27.0.0-Release.Candidate.app/Contents/Developer/Platforms/WatchOS.platform/Developer/SDKs/WatchOS27.0.sdk -o /Users/admin/builder/spi-builder-workspace/.derivedData/SDKStatCaches.noindex/watchos27.0-24R360-e829b21a6f8c9b70876ba0858053c04477534ef55a1706bf4c1112bbb242f0a2.sdkstatcache
CreateBuildDirectory /Users/admin/builder/spi-builder-workspace/.derivedData/Build/Products
    cd /Users/admin/builder/spi-builder-workspace/.swiftpm/xcode
    builtin-create-build-directory /Users/admin/builder/spi-builder-workspace/.derivedData/Build/Products
CreateBuildDirectory /Users/admin/builder/spi-builder-workspace/.derivedData/Build/Intermediates.noindex
    cd /Users/admin/builder/spi-builder-workspace/.swiftpm/xcode
    builtin-create-build-directory /Users/admin/builder/spi-builder-workspace/.derivedData/Build/Intermediates.noindex
CreateBuildDirectory /Users/admin/builder/spi-builder-workspace/.derivedData/Build/Intermediates.noindex/SwiftExplicitPrecompiledModules
    cd /Users/admin/builder/spi-builder-workspace/.swiftpm/xcode
    builtin-create-build-directory /Users/admin/builder/spi-builder-workspace/.derivedData/Build/Intermediates.noindex/SwiftExplicitPrecompiledModules
CreateBuildDirectory /Users/admin/builder/spi-builder-workspace/.derivedData/Build/Intermediates.noindex/PrecompiledHeaders
    cd /Users/admin/builder/spi-builder-workspace/.swiftpm/xcode
    builtin-create-build-directory /Users/admin/builder/spi-builder-workspace/.derivedData/Build/Intermediates.noindex/PrecompiledHeaders
CreateBuildDirectory /Users/admin/builder/spi-builder-workspace/.derivedData/Build/Intermediates.noindex/ExplicitPrecompiledModules
    cd /Users/admin/builder/spi-builder-workspace/.swiftpm/xcode
    builtin-create-build-directory /Users/admin/builder/spi-builder-workspace/.derivedData/Build/Intermediates.noindex/ExplicitPrecompiledModules
CreateBuildDirectory /Users/admin/builder/spi-builder-workspace/.derivedData/Build/Intermediates.noindex/EagerLinkingTBDs/Debug-watchos
    cd /Users/admin/builder/spi-builder-workspace/.swiftpm/xcode
    builtin-create-build-directory /Users/admin/builder/spi-builder-workspace/.derivedData/Build/Intermediates.noindex/EagerLinkingTBDs/Debug-watchos
CreateBuildDirectory /Users/admin/builder/spi-builder-workspace/.derivedData/Build/Products/Debug-watchos
    cd /Users/admin/builder/spi-builder-workspace/.swiftpm/xcode
    builtin-create-build-directory /Users/admin/builder/spi-builder-workspace/.derivedData/Build/Products/Debug-watchos
WriteAuxiliaryFile /Users/admin/builder/spi-builder-workspace/.derivedData/Build/Intermediates.noindex/OSCKit.build/Debug-watchos/OSCKit_OSCKit-b.build/empty-OSCKit_OSCKit.plist (in target 'OSCKit_OSCKit' from project 'OSCKit')
    cd /Users/admin/builder/spi-builder-workspace
    write-file /Users/admin/builder/spi-builder-workspace/.derivedData/Build/Intermediates.noindex/OSCKit.build/Debug-watchos/OSCKit_OSCKit-b.build/empty-OSCKit_OSCKit.plist
WriteAuxiliaryFile /Users/admin/builder/spi-builder-workspace/.derivedData/Build/Intermediates.noindex/OSCKit.build/Debug-watchos/OSCKit-t.build/Objects-normal/arm64_32/OSCKit_const_extract_protocols.json (in target 'OSCKit' from project 'OSCKit')
    cd /Users/admin/builder/spi-builder-workspace
    write-file /Users/admin/builder/spi-builder-workspace/.derivedData/Build/Intermediates.noindex/OSCKit.build/Debug-watchos/OSCKit-t.build/Objects-normal/arm64_32/OSCKit_const_extract_protocols.json
WriteAuxiliaryFile /Users/admin/builder/spi-builder-workspace/.derivedData/Build/Intermediates.noindex/OSCKit.build/Debug-watchos/OSCKit-t.build/Objects-normal/arm64/OSCKit_const_extract_protocols.json (in target 'OSCKit' from project 'OSCKit')
    cd /Users/admin/builder/spi-builder-workspace
    write-file /Users/admin/builder/spi-builder-workspace/.derivedData/Build/Intermediates.noindex/OSCKit.build/Debug-watchos/OSCKit-t.build/Objects-normal/arm64/OSCKit_const_extract_protocols.json
WriteAuxiliaryFile /Users/admin/builder/spi-builder-workspace/.derivedData/Build/Intermediates.noindex/OSCKit.build/Debug-watchos/OSCKit-t.build/Objects-normal/arm64_32/OSCKit.SwiftFileList (in target 'OSCKit' from project 'OSCKit')
    cd /Users/admin/builder/spi-builder-workspace
    write-file /Users/admin/builder/spi-builder-workspace/.derivedData/Build/Intermediates.noindex/OSCKit.build/Debug-watchos/OSCKit-t.build/Objects-normal/arm64_32/OSCKit.SwiftFileList
WriteAuxiliaryFile /Users/admin/builder/spi-builder-workspace/.derivedData/Build/Intermediates.noindex/OSCKit.build/Debug-watchos/OSCKit_OSCKit-b.build/OSCKit_OSCKit.DependencyMetadataFileList (in target 'OSCKit_OSCKit' from project 'OSCKit')
    cd /Users/admin/builder/spi-builder-workspace
    write-file /Users/admin/builder/spi-builder-workspace/.derivedData/Build/Intermediates.noindex/OSCKit.build/Debug-watchos/OSCKit_OSCKit-b.build/OSCKit_OSCKit.DependencyMetadataFileList
WriteAuxiliaryFile /Users/admin/builder/spi-builder-workspace/.derivedData/Build/Intermediates.noindex/OSCKit.build/Debug-watchos/OSCKit_OSCKit-b.build/OSCKit_OSCKit.DependencyStaticMetadataFileList (in target 'OSCKit_OSCKit' from project 'OSCKit')
    cd /Users/admin/builder/spi-builder-workspace
    write-file /Users/admin/builder/spi-builder-workspace/.derivedData/Build/Intermediates.noindex/OSCKit.build/Debug-watchos/OSCKit_OSCKit-b.build/OSCKit_OSCKit.DependencyStaticMetadataFileList
WriteAuxiliaryFile /Users/admin/builder/spi-builder-workspace/.derivedData/Build/Intermediates.noindex/OSCKit.build/Debug-watchos/OSCKit-t.build/Objects-normal/arm64_32/OSCKit-OutputFileMap.json (in target 'OSCKit' from project 'OSCKit')
    cd /Users/admin/builder/spi-builder-workspace
    write-file /Users/admin/builder/spi-builder-workspace/.derivedData/Build/Intermediates.noindex/OSCKit.build/Debug-watchos/OSCKit-t.build/Objects-normal/arm64_32/OSCKit-OutputFileMap.json
WriteAuxiliaryFile /Users/admin/builder/spi-builder-workspace/.derivedData/Build/Intermediates.noindex/OSCKit.build/Debug-watchos/OSCKit-t.build/Objects-normal/arm64_32/OSCKit.LinkFileList (in target 'OSCKit' from project 'OSCKit')
    cd /Users/admin/builder/spi-builder-workspace
    write-file /Users/admin/builder/spi-builder-workspace/.derivedData/Build/Intermediates.noindex/OSCKit.build/Debug-watchos/OSCKit-t.build/Objects-normal/arm64_32/OSCKit.LinkFileList
WriteAuxiliaryFile /Users/admin/builder/spi-builder-workspace/.derivedData/Build/Intermediates.noindex/OSCKit.build/Debug-watchos/OSCKit-t.build/Objects-normal/arm64_32/OSCKit.SwiftConstValuesFileList (in target 'OSCKit' from project 'OSCKit')
    cd /Users/admin/builder/spi-builder-workspace
    write-file /Users/admin/builder/spi-builder-workspace/.derivedData/Build/Intermediates.noindex/OSCKit.build/Debug-watchos/OSCKit-t.build/Objects-normal/arm64_32/OSCKit.SwiftConstValuesFileList
WriteAuxiliaryFile /Users/admin/builder/spi-builder-workspace/.derivedData/Build/Intermediates.noindex/OSCKit.build/Debug-watchos/OSCKit-t.build/Objects-normal/arm64/OSCKit.SwiftFileList (in target 'OSCKit' from project 'OSCKit')
    cd /Users/admin/builder/spi-builder-workspace
    write-file /Users/admin/builder/spi-builder-workspace/.derivedData/Build/Intermediates.noindex/OSCKit.build/Debug-watchos/OSCKit-t.build/Objects-normal/arm64/OSCKit.SwiftFileList
WriteAuxiliaryFile /Users/admin/builder/spi-builder-workspace/.derivedData/Build/Intermediates.noindex/OSCKit.build/Debug-watchos/OSCKit-t.build/Objects-normal/arm64/OSCKit.SwiftConstValuesFileList (in target 'OSCKit' from project 'OSCKit')
    cd /Users/admin/builder/spi-builder-workspace
    write-file /Users/admin/builder/spi-builder-workspace/.derivedData/Build/Intermediates.noindex/OSCKit.build/Debug-watchos/OSCKit-t.build/Objects-normal/arm64/OSCKit.SwiftConstValuesFileList
WriteAuxiliaryFile /Users/admin/builder/spi-builder-workspace/.derivedData/Build/Intermediates.noindex/OSCKit.build/Debug-watchos/OSCKit-t.build/Objects-normal/arm64/OSCKit.LinkFileList (in target 'OSCKit' from project 'OSCKit')
    cd /Users/admin/builder/spi-builder-workspace
    write-file /Users/admin/builder/spi-builder-workspace/.derivedData/Build/Intermediates.noindex/OSCKit.build/Debug-watchos/OSCKit-t.build/Objects-normal/arm64/OSCKit.LinkFileList
WriteAuxiliaryFile /Users/admin/builder/spi-builder-workspace/.derivedData/Build/Intermediates.noindex/OSCKit.build/Debug-watchos/OSCKit-t.build/Objects-normal/arm64/OSCKit-OutputFileMap.json (in target 'OSCKit' from project 'OSCKit')
    cd /Users/admin/builder/spi-builder-workspace
    write-file /Users/admin/builder/spi-builder-workspace/.derivedData/Build/Intermediates.noindex/OSCKit.build/Debug-watchos/OSCKit-t.build/Objects-normal/arm64/OSCKit-OutputFileMap.json
WriteAuxiliaryFile /Users/admin/builder/spi-builder-workspace/.derivedData/Build/Intermediates.noindex/OSCKit.build/Debug-watchos/OSCKit-t.build/OSCKit.modulemap (in target 'OSCKit' from project 'OSCKit')
    cd /Users/admin/builder/spi-builder-workspace
    write-file /Users/admin/builder/spi-builder-workspace/.derivedData/Build/Intermediates.noindex/OSCKit.build/Debug-watchos/OSCKit-t.build/OSCKit.modulemap
WriteAuxiliaryFile /Users/admin/builder/spi-builder-workspace/.derivedData/Build/Intermediates.noindex/OSCKit.build/Debug-watchos/OSCKit-t.build/OSCKit.DependencyStaticMetadataFileList (in target 'OSCKit' from project 'OSCKit')
    cd /Users/admin/builder/spi-builder-workspace
    write-file /Users/admin/builder/spi-builder-workspace/.derivedData/Build/Intermediates.noindex/OSCKit.build/Debug-watchos/OSCKit-t.build/OSCKit.DependencyStaticMetadataFileList
WriteAuxiliaryFile /Users/admin/builder/spi-builder-workspace/.derivedData/Build/Intermediates.noindex/OSCKit.build/Debug-watchos/OSCKit-t.build/OSCKit.DependencyMetadataFileList (in target 'OSCKit' from project 'OSCKit')
    cd /Users/admin/builder/spi-builder-workspace
    write-file /Users/admin/builder/spi-builder-workspace/.derivedData/Build/Intermediates.noindex/OSCKit.build/Debug-watchos/OSCKit-t.build/OSCKit.DependencyMetadataFileList
WriteAuxiliaryFile /Users/admin/builder/spi-builder-workspace/.derivedData/Build/Intermediates.noindex/OSCKit.build/Debug-watchos/OSCKit-t.build/DerivedSources/resource_bundle_accessor.swift (in target 'OSCKit' from project 'OSCKit')
    cd /Users/admin/builder/spi-builder-workspace
    write-file /Users/admin/builder/spi-builder-workspace/.derivedData/Build/Intermediates.noindex/OSCKit.build/Debug-watchos/OSCKit-t.build/DerivedSources/resource_bundle_accessor.swift
WriteAuxiliaryFile /Users/admin/builder/spi-builder-workspace/.derivedData/Build/Intermediates.noindex/NetUtils.build/Debug-watchos/NetUtils-t.build/Objects-normal/arm64_32/NetUtils.SwiftFileList (in target 'NetUtils' from project 'NetUtils')
    cd /Users/admin/builder/spi-builder-workspace/.dependencies/checkouts/swift-netutils
    write-file /Users/admin/builder/spi-builder-workspace/.derivedData/Build/Intermediates.noindex/NetUtils.build/Debug-watchos/NetUtils-t.build/Objects-normal/arm64_32/NetUtils.SwiftFileList
WriteAuxiliaryFile /Users/admin/builder/spi-builder-workspace/.derivedData/Build/Intermediates.noindex/NetUtils.build/Debug-watchos/NetUtils-t.build/Objects-normal/arm64_32/NetUtils.SwiftConstValuesFileList (in target 'NetUtils' from project 'NetUtils')
    cd /Users/admin/builder/spi-builder-workspace/.dependencies/checkouts/swift-netutils
    write-file /Users/admin/builder/spi-builder-workspace/.derivedData/Build/Intermediates.noindex/NetUtils.build/Debug-watchos/NetUtils-t.build/Objects-normal/arm64_32/NetUtils.SwiftConstValuesFileList
WriteAuxiliaryFile /Users/admin/builder/spi-builder-workspace/.derivedData/Build/Intermediates.noindex/NetUtils.build/Debug-watchos/NetUtils-t.build/Objects-normal/arm64_32/NetUtils_const_extract_protocols.json (in target 'NetUtils' from project 'NetUtils')
    cd /Users/admin/builder/spi-builder-workspace/.dependencies/checkouts/swift-netutils
    write-file /Users/admin/builder/spi-builder-workspace/.derivedData/Build/Intermediates.noindex/NetUtils.build/Debug-watchos/NetUtils-t.build/Objects-normal/arm64_32/NetUtils_const_extract_protocols.json
WriteAuxiliaryFile /Users/admin/builder/spi-builder-workspace/.derivedData/Build/Intermediates.noindex/NetUtils.build/Debug-watchos/NetUtils-t.build/Objects-normal/arm64_32/NetUtils-OutputFileMap.json (in target 'NetUtils' from project 'NetUtils')
    cd /Users/admin/builder/spi-builder-workspace/.dependencies/checkouts/swift-netutils
    write-file /Users/admin/builder/spi-builder-workspace/.derivedData/Build/Intermediates.noindex/NetUtils.build/Debug-watchos/NetUtils-t.build/Objects-normal/arm64_32/NetUtils-OutputFileMap.json
WriteAuxiliaryFile /Users/admin/builder/spi-builder-workspace/.derivedData/Build/Intermediates.noindex/NetUtils.build/Debug-watchos/NetUtils-t.build/Objects-normal/arm64_32/NetUtils.LinkFileList (in target 'NetUtils' from project 'NetUtils')
    cd /Users/admin/builder/spi-builder-workspace/.dependencies/checkouts/swift-netutils
    write-file /Users/admin/builder/spi-builder-workspace/.derivedData/Build/Intermediates.noindex/NetUtils.build/Debug-watchos/NetUtils-t.build/Objects-normal/arm64_32/NetUtils.LinkFileList
WriteAuxiliaryFile /Users/admin/builder/spi-builder-workspace/.derivedData/Build/Intermediates.noindex/NetUtils.build/Debug-watchos/NetUtils-t.build/Objects-normal/arm64/NetUtils_const_extract_protocols.json (in target 'NetUtils' from project 'NetUtils')
    cd /Users/admin/builder/spi-builder-workspace/.dependencies/checkouts/swift-netutils
    write-file /Users/admin/builder/spi-builder-workspace/.derivedData/Build/Intermediates.noindex/NetUtils.build/Debug-watchos/NetUtils-t.build/Objects-normal/arm64/NetUtils_const_extract_protocols.json
Copy /Users/admin/builder/spi-builder-workspace/.derivedData/Build/Intermediates.noindex/GeneratedModuleMaps-watchos/OSCKit.modulemap /Users/admin/builder/spi-builder-workspace/.derivedData/Build/Intermediates.noindex/OSCKit.build/Debug-watchos/OSCKit-t.build/OSCKit.modulemap (in target 'OSCKit' from project 'OSCKit')
    cd /Users/admin/builder/spi-builder-workspace
    builtin-copy -exclude .DS_Store -exclude CVS -exclude .svn -exclude .git -exclude .hg -resolve-src-symlinks /Users/admin/builder/spi-builder-workspace/.derivedData/Build/Intermediates.noindex/OSCKit.build/Debug-watchos/OSCKit-t.build/OSCKit.modulemap /Users/admin/builder/spi-builder-workspace/.derivedData/Build/Intermediates.noindex/GeneratedModuleMaps-watchos
WriteAuxiliaryFile /Users/admin/builder/spi-builder-workspace/.derivedData/Build/Intermediates.noindex/NetUtils.build/Debug-watchos/NetUtils-t.build/Objects-normal/arm64/NetUtils.SwiftFileList (in target 'NetUtils' from project 'NetUtils')
    cd /Users/admin/builder/spi-builder-workspace/.dependencies/checkouts/swift-netutils
    write-file /Users/admin/builder/spi-builder-workspace/.derivedData/Build/Intermediates.noindex/NetUtils.build/Debug-watchos/NetUtils-t.build/Objects-normal/arm64/NetUtils.SwiftFileList
WriteAuxiliaryFile /Users/admin/builder/spi-builder-workspace/.derivedData/Build/Intermediates.noindex/NetUtils.build/Debug-watchos/NetUtils-t.build/Objects-normal/arm64/NetUtils.SwiftConstValuesFileList (in target 'NetUtils' from project 'NetUtils')
    cd /Users/admin/builder/spi-builder-workspace/.dependencies/checkouts/swift-netutils
    write-file /Users/admin/builder/spi-builder-workspace/.derivedData/Build/Intermediates.noindex/NetUtils.build/Debug-watchos/NetUtils-t.build/Objects-normal/arm64/NetUtils.SwiftConstValuesFileList
WriteAuxiliaryFile /Users/admin/builder/spi-builder-workspace/.derivedData/Build/Intermediates.noindex/NetUtils.build/Debug-watchos/NetUtils-t.build/Objects-normal/arm64/NetUtils.LinkFileList (in target 'NetUtils' from project 'NetUtils')
    cd /Users/admin/builder/spi-builder-workspace/.dependencies/checkouts/swift-netutils
    write-file /Users/admin/builder/spi-builder-workspace/.derivedData/Build/Intermediates.noindex/NetUtils.build/Debug-watchos/NetUtils-t.build/Objects-normal/arm64/NetUtils.LinkFileList
WriteAuxiliaryFile /Users/admin/builder/spi-builder-workspace/.derivedData/Build/Intermediates.noindex/NetUtils.build/Debug-watchos/NetUtils-t.build/Objects-normal/arm64/NetUtils-OutputFileMap.json (in target 'NetUtils' from project 'NetUtils')
    cd /Users/admin/builder/spi-builder-workspace/.dependencies/checkouts/swift-netutils
    write-file /Users/admin/builder/spi-builder-workspace/.derivedData/Build/Intermediates.noindex/NetUtils.build/Debug-watchos/NetUtils-t.build/Objects-normal/arm64/NetUtils-OutputFileMap.json
WriteAuxiliaryFile /Users/admin/builder/spi-builder-workspace/.derivedData/Build/Intermediates.noindex/NetUtils.build/Debug-watchos/NetUtils-t.build/NetUtils.modulemap (in target 'NetUtils' from project 'NetUtils')
    cd /Users/admin/builder/spi-builder-workspace/.dependencies/checkouts/swift-netutils
    write-file /Users/admin/builder/spi-builder-workspace/.derivedData/Build/Intermediates.noindex/NetUtils.build/Debug-watchos/NetUtils-t.build/NetUtils.modulemap
WriteAuxiliaryFile /Users/admin/builder/spi-builder-workspace/.derivedData/Build/Intermediates.noindex/NetUtils.build/Debug-watchos/NetUtils-t.build/NetUtils.DependencyStaticMetadataFileList (in target 'NetUtils' from project 'NetUtils')
    cd /Users/admin/builder/spi-builder-workspace/.dependencies/checkouts/swift-netutils
    write-file /Users/admin/builder/spi-builder-workspace/.derivedData/Build/Intermediates.noindex/NetUtils.build/Debug-watchos/NetUtils-t.build/NetUtils.DependencyStaticMetadataFileList
WriteAuxiliaryFile /Users/admin/builder/spi-builder-workspace/.derivedData/Build/Intermediates.noindex/NetUtils.build/Debug-watchos/NetUtils-t.build/NetUtils.DependencyMetadataFileList (in target 'NetUtils' from project 'NetUtils')
    cd /Users/admin/builder/spi-builder-workspace/.dependencies/checkouts/swift-netutils
    write-file /Users/admin/builder/spi-builder-workspace/.derivedData/Build/Intermediates.noindex/NetUtils.build/Debug-watchos/NetUtils-t.build/NetUtils.DependencyMetadataFileList
WriteAuxiliaryFile /Users/admin/builder/spi-builder-workspace/.derivedData/Build/Intermediates.noindex/CoreOSC.build/Debug-watchos/CoreOSC_CoreOSC-b.build/empty-CoreOSC_CoreOSC.plist (in target 'CoreOSC_CoreOSC' from project 'CoreOSC')
    cd /Users/admin/builder/spi-builder-workspace/.dependencies/checkouts/CoreOSC
    write-file /Users/admin/builder/spi-builder-workspace/.derivedData/Build/Intermediates.noindex/CoreOSC.build/Debug-watchos/CoreOSC_CoreOSC-b.build/empty-CoreOSC_CoreOSC.plist
WriteAuxiliaryFile /Users/admin/builder/spi-builder-workspace/.derivedData/Build/Intermediates.noindex/CoreOSC.build/Debug-watchos/CoreOSC_CoreOSC-b.build/CoreOSC_CoreOSC.DependencyStaticMetadataFileList (in target 'CoreOSC_CoreOSC' from project 'CoreOSC')
    cd /Users/admin/builder/spi-builder-workspace/.dependencies/checkouts/CoreOSC
    write-file /Users/admin/builder/spi-builder-workspace/.derivedData/Build/Intermediates.noindex/CoreOSC.build/Debug-watchos/CoreOSC_CoreOSC-b.build/CoreOSC_CoreOSC.DependencyStaticMetadataFileList
WriteAuxiliaryFile /Users/admin/builder/spi-builder-workspace/.derivedData/Build/Intermediates.noindex/CoreOSC.build/Debug-watchos/CoreOSC_CoreOSC-b.build/CoreOSC_CoreOSC.DependencyMetadataFileList (in target 'CoreOSC_CoreOSC' from project 'CoreOSC')
    cd /Users/admin/builder/spi-builder-workspace/.dependencies/checkouts/CoreOSC
    write-file /Users/admin/builder/spi-builder-workspace/.derivedData/Build/Intermediates.noindex/CoreOSC.build/Debug-watchos/CoreOSC_CoreOSC-b.build/CoreOSC_CoreOSC.DependencyMetadataFileList
WriteAuxiliaryFile /Users/admin/builder/spi-builder-workspace/.derivedData/Build/Intermediates.noindex/CoreOSC.build/Debug-watchos/CoreOSC-t.build/Objects-normal/arm64_32/CoreOSC_const_extract_protocols.json (in target 'CoreOSC' from project 'CoreOSC')
    cd /Users/admin/builder/spi-builder-workspace/.dependencies/checkouts/CoreOSC
    write-file /Users/admin/builder/spi-builder-workspace/.derivedData/Build/Intermediates.noindex/CoreOSC.build/Debug-watchos/CoreOSC-t.build/Objects-normal/arm64_32/CoreOSC_const_extract_protocols.json
WriteAuxiliaryFile /Users/admin/builder/spi-builder-workspace/.derivedData/Build/Intermediates.noindex/CoreOSC.build/Debug-watchos/CoreOSC-t.build/Objects-normal/arm64_32/CoreOSC.SwiftFileList (in target 'CoreOSC' from project 'CoreOSC')
    cd /Users/admin/builder/spi-builder-workspace/.dependencies/checkouts/CoreOSC
    write-file /Users/admin/builder/spi-builder-workspace/.derivedData/Build/Intermediates.noindex/CoreOSC.build/Debug-watchos/CoreOSC-t.build/Objects-normal/arm64_32/CoreOSC.SwiftFileList
WriteAuxiliaryFile /Users/admin/builder/spi-builder-workspace/.derivedData/Build/Intermediates.noindex/CoreOSC.build/Debug-watchos/CoreOSC-t.build/Objects-normal/arm64_32/CoreOSC.SwiftConstValuesFileList (in target 'CoreOSC' from project 'CoreOSC')
    cd /Users/admin/builder/spi-builder-workspace/.dependencies/checkouts/CoreOSC
    write-file /Users/admin/builder/spi-builder-workspace/.derivedData/Build/Intermediates.noindex/CoreOSC.build/Debug-watchos/CoreOSC-t.build/Objects-normal/arm64_32/CoreOSC.SwiftConstValuesFileList
Copy /Users/admin/builder/spi-builder-workspace/.derivedData/Build/Intermediates.noindex/GeneratedModuleMaps-watchos/NetUtils.modulemap /Users/admin/builder/spi-builder-workspace/.derivedData/Build/Intermediates.noindex/NetUtils.build/Debug-watchos/NetUtils-t.build/NetUtils.modulemap (in target 'NetUtils' from project 'NetUtils')
    cd /Users/admin/builder/spi-builder-workspace/.dependencies/checkouts/swift-netutils
    builtin-copy -exclude .DS_Store -exclude CVS -exclude .svn -exclude .git -exclude .hg -resolve-src-symlinks /Users/admin/builder/spi-builder-workspace/.derivedData/Build/Intermediates.noindex/NetUtils.build/Debug-watchos/NetUtils-t.build/NetUtils.modulemap /Users/admin/builder/spi-builder-workspace/.derivedData/Build/Intermediates.noindex/GeneratedModuleMaps-watchos
WriteAuxiliaryFile /Users/admin/builder/spi-builder-workspace/.derivedData/Build/Intermediates.noindex/CoreOSC.build/Debug-watchos/CoreOSC-t.build/Objects-normal/arm64_32/CoreOSC.LinkFileList (in target 'CoreOSC' from project 'CoreOSC')
    cd /Users/admin/builder/spi-builder-workspace/.dependencies/checkouts/CoreOSC
    write-file /Users/admin/builder/spi-builder-workspace/.derivedData/Build/Intermediates.noindex/CoreOSC.build/Debug-watchos/CoreOSC-t.build/Objects-normal/arm64_32/CoreOSC.LinkFileList
WriteAuxiliaryFile /Users/admin/builder/spi-builder-workspace/.derivedData/Build/Intermediates.noindex/CoreOSC.build/Debug-watchos/CoreOSC-t.build/Objects-normal/arm64_32/CoreOSC-OutputFileMap.json (in target 'CoreOSC' from project 'CoreOSC')
    cd /Users/admin/builder/spi-builder-workspace/.dependencies/checkouts/CoreOSC
    write-file /Users/admin/builder/spi-builder-workspace/.derivedData/Build/Intermediates.noindex/CoreOSC.build/Debug-watchos/CoreOSC-t.build/Objects-normal/arm64_32/CoreOSC-OutputFileMap.json
WriteAuxiliaryFile /Users/admin/builder/spi-builder-workspace/.derivedData/Build/Intermediates.noindex/CoreOSC.build/Debug-watchos/CoreOSC-t.build/Objects-normal/arm64/CoreOSC_const_extract_protocols.json (in target 'CoreOSC' from project 'CoreOSC')
    cd /Users/admin/builder/spi-builder-workspace/.dependencies/checkouts/CoreOSC
    write-file /Users/admin/builder/spi-builder-workspace/.derivedData/Build/Intermediates.noindex/CoreOSC.build/Debug-watchos/CoreOSC-t.build/Objects-normal/arm64/CoreOSC_const_extract_protocols.json
WriteAuxiliaryFile /Users/admin/builder/spi-builder-workspace/.derivedData/Build/Intermediates.noindex/CoreOSC.build/Debug-watchos/CoreOSC-t.build/Objects-normal/arm64/CoreOSC.SwiftFileList (in target 'CoreOSC' from project 'CoreOSC')
    cd /Users/admin/builder/spi-builder-workspace/.dependencies/checkouts/CoreOSC
    write-file /Users/admin/builder/spi-builder-workspace/.derivedData/Build/Intermediates.noindex/CoreOSC.build/Debug-watchos/CoreOSC-t.build/Objects-normal/arm64/CoreOSC.SwiftFileList
WriteAuxiliaryFile /Users/admin/builder/spi-builder-workspace/.derivedData/Build/Intermediates.noindex/CoreOSC.build/Debug-watchos/CoreOSC-t.build/Objects-normal/arm64/CoreOSC.SwiftConstValuesFileList (in target 'CoreOSC' from project 'CoreOSC')
    cd /Users/admin/builder/spi-builder-workspace/.dependencies/checkouts/CoreOSC
    write-file /Users/admin/builder/spi-builder-workspace/.derivedData/Build/Intermediates.noindex/CoreOSC.build/Debug-watchos/CoreOSC-t.build/Objects-normal/arm64/CoreOSC.SwiftConstValuesFileList
WriteAuxiliaryFile /Users/admin/builder/spi-builder-workspace/.derivedData/Build/Intermediates.noindex/CoreOSC.build/Debug-watchos/CoreOSC-t.build/Objects-normal/arm64/CoreOSC.LinkFileList (in target 'CoreOSC' from project 'CoreOSC')
    cd /Users/admin/builder/spi-builder-workspace/.dependencies/checkouts/CoreOSC
    write-file /Users/admin/builder/spi-builder-workspace/.derivedData/Build/Intermediates.noindex/CoreOSC.build/Debug-watchos/CoreOSC-t.build/Objects-normal/arm64/CoreOSC.LinkFileList
WriteAuxiliaryFile /Users/admin/builder/spi-builder-workspace/.derivedData/Build/Intermediates.noindex/CoreOSC.build/Debug-watchos/CoreOSC-t.build/Objects-normal/arm64/CoreOSC-OutputFileMap.json (in target 'CoreOSC' from project 'CoreOSC')
    cd /Users/admin/builder/spi-builder-workspace/.dependencies/checkouts/CoreOSC
    write-file /Users/admin/builder/spi-builder-workspace/.derivedData/Build/Intermediates.noindex/CoreOSC.build/Debug-watchos/CoreOSC-t.build/Objects-normal/arm64/CoreOSC-OutputFileMap.json
WriteAuxiliaryFile /Users/admin/builder/spi-builder-workspace/.derivedData/Build/Intermediates.noindex/CoreOSC.build/Debug-watchos/CoreOSC-t.build/DerivedSources/resource_bundle_accessor.swift (in target 'CoreOSC' from project 'CoreOSC')
    cd /Users/admin/builder/spi-builder-workspace/.dependencies/checkouts/CoreOSC
    write-file /Users/admin/builder/spi-builder-workspace/.derivedData/Build/Intermediates.noindex/CoreOSC.build/Debug-watchos/CoreOSC-t.build/DerivedSources/resource_bundle_accessor.swift
WriteAuxiliaryFile /Users/admin/builder/spi-builder-workspace/.derivedData/Build/Intermediates.noindex/CoreOSC.build/Debug-watchos/CoreOSC-t.build/CoreOSC.modulemap (in target 'CoreOSC' from project 'CoreOSC')
    cd /Users/admin/builder/spi-builder-workspace/.dependencies/checkouts/CoreOSC
    write-file /Users/admin/builder/spi-builder-workspace/.derivedData/Build/Intermediates.noindex/CoreOSC.build/Debug-watchos/CoreOSC-t.build/CoreOSC.modulemap
WriteAuxiliaryFile /Users/admin/builder/spi-builder-workspace/.derivedData/Build/Intermediates.noindex/CoreOSC.build/Debug-watchos/CoreOSC-t.build/CoreOSC.DependencyStaticMetadataFileList (in target 'CoreOSC' from project 'CoreOSC')
    cd /Users/admin/builder/spi-builder-workspace/.dependencies/checkouts/CoreOSC
    write-file /Users/admin/builder/spi-builder-workspace/.derivedData/Build/Intermediates.noindex/CoreOSC.build/Debug-watchos/CoreOSC-t.build/CoreOSC.DependencyStaticMetadataFileList
WriteAuxiliaryFile /Users/admin/builder/spi-builder-workspace/.derivedData/Build/Intermediates.noindex/CoreOSC.build/Debug-watchos/CoreOSC-t.build/CoreOSC.DependencyMetadataFileList (in target 'CoreOSC' from project 'CoreOSC')
    cd /Users/admin/builder/spi-builder-workspace/.dependencies/checkouts/CoreOSC
    write-file /Users/admin/builder/spi-builder-workspace/.derivedData/Build/Intermediates.noindex/CoreOSC.build/Debug-watchos/CoreOSC-t.build/CoreOSC.DependencyMetadataFileList
WriteAuxiliaryFile /Users/admin/builder/spi-builder-workspace/.derivedData/Build/Intermediates.noindex/CocoaAsyncSocket.build/Debug-watchos/CocoaAsyncSocket-t.build/Objects-normal/arm64_32/e6072d4f65d7061329687fe24e3d63a7-common-args.resp (in target 'CocoaAsyncSocket' from project 'CocoaAsyncSocket')
    cd /Users/admin/builder/spi-builder-workspace/.dependencies/checkouts/CocoaAsyncSocket
    write-file /Users/admin/builder/spi-builder-workspace/.derivedData/Build/Intermediates.noindex/CocoaAsyncSocket.build/Debug-watchos/CocoaAsyncSocket-t.build/Objects-normal/arm64_32/e6072d4f65d7061329687fe24e3d63a7-common-args.resp
-fobjc-arc -fmodules -gmodules '-fmodules-cache-path=/Users/admin/builder/spi-builder-workspace/.derivedData/ModuleCache.noindex' '-fmodule-name=CocoaAsyncSocket' -fpascal-strings -O0 -DSWIFT_PACKAGE '-DDEBUG=1' '-DOBJC_OLD_DISPATCH_PROTOTYPES=1' -g -fprofile-instr-generate -fcoverage-mapping -I/Users/admin/builder/spi-builder-workspace/.derivedData/Build/Products/Debug-watchos/include -I/Users/admin/builder/spi-builder-workspace/.dependencies/checkouts/CocoaAsyncSocket/Source/GCD -I/Users/admin/builder/spi-builder-workspace/.derivedData/Build/Intermediates.noindex/CocoaAsyncSocket.build/Debug-watchos/CocoaAsyncSocket-t.build/DerivedSources-normal/arm64_32 -I/Users/admin/builder/spi-builder-workspace/.derivedData/Build/Intermediates.noindex/CocoaAsyncSocket.build/Debug-watchos/CocoaAsyncSocket-t.build/DerivedSources/arm64_32 -I/Users/admin/builder/spi-builder-workspace/.derivedData/Build/Intermediates.noindex/CocoaAsyncSocket.build/Debug-watchos/CocoaAsyncSocket-t.build/DerivedSources -F/Users/admin/builder/spi-builder-workspace/.derivedData/Build/Products/Debug-watchos -iframework /Applications/Xcode-27.0.0-Release.Candidate.app/Contents/Developer/Platforms/WatchOS.platform/Developer/Library/Frameworks -iframework /Applications/Xcode-27.0.0-Release.Candidate.app/Contents/Developer/Platforms/WatchOS.platform/Developer/SDKs/WatchOS27.0.sdk/Developer/Library/Frameworks -DXcode
WriteAuxiliaryFile /Users/admin/builder/spi-builder-workspace/.derivedData/Build/Intermediates.noindex/CocoaAsyncSocket.build/Debug-watchos/CocoaAsyncSocket-t.build/Objects-normal/arm64_32/CocoaAsyncSocket.LinkFileList (in target 'CocoaAsyncSocket' from project 'CocoaAsyncSocket')
    cd /Users/admin/builder/spi-builder-workspace/.dependencies/checkouts/CocoaAsyncSocket
    write-file /Users/admin/builder/spi-builder-workspace/.derivedData/Build/Intermediates.noindex/CocoaAsyncSocket.build/Debug-watchos/CocoaAsyncSocket-t.build/Objects-normal/arm64_32/CocoaAsyncSocket.LinkFileList
WriteAuxiliaryFile /Users/admin/builder/spi-builder-workspace/.derivedData/Build/Intermediates.noindex/CocoaAsyncSocket.build/Debug-watchos/CocoaAsyncSocket-t.build/Objects-normal/arm64/e6072d4f65d7061329687fe24e3d63a7-common-args.resp (in target 'CocoaAsyncSocket' from project 'CocoaAsyncSocket')
    cd /Users/admin/builder/spi-builder-workspace/.dependencies/checkouts/CocoaAsyncSocket
    write-file /Users/admin/builder/spi-builder-workspace/.derivedData/Build/Intermediates.noindex/CocoaAsyncSocket.build/Debug-watchos/CocoaAsyncSocket-t.build/Objects-normal/arm64/e6072d4f65d7061329687fe24e3d63a7-common-args.resp
-fobjc-arc -fmodules -gmodules '-fmodules-cache-path=/Users/admin/builder/spi-builder-workspace/.derivedData/ModuleCache.noindex' '-fmodule-name=CocoaAsyncSocket' -fpascal-strings -O0 -DSWIFT_PACKAGE '-DDEBUG=1' '-DOBJC_OLD_DISPATCH_PROTOTYPES=1' -g -fprofile-instr-generate -fcoverage-mapping -I/Users/admin/builder/spi-builder-workspace/.derivedData/Build/Products/Debug-watchos/include -I/Users/admin/builder/spi-builder-workspace/.dependencies/checkouts/CocoaAsyncSocket/Source/GCD -I/Users/admin/builder/spi-builder-workspace/.derivedData/Build/Intermediates.noindex/CocoaAsyncSocket.build/Debug-watchos/CocoaAsyncSocket-t.build/DerivedSources-normal/arm64 -I/Users/admin/builder/spi-builder-workspace/.derivedData/Build/Intermediates.noindex/CocoaAsyncSocket.build/Debug-watchos/CocoaAsyncSocket-t.build/DerivedSources/arm64 -I/Users/admin/builder/spi-builder-workspace/.derivedData/Build/Intermediates.noindex/CocoaAsyncSocket.build/Debug-watchos/CocoaAsyncSocket-t.build/DerivedSources -F/Users/admin/builder/spi-builder-workspace/.derivedData/Build/Products/Debug-watchos -iframework /Applications/Xcode-27.0.0-Release.Candidate.app/Contents/Developer/Platforms/WatchOS.platform/Developer/Library/Frameworks -iframework /Applications/Xcode-27.0.0-Release.Candidate.app/Contents/Developer/Platforms/WatchOS.platform/Developer/SDKs/WatchOS27.0.sdk/Developer/Library/Frameworks -DXcode
WriteAuxiliaryFile /Users/admin/builder/spi-builder-workspace/.derivedData/Build/Intermediates.noindex/CocoaAsyncSocket.build/Debug-watchos/CocoaAsyncSocket-t.build/Objects-normal/arm64/CocoaAsyncSocket.LinkFileList (in target 'CocoaAsyncSocket' from project 'CocoaAsyncSocket')
    cd /Users/admin/builder/spi-builder-workspace/.dependencies/checkouts/CocoaAsyncSocket
    write-file /Users/admin/builder/spi-builder-workspace/.derivedData/Build/Intermediates.noindex/CocoaAsyncSocket.build/Debug-watchos/CocoaAsyncSocket-t.build/Objects-normal/arm64/CocoaAsyncSocket.LinkFileList
WriteAuxiliaryFile /Users/admin/builder/spi-builder-workspace/.derivedData/Build/Intermediates.noindex/CocoaAsyncSocket.build/Debug-watchos/CocoaAsyncSocket-t.build/CocoaAsyncSocket.modulemap (in target 'CocoaAsyncSocket' from project 'CocoaAsyncSocket')
    cd /Users/admin/builder/spi-builder-workspace/.dependencies/checkouts/CocoaAsyncSocket
    write-file /Users/admin/builder/spi-builder-workspace/.derivedData/Build/Intermediates.noindex/CocoaAsyncSocket.build/Debug-watchos/CocoaAsyncSocket-t.build/CocoaAsyncSocket.modulemap
WriteAuxiliaryFile /Users/admin/builder/spi-builder-workspace/.derivedData/Build/Intermediates.noindex/CocoaAsyncSocket.build/Debug-watchos/CocoaAsyncSocket-t.build/CocoaAsyncSocket.DependencyStaticMetadataFileList (in target 'CocoaAsyncSocket' from project 'CocoaAsyncSocket')
    cd /Users/admin/builder/spi-builder-workspace/.dependencies/checkouts/CocoaAsyncSocket
    write-file /Users/admin/builder/spi-builder-workspace/.derivedData/Build/Intermediates.noindex/CocoaAsyncSocket.build/Debug-watchos/CocoaAsyncSocket-t.build/CocoaAsyncSocket.DependencyStaticMetadataFileList
WriteAuxiliaryFile /Users/admin/builder/spi-builder-workspace/.derivedData/Build/Intermediates.noindex/CocoaAsyncSocket.build/Debug-watchos/CocoaAsyncSocket-t.build/CocoaAsyncSocket.DependencyMetadataFileList (in target 'CocoaAsyncSocket' from project 'CocoaAsyncSocket')
    cd /Users/admin/builder/spi-builder-workspace/.dependencies/checkouts/CocoaAsyncSocket
    write-file /Users/admin/builder/spi-builder-workspace/.derivedData/Build/Intermediates.noindex/CocoaAsyncSocket.build/Debug-watchos/CocoaAsyncSocket-t.build/CocoaAsyncSocket.DependencyMetadataFileList
MkDir /Users/admin/builder/spi-builder-workspace/.derivedData/Build/Products/Debug-watchos/OSCKit_OSCKit.bundle (in target 'OSCKit_OSCKit' from project 'OSCKit')
    cd /Users/admin/builder/spi-builder-workspace
    /bin/mkdir -p /Users/admin/builder/spi-builder-workspace/.derivedData/Build/Products/Debug-watchos/OSCKit_OSCKit.bundle
Copy /Users/admin/builder/spi-builder-workspace/.derivedData/Build/Intermediates.noindex/GeneratedModuleMaps-watchos/CoreOSC.modulemap /Users/admin/builder/spi-builder-workspace/.derivedData/Build/Intermediates.noindex/CoreOSC.build/Debug-watchos/CoreOSC-t.build/CoreOSC.modulemap (in target 'CoreOSC' from project 'CoreOSC')
    cd /Users/admin/builder/spi-builder-workspace/.dependencies/checkouts/CoreOSC
    builtin-copy -exclude .DS_Store -exclude CVS -exclude .svn -exclude .git -exclude .hg -resolve-src-symlinks /Users/admin/builder/spi-builder-workspace/.derivedData/Build/Intermediates.noindex/CoreOSC.build/Debug-watchos/CoreOSC-t.build/CoreOSC.modulemap /Users/admin/builder/spi-builder-workspace/.derivedData/Build/Intermediates.noindex/GeneratedModuleMaps-watchos
MkDir /Users/admin/builder/spi-builder-workspace/.derivedData/Build/Products/Debug-watchos/CoreOSC_CoreOSC.bundle (in target 'CoreOSC_CoreOSC' from project 'CoreOSC')
    cd /Users/admin/builder/spi-builder-workspace/.dependencies/checkouts/CoreOSC
    /bin/mkdir -p /Users/admin/builder/spi-builder-workspace/.derivedData/Build/Products/Debug-watchos/CoreOSC_CoreOSC.bundle
Copy /Users/admin/builder/spi-builder-workspace/.derivedData/Build/Intermediates.noindex/GeneratedModuleMaps-watchos/CocoaAsyncSocket.modulemap /Users/admin/builder/spi-builder-workspace/.derivedData/Build/Intermediates.noindex/CocoaAsyncSocket.build/Debug-watchos/CocoaAsyncSocket-t.build/CocoaAsyncSocket.modulemap (in target 'CocoaAsyncSocket' from project 'CocoaAsyncSocket')
    cd /Users/admin/builder/spi-builder-workspace/.dependencies/checkouts/CocoaAsyncSocket
    builtin-copy -exclude .DS_Store -exclude CVS -exclude .svn -exclude .git -exclude .hg -resolve-src-symlinks /Users/admin/builder/spi-builder-workspace/.derivedData/Build/Intermediates.noindex/CocoaAsyncSocket.build/Debug-watchos/CocoaAsyncSocket-t.build/CocoaAsyncSocket.modulemap /Users/admin/builder/spi-builder-workspace/.derivedData/Build/Intermediates.noindex/GeneratedModuleMaps-watchos
CreateBuildDirectory /Users/admin/builder/spi-builder-workspace/.derivedData/Build/Products/Debug-watchos/PackageFrameworks
    cd /Users/admin/builder/spi-builder-workspace/.swiftpm/xcode
    builtin-create-build-directory /Users/admin/builder/spi-builder-workspace/.derivedData/Build/Products/Debug-watchos/PackageFrameworks
ProcessInfoPlistFile /Users/admin/builder/spi-builder-workspace/.derivedData/Build/Products/Debug-watchos/OSCKit_OSCKit.bundle/Info.plist /Users/admin/builder/spi-builder-workspace/.derivedData/Build/Intermediates.noindex/OSCKit.build/Debug-watchos/OSCKit_OSCKit-b.build/empty-OSCKit_OSCKit.plist (in target 'OSCKit_OSCKit' from project 'OSCKit')
    cd /Users/admin/builder/spi-builder-workspace
    builtin-infoPlistUtility /Users/admin/builder/spi-builder-workspace/.derivedData/Build/Intermediates.noindex/OSCKit.build/Debug-watchos/OSCKit_OSCKit-b.build/empty-OSCKit_OSCKit.plist -producttype com.apple.product-type.bundle -expandbuildsettings -format binary -platform watchos -o /Users/admin/builder/spi-builder-workspace/.derivedData/Build/Products/Debug-watchos/OSCKit_OSCKit.bundle/Info.plist
CpResource /Users/admin/builder/spi-builder-workspace/.derivedData/Build/Products/Debug-watchos/OSCKit_OSCKit.bundle/LICENSE.md /Users/admin/builder/spi-builder-workspace/Sources/OSCKit/LICENSE.md (in target 'OSCKit_OSCKit' from project 'OSCKit')
    cd /Users/admin/builder/spi-builder-workspace
    builtin-copy -exclude .DS_Store -exclude CVS -exclude .svn -exclude .git -exclude .hg -resolve-src-symlinks /Users/admin/builder/spi-builder-workspace/Sources/OSCKit/LICENSE.md /Users/admin/builder/spi-builder-workspace/.derivedData/Build/Products/Debug-watchos/OSCKit_OSCKit.bundle
ProcessInfoPlistFile /Users/admin/builder/spi-builder-workspace/.derivedData/Build/Products/Debug-watchos/CoreOSC_CoreOSC.bundle/Info.plist /Users/admin/builder/spi-builder-workspace/.derivedData/Build/Intermediates.noindex/CoreOSC.build/Debug-watchos/CoreOSC_CoreOSC-b.build/empty-CoreOSC_CoreOSC.plist (in target 'CoreOSC_CoreOSC' from project 'CoreOSC')
    cd /Users/admin/builder/spi-builder-workspace/.dependencies/checkouts/CoreOSC
    builtin-infoPlistUtility /Users/admin/builder/spi-builder-workspace/.derivedData/Build/Intermediates.noindex/CoreOSC.build/Debug-watchos/CoreOSC_CoreOSC-b.build/empty-CoreOSC_CoreOSC.plist -producttype com.apple.product-type.bundle -expandbuildsettings -format binary -platform watchos -o /Users/admin/builder/spi-builder-workspace/.derivedData/Build/Products/Debug-watchos/CoreOSC_CoreOSC.bundle/Info.plist
CpResource /Users/admin/builder/spi-builder-workspace/.derivedData/Build/Products/Debug-watchos/CoreOSC_CoreOSC.bundle/PrivacyInfo.xcprivacy /Users/admin/builder/spi-builder-workspace/.dependencies/checkouts/CoreOSC/Sources/CoreOSC/PrivacyInfo.xcprivacy (in target 'CoreOSC_CoreOSC' from project 'CoreOSC')
    cd /Users/admin/builder/spi-builder-workspace/.dependencies/checkouts/CoreOSC
    builtin-copy -exclude .DS_Store -exclude CVS -exclude .svn -exclude .git -exclude .hg -resolve-src-symlinks /Users/admin/builder/spi-builder-workspace/.dependencies/checkouts/CoreOSC/Sources/CoreOSC/PrivacyInfo.xcprivacy /Users/admin/builder/spi-builder-workspace/.derivedData/Build/Products/Debug-watchos/CoreOSC_CoreOSC.bundle
CpResource /Users/admin/builder/spi-builder-workspace/.derivedData/Build/Products/Debug-watchos/CoreOSC_CoreOSC.bundle/en.lproj/Localizable.strings /Users/admin/builder/spi-builder-workspace/.dependencies/checkouts/CoreOSC/Sources/CoreOSC/en.lproj/Localizable.strings (in target 'CoreOSC_CoreOSC' from project 'CoreOSC')
    cd /Users/admin/builder/spi-builder-workspace/.dependencies/checkouts/CoreOSC
    builtin-copy -exclude .DS_Store -exclude CVS -exclude .svn -exclude .git -exclude .hg -resolve-src-symlinks /Users/admin/builder/spi-builder-workspace/.dependencies/checkouts/CoreOSC/Sources/CoreOSC/en.lproj/Localizable.strings /Users/admin/builder/spi-builder-workspace/.derivedData/Build/Products/Debug-watchos/CoreOSC_CoreOSC.bundle/en.lproj
CpResource /Users/admin/builder/spi-builder-workspace/.derivedData/Build/Products/Debug-watchos/CoreOSC_CoreOSC.bundle/LICENSE.md /Users/admin/builder/spi-builder-workspace/.dependencies/checkouts/CoreOSC/Sources/CoreOSC/LICENSE.md (in target 'CoreOSC_CoreOSC' from project 'CoreOSC')
    cd /Users/admin/builder/spi-builder-workspace/.dependencies/checkouts/CoreOSC
    builtin-copy -exclude .DS_Store -exclude CVS -exclude .svn -exclude .git -exclude .hg -resolve-src-symlinks /Users/admin/builder/spi-builder-workspace/.dependencies/checkouts/CoreOSC/Sources/CoreOSC/LICENSE.md /Users/admin/builder/spi-builder-workspace/.derivedData/Build/Products/Debug-watchos/CoreOSC_CoreOSC.bundle
RegisterExecutionPolicyException /Users/admin/builder/spi-builder-workspace/.derivedData/Build/Products/Debug-watchos/OSCKit_OSCKit.bundle (in target 'OSCKit_OSCKit' from project 'OSCKit')
    cd /Users/admin/builder/spi-builder-workspace
    builtin-RegisterExecutionPolicyException /Users/admin/builder/spi-builder-workspace/.derivedData/Build/Products/Debug-watchos/OSCKit_OSCKit.bundle
RegisterExecutionPolicyException /Users/admin/builder/spi-builder-workspace/.derivedData/Build/Products/Debug-watchos/CoreOSC_CoreOSC.bundle (in target 'CoreOSC_CoreOSC' from project 'CoreOSC')
    cd /Users/admin/builder/spi-builder-workspace/.dependencies/checkouts/CoreOSC
    builtin-RegisterExecutionPolicyException /Users/admin/builder/spi-builder-workspace/.derivedData/Build/Products/Debug-watchos/CoreOSC_CoreOSC.bundle
Touch /Users/admin/builder/spi-builder-workspace/.derivedData/Build/Products/Debug-watchos/OSCKit_OSCKit.bundle (in target 'OSCKit_OSCKit' from project 'OSCKit')
    cd /Users/admin/builder/spi-builder-workspace
    /usr/bin/touch -c /Users/admin/builder/spi-builder-workspace/.derivedData/Build/Products/Debug-watchos/OSCKit_OSCKit.bundle
Touch /Users/admin/builder/spi-builder-workspace/.derivedData/Build/Products/Debug-watchos/CoreOSC_CoreOSC.bundle (in target 'CoreOSC_CoreOSC' from project 'CoreOSC')
    cd /Users/admin/builder/spi-builder-workspace/.dependencies/checkouts/CoreOSC
    /usr/bin/touch -c /Users/admin/builder/spi-builder-workspace/.derivedData/Build/Products/Debug-watchos/CoreOSC_CoreOSC.bundle
ScanDependencies /Users/admin/builder/spi-builder-workspace/.derivedData/Build/Intermediates.noindex/CocoaAsyncSocket.build/Debug-watchos/CocoaAsyncSocket-t.build/Objects-normal/arm64_32/GCDAsyncUdpSocket.o /Users/admin/builder/spi-builder-workspace/.dependencies/checkouts/CocoaAsyncSocket/Source/GCD/GCDAsyncUdpSocket.m normal arm64_32 objective-c com.apple.compilers.llvm.clang.1_0.compiler (in target 'CocoaAsyncSocket' from project 'CocoaAsyncSocket')
    cd /Users/admin/builder/spi-builder-workspace/.swiftpm/xcode

    Using response file: /Users/admin/builder/spi-builder-workspace/.derivedData/Build/Intermediates.noindex/CocoaAsyncSocket.build/Debug-watchos/CocoaAsyncSocket-t.build/Objects-normal/arm64_32/e6072d4f65d7061329687fe24e3d63a7-common-args.resp

    builtin-ScanDependencies -o /Users/admin/builder/spi-builder-workspace/.derivedData/Build/Intermediates.noindex/CocoaAsyncSocket.build/Debug-watchos/CocoaAsyncSocket-t.build/Objects-normal/arm64_32/GCDAsyncUdpSocket.o.scan -- /Applications/Xcode-27.0.0-Release.Candidate.app/Contents/Developer/Toolchains/XcodeDefault.xctoolchain/usr/bin/clang -x objective-c -ivfsstatcache /Users/admin/builder/spi-builder-workspace/.derivedData/SDKStatCaches.noindex/watchos27.0-24R360-e829b21a6f8c9b70876ba0858053c04477534ef55a1706bf4c1112bbb242f0a2.sdkstatcache -target arm64_32-apple-watchos9.0 -fmessage-length\=0 -fdiagnostics-show-note-include-stack -fmacro-backtrace-limit\=0 -fno-color-diagnostics -fmodules-prune-interval\=86400 -fmodules-prune-after\=345600 -fbuild-session-file\=/Users/admin/builder/spi-builder-workspace/.derivedData/ModuleCache.noindex/Session.modulevalidation -fmodules-validate-once-per-build-session -Wnon-modular-include-in-framework-module -Werror\=non-modular-include-in-framework-module -Wno-trigraphs -Wno-missing-field-initializers -Wno-missing-prototypes -Wno-return-type -Wno-implicit-atomic-properties -Wno-objc-interface-ivars -Wno-arc-repeated-use-of-weak -Wno-missing-braces -Wparentheses -Wswitch -Wno-unused-function -Wno-unused-label -Wno-unused-parameter -Wno-unused-variable -Wunused-value -Wno-empty-body -Wno-uninitialized -Wno-unknown-pragmas -w -Wno-shadow -Wno-four-char-constants -Wno-conversion -Wno-constant-conversion -Wno-int-conversion -Wno-bool-conversion -Wno-enum-conversion -Wno-float-conversion -Wno-non-literal-null-conversion -Wno-objc-literal-conversion -Wno-shorten-64-to-32 -Wpointer-sign -Wno-newline-eof -Wno-selector -Wno-strict-selector-match -Wno-undeclared-selector -Wno-deprecated-implementations -Wno-implicit-fallthrough -isysroot /Applications/Xcode-27.0.0-Release.Candidate.app/Contents/Developer/Platforms/WatchOS.platform/Developer/SDKs/WatchOS27.0.sdk -fstrict-aliasing -Wprotocol -Wdeprecated-declarations -Wno-sign-conversion -Wno-infinite-recursion -Wno-comma -Wno-block-capture-autoreleasing -Wno-strict-prototypes -Wno-semicolon-before-method-body -index-store-path /Users/admin/builder/spi-builder-workspace/.derivedData/Index.noindex/DataStore @/Users/admin/builder/spi-builder-workspace/.derivedData/Build/Intermediates.noindex/CocoaAsyncSocket.build/Debug-watchos/CocoaAsyncSocket-t.build/Objects-normal/arm64_32/e6072d4f65d7061329687fe24e3d63a7-common-args.resp -MMD -MT dependencies -MF /Users/admin/builder/spi-builder-workspace/.derivedData/Build/Intermediates.noindex/CocoaAsyncSocket.build/Debug-watchos/CocoaAsyncSocket-t.build/Objects-normal/arm64_32/GCDAsyncUdpSocket.d --serialize-diagnostics /Users/admin/builder/spi-builder-workspace/.derivedData/Build/Intermediates.noindex/CocoaAsyncSocket.build/Debug-watchos/CocoaAsyncSocket-t.build/Objects-normal/arm64_32/GCDAsyncUdpSocket.dia -c /Users/admin/builder/spi-builder-workspace/.dependencies/checkouts/CocoaAsyncSocket/Source/GCD/GCDAsyncUdpSocket.m -o /Users/admin/builder/spi-builder-workspace/.derivedData/Build/Intermediates.noindex/CocoaAsyncSocket.build/Debug-watchos/CocoaAsyncSocket-t.build/Objects-normal/arm64_32/GCDAsyncUdpSocket.o -index-unit-output-path /CocoaAsyncSocket.build/Debug-watchos/CocoaAsyncSocket-t.build/Objects-normal/arm64_32/GCDAsyncUdpSocket.o
/Users/admin/builder/spi-builder-workspace/.dependencies/checkouts/CocoaAsyncSocket/Source/GCD/GCDAsyncUdpSocket.m:19:11: error: 'CFNetwork/CFNetwork.h' file not found (in target 'CocoaAsyncSocket' from project 'CocoaAsyncSocket')
    note: Did not find header 'CFNetwork.h' in framework 'CFNetwork' (loaded from '/Applications/Xcode-27.0.0-Release.Candidate.app/Contents/Developer/Platforms/WatchOS.platform/Developer/SDKs/WatchOS27.0.sdk/System/Library/Frameworks')
ScanDependencies /Users/admin/builder/spi-builder-workspace/.derivedData/Build/Intermediates.noindex/CocoaAsyncSocket.build/Debug-watchos/CocoaAsyncSocket-t.build/Objects-normal/arm64/GCDAsyncUdpSocket.o /Users/admin/builder/spi-builder-workspace/.dependencies/checkouts/CocoaAsyncSocket/Source/GCD/GCDAsyncUdpSocket.m normal arm64 objective-c com.apple.compilers.llvm.clang.1_0.compiler (in target 'CocoaAsyncSocket' from project 'CocoaAsyncSocket')
    cd /Users/admin/builder/spi-builder-workspace/.swiftpm/xcode

    Using response file: /Users/admin/builder/spi-builder-workspace/.derivedData/Build/Intermediates.noindex/CocoaAsyncSocket.build/Debug-watchos/CocoaAsyncSocket-t.build/Objects-normal/arm64/e6072d4f65d7061329687fe24e3d63a7-common-args.resp

    builtin-ScanDependencies -o /Users/admin/builder/spi-builder-workspace/.derivedData/Build/Intermediates.noindex/CocoaAsyncSocket.build/Debug-watchos/CocoaAsyncSocket-t.build/Objects-normal/arm64/GCDAsyncUdpSocket.o.scan -- /Applications/Xcode-27.0.0-Release.Candidate.app/Contents/Developer/Toolchains/XcodeDefault.xctoolchain/usr/bin/clang -x objective-c -ivfsstatcache /Users/admin/builder/spi-builder-workspace/.derivedData/SDKStatCaches.noindex/watchos27.0-24R360-e829b21a6f8c9b70876ba0858053c04477534ef55a1706bf4c1112bbb242f0a2.sdkstatcache -target arm64-apple-watchos9.0 -fmessage-length\=0 -fdiagnostics-show-note-include-stack -fmacro-backtrace-limit\=0 -fno-color-diagnostics -fmodules-prune-interval\=86400 -fmodules-prune-after\=345600 -fbuild-session-file\=/Users/admin/builder/spi-builder-workspace/.derivedData/ModuleCache.noindex/Session.modulevalidation -fmodules-validate-once-per-build-session -Wnon-modular-include-in-framework-module -Werror\=non-modular-include-in-framework-module -Wno-trigraphs -Wno-missing-field-initializers -Wno-missing-prototypes -Wno-return-type -Wno-implicit-atomic-properties -Wno-objc-interface-ivars -Wno-arc-repeated-use-of-weak -Wno-missing-braces -Wparentheses -Wswitch -Wno-unused-function -Wno-unused-label -Wno-unused-parameter -Wno-unused-variable -Wunused-value -Wno-empty-body -Wno-uninitialized -Wno-unknown-pragmas -w -Wno-shadow -Wno-four-char-constants -Wno-conversion -Wno-constant-conversion -Wno-int-conversion -Wno-bool-conversion -Wno-enum-conversion -Wno-float-conversion -Wno-non-literal-null-conversion -Wno-objc-literal-conversion -Wshorten-64-to-32 -Wpointer-sign -Wno-newline-eof -Wno-selector -Wno-strict-selector-match -Wno-undeclared-selector -Wno-deprecated-implementations -Wno-implicit-fallthrough -isysroot /Applications/Xcode-27.0.0-Release.Candidate.app/Contents/Developer/Platforms/WatchOS.platform/Developer/SDKs/WatchOS27.0.sdk -fstrict-aliasing -Wprotocol -Wdeprecated-declarations -Wno-sign-conversion -Wno-infinite-recursion -Wno-comma -Wno-block-capture-autoreleasing -Wno-strict-prototypes -Wno-semicolon-before-method-body -index-store-path /Users/admin/builder/spi-builder-workspace/.derivedData/Index.noindex/DataStore @/Users/admin/builder/spi-builder-workspace/.derivedData/Build/Intermediates.noindex/CocoaAsyncSocket.build/Debug-watchos/CocoaAsyncSocket-t.build/Objects-normal/arm64/e6072d4f65d7061329687fe24e3d63a7-common-args.resp -MMD -MT dependencies -MF /Users/admin/builder/spi-builder-workspace/.derivedData/Build/Intermediates.noindex/CocoaAsyncSocket.build/Debug-watchos/CocoaAsyncSocket-t.build/Objects-normal/arm64/GCDAsyncUdpSocket.d --serialize-diagnostics /Users/admin/builder/spi-builder-workspace/.derivedData/Build/Intermediates.noindex/CocoaAsyncSocket.build/Debug-watchos/CocoaAsyncSocket-t.build/Objects-normal/arm64/GCDAsyncUdpSocket.dia -c /Users/admin/builder/spi-builder-workspace/.dependencies/checkouts/CocoaAsyncSocket/Source/GCD/GCDAsyncUdpSocket.m -o /Users/admin/builder/spi-builder-workspace/.derivedData/Build/Intermediates.noindex/CocoaAsyncSocket.build/Debug-watchos/CocoaAsyncSocket-t.build/Objects-normal/arm64/GCDAsyncUdpSocket.o -index-unit-output-path /CocoaAsyncSocket.build/Debug-watchos/CocoaAsyncSocket-t.build/Objects-normal/arm64/GCDAsyncUdpSocket.o
/Users/admin/builder/spi-builder-workspace/.dependencies/checkouts/CocoaAsyncSocket/Source/GCD/GCDAsyncUdpSocket.m:19:11: error: 'CFNetwork/CFNetwork.h' file not found (in target 'CocoaAsyncSocket' from project 'CocoaAsyncSocket')
    note: Did not find header 'CFNetwork.h' in framework 'CFNetwork' (loaded from '/Applications/Xcode-27.0.0-Release.Candidate.app/Contents/Developer/Platforms/WatchOS.platform/Developer/SDKs/WatchOS27.0.sdk/System/Library/Frameworks')
ScanDependencies /Users/admin/builder/spi-builder-workspace/.derivedData/Build/Intermediates.noindex/CocoaAsyncSocket.build/Debug-watchos/CocoaAsyncSocket-t.build/Objects-normal/arm64_32/GCDAsyncSocket.o /Users/admin/builder/spi-builder-workspace/.dependencies/checkouts/CocoaAsyncSocket/Source/GCD/GCDAsyncSocket.m normal arm64_32 objective-c com.apple.compilers.llvm.clang.1_0.compiler (in target 'CocoaAsyncSocket' from project 'CocoaAsyncSocket')
    cd /Users/admin/builder/spi-builder-workspace/.swiftpm/xcode

    Using response file: /Users/admin/builder/spi-builder-workspace/.derivedData/Build/Intermediates.noindex/CocoaAsyncSocket.build/Debug-watchos/CocoaAsyncSocket-t.build/Objects-normal/arm64_32/e6072d4f65d7061329687fe24e3d63a7-common-args.resp

    builtin-ScanDependencies -o /Users/admin/builder/spi-builder-workspace/.derivedData/Build/Intermediates.noindex/CocoaAsyncSocket.build/Debug-watchos/CocoaAsyncSocket-t.build/Objects-normal/arm64_32/GCDAsyncSocket.o.scan -- /Applications/Xcode-27.0.0-Release.Candidate.app/Contents/Developer/Toolchains/XcodeDefault.xctoolchain/usr/bin/clang -x objective-c -ivfsstatcache /Users/admin/builder/spi-builder-workspace/.derivedData/SDKStatCaches.noindex/watchos27.0-24R360-e829b21a6f8c9b70876ba0858053c04477534ef55a1706bf4c1112bbb242f0a2.sdkstatcache -target arm64_32-apple-watchos9.0 -fmessage-length\=0 -fdiagnostics-show-note-include-stack -fmacro-backtrace-limit\=0 -fno-color-diagnostics -fmodules-prune-interval\=86400 -fmodules-prune-after\=345600 -fbuild-session-file\=/Users/admin/builder/spi-builder-workspace/.derivedData/ModuleCache.noindex/Session.modulevalidation -fmodules-validate-once-per-build-session -Wnon-modular-include-in-framework-module -Werror\=non-modular-include-in-framework-module -Wno-trigraphs -Wno-missing-field-initializers -Wno-missing-prototypes -Wno-return-type -Wno-implicit-atomic-properties -Wno-objc-interface-ivars -Wno-arc-repeated-use-of-weak -Wno-missing-braces -Wparentheses -Wswitch -Wno-unused-function -Wno-unused-label -Wno-unused-parameter -Wno-unused-variable -Wunused-value -Wno-empty-body -Wno-uninitialized -Wno-unknown-pragmas -w -Wno-shadow -Wno-four-char-constants -Wno-conversion -Wno-constant-conversion -Wno-int-conversion -Wno-bool-conversion -Wno-enum-conversion -Wno-float-conversion -Wno-non-literal-null-conversion -Wno-objc-literal-conversion -Wno-shorten-64-to-32 -Wpointer-sign -Wno-newline-eof -Wno-selector -Wno-strict-selector-match -Wno-undeclared-selector -Wno-deprecated-implementations -Wno-implicit-fallthrough -isysroot /Applications/Xcode-27.0.0-Release.Candidate.app/Contents/Developer/Platforms/WatchOS.platform/Developer/SDKs/WatchOS27.0.sdk -fstrict-aliasing -Wprotocol -Wdeprecated-declarations -Wno-sign-conversion -Wno-infinite-recursion -Wno-comma -Wno-block-capture-autoreleasing -Wno-strict-prototypes -Wno-semicolon-before-method-body -index-store-path /Users/admin/builder/spi-builder-workspace/.derivedData/Index.noindex/DataStore @/Users/admin/builder/spi-builder-workspace/.derivedData/Build/Intermediates.noindex/CocoaAsyncSocket.build/Debug-watchos/CocoaAsyncSocket-t.build/Objects-normal/arm64_32/e6072d4f65d7061329687fe24e3d63a7-common-args.resp -MMD -MT dependencies -MF /Users/admin/builder/spi-builder-workspace/.derivedData/Build/Intermediates.noindex/CocoaAsyncSocket.build/Debug-watchos/CocoaAsyncSocket-t.build/Objects-normal/arm64_32/GCDAsyncSocket.d --serialize-diagnostics /Users/admin/builder/spi-builder-workspace/.derivedData/Build/Intermediates.noindex/CocoaAsyncSocket.build/Debug-watchos/CocoaAsyncSocket-t.build/Objects-normal/arm64_32/GCDAsyncSocket.dia -c /Users/admin/builder/spi-builder-workspace/.dependencies/checkouts/CocoaAsyncSocket/Source/GCD/GCDAsyncSocket.m -o /Users/admin/builder/spi-builder-workspace/.derivedData/Build/Intermediates.noindex/CocoaAsyncSocket.build/Debug-watchos/CocoaAsyncSocket-t.build/Objects-normal/arm64_32/GCDAsyncSocket.o -index-unit-output-path /CocoaAsyncSocket.build/Debug-watchos/CocoaAsyncSocket-t.build/Objects-normal/arm64_32/GCDAsyncSocket.o
/Users/admin/builder/spi-builder-workspace/.dependencies/checkouts/CocoaAsyncSocket/Source/GCD/GCDAsyncSocket.m:14:9: error: 'CFNetwork/CFNetwork.h' file not found (in target 'CocoaAsyncSocket' from project 'CocoaAsyncSocket')
    note: Did not find header 'CFNetwork.h' in framework 'CFNetwork' (loaded from '/Applications/Xcode-27.0.0-Release.Candidate.app/Contents/Developer/Platforms/WatchOS.platform/Developer/SDKs/WatchOS27.0.sdk/System/Library/Frameworks')
ScanDependencies /Users/admin/builder/spi-builder-workspace/.derivedData/Build/Intermediates.noindex/CocoaAsyncSocket.build/Debug-watchos/CocoaAsyncSocket-t.build/Objects-normal/arm64/GCDAsyncSocket.o /Users/admin/builder/spi-builder-workspace/.dependencies/checkouts/CocoaAsyncSocket/Source/GCD/GCDAsyncSocket.m normal arm64 objective-c com.apple.compilers.llvm.clang.1_0.compiler (in target 'CocoaAsyncSocket' from project 'CocoaAsyncSocket')
    cd /Users/admin/builder/spi-builder-workspace/.swiftpm/xcode

    Using response file: /Users/admin/builder/spi-builder-workspace/.derivedData/Build/Intermediates.noindex/CocoaAsyncSocket.build/Debug-watchos/CocoaAsyncSocket-t.build/Objects-normal/arm64/e6072d4f65d7061329687fe24e3d63a7-common-args.resp

    builtin-ScanDependencies -o /Users/admin/builder/spi-builder-workspace/.derivedData/Build/Intermediates.noindex/CocoaAsyncSocket.build/Debug-watchos/CocoaAsyncSocket-t.build/Objects-normal/arm64/GCDAsyncSocket.o.scan -- /Applications/Xcode-27.0.0-Release.Candidate.app/Contents/Developer/Toolchains/XcodeDefault.xctoolchain/usr/bin/clang -x objective-c -ivfsstatcache /Users/admin/builder/spi-builder-workspace/.derivedData/SDKStatCaches.noindex/watchos27.0-24R360-e829b21a6f8c9b70876ba0858053c04477534ef55a1706bf4c1112bbb242f0a2.sdkstatcache -target arm64-apple-watchos9.0 -fmessage-length\=0 -fdiagnostics-show-note-include-stack -fmacro-backtrace-limit\=0 -fno-color-diagnostics -fmodules-prune-interval\=86400 -fmodules-prune-after\=345600 -fbuild-session-file\=/Users/admin/builder/spi-builder-workspace/.derivedData/ModuleCache.noindex/Session.modulevalidation -fmodules-validate-once-per-build-session -Wnon-modular-include-in-framework-module -Werror\=non-modular-include-in-framework-module -Wno-trigraphs -Wno-missing-field-initializers -Wno-missing-prototypes -Wno-return-type -Wno-implicit-atomic-properties -Wno-objc-interface-ivars -Wno-arc-repeated-use-of-weak -Wno-missing-braces -Wparentheses -Wswitch -Wno-unused-function -Wno-unused-label -Wno-unused-parameter -Wno-unused-variable -Wunused-value -Wno-empty-body -Wno-uninitialized -Wno-unknown-pragmas -w -Wno-shadow -Wno-four-char-constants -Wno-conversion -Wno-constant-conversion -Wno-int-conversion -Wno-bool-conversion -Wno-enum-conversion -Wno-float-conversion -Wno-non-literal-null-conversion -Wno-objc-literal-conversion -Wshorten-64-to-32 -Wpointer-sign -Wno-newline-eof -Wno-selector -Wno-strict-selector-match -Wno-undeclared-selector -Wno-deprecated-implementations -Wno-implicit-fallthrough -isysroot /Applications/Xcode-27.0.0-Release.Candidate.app/Contents/Developer/Platforms/WatchOS.platform/Developer/SDKs/WatchOS27.0.sdk -fstrict-aliasing -Wprotocol -Wdeprecated-declarations -Wno-sign-conversion -Wno-infinite-recursion -Wno-comma -Wno-block-capture-autoreleasing -Wno-strict-prototypes -Wno-semicolon-before-method-body -index-store-path /Users/admin/builder/spi-builder-workspace/.derivedData/Index.noindex/DataStore @/Users/admin/builder/spi-builder-workspace/.derivedData/Build/Intermediates.noindex/CocoaAsyncSocket.build/Debug-watchos/CocoaAsyncSocket-t.build/Objects-normal/arm64/e6072d4f65d7061329687fe24e3d63a7-common-args.resp -MMD -MT dependencies -MF /Users/admin/builder/spi-builder-workspace/.derivedData/Build/Intermediates.noindex/CocoaAsyncSocket.build/Debug-watchos/CocoaAsyncSocket-t.build/Objects-normal/arm64/GCDAsyncSocket.d --serialize-diagnostics /Users/admin/builder/spi-builder-workspace/.derivedData/Build/Intermediates.noindex/CocoaAsyncSocket.build/Debug-watchos/CocoaAsyncSocket-t.build/Objects-normal/arm64/GCDAsyncSocket.dia -c /Users/admin/builder/spi-builder-workspace/.dependencies/checkouts/CocoaAsyncSocket/Source/GCD/GCDAsyncSocket.m -o /Users/admin/builder/spi-builder-workspace/.derivedData/Build/Intermediates.noindex/CocoaAsyncSocket.build/Debug-watchos/CocoaAsyncSocket-t.build/Objects-normal/arm64/GCDAsyncSocket.o -index-unit-output-path /CocoaAsyncSocket.build/Debug-watchos/CocoaAsyncSocket-t.build/Objects-normal/arm64/GCDAsyncSocket.o
/Users/admin/builder/spi-builder-workspace/.dependencies/checkouts/CocoaAsyncSocket/Source/GCD/GCDAsyncSocket.m:14:9: error: 'CFNetwork/CFNetwork.h' file not found (in target 'CocoaAsyncSocket' from project 'CocoaAsyncSocket')
    note: Did not find header 'CFNetwork.h' in framework 'CFNetwork' (loaded from '/Applications/Xcode-27.0.0-Release.Candidate.app/Contents/Developer/Platforms/WatchOS.platform/Developer/SDKs/WatchOS27.0.sdk/System/Library/Frameworks')
SwiftDriver CoreOSC normal arm64_32 com.apple.xcode.tools.swift.compiler (in target 'CoreOSC' from project 'CoreOSC')
    cd /Users/admin/builder/spi-builder-workspace/.swiftpm/xcode
    builtin-SwiftDriver -- /Applications/Xcode-27.0.0-Release.Candidate.app/Contents/Developer/Toolchains/XcodeDefault.xctoolchain/usr/bin/swiftc -parse-as-library -module-name CoreOSC -Onone @/Users/admin/builder/spi-builder-workspace/.derivedData/Build/Intermediates.noindex/CoreOSC.build/Debug-watchos/CoreOSC-t.build/Objects-normal/arm64_32/CoreOSC.SwiftFileList -DSWIFT_PACKAGE -DDEBUG -DSWIFT_MODULE_RESOURCE_BUNDLE_AVAILABLE -DXcode -plugin-path /Applications/Xcode-27.0.0-Release.Candidate.app/Contents/Developer/Toolchains/XcodeDefault.xctoolchain/usr/lib/swift/host/plugins/testing -enable-experimental-feature DebugDescriptionMacro -sdk /Applications/Xcode-27.0.0-Release.Candidate.app/Contents/Developer/Platforms/WatchOS.platform/Developer/SDKs/WatchOS27.0.sdk -target arm64_32-apple-watchos9.0 -g -module-cache-path /Users/admin/builder/spi-builder-workspace/.derivedData/ModuleCache.noindex -Xfrontend -serialize-debugging-options -profile-coverage-mapping -profile-generate -enable-testing -suppress-warnings -index-store-path /Users/admin/builder/spi-builder-workspace/.derivedData/Index.noindex/DataStore -Xcc -D_LIBCPP_HARDENING_MODE\=_LIBCPP_HARDENING_MODE_DEBUG -swift-version 6 -I /Users/admin/builder/spi-builder-workspace/.derivedData/Build/Products/Debug-watchos -Isystem /Applications/Xcode-27.0.0-Release.Candidate.app/Contents/Developer/Platforms/WatchOS.platform/Developer/usr/lib -F /Users/admin/builder/spi-builder-workspace/.derivedData/Build/Products/Debug-watchos -F /Applications/Xcode-27.0.0-Release.Candidate.app/Contents/Developer/Platforms/WatchOS.platform/Developer/Library/Frameworks -F /Applications/Xcode-27.0.0-Release.Candidate.app/Contents/Developer/Platforms/WatchOS.platform/Developer/SDKs/WatchOS27.0.sdk/Developer/Library/Frameworks -emit-localized-strings -emit-localized-strings-path /Users/admin/builder/spi-builder-workspace/.derivedData/Build/Intermediates.noindex/CoreOSC.build/Debug-watchos/CoreOSC-t.build/Objects-normal/arm64_32 -c -j10 -enable-batch-mode -incremental -Xcc -ivfsstatcache -Xcc /Users/admin/builder/spi-builder-workspace/.derivedData/SDKStatCaches.noindex/watchos27.0-24R360-e829b21a6f8c9b70876ba0858053c04477534ef55a1706bf4c1112bbb242f0a2.sdkstatcache -output-file-map /Users/admin/builder/spi-builder-workspace/.derivedData/Build/Intermediates.noindex/CoreOSC.build/Debug-watchos/CoreOSC-t.build/Objects-normal/arm64_32/CoreOSC-OutputFileMap.json -save-temps -no-color-diagnostics -explicit-module-build -module-cache-path /Users/admin/builder/spi-builder-workspace/.derivedData/Build/Intermediates.noindex/SwiftExplicitPrecompiledModules -clang-scanner-module-cache-path /Users/admin/builder/spi-builder-workspace/.derivedData/ModuleCache.noindex -sdk-module-cache-path /Users/admin/builder/spi-builder-workspace/.derivedData/SDKExplicitPrecompiledModules -emit-dependencies -emit-module -emit-module-path /Users/admin/builder/spi-builder-workspace/.derivedData/Build/Intermediates.noindex/CoreOSC.build/Debug-watchos/CoreOSC-t.build/Objects-normal/arm64_32/CoreOSC.swiftmodule -serialize-diagnostics -dependency-scan-serialize-diagnostics-path /Users/admin/builder/spi-builder-workspace/.derivedData/Build/Intermediates.noindex/CoreOSC.build/Debug-watchos/CoreOSC-t.build/Objects-normal/arm64_32/CoreOSC-dependency-scan.dia -user-module-version 2.4.0 -validate-clang-modules-once -clang-build-session-file /Users/admin/builder/spi-builder-workspace/.derivedData/ModuleCache.noindex/Session.modulevalidation -Xcc -fmodules-prune-interval\=86400 -Xcc -fmodules-prune-after\=345600 -package-name coreosc -emit-const-values -const-gather-protocols-list /Users/admin/builder/spi-builder-workspace/.derivedData/Build/Intermediates.noindex/CoreOSC.build/Debug-watchos/CoreOSC-t.build/Objects-normal/arm64_32/CoreOSC_const_extract_protocols.json -Xcc -I/Users/admin/builder/spi-builder-workspace/.derivedData/Build/Products/Debug-watchos/include -Xcc -I/Users/admin/builder/spi-builder-workspace/.derivedData/Build/Intermediates.noindex/CoreOSC.build/Debug-watchos/CoreOSC-t.build/DerivedSources-normal/arm64_32 -Xcc -I/Users/admin/builder/spi-builder-workspace/.derivedData/Build/Intermediates.noindex/CoreOSC.build/Debug-watchos/CoreOSC-t.build/DerivedSources/arm64_32 -Xcc -I/Users/admin/builder/spi-builder-workspace/.derivedData/Build/Intermediates.noindex/CoreOSC.build/Debug-watchos/CoreOSC-t.build/DerivedSources -Xcc -DSWIFT_PACKAGE -Xcc -DDEBUG\=1 -emit-objc-header -emit-objc-header-path /Users/admin/builder/spi-builder-workspace/.derivedData/Build/Intermediates.noindex/CoreOSC.build/Debug-watchos/CoreOSC-t.build/Objects-normal/arm64_32/CoreOSC-Swift.h -working-directory /Users/admin/builder/spi-builder-workspace/.swiftpm/xcode -experimental-emit-module-separately -disable-cmo
SwiftDriver CoreOSC normal arm64 com.apple.xcode.tools.swift.compiler (in target 'CoreOSC' from project 'CoreOSC')
    cd /Users/admin/builder/spi-builder-workspace/.swiftpm/xcode
    builtin-SwiftDriver -- /Applications/Xcode-27.0.0-Release.Candidate.app/Contents/Developer/Toolchains/XcodeDefault.xctoolchain/usr/bin/swiftc -parse-as-library -module-name CoreOSC -Onone @/Users/admin/builder/spi-builder-workspace/.derivedData/Build/Intermediates.noindex/CoreOSC.build/Debug-watchos/CoreOSC-t.build/Objects-normal/arm64/CoreOSC.SwiftFileList -DSWIFT_PACKAGE -DDEBUG -DSWIFT_MODULE_RESOURCE_BUNDLE_AVAILABLE -DXcode -plugin-path /Applications/Xcode-27.0.0-Release.Candidate.app/Contents/Developer/Toolchains/XcodeDefault.xctoolchain/usr/lib/swift/host/plugins/testing -enable-experimental-feature DebugDescriptionMacro -sdk /Applications/Xcode-27.0.0-Release.Candidate.app/Contents/Developer/Platforms/WatchOS.platform/Developer/SDKs/WatchOS27.0.sdk -target arm64-apple-watchos9.0 -g -module-cache-path /Users/admin/builder/spi-builder-workspace/.derivedData/ModuleCache.noindex -Xfrontend -serialize-debugging-options -profile-coverage-mapping -profile-generate -enable-testing -suppress-warnings -index-store-path /Users/admin/builder/spi-builder-workspace/.derivedData/Index.noindex/DataStore -Xcc -D_LIBCPP_HARDENING_MODE\=_LIBCPP_HARDENING_MODE_DEBUG -swift-version 6 -I /Users/admin/builder/spi-builder-workspace/.derivedData/Build/Products/Debug-watchos -Isystem /Applications/Xcode-27.0.0-Release.Candidate.app/Contents/Developer/Platforms/WatchOS.platform/Developer/usr/lib -F /Users/admin/builder/spi-builder-workspace/.derivedData/Build/Products/Debug-watchos -F /Applications/Xcode-27.0.0-Release.Candidate.app/Contents/Developer/Platforms/WatchOS.platform/Developer/Library/Frameworks -F /Applications/Xcode-27.0.0-Release.Candidate.app/Contents/Developer/Platforms/WatchOS.platform/Developer/SDKs/WatchOS27.0.sdk/Developer/Library/Frameworks -emit-localized-strings -emit-localized-strings-path /Users/admin/builder/spi-builder-workspace/.derivedData/Build/Intermediates.noindex/CoreOSC.build/Debug-watchos/CoreOSC-t.build/Objects-normal/arm64 -c -j10 -enable-batch-mode -incremental -Xcc -ivfsstatcache -Xcc /Users/admin/builder/spi-builder-workspace/.derivedData/SDKStatCaches.noindex/watchos27.0-24R360-e829b21a6f8c9b70876ba0858053c04477534ef55a1706bf4c1112bbb242f0a2.sdkstatcache -output-file-map /Users/admin/builder/spi-builder-workspace/.derivedData/Build/Intermediates.noindex/CoreOSC.build/Debug-watchos/CoreOSC-t.build/Objects-normal/arm64/CoreOSC-OutputFileMap.json -save-temps -no-color-diagnostics -explicit-module-build -module-cache-path /Users/admin/builder/spi-builder-workspace/.derivedData/Build/Intermediates.noindex/SwiftExplicitPrecompiledModules -clang-scanner-module-cache-path /Users/admin/builder/spi-builder-workspace/.derivedData/ModuleCache.noindex -sdk-module-cache-path /Users/admin/builder/spi-builder-workspace/.derivedData/SDKExplicitPrecompiledModules -emit-dependencies -emit-module -emit-module-path /Users/admin/builder/spi-builder-workspace/.derivedData/Build/Intermediates.noindex/CoreOSC.build/Debug-watchos/CoreOSC-t.build/Objects-normal/arm64/CoreOSC.swiftmodule -serialize-diagnostics -dependency-scan-serialize-diagnostics-path /Users/admin/builder/spi-builder-workspace/.derivedData/Build/Intermediates.noindex/CoreOSC.build/Debug-watchos/CoreOSC-t.build/Objects-normal/arm64/CoreOSC-dependency-scan.dia -user-module-version 2.4.0 -validate-clang-modules-once -clang-build-session-file /Users/admin/builder/spi-builder-workspace/.derivedData/ModuleCache.noindex/Session.modulevalidation -Xcc -fmodules-prune-interval\=86400 -Xcc -fmodules-prune-after\=345600 -package-name coreosc -emit-const-values -const-gather-protocols-list /Users/admin/builder/spi-builder-workspace/.derivedData/Build/Intermediates.noindex/CoreOSC.build/Debug-watchos/CoreOSC-t.build/Objects-normal/arm64/CoreOSC_const_extract_protocols.json -Xcc -I/Users/admin/builder/spi-builder-workspace/.derivedData/Build/Products/Debug-watchos/include -Xcc -I/Users/admin/builder/spi-builder-workspace/.derivedData/Build/Intermediates.noindex/CoreOSC.build/Debug-watchos/CoreOSC-t.build/DerivedSources-normal/arm64 -Xcc -I/Users/admin/builder/spi-builder-workspace/.derivedData/Build/Intermediates.noindex/CoreOSC.build/Debug-watchos/CoreOSC-t.build/DerivedSources/arm64 -Xcc -I/Users/admin/builder/spi-builder-workspace/.derivedData/Build/Intermediates.noindex/CoreOSC.build/Debug-watchos/CoreOSC-t.build/DerivedSources -Xcc -DSWIFT_PACKAGE -Xcc -DDEBUG\=1 -emit-objc-header -emit-objc-header-path /Users/admin/builder/spi-builder-workspace/.derivedData/Build/Intermediates.noindex/CoreOSC.build/Debug-watchos/CoreOSC-t.build/Objects-normal/arm64/CoreOSC-Swift.h -working-directory /Users/admin/builder/spi-builder-workspace/.swiftpm/xcode -experimental-emit-module-separately -disable-cmo
SwiftDriver NetUtils normal arm64 com.apple.xcode.tools.swift.compiler (in target 'NetUtils' from project 'NetUtils')
    cd /Users/admin/builder/spi-builder-workspace/.swiftpm/xcode
    builtin-SwiftDriver -- /Applications/Xcode-27.0.0-Release.Candidate.app/Contents/Developer/Toolchains/XcodeDefault.xctoolchain/usr/bin/swiftc -parse-as-library -module-name NetUtils -Onone @/Users/admin/builder/spi-builder-workspace/.derivedData/Build/Intermediates.noindex/NetUtils.build/Debug-watchos/NetUtils-t.build/Objects-normal/arm64/NetUtils.SwiftFileList -DSWIFT_PACKAGE -DDEBUG -DSWIFT_MODULE_RESOURCE_BUNDLE_UNAVAILABLE -DXcode -plugin-path /Applications/Xcode-27.0.0-Release.Candidate.app/Contents/Developer/Toolchains/XcodeDefault.xctoolchain/usr/lib/swift/host/plugins/testing -enable-experimental-feature DebugDescriptionMacro -sdk /Applications/Xcode-27.0.0-Release.Candidate.app/Contents/Developer/Platforms/WatchOS.platform/Developer/SDKs/WatchOS27.0.sdk -target arm64-apple-watchos9.0 -g -module-cache-path /Users/admin/builder/spi-builder-workspace/.derivedData/ModuleCache.noindex -Xfrontend -serialize-debugging-options -profile-coverage-mapping -profile-generate -enable-testing -suppress-warnings -index-store-path /Users/admin/builder/spi-builder-workspace/.derivedData/Index.noindex/DataStore -Xcc -D_LIBCPP_HARDENING_MODE\=_LIBCPP_HARDENING_MODE_DEBUG -swift-version 4 -I /Users/admin/builder/spi-builder-workspace/.derivedData/Build/Products/Debug-watchos -Isystem /Applications/Xcode-27.0.0-Release.Candidate.app/Contents/Developer/Platforms/WatchOS.platform/Developer/usr/lib -F /Users/admin/builder/spi-builder-workspace/.derivedData/Build/Products/Debug-watchos -F /Applications/Xcode-27.0.0-Release.Candidate.app/Contents/Developer/Platforms/WatchOS.platform/Developer/Library/Frameworks -F /Applications/Xcode-27.0.0-Release.Candidate.app/Contents/Developer/Platforms/WatchOS.platform/Developer/SDKs/WatchOS27.0.sdk/Developer/Library/Frameworks -c -j10 -enable-batch-mode -incremental -Xcc -ivfsstatcache -Xcc /Users/admin/builder/spi-builder-workspace/.derivedData/SDKStatCaches.noindex/watchos27.0-24R360-e829b21a6f8c9b70876ba0858053c04477534ef55a1706bf4c1112bbb242f0a2.sdkstatcache -output-file-map /Users/admin/builder/spi-builder-workspace/.derivedData/Build/Intermediates.noindex/NetUtils.build/Debug-watchos/NetUtils-t.build/Objects-normal/arm64/NetUtils-OutputFileMap.json -save-temps -no-color-diagnostics -emit-dependencies -emit-module -emit-module-path /Users/admin/builder/spi-builder-workspace/.derivedData/Build/Intermediates.noindex/NetUtils.build/Debug-watchos/NetUtils-t.build/Objects-normal/arm64/NetUtils.swiftmodule -serialize-diagnostics -validate-clang-modules-once -clang-build-session-file /Users/admin/builder/spi-builder-workspace/.derivedData/ModuleCache.noindex/Session.modulevalidation -Xcc -fmodules-prune-interval\=86400 -Xcc -fmodules-prune-after\=345600 -emit-const-values -const-gather-protocols-list /Users/admin/builder/spi-builder-workspace/.derivedData/Build/Intermediates.noindex/NetUtils.build/Debug-watchos/NetUtils-t.build/Objects-normal/arm64/NetUtils_const_extract_protocols.json -Xcc -I/Users/admin/builder/spi-builder-workspace/.derivedData/Build/Products/Debug-watchos/include -Xcc -I/Users/admin/builder/spi-builder-workspace/.derivedData/Build/Intermediates.noindex/NetUtils.build/Debug-watchos/NetUtils-t.build/DerivedSources-normal/arm64 -Xcc -I/Users/admin/builder/spi-builder-workspace/.derivedData/Build/Intermediates.noindex/NetUtils.build/Debug-watchos/NetUtils-t.build/DerivedSources/arm64 -Xcc -I/Users/admin/builder/spi-builder-workspace/.derivedData/Build/Intermediates.noindex/NetUtils.build/Debug-watchos/NetUtils-t.build/DerivedSources -Xcc -DSWIFT_PACKAGE -Xcc -DDEBUG\=1 -emit-objc-header -emit-objc-header-path /Users/admin/builder/spi-builder-workspace/.derivedData/Build/Intermediates.noindex/NetUtils.build/Debug-watchos/NetUtils-t.build/Objects-normal/arm64/NetUtils-Swift.h -working-directory /Users/admin/builder/spi-builder-workspace/.swiftpm/xcode -experimental-emit-module-separately -disable-cmo
SwiftDriver NetUtils normal arm64_32 com.apple.xcode.tools.swift.compiler (in target 'NetUtils' from project 'NetUtils')
    cd /Users/admin/builder/spi-builder-workspace/.swiftpm/xcode
    builtin-SwiftDriver -- /Applications/Xcode-27.0.0-Release.Candidate.app/Contents/Developer/Toolchains/XcodeDefault.xctoolchain/usr/bin/swiftc -parse-as-library -module-name NetUtils -Onone @/Users/admin/builder/spi-builder-workspace/.derivedData/Build/Intermediates.noindex/NetUtils.build/Debug-watchos/NetUtils-t.build/Objects-normal/arm64_32/NetUtils.SwiftFileList -DSWIFT_PACKAGE -DDEBUG -DSWIFT_MODULE_RESOURCE_BUNDLE_UNAVAILABLE -DXcode -plugin-path /Applications/Xcode-27.0.0-Release.Candidate.app/Contents/Developer/Toolchains/XcodeDefault.xctoolchain/usr/lib/swift/host/plugins/testing -enable-experimental-feature DebugDescriptionMacro -sdk /Applications/Xcode-27.0.0-Release.Candidate.app/Contents/Developer/Platforms/WatchOS.platform/Developer/SDKs/WatchOS27.0.sdk -target arm64_32-apple-watchos9.0 -g -module-cache-path /Users/admin/builder/spi-builder-workspace/.derivedData/ModuleCache.noindex -Xfrontend -serialize-debugging-options -profile-coverage-mapping -profile-generate -enable-testing -suppress-warnings -index-store-path /Users/admin/builder/spi-builder-workspace/.derivedData/Index.noindex/DataStore -Xcc -D_LIBCPP_HARDENING_MODE\=_LIBCPP_HARDENING_MODE_DEBUG -swift-version 4 -I /Users/admin/builder/spi-builder-workspace/.derivedData/Build/Products/Debug-watchos -Isystem /Applications/Xcode-27.0.0-Release.Candidate.app/Contents/Developer/Platforms/WatchOS.platform/Developer/usr/lib -F /Users/admin/builder/spi-builder-workspace/.derivedData/Build/Products/Debug-watchos -F /Applications/Xcode-27.0.0-Release.Candidate.app/Contents/Developer/Platforms/WatchOS.platform/Developer/Library/Frameworks -F /Applications/Xcode-27.0.0-Release.Candidate.app/Contents/Developer/Platforms/WatchOS.platform/Developer/SDKs/WatchOS27.0.sdk/Developer/Library/Frameworks -c -j10 -enable-batch-mode -incremental -Xcc -ivfsstatcache -Xcc /Users/admin/builder/spi-builder-workspace/.derivedData/SDKStatCaches.noindex/watchos27.0-24R360-e829b21a6f8c9b70876ba0858053c04477534ef55a1706bf4c1112bbb242f0a2.sdkstatcache -output-file-map /Users/admin/builder/spi-builder-workspace/.derivedData/Build/Intermediates.noindex/NetUtils.build/Debug-watchos/NetUtils-t.build/Objects-normal/arm64_32/NetUtils-OutputFileMap.json -save-temps -no-color-diagnostics -emit-dependencies -emit-module -emit-module-path /Users/admin/builder/spi-builder-workspace/.derivedData/Build/Intermediates.noindex/NetUtils.build/Debug-watchos/NetUtils-t.build/Objects-normal/arm64_32/NetUtils.swiftmodule -serialize-diagnostics -validate-clang-modules-once -clang-build-session-file /Users/admin/builder/spi-builder-workspace/.derivedData/ModuleCache.noindex/Session.modulevalidation -Xcc -fmodules-prune-interval\=86400 -Xcc -fmodules-prune-after\=345600 -emit-const-values -const-gather-protocols-list /Users/admin/builder/spi-builder-workspace/.derivedData/Build/Intermediates.noindex/NetUtils.build/Debug-watchos/NetUtils-t.build/Objects-normal/arm64_32/NetUtils_const_extract_protocols.json -Xcc -I/Users/admin/builder/spi-builder-workspace/.derivedData/Build/Products/Debug-watchos/include -Xcc -I/Users/admin/builder/spi-builder-workspace/.derivedData/Build/Intermediates.noindex/NetUtils.build/Debug-watchos/NetUtils-t.build/DerivedSources-normal/arm64_32 -Xcc -I/Users/admin/builder/spi-builder-workspace/.derivedData/Build/Intermediates.noindex/NetUtils.build/Debug-watchos/NetUtils-t.build/DerivedSources/arm64_32 -Xcc -I/Users/admin/builder/spi-builder-workspace/.derivedData/Build/Intermediates.noindex/NetUtils.build/Debug-watchos/NetUtils-t.build/DerivedSources -Xcc -DSWIFT_PACKAGE -Xcc -DDEBUG\=1 -emit-objc-header -emit-objc-header-path /Users/admin/builder/spi-builder-workspace/.derivedData/Build/Intermediates.noindex/NetUtils.build/Debug-watchos/NetUtils-t.build/Objects-normal/arm64_32/NetUtils-Swift.h -working-directory /Users/admin/builder/spi-builder-workspace/.swiftpm/xcode -experimental-emit-module-separately -disable-cmo
SwiftCompile normal arm64_32 Compiling\ Interface.swift /Users/admin/builder/spi-builder-workspace/.dependencies/checkouts/swift-netutils/NetUtils/Interface.swift (in target 'NetUtils' from project 'NetUtils')
SwiftCompile normal arm64_32 /Users/admin/builder/spi-builder-workspace/.dependencies/checkouts/swift-netutils/NetUtils/Interface.swift (in target 'NetUtils' from project 'NetUtils')
    cd /Users/admin/builder/spi-builder-workspace/.swiftpm/xcode
    builtin-SwiftPerFileCompile Interface.swift
SwiftEmitModule normal arm64_32 Emitting\ module\ for\ NetUtils (in target 'NetUtils' from project 'NetUtils')
SwiftCompile normal arm64_32 (in target 'NetUtils' from project 'NetUtils')
    cd /Users/admin/builder/spi-builder-workspace/.swiftpm/xcode

SwiftCompile normal arm64 Compiling\ Interface.swift /Users/admin/builder/spi-builder-workspace/.dependencies/checkouts/swift-netutils/NetUtils/Interface.swift (in target 'NetUtils' from project 'NetUtils')
SwiftCompile normal arm64 /Users/admin/builder/spi-builder-workspace/.dependencies/checkouts/swift-netutils/NetUtils/Interface.swift (in target 'NetUtils' from project 'NetUtils')
    cd /Users/admin/builder/spi-builder-workspace/.swiftpm/xcode
    builtin-SwiftPerFileCompile Interface.swift
SwiftEmitModule normal arm64 Emitting\ module\ for\ NetUtils (in target 'NetUtils' from project 'NetUtils')
SwiftCompile normal arm64 (in target 'NetUtils' from project 'NetUtils')
    cd /Users/admin/builder/spi-builder-workspace/.swiftpm/xcode

PruneExplicitPrecompiledModules /Users/admin/builder/spi-builder-workspace/.derivedData/Build/Intermediates.noindex/ExplicitPrecompiledModules
PruneExplicitPrecompiledModules /Users/admin/builder/spi-builder-workspace/.derivedData/SDKExplicitPrecompiledModules
PruneExplicitPrecompiledModules /Users/admin/builder/spi-builder-workspace/.derivedData/Build/Intermediates.noindex/SwiftExplicitPrecompiledModules
2026-09-20 15:38:13.152 xcodebuild[762:4808] [MT] IDERunDestination: Supported platforms for the buildables in the current scheme is empty.
** BUILD FAILED **
The following build commands failed:
	ScanDependencies /Users/admin/builder/spi-builder-workspace/.derivedData/Build/Intermediates.noindex/CocoaAsyncSocket.build/Debug-watchos/CocoaAsyncSocket-t.build/Objects-normal/arm64_32/GCDAsyncUdpSocket.o /Users/admin/builder/spi-builder-workspace/.dependencies/checkouts/CocoaAsyncSocket/Source/GCD/GCDAsyncUdpSocket.m normal arm64_32 objective-c com.apple.compilers.llvm.clang.1_0.compiler (in target 'CocoaAsyncSocket' from project 'CocoaAsyncSocket')
	ScanDependencies /Users/admin/builder/spi-builder-workspace/.derivedData/Build/Intermediates.noindex/CocoaAsyncSocket.build/Debug-watchos/CocoaAsyncSocket-t.build/Objects-normal/arm64/GCDAsyncUdpSocket.o /Users/admin/builder/spi-builder-workspace/.dependencies/checkouts/CocoaAsyncSocket/Source/GCD/GCDAsyncUdpSocket.m normal arm64 objective-c com.apple.compilers.llvm.clang.1_0.compiler (in target 'CocoaAsyncSocket' from project 'CocoaAsyncSocket')
	ScanDependencies /Users/admin/builder/spi-builder-workspace/.derivedData/Build/Intermediates.noindex/CocoaAsyncSocket.build/Debug-watchos/CocoaAsyncSocket-t.build/Objects-normal/arm64_32/GCDAsyncSocket.o /Users/admin/builder/spi-builder-workspace/.dependencies/checkouts/CocoaAsyncSocket/Source/GCD/GCDAsyncSocket.m normal arm64_32 objective-c com.apple.compilers.llvm.clang.1_0.compiler (in target 'CocoaAsyncSocket' from project 'CocoaAsyncSocket')
	ScanDependencies /Users/admin/builder/spi-builder-workspace/.derivedData/Build/Intermediates.noindex/CocoaAsyncSocket.build/Debug-watchos/CocoaAsyncSocket-t.build/Objects-normal/arm64/GCDAsyncSocket.o /Users/admin/builder/spi-builder-workspace/.dependencies/checkouts/CocoaAsyncSocket/Source/GCD/GCDAsyncSocket.m normal arm64 objective-c com.apple.compilers.llvm.clang.1_0.compiler (in target 'CocoaAsyncSocket' from project 'CocoaAsyncSocket')
	Building workspace OSCKit with scheme OSCKit
(5 failures)
Command line invocation:
    /Applications/Xcode-27.0.0-Release.Candidate.app/Contents/Developer/usr/bin/xcodebuild -IDEClonedSourcePackagesDirPathOverride=/Users/admin/builder/spi-builder-workspace/.dependencies -resolvePackageDependencies
Resolve Package Graph
Resolved source packages:
  CoreOSC: https://github.com/sammysmallman/CoreOSC.git @ 2.4.0
  NetUtils: https://github.com/svdo/swift-netutils @ 4.2.1
  CocoaAsyncSocket: https://github.com/robbiehanson/CocoaAsyncSocket @ 7.6.5
  OSCKit: /Users/admin/builder/spi-builder-workspace
resolved source packages: CoreOSC, NetUtils, CocoaAsyncSocket, OSCKit
2026-09-20 15:38:16.671 xcodebuild[815:5239] [MT] IDERunDestination: Supported platforms for the buildables in the current scheme is empty.
{
  "dependencies" : [
    {
      "identity" : "cocoaasyncsocket",
      "requirement" : {
        "range" : [
          {
            "lower_bound" : "7.6.4",
            "upper_bound" : "8.0.0"
          }
        ]
      },
      "type" : "sourceControl",
      "url" : "https://github.com/robbiehanson/CocoaAsyncSocket"
    },
    {
      "identity" : "swift-netutils",
      "requirement" : {
        "range" : [
          {
            "lower_bound" : "4.1.0",
            "upper_bound" : "5.0.0"
          }
        ]
      },
      "type" : "sourceControl",
      "url" : "https://github.com/svdo/swift-netutils"
    },
    {
      "identity" : "coreosc",
      "requirement" : {
        "range" : [
          {
            "lower_bound" : "2.0.0",
            "upper_bound" : "3.0.0"
          }
        ]
      },
      "type" : "sourceControl",
      "url" : "https://github.com/sammysmallman/CoreOSC.git"
    }
  ],
  "manifest_display_name" : "OSCKit",
  "name" : "OSCKit",
  "path" : "/Users/admin/builder/spi-builder-workspace",
  "platforms" : [
    {
      "name" : "ios",
      "version" : "9.0"
    },
    {
      "name" : "macos",
      "version" : "10.15"
    },
    {
      "name" : "tvos",
      "version" : "9.0"
    }
  ],
  "products" : [
    {
      "name" : "OSCKit",
      "targets" : [
        "OSCKit"
      ],
      "type" : {
        "library" : [
          "automatic"
        ]
      }
    }
  ],
  "targets" : [
    {
      "c99name" : "OSCKitTests",
      "module_type" : "SwiftTarget",
      "name" : "OSCKitTests",
      "path" : "Tests/OSCKitTests",
      "sources" : [
        "OSCKitTests.swift",
        "OSCTcpStreamFramingTests.swift"
      ],
      "target_dependencies" : [
        "OSCKit"
      ],
      "type" : "test"
    },
    {
      "c99name" : "OSCKit",
      "module_type" : "SwiftTarget",
      "name" : "OSCKit",
      "path" : "Sources/OSCKit",
      "product_dependencies" : [
        "CocoaAsyncSocket",
        "NetUtils",
        "CoreOSC"
      ],
      "product_memberships" : [
        "OSCKit"
      ],
      "resources" : [
        {
          "path" : "/Users/admin/builder/spi-builder-workspace/Sources/OSCKit/LICENSE.md",
          "rule" : {
            "process" : {
            }
          }
        }
      ],
      "sources" : [
        "Extensions/Interface.swift",
        "Extensions/Numeric.swift",
        "Extensions/UInt32.swift",
        "OSCKit.swift",
        "OSCSentPacket.swift",
        "OSCTcp.swift",
        "OSCTcpClient.swift",
        "OSCTcpClientConfiguration.swift",
        "OSCTcpClientDelegate.swift",
        "OSCTcpServer.swift",
        "OSCTcpServerConfiguration.swift",
        "OSCTcpServerDelegate.swift",
        "OSCUdpClient.swift",
        "OSCUdpClientConfiguration.swift",
        "OSCUdpClientDelegate.swift",
        "OSCUdpPeer.swift",
        "OSCUdpPeerConfiguration.swift",
        "OSCUdpPeerDelegate.swift",
        "OSCUdpServer.swift",
        "OSCUdpServerConfiguration.swift",
        "OSCUdpServerDelegate.swift"
      ],
      "type" : "library"
    }
  ],
  "tools_version" : "5.5"
}
{
  "workspace" : {
    "name" : "OSCKit",
    "schemes" : [
      "CoreOSC",
      "OSCKit"
    ]
  }
}
2026-09-20 15:38:17.922 xcodebuild[823:5303] [MT] IDERunDestination: Supported platforms for the buildables in the current scheme is empty.
{
  "workspace" : {
    "name" : "OSCKit",
    "schemes" : [
      "CoreOSC",
      "OSCKit"
    ]
  }
}
2026-09-20 15:38:18.902 xcodebuild[825:5332] [MT] IDERunDestination: Supported platforms for the buildables in the current scheme is empty.
Running build ...
env DEVELOPER_DIR=/Applications/Xcode-27.0.0-Release.Candidate.app xcrun xcodebuild -IDEClonedSourcePackagesDirPathOverride=$PWD/.dependencies -skipMacroValidation -skipPackagePluginValidation -derivedDataPath $PWD/.derivedData build -scheme OSCKit -destination generic/platform=watchOS
Command line invocation:
    /Applications/Xcode-27.0.0-Release.Candidate.app/Contents/Developer/usr/bin/xcodebuild -IDEClonedSourcePackagesDirPathOverride=/Users/admin/builder/spi-builder-workspace/.dependencies -skipMacroValidation -skipPackagePluginValidation -derivedDataPath /Users/admin/builder/spi-builder-workspace/.derivedData build -scheme OSCKit -destination generic/platform=watchOS
Resolve Package Graph
Resolved source packages:
  CoreOSC: https://github.com/sammysmallman/CoreOSC.git @ 2.4.0
  CocoaAsyncSocket: https://github.com/robbiehanson/CocoaAsyncSocket @ 7.6.5
  OSCKit: /Users/admin/builder/spi-builder-workspace
  NetUtils: https://github.com/svdo/swift-netutils @ 4.2.1
ComputePackagePrebuildTargetDependencyGraph
Prepare packages
CreateBuildRequest
SendProjectDescription
CreateBuildOperation
ComputeTargetDependencyGraph
note: Building targets in dependency order
note: Target dependency graph (10 targets)
    Target 'OSCKit-product' in project 'OSCKit'
        ➜ Explicit dependency on target 'OSCKit' in project 'OSCKit'
        ➜ Explicit dependency on target 'OSCKit_OSCKit' in project 'OSCKit'
        ➜ Explicit dependency on target 'CocoaAsyncSocket-product' in project 'CocoaAsyncSocket'
        ➜ Explicit dependency on target 'NetUtils-product' in project 'NetUtils'
        ➜ Explicit dependency on target 'CoreOSC-product' in project 'CoreOSC'
    Target 'OSCKit' in project 'OSCKit'
        ➜ Explicit dependency on target 'OSCKit_OSCKit' in project 'OSCKit'
        ➜ Explicit dependency on target 'CocoaAsyncSocket-product' in project 'CocoaAsyncSocket'
        ➜ Explicit dependency on target 'NetUtils-product' in project 'NetUtils'
        ➜ Explicit dependency on target 'CoreOSC-product' in project 'CoreOSC'
    Target 'CoreOSC-product' in project 'CoreOSC'
        ➜ Explicit dependency on target 'CoreOSC' in project 'CoreOSC'
        ➜ Explicit dependency on target 'CoreOSC_CoreOSC' in project 'CoreOSC'
    Target 'CoreOSC' in project 'CoreOSC'
        ➜ Explicit dependency on target 'CoreOSC_CoreOSC' in project 'CoreOSC'
    Target 'CoreOSC_CoreOSC' in project 'CoreOSC' (no dependencies)
    Target 'NetUtils-product' in project 'NetUtils'
        ➜ Explicit dependency on target 'NetUtils' in project 'NetUtils'
    Target 'NetUtils' in project 'NetUtils' (no dependencies)
    Target 'CocoaAsyncSocket-product' in project 'CocoaAsyncSocket'
        ➜ Explicit dependency on target 'CocoaAsyncSocket' in project 'CocoaAsyncSocket'
    Target 'CocoaAsyncSocket' in project 'CocoaAsyncSocket' (no dependencies)
    Target 'OSCKit_OSCKit' in project 'OSCKit' (no dependencies)
GatherProvisioningInputs
CreateBuildDescription
ClangStatCache /Applications/Xcode-27.0.0-Release.Candidate.app/Contents/Developer/Toolchains/XcodeDefault.xctoolchain/usr/bin/clang-stat-cache /Applications/Xcode-27.0.0-Release.Candidate.app/Contents/Developer/Platforms/WatchOS.platform/Developer/SDKs/WatchOS27.0.sdk /Users/admin/builder/spi-builder-workspace/.derivedData/SDKStatCaches.noindex/watchos27.0-24R360-e829b21a6f8c9b70876ba0858053c04477534ef55a1706bf4c1112bbb242f0a2.sdkstatcache
    cd /Users/admin/builder/spi-builder-workspace/.swiftpm/xcode
    /Applications/Xcode-27.0.0-Release.Candidate.app/Contents/Developer/Toolchains/XcodeDefault.xctoolchain/usr/bin/clang-stat-cache /Applications/Xcode-27.0.0-Release.Candidate.app/Contents/Developer/Platforms/WatchOS.platform/Developer/SDKs/WatchOS27.0.sdk -o /Users/admin/builder/spi-builder-workspace/.derivedData/SDKStatCaches.noindex/watchos27.0-24R360-e829b21a6f8c9b70876ba0858053c04477534ef55a1706bf4c1112bbb242f0a2.sdkstatcache
ScanDependencies /Users/admin/builder/spi-builder-workspace/.derivedData/Build/Intermediates.noindex/CocoaAsyncSocket.build/Debug-watchos/CocoaAsyncSocket-t.build/Objects-normal/arm64_32/GCDAsyncSocket.o /Users/admin/builder/spi-builder-workspace/.dependencies/checkouts/CocoaAsyncSocket/Source/GCD/GCDAsyncSocket.m normal arm64_32 objective-c com.apple.compilers.llvm.clang.1_0.compiler (in target 'CocoaAsyncSocket' from project 'CocoaAsyncSocket')
    cd /Users/admin/builder/spi-builder-workspace/.swiftpm/xcode

    Using response file: /Users/admin/builder/spi-builder-workspace/.derivedData/Build/Intermediates.noindex/CocoaAsyncSocket.build/Debug-watchos/CocoaAsyncSocket-t.build/Objects-normal/arm64_32/e6072d4f65d7061329687fe24e3d63a7-common-args.resp

    builtin-ScanDependencies -o /Users/admin/builder/spi-builder-workspace/.derivedData/Build/Intermediates.noindex/CocoaAsyncSocket.build/Debug-watchos/CocoaAsyncSocket-t.build/Objects-normal/arm64_32/GCDAsyncSocket.o.scan -- /Applications/Xcode-27.0.0-Release.Candidate.app/Contents/Developer/Toolchains/XcodeDefault.xctoolchain/usr/bin/clang -x objective-c -ivfsstatcache /Users/admin/builder/spi-builder-workspace/.derivedData/SDKStatCaches.noindex/watchos27.0-24R360-e829b21a6f8c9b70876ba0858053c04477534ef55a1706bf4c1112bbb242f0a2.sdkstatcache -target arm64_32-apple-watchos9.0 -fmessage-length\=0 -fdiagnostics-show-note-include-stack -fmacro-backtrace-limit\=0 -fno-color-diagnostics -fmodules-prune-interval\=86400 -fmodules-prune-after\=345600 -fbuild-session-file\=/Users/admin/builder/spi-builder-workspace/.derivedData/ModuleCache.noindex/Session.modulevalidation -fmodules-validate-once-per-build-session -Wnon-modular-include-in-framework-module -Werror\=non-modular-include-in-framework-module -Wno-trigraphs -Wno-missing-field-initializers -Wno-missing-prototypes -Wno-return-type -Wno-implicit-atomic-properties -Wno-objc-interface-ivars -Wno-arc-repeated-use-of-weak -Wno-missing-braces -Wparentheses -Wswitch -Wno-unused-function -Wno-unused-label -Wno-unused-parameter -Wno-unused-variable -Wunused-value -Wno-empty-body -Wno-uninitialized -Wno-unknown-pragmas -w -Wno-shadow -Wno-four-char-constants -Wno-conversion -Wno-constant-conversion -Wno-int-conversion -Wno-bool-conversion -Wno-enum-conversion -Wno-float-conversion -Wno-non-literal-null-conversion -Wno-objc-literal-conversion -Wno-shorten-64-to-32 -Wpointer-sign -Wno-newline-eof -Wno-selector -Wno-strict-selector-match -Wno-undeclared-selector -Wno-deprecated-implementations -Wno-implicit-fallthrough -isysroot /Applications/Xcode-27.0.0-Release.Candidate.app/Contents/Developer/Platforms/WatchOS.platform/Developer/SDKs/WatchOS27.0.sdk -fstrict-aliasing -Wprotocol -Wdeprecated-declarations -Wno-sign-conversion -Wno-infinite-recursion -Wno-comma -Wno-block-capture-autoreleasing -Wno-strict-prototypes -Wno-semicolon-before-method-body -index-store-path /Users/admin/builder/spi-builder-workspace/.derivedData/Index.noindex/DataStore @/Users/admin/builder/spi-builder-workspace/.derivedData/Build/Intermediates.noindex/CocoaAsyncSocket.build/Debug-watchos/CocoaAsyncSocket-t.build/Objects-normal/arm64_32/e6072d4f65d7061329687fe24e3d63a7-common-args.resp -MMD -MT dependencies -MF /Users/admin/builder/spi-builder-workspace/.derivedData/Build/Intermediates.noindex/CocoaAsyncSocket.build/Debug-watchos/CocoaAsyncSocket-t.build/Objects-normal/arm64_32/GCDAsyncSocket.d --serialize-diagnostics /Users/admin/builder/spi-builder-workspace/.derivedData/Build/Intermediates.noindex/CocoaAsyncSocket.build/Debug-watchos/CocoaAsyncSocket-t.build/Objects-normal/arm64_32/GCDAsyncSocket.dia -c /Users/admin/builder/spi-builder-workspace/.dependencies/checkouts/CocoaAsyncSocket/Source/GCD/GCDAsyncSocket.m -o /Users/admin/builder/spi-builder-workspace/.derivedData/Build/Intermediates.noindex/CocoaAsyncSocket.build/Debug-watchos/CocoaAsyncSocket-t.build/Objects-normal/arm64_32/GCDAsyncSocket.o -index-unit-output-path /CocoaAsyncSocket.build/Debug-watchos/CocoaAsyncSocket-t.build/Objects-normal/arm64_32/GCDAsyncSocket.o
/Users/admin/builder/spi-builder-workspace/.dependencies/checkouts/CocoaAsyncSocket/Source/GCD/GCDAsyncSocket.m:14:9: error: 'CFNetwork/CFNetwork.h' file not found (in target 'CocoaAsyncSocket' from project 'CocoaAsyncSocket')
    note: Did not find header 'CFNetwork.h' in framework 'CFNetwork' (loaded from '/Applications/Xcode-27.0.0-Release.Candidate.app/Contents/Developer/Platforms/WatchOS.platform/Developer/SDKs/WatchOS27.0.sdk/System/Library/Frameworks')
ScanDependencies /Users/admin/builder/spi-builder-workspace/.derivedData/Build/Intermediates.noindex/CocoaAsyncSocket.build/Debug-watchos/CocoaAsyncSocket-t.build/Objects-normal/arm64/GCDAsyncUdpSocket.o /Users/admin/builder/spi-builder-workspace/.dependencies/checkouts/CocoaAsyncSocket/Source/GCD/GCDAsyncUdpSocket.m normal arm64 objective-c com.apple.compilers.llvm.clang.1_0.compiler (in target 'CocoaAsyncSocket' from project 'CocoaAsyncSocket')
    cd /Users/admin/builder/spi-builder-workspace/.swiftpm/xcode

    Using response file: /Users/admin/builder/spi-builder-workspace/.derivedData/Build/Intermediates.noindex/CocoaAsyncSocket.build/Debug-watchos/CocoaAsyncSocket-t.build/Objects-normal/arm64/e6072d4f65d7061329687fe24e3d63a7-common-args.resp

    builtin-ScanDependencies -o /Users/admin/builder/spi-builder-workspace/.derivedData/Build/Intermediates.noindex/CocoaAsyncSocket.build/Debug-watchos/CocoaAsyncSocket-t.build/Objects-normal/arm64/GCDAsyncUdpSocket.o.scan -- /Applications/Xcode-27.0.0-Release.Candidate.app/Contents/Developer/Toolchains/XcodeDefault.xctoolchain/usr/bin/clang -x objective-c -ivfsstatcache /Users/admin/builder/spi-builder-workspace/.derivedData/SDKStatCaches.noindex/watchos27.0-24R360-e829b21a6f8c9b70876ba0858053c04477534ef55a1706bf4c1112bbb242f0a2.sdkstatcache -target arm64-apple-watchos9.0 -fmessage-length\=0 -fdiagnostics-show-note-include-stack -fmacro-backtrace-limit\=0 -fno-color-diagnostics -fmodules-prune-interval\=86400 -fmodules-prune-after\=345600 -fbuild-session-file\=/Users/admin/builder/spi-builder-workspace/.derivedData/ModuleCache.noindex/Session.modulevalidation -fmodules-validate-once-per-build-session -Wnon-modular-include-in-framework-module -Werror\=non-modular-include-in-framework-module -Wno-trigraphs -Wno-missing-field-initializers -Wno-missing-prototypes -Wno-return-type -Wno-implicit-atomic-properties -Wno-objc-interface-ivars -Wno-arc-repeated-use-of-weak -Wno-missing-braces -Wparentheses -Wswitch -Wno-unused-function -Wno-unused-label -Wno-unused-parameter -Wno-unused-variable -Wunused-value -Wno-empty-body -Wno-uninitialized -Wno-unknown-pragmas -w -Wno-shadow -Wno-four-char-constants -Wno-conversion -Wno-constant-conversion -Wno-int-conversion -Wno-bool-conversion -Wno-enum-conversion -Wno-float-conversion -Wno-non-literal-null-conversion -Wno-objc-literal-conversion -Wshorten-64-to-32 -Wpointer-sign -Wno-newline-eof -Wno-selector -Wno-strict-selector-match -Wno-undeclared-selector -Wno-deprecated-implementations -Wno-implicit-fallthrough -isysroot /Applications/Xcode-27.0.0-Release.Candidate.app/Contents/Developer/Platforms/WatchOS.platform/Developer/SDKs/WatchOS27.0.sdk -fstrict-aliasing -Wprotocol -Wdeprecated-declarations -Wno-sign-conversion -Wno-infinite-recursion -Wno-comma -Wno-block-capture-autoreleasing -Wno-strict-prototypes -Wno-semicolon-before-method-body -index-store-path /Users/admin/builder/spi-builder-workspace/.derivedData/Index.noindex/DataStore @/Users/admin/builder/spi-builder-workspace/.derivedData/Build/Intermediates.noindex/CocoaAsyncSocket.build/Debug-watchos/CocoaAsyncSocket-t.build/Objects-normal/arm64/e6072d4f65d7061329687fe24e3d63a7-common-args.resp -MMD -MT dependencies -MF /Users/admin/builder/spi-builder-workspace/.derivedData/Build/Intermediates.noindex/CocoaAsyncSocket.build/Debug-watchos/CocoaAsyncSocket-t.build/Objects-normal/arm64/GCDAsyncUdpSocket.d --serialize-diagnostics /Users/admin/builder/spi-builder-workspace/.derivedData/Build/Intermediates.noindex/CocoaAsyncSocket.build/Debug-watchos/CocoaAsyncSocket-t.build/Objects-normal/arm64/GCDAsyncUdpSocket.dia -c /Users/admin/builder/spi-builder-workspace/.dependencies/checkouts/CocoaAsyncSocket/Source/GCD/GCDAsyncUdpSocket.m -o /Users/admin/builder/spi-builder-workspace/.derivedData/Build/Intermediates.noindex/CocoaAsyncSocket.build/Debug-watchos/CocoaAsyncSocket-t.build/Objects-normal/arm64/GCDAsyncUdpSocket.o -index-unit-output-path /CocoaAsyncSocket.build/Debug-watchos/CocoaAsyncSocket-t.build/Objects-normal/arm64/GCDAsyncUdpSocket.o
/Users/admin/builder/spi-builder-workspace/.dependencies/checkouts/CocoaAsyncSocket/Source/GCD/GCDAsyncUdpSocket.m:19:11: error: 'CFNetwork/CFNetwork.h' file not found (in target 'CocoaAsyncSocket' from project 'CocoaAsyncSocket')
    note: Did not find header 'CFNetwork.h' in framework 'CFNetwork' (loaded from '/Applications/Xcode-27.0.0-Release.Candidate.app/Contents/Developer/Platforms/WatchOS.platform/Developer/SDKs/WatchOS27.0.sdk/System/Library/Frameworks')
ScanDependencies /Users/admin/builder/spi-builder-workspace/.derivedData/Build/Intermediates.noindex/CocoaAsyncSocket.build/Debug-watchos/CocoaAsyncSocket-t.build/Objects-normal/arm64_32/GCDAsyncUdpSocket.o /Users/admin/builder/spi-builder-workspace/.dependencies/checkouts/CocoaAsyncSocket/Source/GCD/GCDAsyncUdpSocket.m normal arm64_32 objective-c com.apple.compilers.llvm.clang.1_0.compiler (in target 'CocoaAsyncSocket' from project 'CocoaAsyncSocket')
    cd /Users/admin/builder/spi-builder-workspace/.swiftpm/xcode

    Using response file: /Users/admin/builder/spi-builder-workspace/.derivedData/Build/Intermediates.noindex/CocoaAsyncSocket.build/Debug-watchos/CocoaAsyncSocket-t.build/Objects-normal/arm64_32/e6072d4f65d7061329687fe24e3d63a7-common-args.resp

    builtin-ScanDependencies -o /Users/admin/builder/spi-builder-workspace/.derivedData/Build/Intermediates.noindex/CocoaAsyncSocket.build/Debug-watchos/CocoaAsyncSocket-t.build/Objects-normal/arm64_32/GCDAsyncUdpSocket.o.scan -- /Applications/Xcode-27.0.0-Release.Candidate.app/Contents/Developer/Toolchains/XcodeDefault.xctoolchain/usr/bin/clang -x objective-c -ivfsstatcache /Users/admin/builder/spi-builder-workspace/.derivedData/SDKStatCaches.noindex/watchos27.0-24R360-e829b21a6f8c9b70876ba0858053c04477534ef55a1706bf4c1112bbb242f0a2.sdkstatcache -target arm64_32-apple-watchos9.0 -fmessage-length\=0 -fdiagnostics-show-note-include-stack -fmacro-backtrace-limit\=0 -fno-color-diagnostics -fmodules-prune-interval\=86400 -fmodules-prune-after\=345600 -fbuild-session-file\=/Users/admin/builder/spi-builder-workspace/.derivedData/ModuleCache.noindex/Session.modulevalidation -fmodules-validate-once-per-build-session -Wnon-modular-include-in-framework-module -Werror\=non-modular-include-in-framework-module -Wno-trigraphs -Wno-missing-field-initializers -Wno-missing-prototypes -Wno-return-type -Wno-implicit-atomic-properties -Wno-objc-interface-ivars -Wno-arc-repeated-use-of-weak -Wno-missing-braces -Wparentheses -Wswitch -Wno-unused-function -Wno-unused-label -Wno-unused-parameter -Wno-unused-variable -Wunused-value -Wno-empty-body -Wno-uninitialized -Wno-unknown-pragmas -w -Wno-shadow -Wno-four-char-constants -Wno-conversion -Wno-constant-conversion -Wno-int-conversion -Wno-bool-conversion -Wno-enum-conversion -Wno-float-conversion -Wno-non-literal-null-conversion -Wno-objc-literal-conversion -Wno-shorten-64-to-32 -Wpointer-sign -Wno-newline-eof -Wno-selector -Wno-strict-selector-match -Wno-undeclared-selector -Wno-deprecated-implementations -Wno-implicit-fallthrough -isysroot /Applications/Xcode-27.0.0-Release.Candidate.app/Contents/Developer/Platforms/WatchOS.platform/Developer/SDKs/WatchOS27.0.sdk -fstrict-aliasing -Wprotocol -Wdeprecated-declarations -Wno-sign-conversion -Wno-infinite-recursion -Wno-comma -Wno-block-capture-autoreleasing -Wno-strict-prototypes -Wno-semicolon-before-method-body -index-store-path /Users/admin/builder/spi-builder-workspace/.derivedData/Index.noindex/DataStore @/Users/admin/builder/spi-builder-workspace/.derivedData/Build/Intermediates.noindex/CocoaAsyncSocket.build/Debug-watchos/CocoaAsyncSocket-t.build/Objects-normal/arm64_32/e6072d4f65d7061329687fe24e3d63a7-common-args.resp -MMD -MT dependencies -MF /Users/admin/builder/spi-builder-workspace/.derivedData/Build/Intermediates.noindex/CocoaAsyncSocket.build/Debug-watchos/CocoaAsyncSocket-t.build/Objects-normal/arm64_32/GCDAsyncUdpSocket.d --serialize-diagnostics /Users/admin/builder/spi-builder-workspace/.derivedData/Build/Intermediates.noindex/CocoaAsyncSocket.build/Debug-watchos/CocoaAsyncSocket-t.build/Objects-normal/arm64_32/GCDAsyncUdpSocket.dia -c /Users/admin/builder/spi-builder-workspace/.dependencies/checkouts/CocoaAsyncSocket/Source/GCD/GCDAsyncUdpSocket.m -o /Users/admin/builder/spi-builder-workspace/.derivedData/Build/Intermediates.noindex/CocoaAsyncSocket.build/Debug-watchos/CocoaAsyncSocket-t.build/Objects-normal/arm64_32/GCDAsyncUdpSocket.o -index-unit-output-path /CocoaAsyncSocket.build/Debug-watchos/CocoaAsyncSocket-t.build/Objects-normal/arm64_32/GCDAsyncUdpSocket.o
/Users/admin/builder/spi-builder-workspace/.dependencies/checkouts/CocoaAsyncSocket/Source/GCD/GCDAsyncUdpSocket.m:19:11: error: 'CFNetwork/CFNetwork.h' file not found (in target 'CocoaAsyncSocket' from project 'CocoaAsyncSocket')
    note: Did not find header 'CFNetwork.h' in framework 'CFNetwork' (loaded from '/Applications/Xcode-27.0.0-Release.Candidate.app/Contents/Developer/Platforms/WatchOS.platform/Developer/SDKs/WatchOS27.0.sdk/System/Library/Frameworks')
ScanDependencies /Users/admin/builder/spi-builder-workspace/.derivedData/Build/Intermediates.noindex/CocoaAsyncSocket.build/Debug-watchos/CocoaAsyncSocket-t.build/Objects-normal/arm64/GCDAsyncSocket.o /Users/admin/builder/spi-builder-workspace/.dependencies/checkouts/CocoaAsyncSocket/Source/GCD/GCDAsyncSocket.m normal arm64 objective-c com.apple.compilers.llvm.clang.1_0.compiler (in target 'CocoaAsyncSocket' from project 'CocoaAsyncSocket')
    cd /Users/admin/builder/spi-builder-workspace/.swiftpm/xcode

    Using response file: /Users/admin/builder/spi-builder-workspace/.derivedData/Build/Intermediates.noindex/CocoaAsyncSocket.build/Debug-watchos/CocoaAsyncSocket-t.build/Objects-normal/arm64/e6072d4f65d7061329687fe24e3d63a7-common-args.resp

    builtin-ScanDependencies -o /Users/admin/builder/spi-builder-workspace/.derivedData/Build/Intermediates.noindex/CocoaAsyncSocket.build/Debug-watchos/CocoaAsyncSocket-t.build/Objects-normal/arm64/GCDAsyncSocket.o.scan -- /Applications/Xcode-27.0.0-Release.Candidate.app/Contents/Developer/Toolchains/XcodeDefault.xctoolchain/usr/bin/clang -x objective-c -ivfsstatcache /Users/admin/builder/spi-builder-workspace/.derivedData/SDKStatCaches.noindex/watchos27.0-24R360-e829b21a6f8c9b70876ba0858053c04477534ef55a1706bf4c1112bbb242f0a2.sdkstatcache -target arm64-apple-watchos9.0 -fmessage-length\=0 -fdiagnostics-show-note-include-stack -fmacro-backtrace-limit\=0 -fno-color-diagnostics -fmodules-prune-interval\=86400 -fmodules-prune-after\=345600 -fbuild-session-file\=/Users/admin/builder/spi-builder-workspace/.derivedData/ModuleCache.noindex/Session.modulevalidation -fmodules-validate-once-per-build-session -Wnon-modular-include-in-framework-module -Werror\=non-modular-include-in-framework-module -Wno-trigraphs -Wno-missing-field-initializers -Wno-missing-prototypes -Wno-return-type -Wno-implicit-atomic-properties -Wno-objc-interface-ivars -Wno-arc-repeated-use-of-weak -Wno-missing-braces -Wparentheses -Wswitch -Wno-unused-function -Wno-unused-label -Wno-unused-parameter -Wno-unused-variable -Wunused-value -Wno-empty-body -Wno-uninitialized -Wno-unknown-pragmas -w -Wno-shadow -Wno-four-char-constants -Wno-conversion -Wno-constant-conversion -Wno-int-conversion -Wno-bool-conversion -Wno-enum-conversion -Wno-float-conversion -Wno-non-literal-null-conversion -Wno-objc-literal-conversion -Wshorten-64-to-32 -Wpointer-sign -Wno-newline-eof -Wno-selector -Wno-strict-selector-match -Wno-undeclared-selector -Wno-deprecated-implementations -Wno-implicit-fallthrough -isysroot /Applications/Xcode-27.0.0-Release.Candidate.app/Contents/Developer/Platforms/WatchOS.platform/Developer/SDKs/WatchOS27.0.sdk -fstrict-aliasing -Wprotocol -Wdeprecated-declarations -Wno-sign-conversion -Wno-infinite-recursion -Wno-comma -Wno-block-capture-autoreleasing -Wno-strict-prototypes -Wno-semicolon-before-method-body -index-store-path /Users/admin/builder/spi-builder-workspace/.derivedData/Index.noindex/DataStore @/Users/admin/builder/spi-builder-workspace/.derivedData/Build/Intermediates.noindex/CocoaAsyncSocket.build/Debug-watchos/CocoaAsyncSocket-t.build/Objects-normal/arm64/e6072d4f65d7061329687fe24e3d63a7-common-args.resp -MMD -MT dependencies -MF /Users/admin/builder/spi-builder-workspace/.derivedData/Build/Intermediates.noindex/CocoaAsyncSocket.build/Debug-watchos/CocoaAsyncSocket-t.build/Objects-normal/arm64/GCDAsyncSocket.d --serialize-diagnostics /Users/admin/builder/spi-builder-workspace/.derivedData/Build/Intermediates.noindex/CocoaAsyncSocket.build/Debug-watchos/CocoaAsyncSocket-t.build/Objects-normal/arm64/GCDAsyncSocket.dia -c /Users/admin/builder/spi-builder-workspace/.dependencies/checkouts/CocoaAsyncSocket/Source/GCD/GCDAsyncSocket.m -o /Users/admin/builder/spi-builder-workspace/.derivedData/Build/Intermediates.noindex/CocoaAsyncSocket.build/Debug-watchos/CocoaAsyncSocket-t.build/Objects-normal/arm64/GCDAsyncSocket.o -index-unit-output-path /CocoaAsyncSocket.build/Debug-watchos/CocoaAsyncSocket-t.build/Objects-normal/arm64/GCDAsyncSocket.o
/Users/admin/builder/spi-builder-workspace/.dependencies/checkouts/CocoaAsyncSocket/Source/GCD/GCDAsyncSocket.m:14:9: error: 'CFNetwork/CFNetwork.h' file not found (in target 'CocoaAsyncSocket' from project 'CocoaAsyncSocket')
    note: Did not find header 'CFNetwork.h' in framework 'CFNetwork' (loaded from '/Applications/Xcode-27.0.0-Release.Candidate.app/Contents/Developer/Platforms/WatchOS.platform/Developer/SDKs/WatchOS27.0.sdk/System/Library/Frameworks')
SwiftDriver NetUtils normal arm64 com.apple.xcode.tools.swift.compiler (in target 'NetUtils' from project 'NetUtils')
    cd /Users/admin/builder/spi-builder-workspace/.swiftpm/xcode
    builtin-SwiftDriver -- /Applications/Xcode-27.0.0-Release.Candidate.app/Contents/Developer/Toolchains/XcodeDefault.xctoolchain/usr/bin/swiftc -parse-as-library -module-name NetUtils -Onone @/Users/admin/builder/spi-builder-workspace/.derivedData/Build/Intermediates.noindex/NetUtils.build/Debug-watchos/NetUtils-t.build/Objects-normal/arm64/NetUtils.SwiftFileList -DSWIFT_PACKAGE -DDEBUG -DSWIFT_MODULE_RESOURCE_BUNDLE_UNAVAILABLE -DXcode -plugin-path /Applications/Xcode-27.0.0-Release.Candidate.app/Contents/Developer/Toolchains/XcodeDefault.xctoolchain/usr/lib/swift/host/plugins/testing -enable-experimental-feature DebugDescriptionMacro -sdk /Applications/Xcode-27.0.0-Release.Candidate.app/Contents/Developer/Platforms/WatchOS.platform/Developer/SDKs/WatchOS27.0.sdk -target arm64-apple-watchos9.0 -g -module-cache-path /Users/admin/builder/spi-builder-workspace/.derivedData/ModuleCache.noindex -Xfrontend -serialize-debugging-options -profile-coverage-mapping -profile-generate -enable-testing -suppress-warnings -index-store-path /Users/admin/builder/spi-builder-workspace/.derivedData/Index.noindex/DataStore -Xcc -D_LIBCPP_HARDENING_MODE\=_LIBCPP_HARDENING_MODE_DEBUG -swift-version 4 -I /Users/admin/builder/spi-builder-workspace/.derivedData/Build/Products/Debug-watchos -Isystem /Applications/Xcode-27.0.0-Release.Candidate.app/Contents/Developer/Platforms/WatchOS.platform/Developer/usr/lib -F /Users/admin/builder/spi-builder-workspace/.derivedData/Build/Products/Debug-watchos -F /Applications/Xcode-27.0.0-Release.Candidate.app/Contents/Developer/Platforms/WatchOS.platform/Developer/Library/Frameworks -F /Applications/Xcode-27.0.0-Release.Candidate.app/Contents/Developer/Platforms/WatchOS.platform/Developer/SDKs/WatchOS27.0.sdk/Developer/Library/Frameworks -c -j10 -enable-batch-mode -incremental -Xcc -ivfsstatcache -Xcc /Users/admin/builder/spi-builder-workspace/.derivedData/SDKStatCaches.noindex/watchos27.0-24R360-e829b21a6f8c9b70876ba0858053c04477534ef55a1706bf4c1112bbb242f0a2.sdkstatcache -output-file-map /Users/admin/builder/spi-builder-workspace/.derivedData/Build/Intermediates.noindex/NetUtils.build/Debug-watchos/NetUtils-t.build/Objects-normal/arm64/NetUtils-OutputFileMap.json -save-temps -no-color-diagnostics -emit-dependencies -emit-module -emit-module-path /Users/admin/builder/spi-builder-workspace/.derivedData/Build/Intermediates.noindex/NetUtils.build/Debug-watchos/NetUtils-t.build/Objects-normal/arm64/NetUtils.swiftmodule -serialize-diagnostics -validate-clang-modules-once -clang-build-session-file /Users/admin/builder/spi-builder-workspace/.derivedData/ModuleCache.noindex/Session.modulevalidation -Xcc -fmodules-prune-interval\=86400 -Xcc -fmodules-prune-after\=345600 -emit-const-values -const-gather-protocols-list /Users/admin/builder/spi-builder-workspace/.derivedData/Build/Intermediates.noindex/NetUtils.build/Debug-watchos/NetUtils-t.build/Objects-normal/arm64/NetUtils_const_extract_protocols.json -Xcc -I/Users/admin/builder/spi-builder-workspace/.derivedData/Build/Products/Debug-watchos/include -Xcc -I/Users/admin/builder/spi-builder-workspace/.derivedData/Build/Intermediates.noindex/NetUtils.build/Debug-watchos/NetUtils-t.build/DerivedSources-normal/arm64 -Xcc -I/Users/admin/builder/spi-builder-workspace/.derivedData/Build/Intermediates.noindex/NetUtils.build/Debug-watchos/NetUtils-t.build/DerivedSources/arm64 -Xcc -I/Users/admin/builder/spi-builder-workspace/.derivedData/Build/Intermediates.noindex/NetUtils.build/Debug-watchos/NetUtils-t.build/DerivedSources -Xcc -DSWIFT_PACKAGE -Xcc -DDEBUG\=1 -emit-objc-header -emit-objc-header-path /Users/admin/builder/spi-builder-workspace/.derivedData/Build/Intermediates.noindex/NetUtils.build/Debug-watchos/NetUtils-t.build/Objects-normal/arm64/NetUtils-Swift.h -working-directory /Users/admin/builder/spi-builder-workspace/.swiftpm/xcode -experimental-emit-module-separately -disable-cmo
SwiftDriver CoreOSC normal arm64_32 com.apple.xcode.tools.swift.compiler (in target 'CoreOSC' from project 'CoreOSC')
    cd /Users/admin/builder/spi-builder-workspace/.swiftpm/xcode
    builtin-SwiftDriver -- /Applications/Xcode-27.0.0-Release.Candidate.app/Contents/Developer/Toolchains/XcodeDefault.xctoolchain/usr/bin/swiftc -parse-as-library -module-name CoreOSC -Onone @/Users/admin/builder/spi-builder-workspace/.derivedData/Build/Intermediates.noindex/CoreOSC.build/Debug-watchos/CoreOSC-t.build/Objects-normal/arm64_32/CoreOSC.SwiftFileList -DSWIFT_PACKAGE -DDEBUG -DSWIFT_MODULE_RESOURCE_BUNDLE_AVAILABLE -DXcode -plugin-path /Applications/Xcode-27.0.0-Release.Candidate.app/Contents/Developer/Toolchains/XcodeDefault.xctoolchain/usr/lib/swift/host/plugins/testing -enable-experimental-feature DebugDescriptionMacro -sdk /Applications/Xcode-27.0.0-Release.Candidate.app/Contents/Developer/Platforms/WatchOS.platform/Developer/SDKs/WatchOS27.0.sdk -target arm64_32-apple-watchos9.0 -g -module-cache-path /Users/admin/builder/spi-builder-workspace/.derivedData/ModuleCache.noindex -Xfrontend -serialize-debugging-options -profile-coverage-mapping -profile-generate -enable-testing -suppress-warnings -index-store-path /Users/admin/builder/spi-builder-workspace/.derivedData/Index.noindex/DataStore -Xcc -D_LIBCPP_HARDENING_MODE\=_LIBCPP_HARDENING_MODE_DEBUG -swift-version 6 -I /Users/admin/builder/spi-builder-workspace/.derivedData/Build/Products/Debug-watchos -Isystem /Applications/Xcode-27.0.0-Release.Candidate.app/Contents/Developer/Platforms/WatchOS.platform/Developer/usr/lib -F /Users/admin/builder/spi-builder-workspace/.derivedData/Build/Products/Debug-watchos -F /Applications/Xcode-27.0.0-Release.Candidate.app/Contents/Developer/Platforms/WatchOS.platform/Developer/Library/Frameworks -F /Applications/Xcode-27.0.0-Release.Candidate.app/Contents/Developer/Platforms/WatchOS.platform/Developer/SDKs/WatchOS27.0.sdk/Developer/Library/Frameworks -emit-localized-strings -emit-localized-strings-path /Users/admin/builder/spi-builder-workspace/.derivedData/Build/Intermediates.noindex/CoreOSC.build/Debug-watchos/CoreOSC-t.build/Objects-normal/arm64_32 -c -j10 -enable-batch-mode -incremental -Xcc -ivfsstatcache -Xcc /Users/admin/builder/spi-builder-workspace/.derivedData/SDKStatCaches.noindex/watchos27.0-24R360-e829b21a6f8c9b70876ba0858053c04477534ef55a1706bf4c1112bbb242f0a2.sdkstatcache -output-file-map /Users/admin/builder/spi-builder-workspace/.derivedData/Build/Intermediates.noindex/CoreOSC.build/Debug-watchos/CoreOSC-t.build/Objects-normal/arm64_32/CoreOSC-OutputFileMap.json -save-temps -no-color-diagnostics -explicit-module-build -module-cache-path /Users/admin/builder/spi-builder-workspace/.derivedData/Build/Intermediates.noindex/SwiftExplicitPrecompiledModules -clang-scanner-module-cache-path /Users/admin/builder/spi-builder-workspace/.derivedData/ModuleCache.noindex -sdk-module-cache-path /Users/admin/builder/spi-builder-workspace/.derivedData/SDKExplicitPrecompiledModules -emit-dependencies -emit-module -emit-module-path /Users/admin/builder/spi-builder-workspace/.derivedData/Build/Intermediates.noindex/CoreOSC.build/Debug-watchos/CoreOSC-t.build/Objects-normal/arm64_32/CoreOSC.swiftmodule -serialize-diagnostics -dependency-scan-serialize-diagnostics-path /Users/admin/builder/spi-builder-workspace/.derivedData/Build/Intermediates.noindex/CoreOSC.build/Debug-watchos/CoreOSC-t.build/Objects-normal/arm64_32/CoreOSC-dependency-scan.dia -user-module-version 2.4.0 -validate-clang-modules-once -clang-build-session-file /Users/admin/builder/spi-builder-workspace/.derivedData/ModuleCache.noindex/Session.modulevalidation -Xcc -fmodules-prune-interval\=86400 -Xcc -fmodules-prune-after\=345600 -package-name coreosc -emit-const-values -const-gather-protocols-list /Users/admin/builder/spi-builder-workspace/.derivedData/Build/Intermediates.noindex/CoreOSC.build/Debug-watchos/CoreOSC-t.build/Objects-normal/arm64_32/CoreOSC_const_extract_protocols.json -Xcc -I/Users/admin/builder/spi-builder-workspace/.derivedData/Build/Products/Debug-watchos/include -Xcc -I/Users/admin/builder/spi-builder-workspace/.derivedData/Build/Intermediates.noindex/CoreOSC.build/Debug-watchos/CoreOSC-t.build/DerivedSources-normal/arm64_32 -Xcc -I/Users/admin/builder/spi-builder-workspace/.derivedData/Build/Intermediates.noindex/CoreOSC.build/Debug-watchos/CoreOSC-t.build/DerivedSources/arm64_32 -Xcc -I/Users/admin/builder/spi-builder-workspace/.derivedData/Build/Intermediates.noindex/CoreOSC.build/Debug-watchos/CoreOSC-t.build/DerivedSources -Xcc -DSWIFT_PACKAGE -Xcc -DDEBUG\=1 -emit-objc-header -emit-objc-header-path /Users/admin/builder/spi-builder-workspace/.derivedData/Build/Intermediates.noindex/CoreOSC.build/Debug-watchos/CoreOSC-t.build/Objects-normal/arm64_32/CoreOSC-Swift.h -working-directory /Users/admin/builder/spi-builder-workspace/.swiftpm/xcode -experimental-emit-module-separately -disable-cmo
SwiftDriver NetUtils normal arm64_32 com.apple.xcode.tools.swift.compiler (in target 'NetUtils' from project 'NetUtils')
    cd /Users/admin/builder/spi-builder-workspace/.swiftpm/xcode
    builtin-SwiftDriver -- /Applications/Xcode-27.0.0-Release.Candidate.app/Contents/Developer/Toolchains/XcodeDefault.xctoolchain/usr/bin/swiftc -parse-as-library -module-name NetUtils -Onone @/Users/admin/builder/spi-builder-workspace/.derivedData/Build/Intermediates.noindex/NetUtils.build/Debug-watchos/NetUtils-t.build/Objects-normal/arm64_32/NetUtils.SwiftFileList -DSWIFT_PACKAGE -DDEBUG -DSWIFT_MODULE_RESOURCE_BUNDLE_UNAVAILABLE -DXcode -plugin-path /Applications/Xcode-27.0.0-Release.Candidate.app/Contents/Developer/Toolchains/XcodeDefault.xctoolchain/usr/lib/swift/host/plugins/testing -enable-experimental-feature DebugDescriptionMacro -sdk /Applications/Xcode-27.0.0-Release.Candidate.app/Contents/Developer/Platforms/WatchOS.platform/Developer/SDKs/WatchOS27.0.sdk -target arm64_32-apple-watchos9.0 -g -module-cache-path /Users/admin/builder/spi-builder-workspace/.derivedData/ModuleCache.noindex -Xfrontend -serialize-debugging-options -profile-coverage-mapping -profile-generate -enable-testing -suppress-warnings -index-store-path /Users/admin/builder/spi-builder-workspace/.derivedData/Index.noindex/DataStore -Xcc -D_LIBCPP_HARDENING_MODE\=_LIBCPP_HARDENING_MODE_DEBUG -swift-version 4 -I /Users/admin/builder/spi-builder-workspace/.derivedData/Build/Products/Debug-watchos -Isystem /Applications/Xcode-27.0.0-Release.Candidate.app/Contents/Developer/Platforms/WatchOS.platform/Developer/usr/lib -F /Users/admin/builder/spi-builder-workspace/.derivedData/Build/Products/Debug-watchos -F /Applications/Xcode-27.0.0-Release.Candidate.app/Contents/Developer/Platforms/WatchOS.platform/Developer/Library/Frameworks -F /Applications/Xcode-27.0.0-Release.Candidate.app/Contents/Developer/Platforms/WatchOS.platform/Developer/SDKs/WatchOS27.0.sdk/Developer/Library/Frameworks -c -j10 -enable-batch-mode -incremental -Xcc -ivfsstatcache -Xcc /Users/admin/builder/spi-builder-workspace/.derivedData/SDKStatCaches.noindex/watchos27.0-24R360-e829b21a6f8c9b70876ba0858053c04477534ef55a1706bf4c1112bbb242f0a2.sdkstatcache -output-file-map /Users/admin/builder/spi-builder-workspace/.derivedData/Build/Intermediates.noindex/NetUtils.build/Debug-watchos/NetUtils-t.build/Objects-normal/arm64_32/NetUtils-OutputFileMap.json -save-temps -no-color-diagnostics -emit-dependencies -emit-module -emit-module-path /Users/admin/builder/spi-builder-workspace/.derivedData/Build/Intermediates.noindex/NetUtils.build/Debug-watchos/NetUtils-t.build/Objects-normal/arm64_32/NetUtils.swiftmodule -serialize-diagnostics -validate-clang-modules-once -clang-build-session-file /Users/admin/builder/spi-builder-workspace/.derivedData/ModuleCache.noindex/Session.modulevalidation -Xcc -fmodules-prune-interval\=86400 -Xcc -fmodules-prune-after\=345600 -emit-const-values -const-gather-protocols-list /Users/admin/builder/spi-builder-workspace/.derivedData/Build/Intermediates.noindex/NetUtils.build/Debug-watchos/NetUtils-t.build/Objects-normal/arm64_32/NetUtils_const_extract_protocols.json -Xcc -I/Users/admin/builder/spi-builder-workspace/.derivedData/Build/Products/Debug-watchos/include -Xcc -I/Users/admin/builder/spi-builder-workspace/.derivedData/Build/Intermediates.noindex/NetUtils.build/Debug-watchos/NetUtils-t.build/DerivedSources-normal/arm64_32 -Xcc -I/Users/admin/builder/spi-builder-workspace/.derivedData/Build/Intermediates.noindex/NetUtils.build/Debug-watchos/NetUtils-t.build/DerivedSources/arm64_32 -Xcc -I/Users/admin/builder/spi-builder-workspace/.derivedData/Build/Intermediates.noindex/NetUtils.build/Debug-watchos/NetUtils-t.build/DerivedSources -Xcc -DSWIFT_PACKAGE -Xcc -DDEBUG\=1 -emit-objc-header -emit-objc-header-path /Users/admin/builder/spi-builder-workspace/.derivedData/Build/Intermediates.noindex/NetUtils.build/Debug-watchos/NetUtils-t.build/Objects-normal/arm64_32/NetUtils-Swift.h -working-directory /Users/admin/builder/spi-builder-workspace/.swiftpm/xcode -experimental-emit-module-separately -disable-cmo
SwiftDriver CoreOSC normal arm64 com.apple.xcode.tools.swift.compiler (in target 'CoreOSC' from project 'CoreOSC')
    cd /Users/admin/builder/spi-builder-workspace/.swiftpm/xcode
    builtin-SwiftDriver -- /Applications/Xcode-27.0.0-Release.Candidate.app/Contents/Developer/Toolchains/XcodeDefault.xctoolchain/usr/bin/swiftc -parse-as-library -module-name CoreOSC -Onone @/Users/admin/builder/spi-builder-workspace/.derivedData/Build/Intermediates.noindex/CoreOSC.build/Debug-watchos/CoreOSC-t.build/Objects-normal/arm64/CoreOSC.SwiftFileList -DSWIFT_PACKAGE -DDEBUG -DSWIFT_MODULE_RESOURCE_BUNDLE_AVAILABLE -DXcode -plugin-path /Applications/Xcode-27.0.0-Release.Candidate.app/Contents/Developer/Toolchains/XcodeDefault.xctoolchain/usr/lib/swift/host/plugins/testing -enable-experimental-feature DebugDescriptionMacro -sdk /Applications/Xcode-27.0.0-Release.Candidate.app/Contents/Developer/Platforms/WatchOS.platform/Developer/SDKs/WatchOS27.0.sdk -target arm64-apple-watchos9.0 -g -module-cache-path /Users/admin/builder/spi-builder-workspace/.derivedData/ModuleCache.noindex -Xfrontend -serialize-debugging-options -profile-coverage-mapping -profile-generate -enable-testing -suppress-warnings -index-store-path /Users/admin/builder/spi-builder-workspace/.derivedData/Index.noindex/DataStore -Xcc -D_LIBCPP_HARDENING_MODE\=_LIBCPP_HARDENING_MODE_DEBUG -swift-version 6 -I /Users/admin/builder/spi-builder-workspace/.derivedData/Build/Products/Debug-watchos -Isystem /Applications/Xcode-27.0.0-Release.Candidate.app/Contents/Developer/Platforms/WatchOS.platform/Developer/usr/lib -F /Users/admin/builder/spi-builder-workspace/.derivedData/Build/Products/Debug-watchos -F /Applications/Xcode-27.0.0-Release.Candidate.app/Contents/Developer/Platforms/WatchOS.platform/Developer/Library/Frameworks -F /Applications/Xcode-27.0.0-Release.Candidate.app/Contents/Developer/Platforms/WatchOS.platform/Developer/SDKs/WatchOS27.0.sdk/Developer/Library/Frameworks -emit-localized-strings -emit-localized-strings-path /Users/admin/builder/spi-builder-workspace/.derivedData/Build/Intermediates.noindex/CoreOSC.build/Debug-watchos/CoreOSC-t.build/Objects-normal/arm64 -c -j10 -enable-batch-mode -incremental -Xcc -ivfsstatcache -Xcc /Users/admin/builder/spi-builder-workspace/.derivedData/SDKStatCaches.noindex/watchos27.0-24R360-e829b21a6f8c9b70876ba0858053c04477534ef55a1706bf4c1112bbb242f0a2.sdkstatcache -output-file-map /Users/admin/builder/spi-builder-workspace/.derivedData/Build/Intermediates.noindex/CoreOSC.build/Debug-watchos/CoreOSC-t.build/Objects-normal/arm64/CoreOSC-OutputFileMap.json -save-temps -no-color-diagnostics -explicit-module-build -module-cache-path /Users/admin/builder/spi-builder-workspace/.derivedData/Build/Intermediates.noindex/SwiftExplicitPrecompiledModules -clang-scanner-module-cache-path /Users/admin/builder/spi-builder-workspace/.derivedData/ModuleCache.noindex -sdk-module-cache-path /Users/admin/builder/spi-builder-workspace/.derivedData/SDKExplicitPrecompiledModules -emit-dependencies -emit-module -emit-module-path /Users/admin/builder/spi-builder-workspace/.derivedData/Build/Intermediates.noindex/CoreOSC.build/Debug-watchos/CoreOSC-t.build/Objects-normal/arm64/CoreOSC.swiftmodule -serialize-diagnostics -dependency-scan-serialize-diagnostics-path /Users/admin/builder/spi-builder-workspace/.derivedData/Build/Intermediates.noindex/CoreOSC.build/Debug-watchos/CoreOSC-t.build/Objects-normal/arm64/CoreOSC-dependency-scan.dia -user-module-version 2.4.0 -validate-clang-modules-once -clang-build-session-file /Users/admin/builder/spi-builder-workspace/.derivedData/ModuleCache.noindex/Session.modulevalidation -Xcc -fmodules-prune-interval\=86400 -Xcc -fmodules-prune-after\=345600 -package-name coreosc -emit-const-values -const-gather-protocols-list /Users/admin/builder/spi-builder-workspace/.derivedData/Build/Intermediates.noindex/CoreOSC.build/Debug-watchos/CoreOSC-t.build/Objects-normal/arm64/CoreOSC_const_extract_protocols.json -Xcc -I/Users/admin/builder/spi-builder-workspace/.derivedData/Build/Products/Debug-watchos/include -Xcc -I/Users/admin/builder/spi-builder-workspace/.derivedData/Build/Intermediates.noindex/CoreOSC.build/Debug-watchos/CoreOSC-t.build/DerivedSources-normal/arm64 -Xcc -I/Users/admin/builder/spi-builder-workspace/.derivedData/Build/Intermediates.noindex/CoreOSC.build/Debug-watchos/CoreOSC-t.build/DerivedSources/arm64 -Xcc -I/Users/admin/builder/spi-builder-workspace/.derivedData/Build/Intermediates.noindex/CoreOSC.build/Debug-watchos/CoreOSC-t.build/DerivedSources -Xcc -DSWIFT_PACKAGE -Xcc -DDEBUG\=1 -emit-objc-header -emit-objc-header-path /Users/admin/builder/spi-builder-workspace/.derivedData/Build/Intermediates.noindex/CoreOSC.build/Debug-watchos/CoreOSC-t.build/Objects-normal/arm64/CoreOSC-Swift.h -working-directory /Users/admin/builder/spi-builder-workspace/.swiftpm/xcode -experimental-emit-module-separately -disable-cmo
PruneExplicitPrecompiledModules /Users/admin/builder/spi-builder-workspace/.derivedData/Build/Intermediates.noindex/ExplicitPrecompiledModules
PruneExplicitPrecompiledModules /Users/admin/builder/spi-builder-workspace/.derivedData/Build/Intermediates.noindex/SwiftExplicitPrecompiledModules
PruneExplicitPrecompiledModules /Users/admin/builder/spi-builder-workspace/.derivedData/SDKExplicitPrecompiledModules
2026-09-20 15:38:19.861 xcodebuild[826:5357] [MT] IDERunDestination: Supported platforms for the buildables in the current scheme is empty.
** BUILD FAILED **
The following build commands failed:
	ScanDependencies /Users/admin/builder/spi-builder-workspace/.derivedData/Build/Intermediates.noindex/CocoaAsyncSocket.build/Debug-watchos/CocoaAsyncSocket-t.build/Objects-normal/arm64_32/GCDAsyncSocket.o /Users/admin/builder/spi-builder-workspace/.dependencies/checkouts/CocoaAsyncSocket/Source/GCD/GCDAsyncSocket.m normal arm64_32 objective-c com.apple.compilers.llvm.clang.1_0.compiler (in target 'CocoaAsyncSocket' from project 'CocoaAsyncSocket')
	ScanDependencies /Users/admin/builder/spi-builder-workspace/.derivedData/Build/Intermediates.noindex/CocoaAsyncSocket.build/Debug-watchos/CocoaAsyncSocket-t.build/Objects-normal/arm64/GCDAsyncUdpSocket.o /Users/admin/builder/spi-builder-workspace/.dependencies/checkouts/CocoaAsyncSocket/Source/GCD/GCDAsyncUdpSocket.m normal arm64 objective-c com.apple.compilers.llvm.clang.1_0.compiler (in target 'CocoaAsyncSocket' from project 'CocoaAsyncSocket')
	ScanDependencies /Users/admin/builder/spi-builder-workspace/.derivedData/Build/Intermediates.noindex/CocoaAsyncSocket.build/Debug-watchos/CocoaAsyncSocket-t.build/Objects-normal/arm64_32/GCDAsyncUdpSocket.o /Users/admin/builder/spi-builder-workspace/.dependencies/checkouts/CocoaAsyncSocket/Source/GCD/GCDAsyncUdpSocket.m normal arm64_32 objective-c com.apple.compilers.llvm.clang.1_0.compiler (in target 'CocoaAsyncSocket' from project 'CocoaAsyncSocket')
	ScanDependencies /Users/admin/builder/spi-builder-workspace/.derivedData/Build/Intermediates.noindex/CocoaAsyncSocket.build/Debug-watchos/CocoaAsyncSocket-t.build/Objects-normal/arm64/GCDAsyncSocket.o /Users/admin/builder/spi-builder-workspace/.dependencies/checkouts/CocoaAsyncSocket/Source/GCD/GCDAsyncSocket.m normal arm64 objective-c com.apple.compilers.llvm.clang.1_0.compiler (in target 'CocoaAsyncSocket' from project 'CocoaAsyncSocket')
	Building workspace OSCKit with scheme OSCKit
(5 failures)
BUILD FAILURE 6.4 watchOS