The Swift Package Index logo.Swift Package Index

Build Information

Failed to build swift-xcstrings-catalog, reference 1.0.2 (dfbed0), with Swift 6.3 for Wasm on 12 Aug 2026 20:44:17 UTC.

Build Command

bash -c docker run --pull=always --rm -v "checkouts-53886769-1":/host -w "$PWD" -e JAVA_HOME="/root/.sdkman/candidates/java/current" -e SPI_BUILD="1" -e SPI_PROCESSING="1" registry.gitlab.com/saguaro1/spi-images:wasm-6.3-latest swift build --swift-sdk swift-6.3.2-RELEASE_wasm 2>&1

Build Log

========================================
RunAll
========================================
Builder version: 5.0.1
Interrupt handler set up.
========================================
Checkout
========================================
Clone URL: https://github.com/capturecontext/swift-xcstrings-catalog.git
Reference: 1.0.2
Initialized empty Git repository in /host/spi-builder-workspace/.git/
hint: Using 'master' as the name for the initial branch. This default branch name
hint: is subject to change. To configure the initial branch name to use in all
hint: of your new repositories, which will suppress this warning, call:
hint:
hint: 	git config --global init.defaultBranch <name>
hint:
hint: Names commonly chosen instead of 'master' are 'main', 'trunk' and
hint: 'development'. The just-created branch can be renamed via this command:
hint:
hint: 	git branch -m <name>
From https://github.com/capturecontext/swift-xcstrings-catalog
 * tag               1.0.2      -> FETCH_HEAD
HEAD is now at dfbed07 chore: update platform Swift interfaces (#8)
Cloned https://github.com/capturecontext/swift-xcstrings-catalog.git
Revision (git rev-parse @):
dfbed0749fe9bbc12cb93681cbaafe6dffdaa111
SPI manifest file found: $PWD/.spi.yml
SUCCESS checkout https://github.com/capturecontext/swift-xcstrings-catalog.git at 1.0.2
========================================
Build
========================================
Selected platform:         wasm
Swift version:             6.3
Building package at path:  $PWD
https://github.com/capturecontext/swift-xcstrings-catalog.git
Running build ...
bash -c docker run --pull=always --rm -v "checkouts-53886769-1":/host -w "$PWD" -e JAVA_HOME="/root/.sdkman/candidates/java/current" -e SPI_BUILD="1" -e SPI_PROCESSING="1" registry.gitlab.com/saguaro1/spi-images:wasm-6.3-latest swift build --swift-sdk swift-6.3.2-RELEASE_wasm 2>&1
wasm-6.3-latest: Pulling from saguaro1/spi-images
Digest: sha256:e92e38b97676c18adb57b57429ddfb766786102cb50cb918e0d9e8055d05b35d
Status: Image is up to date for registry.gitlab.com/saguaro1/spi-images:wasm-6.3-latest
Fetching https://github.com/pointfreeco/swift-dependencies.git
Fetching https://github.com/pointfreeco/swift-snapshot-testing.git
[1/7324] Fetching swift-dependencies
[7325/23700] Fetching swift-dependencies, swift-snapshot-testing
Fetched https://github.com/pointfreeco/swift-dependencies.git from cache (2.20s)
Fetched https://github.com/pointfreeco/swift-snapshot-testing.git from cache (2.22s)
Computing version for https://github.com/pointfreeco/swift-snapshot-testing.git
Computed https://github.com/pointfreeco/swift-snapshot-testing.git at 1.19.4 (2.38s)
Fetching https://github.com/swiftlang/swift-syntax
Fetching https://github.com/pointfreeco/swift-custom-dump
[1/5669] Fetching swift-custom-dump
Fetched https://github.com/pointfreeco/swift-custom-dump from cache (0.51s)
[1/76467] Fetching swift-syntax
Fetched https://github.com/swiftlang/swift-syntax from cache (3.37s)
Computing version for https://github.com/pointfreeco/swift-dependencies.git
Computed https://github.com/pointfreeco/swift-dependencies.git at 1.15.0 (3.55s)
Fetching https://github.com/pointfreeco/swift-clocks
Fetching https://github.com/pointfreeco/xctest-dynamic-overlay
Fetching https://github.com/pointfreeco/swift-concurrency-extras
Fetching https://github.com/pointfreeco/combine-schedulers
[1/1434] Fetching swift-clocks
[30/2492] Fetching swift-clocks, swift-concurrency-extras
[393/5157] Fetching swift-clocks, swift-concurrency-extras, combine-schedulers
Fetched https://github.com/pointfreeco/swift-concurrency-extras from cache (0.47s)
[2900/4099] Fetching swift-clocks, combine-schedulers
Fetched https://github.com/pointfreeco/combine-schedulers from cache (0.49s)
[1/2578] Fetching xctest-dynamic-overlay
Fetched https://github.com/pointfreeco/swift-clocks from cache (0.66s)
Fetched https://github.com/pointfreeco/xctest-dynamic-overlay from cache (0.66s)
Computing version for https://github.com/pointfreeco/swift-clocks
Computed https://github.com/pointfreeco/swift-clocks at 1.1.0 (0.82s)
Computing version for https://github.com/pointfreeco/combine-schedulers
Computed https://github.com/pointfreeco/combine-schedulers at 1.2.0 (0.14s)
Fetching https://github.com/OpenCombine/OpenCombine.git
[1/8284] Fetching opencombine
Fetched https://github.com/OpenCombine/OpenCombine.git from cache (0.68s)
Computing version for https://github.com/OpenCombine/OpenCombine.git
Computed https://github.com/OpenCombine/OpenCombine.git at 0.14.0 (1.56s)
Computing version for https://github.com/pointfreeco/swift-custom-dump
Computed https://github.com/pointfreeco/swift-custom-dump at 1.7.0 (0.15s)
Computing version for https://github.com/pointfreeco/swift-concurrency-extras
Computed https://github.com/pointfreeco/swift-concurrency-extras at 1.4.1 (0.14s)
Computing version for https://github.com/pointfreeco/xctest-dynamic-overlay
Computed https://github.com/pointfreeco/xctest-dynamic-overlay at 1.11.0 (0.19s)
Computing version for https://github.com/swiftlang/swift-syntax
Computed https://github.com/swiftlang/swift-syntax at 603.0.2 (0.25s)
Creating working copy for https://github.com/pointfreeco/swift-concurrency-extras
Working copy of https://github.com/pointfreeco/swift-concurrency-extras resolved at 1.4.1
Creating working copy for https://github.com/pointfreeco/xctest-dynamic-overlay
Working copy of https://github.com/pointfreeco/xctest-dynamic-overlay resolved at 1.11.0
Creating working copy for https://github.com/pointfreeco/swift-dependencies.git
Working copy of https://github.com/pointfreeco/swift-dependencies.git resolved at 1.15.0
Creating working copy for https://github.com/OpenCombine/OpenCombine.git
Working copy of https://github.com/OpenCombine/OpenCombine.git resolved at 0.14.0
Creating working copy for https://github.com/swiftlang/swift-syntax
Working copy of https://github.com/swiftlang/swift-syntax resolved at 603.0.2
Creating working copy for https://github.com/pointfreeco/swift-clocks
Working copy of https://github.com/pointfreeco/swift-clocks resolved at 1.1.0
Creating working copy for https://github.com/pointfreeco/swift-snapshot-testing.git
Working copy of https://github.com/pointfreeco/swift-snapshot-testing.git resolved at 1.19.4
Creating working copy for https://github.com/pointfreeco/swift-custom-dump
Working copy of https://github.com/pointfreeco/swift-custom-dump resolved at 1.7.0
Creating working copy for https://github.com/pointfreeco/combine-schedulers
Working copy of https://github.com/pointfreeco/combine-schedulers resolved at 1.2.0
Downloading package prebuilt https://download.swift.org/prebuilts/swift-syntax/603.0.2/swift-6.3.2-RELEASE-ubuntu_jammy_x86_64-MacroSupport.tar.gz
Downloaded https://download.swift.org/prebuilts/swift-syntax/603.0.2/swift-6.3.2-RELEASE-ubuntu_jammy_x86_64-MacroSupport.tar.gz (0.20s)
Building for debugging...
[0/13] Write sources
[12/13] Write swift-version-24593BA9C3E375BF.txt
[14/60] Compiling IssueReporting IssueSeverity.swift
[15/60] Compiling IssueReporting ReportIssue.swift
[16/60] Compiling IssueReporting _Test.swift
[17/62] Compiling ConcurrencyExtras MainSerialExecutor.swift
[18/63] Compiling ConcurrencyExtras UncheckedSendable.swift
[19/63] Compiling IssueReporting WithExpectedIssue.swift
[20/63] Compiling IssueReporting WithIssueContext.swift
[21/63] Compiling ConcurrencyExtras LockIsolated.swift
[22/63] Emitting module _XCStringResource
[23/63] Compiling IssueReporting LockIsolated.swift
[24/63] Compiling IssueReporting Rethrows.swift
[25/63] Compiling IssueReporting FailureObserver.swift
[28/63] Compiling IssueReporting ErrorReporting.swift
[29/63] Compiling IssueReporting AppHostWarning.swift
[30/64] Compiling IssueReporting Deprecations.swift
[35/64] Emitting module IssueReporting
[36/64] Compiling _XCStringResource XCStringResource+PlaceholderType.swift
[37/64] Compiling _XCStringResource XCStringSegment.swift
[38/64] Compiling _XCStringResource XCStringResource.swift
[39/64] Compiling _XCStringResource XCStringResource+Argument.swift
[40/65] Compiling IssueReporting XCTest.swift
[41/65] Compiling IssueReporting IsTesting.swift
[42/65] Compiling IssueReporting IssueReporter.swift
[43/65] Compiling IssueReporting BreakpointReporter.swift
[44/65] Compiling IssueReporting DefaultReporter.swift
[45/65] Compiling IssueReporting FatalErrorReporter.swift
[46/65] Compiling XCStringsCatalogCore XCStringVariations.swift
[52/65] Emitting module ConcurrencyExtras
[53/65] Compiling XCStringsCatalogCore XCStringVariation.swift
[54/65] Compiling IssueReporting TestContext.swift
[55/65] Compiling IssueReporting Unimplemented.swift
[56/65] Compiling IssueReporting SwiftTesting.swift
[57/65] Compiling IssueReporting UncheckedSendable.swift
[58/65] Compiling IssueReporting Warn.swift
[59/66] Emitting module XCStringsCatalogCore
[60/66] Compiling XCStringsCatalogCore XCStringUnitState.swift
[61/66] Compiling XCStringsCatalogCore XCStringUnit.swift
[62/66] Compiling XCStringsCatalogCore XCStringSubstitution.swift
[63/66] Compiling ConcurrencyExtras Result.swift
[64/66] Compiling ConcurrencyExtras Task.swift
[67/67] Compiling XCStringsCatalogCore XCStringsCatalog.swift
[69/97] Emitting module CombineSchedulers
[70/97] Compiling CombineSchedulers AnyScheduler.swift
[71/97] Compiling CombineSchedulers Concurrency.swift
[72/97] Compiling CombineSchedulers TestScheduler.swift
[73/97] Compiling CombineSchedulers Timer.swift
[74/97] Compiling CombineSchedulers UIKit.swift
[75/97] Compiling CombineSchedulers UIScheduler.swift
[76/98] Compiling CombineSchedulers ImmediateScheduler.swift
[77/98] Compiling CombineSchedulers Deprecations.swift
[78/98] Compiling Clocks SwiftUI.swift
[79/98] Compiling CombineSchedulers Lock.swift
/host/spi-builder-workspace/.build/checkouts/combine-schedulers/Sources/CombineSchedulers/Internal/Lock.swift:54:7: error: cannot find 'pthread_mutexattr_init' in scope
52 |       var attr = pthread_mutexattr_t()
53 |       var mutex = pthread_mutex_t()
54 |       pthread_mutexattr_init(&attr)
   |       `- error: cannot find 'pthread_mutexattr_init' in scope
55 |       pthread_mutexattr_settype(&attr, Int32(PTHREAD_MUTEX_ERRORCHECK))
56 |       pthread_mutex_init(&mutex, &attr)
/host/spi-builder-workspace/.build/checkouts/combine-schedulers/Sources/CombineSchedulers/Internal/Lock.swift:55:7: error: cannot find 'pthread_mutexattr_settype' in scope
53 |       var mutex = pthread_mutex_t()
54 |       pthread_mutexattr_init(&attr)
55 |       pthread_mutexattr_settype(&attr, Int32(PTHREAD_MUTEX_ERRORCHECK))
   |       `- error: cannot find 'pthread_mutexattr_settype' in scope
56 |       pthread_mutex_init(&mutex, &attr)
57 |       pthread_mutexattr_destroy(&attr)
/host/spi-builder-workspace/.build/checkouts/combine-schedulers/Sources/CombineSchedulers/Internal/Lock.swift:55:46: error: cannot find 'PTHREAD_MUTEX_ERRORCHECK' in scope
53 |       var mutex = pthread_mutex_t()
54 |       pthread_mutexattr_init(&attr)
55 |       pthread_mutexattr_settype(&attr, Int32(PTHREAD_MUTEX_ERRORCHECK))
   |                                              `- error: cannot find 'PTHREAD_MUTEX_ERRORCHECK' in scope
56 |       pthread_mutex_init(&mutex, &attr)
57 |       pthread_mutexattr_destroy(&attr)
/host/spi-builder-workspace/.build/checkouts/combine-schedulers/Sources/CombineSchedulers/Internal/Lock.swift:56:7: error: cannot find 'pthread_mutex_init' in scope
54 |       pthread_mutexattr_init(&attr)
55 |       pthread_mutexattr_settype(&attr, Int32(PTHREAD_MUTEX_ERRORCHECK))
56 |       pthread_mutex_init(&mutex, &attr)
   |       `- error: cannot find 'pthread_mutex_init' in scope
57 |       pthread_mutexattr_destroy(&attr)
58 |       self.mutex = mutex
/host/spi-builder-workspace/.build/checkouts/combine-schedulers/Sources/CombineSchedulers/Internal/Lock.swift:57:7: error: cannot find 'pthread_mutexattr_destroy' in scope
55 |       pthread_mutexattr_settype(&attr, Int32(PTHREAD_MUTEX_ERRORCHECK))
56 |       pthread_mutex_init(&mutex, &attr)
57 |       pthread_mutexattr_destroy(&attr)
   |       `- error: cannot find 'pthread_mutexattr_destroy' in scope
58 |       self.mutex = mutex
59 |     }
/host/spi-builder-workspace/.build/checkouts/combine-schedulers/Sources/CombineSchedulers/Internal/Lock.swift:66:7: error: cannot find 'pthread_mutex_lock' in scope
64 |
65 |     func lock() {
66 |       pthread_mutex_lock(&mutex)
   |       `- error: cannot find 'pthread_mutex_lock' in scope
67 |     }
68 |
/host/spi-builder-workspace/.build/checkouts/combine-schedulers/Sources/CombineSchedulers/Internal/Lock.swift:70:7: error: cannot find 'pthread_mutex_unlock' in scope
68 |
69 |     func unlock() {
70 |       pthread_mutex_unlock(&mutex)
   |       `- error: cannot find 'pthread_mutex_unlock' in scope
71 |     }
72 |
/host/spi-builder-workspace/.build/checkouts/combine-schedulers/Sources/CombineSchedulers/Internal/Lock.swift:78:7: error: cannot find 'pthread_mutex_destroy' in scope
76 |
77 |     deinit {
78 |       pthread_mutex_destroy(&mutex)
   |       `- error: cannot find 'pthread_mutex_destroy' in scope
79 |     }
80 |   }
[80/98] Compiling CombineSchedulers NSRecursiveLock.swift
/host/spi-builder-workspace/.build/checkouts/combine-schedulers/Sources/CombineSchedulers/Internal/Lock.swift:54:7: error: cannot find 'pthread_mutexattr_init' in scope
52 |       var attr = pthread_mutexattr_t()
53 |       var mutex = pthread_mutex_t()
54 |       pthread_mutexattr_init(&attr)
   |       `- error: cannot find 'pthread_mutexattr_init' in scope
55 |       pthread_mutexattr_settype(&attr, Int32(PTHREAD_MUTEX_ERRORCHECK))
56 |       pthread_mutex_init(&mutex, &attr)
/host/spi-builder-workspace/.build/checkouts/combine-schedulers/Sources/CombineSchedulers/Internal/Lock.swift:55:7: error: cannot find 'pthread_mutexattr_settype' in scope
53 |       var mutex = pthread_mutex_t()
54 |       pthread_mutexattr_init(&attr)
55 |       pthread_mutexattr_settype(&attr, Int32(PTHREAD_MUTEX_ERRORCHECK))
   |       `- error: cannot find 'pthread_mutexattr_settype' in scope
56 |       pthread_mutex_init(&mutex, &attr)
57 |       pthread_mutexattr_destroy(&attr)
/host/spi-builder-workspace/.build/checkouts/combine-schedulers/Sources/CombineSchedulers/Internal/Lock.swift:55:46: error: cannot find 'PTHREAD_MUTEX_ERRORCHECK' in scope
53 |       var mutex = pthread_mutex_t()
54 |       pthread_mutexattr_init(&attr)
55 |       pthread_mutexattr_settype(&attr, Int32(PTHREAD_MUTEX_ERRORCHECK))
   |                                              `- error: cannot find 'PTHREAD_MUTEX_ERRORCHECK' in scope
56 |       pthread_mutex_init(&mutex, &attr)
57 |       pthread_mutexattr_destroy(&attr)
/host/spi-builder-workspace/.build/checkouts/combine-schedulers/Sources/CombineSchedulers/Internal/Lock.swift:56:7: error: cannot find 'pthread_mutex_init' in scope
54 |       pthread_mutexattr_init(&attr)
55 |       pthread_mutexattr_settype(&attr, Int32(PTHREAD_MUTEX_ERRORCHECK))
56 |       pthread_mutex_init(&mutex, &attr)
   |       `- error: cannot find 'pthread_mutex_init' in scope
57 |       pthread_mutexattr_destroy(&attr)
58 |       self.mutex = mutex
/host/spi-builder-workspace/.build/checkouts/combine-schedulers/Sources/CombineSchedulers/Internal/Lock.swift:57:7: error: cannot find 'pthread_mutexattr_destroy' in scope
55 |       pthread_mutexattr_settype(&attr, Int32(PTHREAD_MUTEX_ERRORCHECK))
56 |       pthread_mutex_init(&mutex, &attr)
57 |       pthread_mutexattr_destroy(&attr)
   |       `- error: cannot find 'pthread_mutexattr_destroy' in scope
58 |       self.mutex = mutex
59 |     }
/host/spi-builder-workspace/.build/checkouts/combine-schedulers/Sources/CombineSchedulers/Internal/Lock.swift:66:7: error: cannot find 'pthread_mutex_lock' in scope
64 |
65 |     func lock() {
66 |       pthread_mutex_lock(&mutex)
   |       `- error: cannot find 'pthread_mutex_lock' in scope
67 |     }
68 |
/host/spi-builder-workspace/.build/checkouts/combine-schedulers/Sources/CombineSchedulers/Internal/Lock.swift:70:7: error: cannot find 'pthread_mutex_unlock' in scope
68 |
69 |     func unlock() {
70 |       pthread_mutex_unlock(&mutex)
   |       `- error: cannot find 'pthread_mutex_unlock' in scope
71 |     }
72 |
/host/spi-builder-workspace/.build/checkouts/combine-schedulers/Sources/CombineSchedulers/Internal/Lock.swift:78:7: error: cannot find 'pthread_mutex_destroy' in scope
76 |
77 |     deinit {
78 |       pthread_mutex_destroy(&mutex)
   |       `- error: cannot find 'pthread_mutex_destroy' in scope
79 |     }
80 |   }
[81/98] Compiling Clocks Timer.swift
[82/99] Compiling XCStringsCatalog Exports.swift
[83/99] Compiling CombineSchedulers Platform.swift
[84/99] Compiling CombineSchedulers SwiftUI.swift
[85/99] Emitting module XCStringsCatalog
[87/100] Compiling CombineSchedulers UnimplementedScheduler.swift
[88/100] Emitting module _XCStringsSource
[89/100] Emitting module XCTestDynamicOverlay
[90/100] Compiling XCTestDynamicOverlay Exports.swift
BUILD FAILURE 6.3 wasm