The Swift Package Index logo.Swift Package Index

Build Information

Failed to build terminal-styles, reference main (914a54), with Swift 6.4 for Android on 23 Sep 2026 06:55:43 UTC.

Build Command

bash -c docker run --pull=always --rm -v "checkouts-54344847-3":/host -w "$PWD" -e JAVA_HOME="/root/.sdkman/candidates/java/current" -e SPI_BUILD="1" -e SPI_PROCESSING="1" registry.gitlab.com/saguaro1/spi-images:android-6.4-latest swift build --swift-sdk aarch64-unknown-linux-android28 2>&1

Build Log

========================================
RunAll
========================================
Builder version: 5.1.0
Interrupt handler set up.
========================================
Checkout
========================================
Clone URL: https://github.com/juri/terminal-styles.git
Reference: main
Initialized empty Git repository in /host/spi-builder-workspace/.git/
hint: Using 'master' as the name for the initial branch. This default branch name
hint: is subject to change. To configure the initial branch name to use in all
hint: of your new repositories, which will suppress this warning, call:
hint:
hint: 	git config --global init.defaultBranch <name>
hint:
hint: Names commonly chosen instead of 'master' are 'main', 'trunk' and
hint: 'development'. The just-created branch can be renamed via this command:
hint:
hint: 	git branch -m <name>
From https://github.com/juri/terminal-styles
 * branch            main       -> FETCH_HEAD
 * [new branch]      main       -> origin/main
HEAD is now at 914a546 README: link to terminal-widgets
Cloned https://github.com/juri/terminal-styles.git
Revision (git rev-parse @):
914a546b0111edae3230c1828012236e29077134
SPI manifest file found: $PWD/.spi.yml
SUCCESS checkout https://github.com/juri/terminal-styles.git at main
========================================
Build
========================================
Selected platform:         android
Swift version:             6.4
Building package at path:  $PWD
https://github.com/juri/terminal-styles.git
Running build ...
bash -c docker run --pull=always --rm -v "checkouts-54344847-3":/host -w "$PWD" -e JAVA_HOME="/root/.sdkman/candidates/java/current" -e SPI_BUILD="1" -e SPI_PROCESSING="1" registry.gitlab.com/saguaro1/spi-images:android-6.4-latest swift build --swift-sdk aarch64-unknown-linux-android28 2>&1
android-6.4-latest: Pulling from saguaro1/spi-images
Digest: sha256:abadcff584c273feba50641b454858d377ba30b35ea7287a94f45ebd8afd0ea0
Status: Image is up to date for registry.gitlab.com/saguaro1/spi-images:android-6.4-latest
Fetching https://github.com/pointfreeco/swift-snapshot-testing
Fetching https://github.com/juri/terminal-ansi
[1/642] Fetching terminal-ansi
Fetched https://github.com/juri/terminal-ansi (0.55s)
[1/16477] Fetching swift-snapshot-testing
Fetched https://github.com/pointfreeco/swift-snapshot-testing (2.61s)
Computing version for https://github.com/juri/terminal-ansi
Computed https://github.com/juri/terminal-ansi at 0.4.0 (3.04s)
Computing version for https://github.com/pointfreeco/swift-snapshot-testing
Computed https://github.com/pointfreeco/swift-snapshot-testing at 1.19.6 (0.36s)
Fetching https://github.com/swiftlang/swift-syntax
Fetching https://github.com/pointfreeco/swift-custom-dump
[1/5666] Fetching swift-custom-dump
[5667/85680] Fetching swift-custom-dump, swift-syntax
Fetched https://github.com/pointfreeco/swift-custom-dump (5.45s)
Fetched https://github.com/swiftlang/swift-syntax (5.50s)
Computing version for https://github.com/pointfreeco/swift-custom-dump
Computed https://github.com/pointfreeco/swift-custom-dump at 1.7.3 (5.99s)
Fetching https://github.com/pointfreeco/swift-issue-reporting
[1/6161] Fetching swift-issue-reporting
Fetched https://github.com/pointfreeco/swift-issue-reporting (0.98s)
Computing version for https://github.com/pointfreeco/swift-issue-reporting
Computed https://github.com/pointfreeco/swift-issue-reporting at 2.1.1 (2.93s)
Computing version for https://github.com/swiftlang/swift-syntax
Computed https://github.com/swiftlang/swift-syntax at 604.0.0 (2.09s)
Creating working copy for https://github.com/pointfreeco/swift-custom-dump
Working copy of https://github.com/pointfreeco/swift-custom-dump resolved at 1.7.3
Creating working copy for https://github.com/pointfreeco/swift-snapshot-testing
Working copy of https://github.com/pointfreeco/swift-snapshot-testing resolved at 1.19.6
Creating working copy for https://github.com/juri/terminal-ansi
Working copy of https://github.com/juri/terminal-ansi resolved at 0.4.0
Creating working copy for https://github.com/pointfreeco/swift-issue-reporting
Working copy of https://github.com/pointfreeco/swift-issue-reporting resolved at 2.1.1
Creating working copy for https://github.com/swiftlang/swift-syntax
Working copy of https://github.com/swiftlang/swift-syntax resolved at 604.0.0
Building for debugging...
[Computing dependencies]
[Constructing description]
[Pre-planning 1 / 184]
[Planning deferred tasks]
[31 / 58] CSelect
[48 / 68] TerminalANSI
[49 / 68] TerminalANSI
[50 / 68] TerminalANSI
[57 / 74] TerminalStyles
[59 / 74] TerminalStyles
[60 / 74] TerminalStyles
[62 / 74] TerminalStyles
[68 / 77] run-terminal-styles-product
[68 / 78] run-terminal-styles-product
error: SwiftCompile normal aarch64 /host/spi-builder-workspace/.build/checkouts/terminal-ansi/Sources/TerminalANSI/EnvironmentColorMode.swift failed with a nonzero exit code. Command line:     cd /host
    builtin-SwiftPerFileCompile EnvironmentColorMode.swift
/host/spi-builder-workspace/.build/checkouts/terminal-ansi/Sources/TerminalANSI/EnvironmentColorMode.swift:56:13: error: cannot find 'isatty' in scope
54 |             false
55 |         case .enable:
56 |             isatty(fileHandle.fileDescriptor) == 1
   |             `- error: cannot find 'isatty' in scope
57 |         case .force:
58 |             true
/host/spi-builder-workspace/.build/checkouts/terminal-ansi/Sources/TerminalANSI/EnvironmentColorMode.swift:60:13: error: cannot find 'isatty' in scope
58 |             true
59 |         case .none:
60 |             isatty(fileHandle.fileDescriptor) == 1
   |             `- error: cannot find 'isatty' in scope
61 |         }
62 |     }
Failed frontend command:
/root/.local/share/swiftly/toolchains/6.4.x-snapshot-2026-09-04/usr/bin/swift-frontend -frontend -c /host/spi-builder-workspace/.build/checkouts/terminal-ansi/Sources/TerminalANSI/ANSIControlCode.swift /host/spi-builder-workspace/.build/checkouts/terminal-ansi/Sources/TerminalANSI/ANSIParser.swift /host/spi-builder-workspace/.build/checkouts/terminal-ansi/Sources/TerminalANSI/ANSIParserTypes.swift /host/spi-builder-workspace/.build/checkouts/terminal-ansi/Sources/TerminalANSI/ANSIStringUtilities.swift /host/spi-builder-workspace/.build/checkouts/terminal-ansi/Sources/TerminalANSI/ANSIWrapping.swift /host/spi-builder-workspace/.build/checkouts/terminal-ansi/Sources/TerminalANSI/Color.swift /host/spi-builder-workspace/.build/checkouts/terminal-ansi/Sources/TerminalANSI/ColorMode.swift -primary-file /host/spi-builder-workspace/.build/checkouts/terminal-ansi/Sources/TerminalANSI/EnvironmentColorMode.swift /host/spi-builder-workspace/.build/checkouts/terminal-ansi/Sources/TerminalANSI/Inspect.swift /host/spi-builder-workspace/.build/checkouts/terminal-ansi/Sources/TerminalANSI/Size.swift /host/spi-builder-workspace/.build/checkouts/terminal-ansi/Sources/TerminalANSI/Terminal.swift -emit-dependencies-path /host/spi-builder-workspace/.build/out/Intermediates.noindex/terminal-ansi.build/Debug-android-aarch64/TerminalANSI-t.build/Objects-normal/aarch64/EnvironmentColorMode.d -emit-const-values-path /host/spi-builder-workspace/.build/out/Intermediates.noindex/terminal-ansi.build/Debug-android-aarch64/TerminalANSI-t.build/Objects-normal/aarch64/EnvironmentColorMode.swiftconstvalues -emit-reference-dependencies-path /host/spi-builder-workspace/.build/out/Intermediates.noindex/terminal-ansi.build/Debug-android-aarch64/TerminalANSI-t.build/Objects-normal/aarch64/EnvironmentColorMode.swiftdeps -serialize-diagnostics-path /host/spi-builder-workspace/.build/out/Intermediates.noindex/terminal-ansi.build/Debug-android-aarch64/TerminalANSI-t.build/Objects-normal/aarch64/EnvironmentColorMode.dia -target aarch64-unknown-linux-android28 -Xllvm -aarch64-use-tbi -disable-objc-interop -sdk /android-ndk/android-ndk-r27d/toolchains/llvm/prebuilt/linux-x86_64/sysroot -sysroot /android-ndk/android-ndk-r27d/toolchains/llvm/prebuilt/linux-x86_64/sysroot -I /host/spi-builder-workspace/.build/out/Products/Debug-android-aarch64 -module-cache-path /host/spi-builder-workspace/.build/out/ModuleCache.noindex -color-diagnostics -Xcc -fcolor-diagnostics -enable-testing -g -debug-info-format\=dwarf -dwarf-version\=4 -suppress-warnings -swift-version 6 -Onone -D SWIFT_PACKAGE -D DEBUG -D SWIFT_MODULE_RESOURCE_BUNDLE_UNAVAILABLE -D Xcode -serialize-debugging-options -enable-experimental-feature DebugDescriptionMacro -empty-abi-descriptor -external-plugin-path /root/.local/share/swiftly/toolchains/6.4.x-snapshot-2026-09-04/usr/lib/swift/host/plugins/testing\#/root/.local/share/swiftly/toolchains/6.4.x-snapshot-2026-09-04/usr/bin/swift-plugin-server -user-module-version 0.4.0 -validate-clang-modules-once -clang-build-session-file /host/spi-builder-workspace/.build/out/ModuleCache.noindex/Session.modulevalidation -Xcc -working-directory -Xcc /host -resource-dir /root/.swiftpm/swift-sdks/swift-6.4.x-DEVELOPMENT-SNAPSHOT-2026-09-04-a_android.artifactbundle/swift-android/swift-resources/usr/lib/swift-aarch64 -enable-anonymous-context-mangled-names -file-compilation-dir /host -Xcc -resource-dir -Xcc /android-ndk/android-ndk-r27d/toolchains/llvm/prebuilt/linux-x86_64/lib/clang/18 -Xcc -fmodule-map-file\=/host/spi-builder-workspace/.build/out/Intermediates.noindex/GeneratedModuleMaps-android-aarch64/CSelect.modulemap -Xcc -fno-omit-frame-pointer -Xcc -D_LIBCPP_HARDENING_MODE\=_LIBCPP_HARDENING_MODE_DEBUG -Xcc -fmodules-prune-interval\=86400 -Xcc -fmodules-prune-after\=345600 -Xcc -I/host/spi-builder-workspace/.build/checkouts/terminal-ansi/Sources/CSelect/include -Xcc -I/host/spi-builder-workspace/.build/out/Products/Debug-android-aarch64/include -Xcc -I/host/spi-builder-workspace/.build/out/Intermediates.noindex/terminal-ansi.build/Debug-android-aarch64/TerminalANSI-t.build/DerivedSources-normal/aarch64 -Xcc -I/host/spi-builder-workspace/.build/out/Intermediates.noindex/terminal-ansi.build/Debug-android-aarch64/TerminalANSI-t.build/DerivedSources/aarch64 -Xcc -I/host/spi-builder-workspace/.build/out/Intermediates.noindex/terminal-ansi.build/Debug-android-aarch64/TerminalANSI-t.build/DerivedSources -Xcc -DSWIFT_PACKAGE -Xcc -DDEBUG\=1 -no-auto-bridging-header-chaining -module-name TerminalANSI -package-name terminal_ansi -const-gather-protocols-file /host/spi-builder-workspace/.build/out/Intermediates.noindex/terminal-ansi.build/Debug-android-aarch64/TerminalANSI-t.build/Objects-normal/aarch64/TerminalANSI_const_extract_protocols.json -in-process-plugin-server-path /root/.local/share/swiftly/toolchains/6.4.x-snapshot-2026-09-04/usr/lib/swift/host/libSwiftInProcPluginServer.so -plugin-path /root/.local/share/swiftly/toolchains/6.4.x-snapshot-2026-09-04/usr/lib/swift/host/plugins -plugin-path /root/.local/share/swiftly/toolchains/6.4.x-snapshot-2026-09-04/usr/local/lib/swift/host/plugins -parse-as-library -o /host/spi-builder-workspace/.build/out/Intermediates.n[72 / 78] TerminalANSI
oindex/terminal-ansi.build/Debug-android-aarch64/TerminalANSI-t.build/Objects-normal/aarch64/EnvironmentColorMode.o -index-unit-output-path /terminal-ansi.build/Debug-android-aarch64/TerminalANSI-t.build/Objects-normal/aarch64/EnvironmentColorMode.o -index-store-path /host/spi-builder-workspace/.build/out -index-system-modules
error: SwiftCompile normal aarch64 /host/spi-builder-workspace/.build/checkouts/terminal-ansi/Sources/TerminalANSI/ColorMode.swift failed with a nonzero exit code. Command line:     cd /host
    builtin-SwiftPerFileCompile ColorMode.swift
/host/spi-builder-workspace/.build/checkouts/terminal-ansi/Sources/TerminalANSI/ColorMode.swift:25:15: error: cannot find 'isatty' in scope
23 |         fileHandle: FileHandle,
24 |     ) -> ColorMode {
25 |         guard isatty(fileHandle.fileDescriptor) == 1 else { return .noColor }
   |               `- error: cannot find 'isatty' in scope
26 |         return self.current(environment: environment ?? ProcessInfo.processInfo.environment)
27 |     }
Failed frontend command:
/root/.local/share/swiftly/toolchains/6.4.x-snapshot-2026-09-04/usr/bin/swift-frontend -frontend -c /host/spi-builder-workspace/.build/checkouts/terminal-ansi/Sources/TerminalANSI/ANSIControlCode.swift /host/spi-builder-workspace/.build/checkouts/terminal-ansi/Sources/TerminalANSI/ANSIParser.swift /host/spi-builder-workspace/.build/checkouts/terminal-ansi/Sources/TerminalANSI/ANSIParserTypes.swift /host/spi-builder-workspace/.build/checkouts/terminal-ansi/Sources/TerminalANSI/ANSIStringUtilities.swift /host/spi-builder-workspace/.build/checkouts/terminal-ansi/Sources/TerminalANSI/ANSIWrapping.swift /host/spi-builder-workspace/.build/checkouts/terminal-ansi/Sources/TerminalANSI/Color.swift -primary-file /host/spi-builder-workspace/.build/checkouts/terminal-ansi/Sources/TerminalANSI/ColorMode.swift /host/spi-builder-workspace/.build/checkouts/terminal-ansi/Sources/TerminalANSI/EnvironmentColorMode.swift /host/spi-builder-workspace/.build/checkouts/terminal-ansi/Sources/TerminalANSI/Inspect.swift /host/spi-builder-workspace/.build/checkouts/terminal-ansi/Sources/TerminalANSI/Size.swift /host/spi-builder-workspace/.build/checkouts/terminal-ansi/Sources/TerminalANSI/Terminal.swift -emit-dependencies-path /host/spi-builder-workspace/.build/out/Intermediates.noindex/terminal-ansi.build/Debug-android-aarch64/TerminalANSI-t.build/Objects-normal/aarch64/ColorMode.d -emit-const-values-path /host/spi-builder-workspace/.build/out/Intermediates.noindex/terminal-ansi.build/Debug-android-aarch64/TerminalANSI-t.build/Objects-normal/aarch64/ColorMode.swiftconstvalues -emit-reference-dependencies-path /host/spi-builder-workspace/.build/out/Intermediates.noindex/terminal-ansi.build/Debug-android-aarch64/TerminalANSI-t.build/Objects-normal/aarch64/ColorMode.swiftdeps -serialize-diagnostics-path /host/spi-builder-workspace/.build/out/Intermediates.noindex/terminal-ansi.build/Debug-android-aarch64/TerminalANSI-t.build/Objects-normal/aarch64/ColorMode.dia -target aarch64-unknown-linux-android28 -Xllvm -aarch64-use-tbi -disable-objc-interop -sdk /android-ndk/android-ndk-r27d/toolchains/llvm/prebuilt/linux-x86_64/sysroot -sysroot /android-ndk/android-ndk-r27d/toolchains/llvm/prebuilt/linux-x86_64/sysroot -I /host/spi-builder-workspace/.build/out/Products/Debug-android-aarch64 -module-cache-path /host/spi-builder-workspace/.build/out/ModuleCache.noindex -color-diagnostics -Xcc -fcolor-diagnostics -enable-testing -g -debug-info-format\=dwarf -dwarf-version\=4 -suppress-warnings -swift-version 6 -Onone -D SWIFT_PACKAGE -D DEBUG -D SWIFT_MODULE_RESOURCE_BUNDLE_UNAVAILABLE -D Xcode -serialize-debugging-options -enable-experimental-feature DebugDescriptionMacro -empty-abi-descriptor -external-plugin-path /root/.local/share/swiftly/toolchains/6.4.x-snapshot-2026-09-04/usr/lib/swift/host/plugins/testing\#/root/.local/share/swiftly/toolchains/6.4.x-snapshot-2026-09-04/usr/bin/swift-plugin-server -user-module-version 0.4.0 -validate-clang-modules-once -clang-build-session-file /host/spi-builder-workspace/.build/out/ModuleCache.noindex/Session.modulevalidation -Xcc -working-directory -Xcc /host -resource-dir /root/.swiftpm/swift-sdks/swift-6.4.x-DEVELOPMENT-SNAPSHOT-2026-09-04-a_android.artifactbundle/swift-android/swift-resources/usr/lib/swift-aarch64 -enable-anonymous-context-mangled-names -file-compilation-dir /host -Xcc -resource-dir -Xcc /android-ndk/android-ndk-r27d/toolchains/llvm/prebuilt/linux-x86_64/lib/clang/18 -Xcc -fmodule-map-file\=/host/spi-builder-workspace/.build/out/Intermediates.noindex/GeneratedModuleMaps-android-aarch64/CSelect.modulemap -Xcc -fno-omit-frame-pointer -Xcc -D_LIBCPP_HARDENING_MODE\=_LIBCPP_HARDENING_MODE_DEBUG -Xcc -fmodules-prune-interval\=86400 -Xcc -fmodules-prune-after\=345600 -Xcc -I/host/spi-builder-workspace/.build/checkouts/terminal-ansi/Sources/CSelect/include -Xcc -I/host/spi-builder-workspace/.build/out/Products/Debug-android-aarch64/include -Xcc -I/host/spi-builder-workspace/.build/out/Intermediates.noindex/terminal-ansi.build/Debug-android-aarch64/TerminalANSI-t.build/DerivedSources-normal/aarch64 -Xcc -I/host/spi-builder-workspace/.build/out/Intermediates.noindex/terminal-ansi.build/Debug-android-aarch64/TerminalANSI-t.build/DerivedSources/aarch64 -Xcc -I/host/spi-builder-workspace/.build/out/Intermediates.noindex/terminal-ansi.build/Debug-android-aarch64/TerminalANSI-t.build/DerivedSources -Xcc -DSWIFT_PACKAGE -Xcc -DDEBUG\=1 -no-auto-bridging-header-chaining -module-name TerminalANSI -package-name terminal_ansi -const-gather-protocols-file /host/spi-builder-workspace/.build/out/Intermediates.noindex/terminal-ansi.build/Debug-android-aarch64/TerminalANSI-t.build/Objects-normal/aarch64/TerminalANSI_const_extract_protocols.json -in-process-plugin-server-path /root/.local/share/swiftly/toolchains/6.4.x-snapshot-2026-09-04/usr/lib/swift/host/libSwiftInProcPluginServer.so -plugin-path /root/.local/share/swiftly/toolchains/6.4.x-snapshot-2026-09-04/usr/lib/swift/host/plugins -plugin-path /root/.local/share/swiftly/toolchains/6.4.x-snapshot-2026-09-04/usr/local/lib/swift/host/plugins -parse-as-library -o /host/spi-builder-workspace/.build/out/Intermediates.noindex/terminal-ansi.build/Debug-android-aarch64/TerminalANSI-t.build/Objects-normal/aarch64/ColorMode.o -index-unit-output-path /terminal-ansi.build/Debug-android-aarch64/TerminalANSI-t.build/Objects-normal/aarch64/ColorMode.o -index-store-path /host/spi-builder-workspace/.build/out -index-system-modules
error: SwiftCompile normal aarch64 /host/spi-builder-workspace/.build/checkouts/terminal-ansi/Sources/TerminalANSI/Terminal.swift failed with a nonzero exit code. Command line:     cd /host
    builtin-SwiftPerFileCompile Terminal.swift
/host/spi-builder-workspace/.build/checkouts/terminal-ansi/Sources/TerminalANSI/Terminal.swift:34:15: error: cannot find 'isatty' in scope
 32 |         fileHandle: FileHandle,
 33 |     ) {
 34 |         guard isatty(fileHandle.fileDescriptor) == 1 else { return nil }
    |               `- error: cannot find 'isatty' in scope
 35 |         self.environment = environment ?? ProcessInfo.processInfo.environment
 36 |         self.fileHandle = fileHandle
/host/spi-builder-workspace/.build/checkouts/terminal-ansi/Sources/TerminalANSI/Terminal.swift:41:9: error: cannot find 'tcflush' in scope
 39 |     public func close() throws {
 40 |         try self.fileHandle.synchronize()
 41 |         tcflush(self.fileHandle.fileDescriptor, TCOFLUSH)
    |         `- error: cannot find 'tcflush' in scope
 42 |         try self.fileHandle.close()
 43 |     }
/host/spi-builder-workspace/.build/checkouts/terminal-ansi/Sources/TerminalANSI/Terminal.swift:41:49: error: cannot find 'TCOFLUSH' in scope
 39 |     public func close() throws {
 40 |         try self.fileHandle.synchronize()
 41 |         tcflush(self.fileHandle.fileDescriptor, TCOFLUSH)
    |                                                 `- error: cannot find 'TCOFLUSH' in scope
 42 |         try self.fileHandle.close()
 43 |     }
Failed frontend command:
/root/.local/share/swiftly/toolchains/6.4.x-snapshot-2026-09-04/usr/bin/swift-frontend -frontend -c /host/spi-builder-workspace/.build/checkouts/terminal-ansi/Sources/TerminalANSI/ANSIControlCode.swift /host/spi-builder-workspace/.build/checkouts/terminal-ansi/Sources/TerminalANSI/ANSIParser.swift /host/spi-builder-workspace/.build/checkouts/terminal-ansi/Sources/TerminalANSI/ANSIParserTypes.swift /host/spi-builder-workspace/.build/checkouts/terminal-ansi/Sources/TerminalANSI/ANSIStringUtilities.swift /host/spi-builder-workspace/.build/checkouts/terminal-ansi/Sources/TerminalANSI/ANSIWrapping.swift /host/spi-builder-workspace/.build/checkouts/terminal-ansi/Sources/TerminalANSI/Color.swift /host/spi-builder-workspace/.build/checkouts/terminal-ansi/Sources/TerminalANSI/ColorMode.swift /host/spi-builder-workspace/.build/checkouts/terminal-ansi/Sources/TerminalANSI/EnvironmentColorMode.swift /host/spi-builder-workspace/.build/checkouts/terminal-ansi/Sources/TerminalANSI/Inspect.swift /host/spi-builder-workspace/.build/checkouts/terminal-ansi/Sources/TerminalANSI/Size.swift -primary-file /host/spi-builder-workspace/.build/checkouts/terminal-ansi/Sources/TerminalANSI/Terminal.swift -emit-dependencies-path /host/spi-builder-workspace/.build/out/Intermediates.noindex/terminal-ansi.build/Debug-android-aarch64/TerminalANSI-t.build/Objects-normal/aarch64/Terminal.d -emit-const-values-path /host/spi-builder-workspace/.build/out/Intermediates.noindex/terminal-ansi.build/Debug-android-aarch64/TerminalANSI-t.build/Objects-normal/aarch64/Terminal.swiftconstvalues -emit-reference-dependencies-path /host/spi-builder-workspace/.build/out/Intermediates.noindex/terminal-ansi.build/Debug-android-aarch64/TerminalANSI-t.build/Objects-normal/aarch64/Terminal.swiftdeps -serialize-diagnostics-path /host/spi-builder-workspace/.build/out/Intermediates.noindex/terminal-ansi.build/Debug-android-aarch64/TerminalANSI-t.build/Objects-normal/aarch64/Terminal.dia -target aarch64-unknown-linux-android28 -Xllvm -aarch64-use-tbi -disable-objc-interop -sdk /android-ndk/android-ndk-r27d/toolchains/llvm/prebuilt/linux-x86_64/sysroot -sysroot /android-ndk/android-ndk-r27d/toolchains/llvm/prebuilt/linux-x86_64/sysroot -I /host/spi-builder-workspace/.build/out/Products/Debug-android-aarch64 -module-cache-path /host/spi-builder-workspace/.build/out/ModuleCache.noindex -color-diagnostics -Xcc -fcolor-diagnostics -enable-testing -g -debug-info-format\=dwarf -dwarf-version\=4 -suppress-warnings -swift-version 6 -Onone -D SWIFT_PACKAGE -D DEBUG -D SWIFT_MODULE_RESOURCE_BUNDLE_UNAVAILABLE -D Xcode -serialize-debugging-options -enable-experimental-feature DebugDescriptionMacro -empty-abi-descriptor -external-plugin-path /root/.local/share/swiftly/toolchains/6.4.x-snapshot-2026-09-04/usr/lib/swift/host/plugins/testing\#/root/.local/share/swiftly/toolchains/6.4.x-snapshot-2026-09-04/usr/bin/swift-plugin-server -user-module-version 0.4.0 -validate-clang-modules-once -clang-build-session-file /host/spi-builder-workspace/.build/out/ModuleCache.noindex/Session.modulevalidation -Xcc -working-directory -Xcc /host -resource-dir /root/.swiftpm/swift-sdks/swift-6.4.x-DEVELOPMENT-SNAPSHOT-2026-09-04-a_android.artifactbundle/swift-android/swift-resources/usr/lib/swift-aarch64 -enable-anonymous-context-mangled-names -file-compilation-dir /host -Xcc -resource-dir -Xcc /android-ndk/android-ndk-r27d/toolchains/llvm/prebuilt/linux-x86_64/lib/clang/18 -Xcc -fmodule-map-file\=/host/spi-builder-workspace/.build/out/Intermediates.noindex/GeneratedModuleMaps-android-aarch64/CSelect.modulemap -Xcc -fno-omit-frame-pointer -Xcc -D_LIBCPP_HARDENING_MODE\=_LIBCPP_HARDENING_MODE_DEBUG -Xcc -fmodules-prune-interval\=86400 -Xcc -fmodules-prune-after\=345600 -Xcc -I/host/spi-builder-workspace/.build/checkouts/terminal-ansi/Sources/CSelect/include -Xcc -I/host/spi-builder-workspace/.build/out/Products/Debug-android-aarch64/include -Xcc -I/host/spi-builder-workspace/.build/out/Intermediates.noindex/terminal-ansi.build/Debug-android-aarch64/TerminalANSI-t.build/DerivedSources-normal/aarch64 -Xcc -I/host/spi-builder-workspace/.build/out/Intermediates.noindex/terminal-ansi.build/Debug-android-aarch64/TerminalANSI-t.build/DerivedSources/aarch64 -Xcc -I/host/spi-builder-workspace/.build/out/Intermediates.noindex/terminal-ansi.build/Debug-android-aarch64/TerminalANSI-t.build/DerivedSources -Xcc -DSWIFT_PACKAGE -Xcc -DDEBUG\=1 -no-auto-bridging-header-chaining -module-name TerminalANSI -package-name terminal_ansi -const-gather-protocols-file /host/spi-builder-workspace/.build/out/Intermediates.noindex/terminal-ansi.build/Debug-android-aarch64/TerminalANSI-t.build/Objects-normal/aarch64/TerminalANSI_const_extract_protocols.json -in-process-plugin-server-path /root/.local/share/swiftly/toolchains/6.4.x-snapshot-2026-09-04/usr/lib/swift/host/libSwiftInProcPluginServer.so -plugin-path /root/.local/share/swiftly/toolchains/6.4.x-snapshot-2026-09-04/usr/lib/swift/host/plugins -plugin-path /root/.local/share/swiftly/toolchains/6.4.x-snapshot-2026-09-04/usr/local/lib/swift/host/plugins -parse-as-library -o /host/spi-builder-workspace/.build/out/Intermediates.noindex/terminal-ansi.build/Debug-android-aarch64/TerminalANSI-t.build/Objects-normal/aarch64/Terminal.o -index-unit-output-path /terminal-ansi.build/Debug-android-aarch64/TerminalANSI-t.build/Objects-normal/aarch64/Terminal.o -index-store-path /host/spi-builder-workspace/.build/out -index-system-modules
error: Build failed
BUILD FAILURE 6.4 android