The Swift Package Index logo.Swift Package Index

Build Information

Failed to build Sake, reference main (80a3e9), with Swift 6.4 for macOS (Xcode) using Xcode 27.0 on 23 Sep 2026 07:40:26 UTC.

Build Command

env DEVELOPER_DIR=/Applications/Xcode-27.0.0-Release.Candidate.app xcrun xcodebuild -IDEClonedSourcePackagesDirPathOverride=$PWD/.dependencies -skipMacroValidation -skipPackagePluginValidation -derivedDataPath $PWD/.derivedData build -scheme Sake-Package -destination platform=macOS,arch=arm64

Build Log

SwiftDriverJobDiscovery normal arm64 Compiling Input.swift, Output.swift, Subprocess+BSD.swift (in target 'Subprocess' from project 'swift-subprocess')
SwiftCompile normal arm64 Compiling\ SplitArguments.swift,\ DumpHelpGenerator.swift,\ HelpCommand.swift,\ HelpGenerator.swift,\ MessageInfo.swift /Users/admin/builder/spi-builder-workspace/.dependencies/checkouts/swift-argument-parser/Sources/ArgumentParser/Parsing/SplitArguments.swift /Users/admin/builder/spi-builder-workspace/.dependencies/checkouts/swift-argument-parser/Sources/ArgumentParser/Usage/DumpHelpGenerator.swift /Users/admin/builder/spi-builder-workspace/.dependencies/checkouts/swift-argument-parser/Sources/ArgumentParser/Usage/HelpCommand.swift /Users/admin/builder/spi-builder-workspace/.dependencies/checkouts/swift-argument-parser/Sources/ArgumentParser/Usage/HelpGenerator.swift /Users/admin/builder/spi-builder-workspace/.dependencies/checkouts/swift-argument-parser/Sources/ArgumentParser/Usage/MessageInfo.swift (in target 'ArgumentParser' from project 'swift-argument-parser')
SwiftCompile normal arm64 /Users/admin/builder/spi-builder-workspace/.dependencies/checkouts/swift-argument-parser/Sources/ArgumentParser/Parsing/SplitArguments.swift (in target 'ArgumentParser' from project 'swift-argument-parser')
    cd /Users/admin/builder/spi-builder-workspace/.swiftpm/xcode
    builtin-SwiftPerFileCompile SplitArguments.swift
SwiftCompile normal arm64 /Users/admin/builder/spi-builder-workspace/.dependencies/checkouts/swift-argument-parser/Sources/ArgumentParser/Usage/DumpHelpGenerator.swift (in target 'ArgumentParser' from project 'swift-argument-parser')
    cd /Users/admin/builder/spi-builder-workspace/.swiftpm/xcode
    builtin-SwiftPerFileCompile DumpHelpGenerator.swift
SwiftCompile normal arm64 /Users/admin/builder/spi-builder-workspace/.dependencies/checkouts/swift-argument-parser/Sources/ArgumentParser/Usage/HelpCommand.swift (in target 'ArgumentParser' from project 'swift-argument-parser')
    cd /Users/admin/builder/spi-builder-workspace/.swiftpm/xcode
    builtin-SwiftPerFileCompile HelpCommand.swift
SwiftCompile normal arm64 /Users/admin/builder/spi-builder-workspace/.dependencies/checkouts/swift-argument-parser/Sources/ArgumentParser/Usage/HelpGenerator.swift (in target 'ArgumentParser' from project 'swift-argument-parser')
    cd /Users/admin/builder/spi-builder-workspace/.swiftpm/xcode
    builtin-SwiftPerFileCompile HelpGenerator.swift
SwiftCompile normal arm64 /Users/admin/builder/spi-builder-workspace/.dependencies/checkouts/swift-argument-parser/Sources/ArgumentParser/Usage/MessageInfo.swift (in target 'ArgumentParser' from project 'swift-argument-parser')
    cd /Users/admin/builder/spi-builder-workspace/.swiftpm/xcode
    builtin-SwiftPerFileCompile MessageInfo.swift
SwiftDriverJobDiscovery normal arm64 Compiling Error.swift, Execution.swift, AsyncIO+KQueue.swift (in target 'Subprocess' from project 'swift-subprocess')
SwiftCompile normal arm64 Compiling\ CodingKeyValidator.swift,\ NonsenseFlagsValidator.swift,\ ParsableArgumentsValidation.swift,\ PositionalArgumentsValidator.swift,\ UniqueNamesValidator.swift /Users/admin/builder/spi-builder-workspace/.dependencies/checkouts/swift-argument-parser/Sources/ArgumentParser/Validators/CodingKeyValidator.swift /Users/admin/builder/spi-builder-workspace/.dependencies/checkouts/swift-argument-parser/Sources/ArgumentParser/Validators/NonsenseFlagsValidator.swift /Users/admin/builder/spi-builder-workspace/.dependencies/checkouts/swift-argument-parser/Sources/ArgumentParser/Validators/ParsableArgumentsValidation.swift /Users/admin/builder/spi-builder-workspace/.dependencies/checkouts/swift-argument-parser/Sources/ArgumentParser/Validators/PositionalArgumentsValidator.swift /Users/admin/builder/spi-builder-workspace/.dependencies/checkouts/swift-argument-parser/Sources/ArgumentParser/Validators/UniqueNamesValidator.swift (in target 'ArgumentParser' from project 'swift-argument-parser')
SwiftCompile normal arm64 /Users/admin/builder/spi-builder-workspace/.dependencies/checkouts/swift-argument-parser/Sources/ArgumentParser/Validators/CodingKeyValidator.swift (in target 'ArgumentParser' from project 'swift-argument-parser')
    cd /Users/admin/builder/spi-builder-workspace/.swiftpm/xcode
    builtin-SwiftPerFileCompile CodingKeyValidator.swift
SwiftCompile normal arm64 /Users/admin/builder/spi-builder-workspace/.dependencies/checkouts/swift-argument-parser/Sources/ArgumentParser/Validators/NonsenseFlagsValidator.swift (in target 'ArgumentParser' from project 'swift-argument-parser')
    cd /Users/admin/builder/spi-builder-workspace/.swiftpm/xcode
    builtin-SwiftPerFileCompile NonsenseFlagsValidator.swift
SwiftCompile normal arm64 /Users/admin/builder/spi-builder-workspace/.dependencies/checkouts/swift-argument-parser/Sources/ArgumentParser/Validators/ParsableArgumentsValidation.swift (in target 'ArgumentParser' from project 'swift-argument-parser')
    cd /Users/admin/builder/spi-builder-workspace/.swiftpm/xcode
    builtin-SwiftPerFileCompile ParsableArgumentsValidation.swift
SwiftCompile normal arm64 /Users/admin/builder/spi-builder-workspace/.dependencies/checkouts/swift-argument-parser/Sources/ArgumentParser/Validators/PositionalArgumentsValidator.swift (in target 'ArgumentParser' from project 'swift-argument-parser')
    cd /Users/admin/builder/spi-builder-workspace/.swiftpm/xcode
    builtin-SwiftPerFileCompile PositionalArgumentsValidator.swift
SwiftCompile normal arm64 /Users/admin/builder/spi-builder-workspace/.dependencies/checkouts/swift-argument-parser/Sources/ArgumentParser/Validators/UniqueNamesValidator.swift (in target 'ArgumentParser' from project 'swift-argument-parser')
    cd /Users/admin/builder/spi-builder-workspace/.swiftpm/xcode
    builtin-SwiftPerFileCompile UniqueNamesValidator.swift
SwiftCompile normal arm64 Compiling\ InputOrigin.swift,\ Name.swift,\ Parsed.swift,\ ParsedValues.swift,\ ParserError.swift /Users/admin/builder/spi-builder-workspace/.dependencies/checkouts/swift-argument-parser/Sources/ArgumentParser/Parsing/InputOrigin.swift /Users/admin/builder/spi-builder-workspace/.dependencies/checkouts/swift-argument-parser/Sources/ArgumentParser/Parsing/Name.swift /Users/admin/builder/spi-builder-workspace/.dependencies/checkouts/swift-argument-parser/Sources/ArgumentParser/Parsing/Parsed.swift /Users/admin/builder/spi-builder-workspace/.dependencies/checkouts/swift-argument-parser/Sources/ArgumentParser/Parsing/ParsedValues.swift /Users/admin/builder/spi-builder-workspace/.dependencies/checkouts/swift-argument-parser/Sources/ArgumentParser/Parsing/ParserError.swift (in target 'ArgumentParser' from project 'swift-argument-parser')
SwiftCompile normal arm64 /Users/admin/builder/spi-builder-workspace/.dependencies/checkouts/swift-argument-parser/Sources/ArgumentParser/Parsing/InputOrigin.swift (in target 'ArgumentParser' from project 'swift-argument-parser')
    cd /Users/admin/builder/spi-builder-workspace/.swiftpm/xcode
    builtin-SwiftPerFileCompile InputOrigin.swift
SwiftCompile normal arm64 /Users/admin/builder/spi-builder-workspace/.dependencies/checkouts/swift-argument-parser/Sources/ArgumentParser/Parsing/Name.swift (in target 'ArgumentParser' from project 'swift-argument-parser')
    cd /Users/admin/builder/spi-builder-workspace/.swiftpm/xcode
    builtin-SwiftPerFileCompile Name.swift
SwiftCompile normal arm64 /Users/admin/builder/spi-builder-workspace/.dependencies/checkouts/swift-argument-parser/Sources/ArgumentParser/Parsing/Parsed.swift (in target 'ArgumentParser' from project 'swift-argument-parser')
    cd /Users/admin/builder/spi-builder-workspace/.swiftpm/xcode
    builtin-SwiftPerFileCompile Parsed.swift
SwiftCompile normal arm64 /Users/admin/builder/spi-builder-workspace/.dependencies/checkouts/swift-argument-parser/Sources/ArgumentParser/Parsing/ParsedValues.swift (in target 'ArgumentParser' from project 'swift-argument-parser')
    cd /Users/admin/builder/spi-builder-workspace/.swiftpm/xcode
    builtin-SwiftPerFileCompile ParsedValues.swift
SwiftCompile normal arm64 /Users/admin/builder/spi-builder-workspace/.dependencies/checkouts/swift-argument-parser/Sources/ArgumentParser/Parsing/ParserError.swift (in target 'ArgumentParser' from project 'swift-argument-parser')
    cd /Users/admin/builder/spi-builder-workspace/.swiftpm/xcode
    builtin-SwiftPerFileCompile ParserError.swift
SwiftDriverJobDiscovery normal arm64 Compiling Result.swift, Span+Subprocess.swift (in target 'Subprocess' from project 'swift-subprocess')
SwiftDriverJobDiscovery normal arm64 Compiling AsyncIO+Linux.swift, AsyncIO+Unix.swift, AsyncIO+Windows.swift (in target 'Subprocess' from project 'swift-subprocess')
SwiftDriverJobDiscovery normal arm64 Compiling Teardown.swift, Thread.swift (in target 'Subprocess' from project 'swift-subprocess')
Ld /Users/admin/builder/spi-builder-workspace/.derivedData/Build/Products/Debug/Yams.o normal (in target 'Yams' from project 'Yams')
    cd /Users/admin/builder/spi-builder-workspace/.dependencies/checkouts/Yams
    /Applications/Xcode-27.0.0-Release.Candidate.app/Contents/Developer/Toolchains/XcodeDefault.xctoolchain/usr/bin/clang -Xlinker -reproducible -target arm64-apple-macos12.0 -r -isysroot /Applications/Xcode-27.0.0-Release.Candidate.app/Contents/Developer/Platforms/MacOSX.platform/Developer/SDKs/MacOSX27.0.sdk -O0 -w -Xlinker -no_warn_duplicate_libraries -F/Users/admin/builder/spi-builder-workspace/.derivedData/Build/Intermediates.noindex/EagerLinkingTBDs/Debug -F/Users/admin/builder/spi-builder-workspace/.derivedData/Build/Products/Debug/PackageFrameworks -F/Users/admin/builder/spi-builder-workspace/.derivedData/Build/Products/Debug -iframework /Applications/Xcode-27.0.0-Release.Candidate.app/Contents/Developer/Platforms/MacOSX.platform/Developer/Library/Frameworks -filelist /Users/admin/builder/spi-builder-workspace/.derivedData/Build/Intermediates.noindex/Yams.build/Debug/Yams-t.build/Objects-normal/arm64/Yams.LinkFileList -nostdlib -Xlinker -object_path_lto -Xlinker /Users/admin/builder/spi-builder-workspace/.derivedData/Build/Intermediates.noindex/Yams.build/Debug/Yams-t.build/Objects-normal/arm64/Yams_lto.o -Xlinker -no_deduplicate -Xlinker -debug_variant -Xlinker -dependency_info -Xlinker /Users/admin/builder/spi-builder-workspace/.derivedData/Build/Intermediates.noindex/Yams.build/Debug/Yams-t.build/Objects-normal/arm64/Yams_dependency_info.dat -fobjc-link-runtime -L/Applications/Xcode-27.0.0-Release.Candidate.app/Contents/Developer/Toolchains/XcodeDefault.xctoolchain/usr/lib/swift/macosx -L/usr/lib/swift -Xlinker -add_ast_path -Xlinker /Users/admin/builder/spi-builder-workspace/.derivedData/Build/Intermediates.noindex/Yams.build/Debug/Yams-t.build/Objects-normal/arm64/Yams.swiftmodule -o /Users/admin/builder/spi-builder-workspace/.derivedData/Build/Products/Debug/Yams.o
ExtractAppIntentsMetadata (in target 'SystemPackage' from project 'swift-system')
    cd /Users/admin/builder/spi-builder-workspace/.dependencies/checkouts/swift-system
    /Applications/Xcode-27.0.0-Release.Candidate.app/Contents/Developer/Toolchains/XcodeDefault.xctoolchain/usr/bin/appintentsmetadataprocessor --toolchain-dir /var/run/com.apple.security.cryptexd/mnt/com.apple.MobileAsset.MetalToolchain-v27.1.266.1.7W1zG5/Metal.xctoolchain --module-name SystemPackage --sdk-root /Applications/Xcode-27.0.0-Release.Candidate.app/Contents/Developer/Platforms/MacOSX.platform/Developer/SDKs/MacOSX27.0.sdk --xcode-version 27A266a --platform-family macOS --deployment-target 12.0 --bundle-identifier swift-system.SystemPackage --output /Users/admin/builder/spi-builder-workspace/.derivedData/Build/Products/Debug/SystemPackage.appintents --target-triple arm64-apple-macos12.0 --binary-file /Users/admin/builder/spi-builder-workspace/.derivedData/Build/Products/Debug/SystemPackage.o --dependency-file /Users/admin/builder/spi-builder-workspace/.derivedData/Build/Intermediates.noindex/swift-system.build/Debug/SystemPackage-t.build/Objects-normal/arm64/SystemPackage_dependency_info.dat --stringsdata-file /Users/admin/builder/spi-builder-workspace/.derivedData/Build/Intermediates.noindex/swift-system.build/Debug/SystemPackage-t.build/Objects-normal/arm64/ExtractedAppShortcutsMetadata.stringsdata --source-file-list /Users/admin/builder/spi-builder-workspace/.derivedData/Build/Intermediates.noindex/swift-system.build/Debug/SystemPackage-t.build/Objects-normal/arm64/SystemPackage.SwiftFileList --metadata-file-list /Users/admin/builder/spi-builder-workspace/.derivedData/Build/Intermediates.noindex/swift-system.build/Debug/SystemPackage-t.build/SystemPackage.DependencyMetadataFileList --static-metadata-file-list /Users/admin/builder/spi-builder-workspace/.derivedData/Build/Intermediates.noindex/swift-system.build/Debug/SystemPackage-t.build/SystemPackage.DependencyStaticMetadataFileList --swift-const-vals-list /Users/admin/builder/spi-builder-workspace/.derivedData/Build/Intermediates.noindex/swift-system.build/Debug/SystemPackage-t.build/Objects-normal/arm64/SystemPackage.SwiftConstValuesFileList --force --compile-time-extraction --deployment-aware-processing --no-app-shortcuts-localization
2026-09-23 03:40:13.439 appintentsmetadataprocessor[1165:6403] Starting appintentsmetadataprocessor export
2026-09-23 03:40:13.534 appintentsmetadataprocessor[1165:6403] Extracted no relevant App Intents symbols, skipping writing output
SwiftDriverJobDiscovery normal arm64 Compiling Subprocess+Unix.swift, Subprocess+Windows.swift (in target 'Subprocess' from project 'swift-subprocess')
SwiftDriver SakeShared normal arm64 com.apple.xcode.tools.swift.compiler (in target 'SakeShared' from project 'Sake')
    cd /Users/admin/builder/spi-builder-workspace/.swiftpm/xcode
    builtin-SwiftDriver -- /Applications/Xcode-27.0.0-Release.Candidate.app/Contents/Developer/Toolchains/XcodeDefault.xctoolchain/usr/bin/swiftc -parse-as-library -module-name SakeShared -Onone @/Users/admin/builder/spi-builder-workspace/.derivedData/Build/Intermediates.noindex/Sake.build/Debug/SakeShared-t.build/Objects-normal/arm64/SakeShared.SwiftFileList -DSWIFT_PACKAGE -DDEBUG -DSWIFT_MODULE_RESOURCE_BUNDLE_UNAVAILABLE -DXcode -plugin-path /Applications/Xcode-27.0.0-Release.Candidate.app/Contents/Developer/Toolchains/XcodeDefault.xctoolchain/usr/lib/swift/host/plugins/testing -enable-experimental-feature DebugDescriptionMacro -sdk /Applications/Xcode-27.0.0-Release.Candidate.app/Contents/Developer/Platforms/MacOSX.platform/Developer/SDKs/MacOSX27.0.sdk -target arm64-apple-macos13.0 -g -module-cache-path /Users/admin/builder/spi-builder-workspace/.derivedData/ModuleCache.noindex -Xfrontend -serialize-debugging-options -profile-coverage-mapping -profile-generate -enable-testing -index-store-path /Users/admin/builder/spi-builder-workspace/.derivedData/Index.noindex/DataStore -Xcc -D_LIBCPP_HARDENING_MODE\=_LIBCPP_HARDENING_MODE_DEBUG -swift-version 6 -I /Users/admin/builder/spi-builder-workspace/.derivedData/Build/Products/Debug -Isystem /Applications/Xcode-27.0.0-Release.Candidate.app/Contents/Developer/Platforms/MacOSX.platform/Developer/usr/lib -F /Users/admin/builder/spi-builder-workspace/.derivedData/Build/Products/Debug/PackageFrameworks -F /Users/admin/builder/spi-builder-workspace/.derivedData/Build/Products/Debug -F /Applications/Xcode-27.0.0-Release.Candidate.app/Contents/Developer/Platforms/MacOSX.platform/Developer/Library/Frameworks -c -j10 -enable-batch-mode -incremental -Xcc -ivfsstatcache -Xcc /Users/admin/builder/spi-builder-workspace/.derivedData/SDKStatCaches.noindex/macosx27.0-26A425-e829b21a6f8c9b70876ba0858053c0446a22442a12e9d48fe1a705f55a1adfc4.sdkstatcache -output-file-map /Users/admin/builder/spi-builder-workspace/.derivedData/Build/Intermediates.noindex/Sake.build/Debug/SakeShared-t.build/Objects-normal/arm64/SakeShared-OutputFileMap.json -save-temps -no-color-diagnostics -explicit-module-build -module-cache-path /Users/admin/builder/spi-builder-workspace/.derivedData/Build/Intermediates.noindex/SwiftExplicitPrecompiledModules -clang-scanner-module-cache-path /Users/admin/builder/spi-builder-workspace/.derivedData/ModuleCache.noindex -sdk-module-cache-path /Users/admin/builder/spi-builder-workspace/.derivedData/SDKExplicitPrecompiledModules -emit-dependencies -emit-module -emit-module-path /Users/admin/builder/spi-builder-workspace/.derivedData/Build/Intermediates.noindex/Sake.build/Debug/SakeShared-t.build/Objects-normal/arm64/SakeShared.swiftmodule -serialize-diagnostics -dependency-scan-serialize-diagnostics-path /Users/admin/builder/spi-builder-workspace/.derivedData/Build/Intermediates.noindex/Sake.build/Debug/SakeShared-t.build/Objects-normal/arm64/SakeShared-dependency-scan.dia -validate-clang-modules-once -clang-build-session-file /Users/admin/builder/spi-builder-workspace/.derivedData/ModuleCache.noindex/Session.modulevalidation -Xcc -fmodules-prune-interval\=86400 -Xcc -fmodules-prune-after\=345600 -package-name spi_builder_workspace -emit-const-values -const-gather-protocols-list /Users/admin/builder/spi-builder-workspace/.derivedData/Build/Intermediates.noindex/Sake.build/Debug/SakeShared-t.build/Objects-normal/arm64/SakeShared_const_extract_protocols.json -Xcc -I/Users/admin/builder/spi-builder-workspace/.derivedData/Build/Products/Debug/include -Xcc -I/Users/admin/builder/spi-builder-workspace/.derivedData/Build/Intermediates.noindex/Sake.build/Debug/SakeShared-t.build/DerivedSources-normal/arm64 -Xcc -I/Users/admin/builder/spi-builder-workspace/.derivedData/Build/Intermediates.noindex/Sake.build/Debug/SakeShared-t.build/DerivedSources/arm64 -Xcc -I/Users/admin/builder/spi-builder-workspace/.derivedData/Build/Intermediates.noindex/Sake.build/Debug/SakeShared-t.build/DerivedSources -Xcc -DSWIFT_PACKAGE -Xcc -DDEBUG\=1 -emit-objc-header -emit-objc-header-path /Users/admin/builder/spi-builder-workspace/.derivedData/Build/Intermediates.noindex/Sake.build/Debug/SakeShared-t.build/Objects-normal/arm64/SakeShared-Swift.h -working-directory /Users/admin/builder/spi-builder-workspace/.swiftpm/xcode -experimental-emit-module-separately -disable-cmo
ExtractAppIntentsMetadata (in target 'Yams' from project 'Yams')
    cd /Users/admin/builder/spi-builder-workspace/.dependencies/checkouts/Yams
    /Applications/Xcode-27.0.0-Release.Candidate.app/Contents/Developer/Toolchains/XcodeDefault.xctoolchain/usr/bin/appintentsmetadataprocessor --toolchain-dir /var/run/com.apple.security.cryptexd/mnt/com.apple.MobileAsset.MetalToolchain-v27.1.266.1.7W1zG5/Metal.xctoolchain --module-name Yams --sdk-root /Applications/Xcode-27.0.0-Release.Candidate.app/Contents/Developer/Platforms/MacOSX.platform/Developer/SDKs/MacOSX27.0.sdk --xcode-version 27A266a --platform-family macOS --deployment-target 12.0 --bundle-identifier yams.Yams --output /Users/admin/builder/spi-builder-workspace/.derivedData/Build/Products/Debug/Yams.appintents --target-triple arm64-apple-macos12.0 --binary-file /Users/admin/builder/spi-builder-workspace/.derivedData/Build/Products/Debug/Yams.o --dependency-file /Users/admin/builder/spi-builder-workspace/.derivedData/Build/Intermediates.noindex/Yams.build/Debug/Yams-t.build/Objects-normal/arm64/Yams_dependency_info.dat --stringsdata-file /Users/admin/builder/spi-builder-workspace/.derivedData/Build/Intermediates.noindex/Yams.build/Debug/Yams-t.build/Objects-normal/arm64/ExtractedAppShortcutsMetadata.stringsdata --source-file-list /Users/admin/builder/spi-builder-workspace/.derivedData/Build/Intermediates.noindex/Yams.build/Debug/Yams-t.build/Objects-normal/arm64/Yams.SwiftFileList --metadata-file-list /Users/admin/builder/spi-builder-workspace/.derivedData/Build/Intermediates.noindex/Yams.build/Debug/Yams-t.build/Yams.DependencyMetadataFileList --static-metadata-file-list /Users/admin/builder/spi-builder-workspace/.derivedData/Build/Intermediates.noindex/Yams.build/Debug/Yams-t.build/Yams.DependencyStaticMetadataFileList --swift-const-vals-list /Users/admin/builder/spi-builder-workspace/.derivedData/Build/Intermediates.noindex/Yams.build/Debug/Yams-t.build/Objects-normal/arm64/Yams.SwiftConstValuesFileList --force --compile-time-extraction --deployment-aware-processing --no-app-shortcuts-localization
2026-09-23 03:40:13.478 appintentsmetadataprocessor[1167:6418] Starting appintentsmetadataprocessor export
2026-09-23 03:40:13.560 appintentsmetadataprocessor[1167:6418] Extracted no relevant App Intents symbols, skipping writing output
RegisterExecutionPolicyException /Users/admin/builder/spi-builder-workspace/.derivedData/Build/Products/Debug/SakeMacros (in target 'SakeMacros' from project 'Sake')
    cd /Users/admin/builder/spi-builder-workspace
    builtin-RegisterExecutionPolicyException /Users/admin/builder/spi-builder-workspace/.derivedData/Build/Products/Debug/SakeMacros
SwiftDriverJobDiscovery normal arm64 Compiling Subprocess+Darwin.swift, Subprocess+Linux.swift (in target 'Subprocess' from project 'swift-subprocess')
SwiftDriverJobDiscovery normal arm64 Compiling Span+SubprocessFoundation.swift, SubprocessOutputSequence.swift (in target 'Subprocess' from project 'swift-subprocess')
SwiftDriverJobDiscovery normal arm64 Compiling InputOrigin.swift, Name.swift, Parsed.swift, ParsedValues.swift, ParserError.swift (in target 'ArgumentParser' from project 'swift-argument-parser')
SwiftDriverJobDiscovery normal arm64 Compiling CodingKeyValidator.swift, NonsenseFlagsValidator.swift, ParsableArgumentsValidation.swift, PositionalArgumentsValidator.swift, UniqueNamesValidator.swift (in target 'ArgumentParser' from project 'swift-argument-parser')
SwiftCompile normal arm64 Compiling\ CommandGroupsJSON.swift /Users/admin/builder/spi-builder-workspace/Sources/SakeShared/CommandGroupsJSON.swift (in target 'SakeShared' from project 'Sake')
SwiftCompile normal arm64 /Users/admin/builder/spi-builder-workspace/Sources/SakeShared/CommandGroupsJSON.swift (in target 'SakeShared' from project 'Sake')
    cd /Users/admin/builder/spi-builder-workspace/.swiftpm/xcode
    builtin-SwiftPerFileCompile CommandGroupsJSON.swift
SwiftCompile normal arm64 Compiling\ ProcessInterruptionTask.swift /Users/admin/builder/spi-builder-workspace/Sources/SakeShared/ProcessInterruptionTask.swift (in target 'SakeShared' from project 'Sake')
SwiftCompile normal arm64 /Users/admin/builder/spi-builder-workspace/Sources/SakeShared/ProcessInterruptionTask.swift (in target 'SakeShared' from project 'Sake')
    cd /Users/admin/builder/spi-builder-workspace/.swiftpm/xcode
    builtin-SwiftPerFileCompile ProcessInterruptionTask.swift
SwiftEmitModule normal arm64 Emitting\ module\ for\ SakeShared (in target 'SakeShared' from project 'Sake')
SwiftCompile normal arm64 (in target 'SakeShared' from project 'Sake')
    cd /Users/admin/builder/spi-builder-workspace/.swiftpm/xcode

SwiftCompile normal arm64 Compiling\ URL+BuildDirectory.swift /Users/admin/builder/spi-builder-workspace/Sources/SakeShared/URL+BuildDirectory.swift (in target 'SakeShared' from project 'Sake')
SwiftCompile normal arm64 /Users/admin/builder/spi-builder-workspace/Sources/SakeShared/URL+BuildDirectory.swift (in target 'SakeShared' from project 'Sake')
    cd /Users/admin/builder/spi-builder-workspace/.swiftpm/xcode
    builtin-SwiftPerFileCompile URL+BuildDirectory.swift
SwiftCompile normal arm64 Compiling\ CaseConvertingStrategy.swift /Users/admin/builder/spi-builder-workspace/Sources/SakeShared/CaseConvertingStrategy.swift (in target 'SakeShared' from project 'Sake')
SwiftCompile normal arm64 /Users/admin/builder/spi-builder-workspace/Sources/SakeShared/CaseConvertingStrategy.swift (in target 'SakeShared' from project 'Sake')
    cd /Users/admin/builder/spi-builder-workspace/.swiftpm/xcode
    builtin-SwiftPerFileCompile CaseConvertingStrategy.swift
SwiftCompile normal arm64 Compiling\ SakeAppExitCode.swift /Users/admin/builder/spi-builder-workspace/Sources/SakeShared/SakeAppExitCode.swift (in target 'SakeShared' from project 'Sake')
SwiftCompile normal arm64 /Users/admin/builder/spi-builder-workspace/Sources/SakeShared/SakeAppExitCode.swift (in target 'SakeShared' from project 'Sake')
    cd /Users/admin/builder/spi-builder-workspace/.swiftpm/xcode
    builtin-SwiftPerFileCompile SakeAppExitCode.swift
SwiftCompile normal arm64 Compiling\ ProcessMonitor.swift /Users/admin/builder/spi-builder-workspace/Sources/SakeShared/ProcessMonitor.swift (in target 'SakeShared' from project 'Sake')
SwiftCompile normal arm64 /Users/admin/builder/spi-builder-workspace/Sources/SakeShared/ProcessMonitor.swift (in target 'SakeShared' from project 'Sake')
    cd /Users/admin/builder/spi-builder-workspace/.swiftpm/xcode
    builtin-SwiftPerFileCompile ProcessMonitor.swift
SwiftCompile normal arm64 Compiling\ FileHandle+TextOutputStream.swift /Users/admin/builder/spi-builder-workspace/Sources/SakeShared/FileHandle+TextOutputStream.swift (in target 'SakeShared' from project 'Sake')
SwiftCompile normal arm64 /Users/admin/builder/spi-builder-workspace/Sources/SakeShared/FileHandle+TextOutputStream.swift (in target 'SakeShared' from project 'Sake')
    cd /Users/admin/builder/spi-builder-workspace/.swiftpm/xcode
    builtin-SwiftPerFileCompile FileHandle+TextOutputStream.swift
SwiftDriverJobDiscovery normal arm64 Compiling API.swift, Buffer.swift, Configuration.swift (in target 'Subprocess' from project 'swift-subprocess')
SwiftDriver\ Compilation Subprocess normal arm64 com.apple.xcode.tools.swift.compiler (in target 'Subprocess' from project 'swift-subprocess')
    cd /Users/admin/builder/spi-builder-workspace/.swiftpm/xcode
    builtin-Swift-Compilation -- /Applications/Xcode-27.0.0-Release.Candidate.app/Contents/Developer/Toolchains/XcodeDefault.xctoolchain/usr/bin/swiftc -parse-as-library -module-name Subprocess -Onone @/Users/admin/builder/spi-builder-workspace/.derivedData/Build/Intermediates.noindex/swift-subprocess.build/Debug/Subprocess-t.build/Objects-normal/arm64/Subprocess.SwiftFileList -DSWIFT_PACKAGE -DDEBUG -DSWIFT_MODULE_RESOURCE_BUNDLE_UNAVAILABLE -DSubprocessFoundation -DSUBPROCESS_ASYNCIO_KQUEUE -Xcc -fmodule-map-file\=/Users/admin/builder/spi-builder-workspace/.dependencies/checkouts/swift-system/Sources/CSystem/include/module.modulemap -Xcc -fmodule-map-file\=/Users/admin/builder/spi-builder-workspace/.dependencies/checkouts/swift-subprocess/Sources/_SubprocessCShims/include/module.modulemap -DXcode -enable-experimental-feature StrictConcurrency -enable-experimental-feature Lifetimes -enable-upcoming-feature NonisolatedNonsendingByDefault -enable-upcoming-feature ExistentialAny -enable-upcoming-feature MemberImportVisibility -enable-upcoming-feature InternalImportsByDefault -plugin-path /Applications/Xcode-27.0.0-Release.Candidate.app/Contents/Developer/Toolchains/XcodeDefault.xctoolchain/usr/lib/swift/host/plugins/testing -enable-experimental-feature DebugDescriptionMacro -sdk /Applications/Xcode-27.0.0-Release.Candidate.app/Contents/Developer/Platforms/MacOSX.platform/Developer/SDKs/MacOSX27.0.sdk -target arm64-apple-macos13.0 -g -module-cache-path /Users/admin/builder/spi-builder-workspace/.derivedData/ModuleCache.noindex -Xfrontend -serialize-debugging-options -profile-coverage-mapping -profile-generate -enable-testing -suppress-warnings -index-store-path /Users/admin/builder/spi-builder-workspace/.derivedData/Index.noindex/DataStore -Xcc -D_LIBCPP_HARDENING_MODE\=_LIBCPP_HARDENING_MODE_DEBUG -swift-version 6 -I /Users/admin/builder/spi-builder-workspace/.derivedData/Build/Products/Debug -Isystem /Applications/Xcode-27.0.0-Release.Candidate.app/Contents/Developer/Platforms/MacOSX.platform/Developer/usr/lib -F /Users/admin/builder/spi-builder-workspace/.derivedData/Build/Products/Debug/PackageFrameworks -F /Users/admin/builder/spi-builder-workspace/.derivedData/Build/Products/Debug -F /Applications/Xcode-27.0.0-Release.Candidate.app/Contents/Developer/Platforms/MacOSX.platform/Developer/Library/Frameworks -c -j10 -enable-batch-mode -incremental -Xcc -ivfsstatcache -Xcc /Users/admin/builder/spi-builder-workspace/.derivedData/SDKStatCaches.noindex/macosx27.0-26A425-e829b21a6f8c9b70876ba0858053c0446a22442a12e9d48fe1a705f55a1adfc4.sdkstatcache -output-file-map /Users/admin/builder/spi-builder-workspace/.derivedData/Build/Intermediates.noindex/swift-subprocess.build/Debug/Subprocess-t.build/Objects-normal/arm64/Subprocess-OutputFileMap.json -save-temps -no-color-diagnostics -explicit-module-build -module-cache-path /Users/admin/builder/spi-builder-workspace/.derivedData/Build/Intermediates.noindex/SwiftExplicitPrecompiledModules -clang-scanner-module-cache-path /Users/admin/builder/spi-builder-workspace/.derivedData/ModuleCache.noindex -sdk-module-cache-path /Users/admin/builder/spi-builder-workspace/.derivedData/SDKExplicitPrecompiledModules -emit-dependencies -emit-module -emit-module-path /Users/admin/builder/spi-builder-workspace/.derivedData/Build/Intermediates.noindex/swift-subprocess.build/Debug/Subprocess-t.build/Objects-normal/arm64/Subprocess.swiftmodule -serialize-diagnostics -dependency-scan-serialize-diagnostics-path /Users/admin/builder/spi-builder-workspace/.derivedData/Build/Intermediates.noindex/swift-subprocess.build/Debug/Subprocess-t.build/Objects-normal/arm64/Subprocess-dependency-scan.dia -user-module-version 0.5.0 -validate-clang-modules-once -clang-build-session-file /Users/admin/builder/spi-builder-workspace/.derivedData/ModuleCache.noindex/Session.modulevalidation -Xcc -fmodules-prune-interval\=86400 -Xcc -fmodules-prune-after\=345600 -package-name swift_subprocess -emit-const-values -const-gather-protocols-list /Users/admin/builder/spi-builder-workspace/.derivedData/Build/Intermediates.noindex/swift-subprocess.build/Debug/Subprocess-t.build/Objects-normal/arm64/Subprocess_const_extract_protocols.json -Xcc -I/Users/admin/builder/spi-builder-workspace/.dependencies/checkouts/swift-system/Sources/CSystem/include -Xcc -I/Users/admin/builder/spi-builder-workspace/.dependencies/checkouts/swift-subprocess/Sources/_SubprocessCShims/include -Xcc -I/Users/admin/builder/spi-builder-workspace/.derivedData/Build/Products/Debug/include -Xcc -I/Users/admin/builder/spi-builder-workspace/.derivedData/Build/Intermediates.noindex/swift-subprocess.build/Debug/Subprocess-t.build/DerivedSources-normal/arm64 -Xcc -I/Users/admin/builder/spi-builder-workspace/.derivedData/Build/Intermediates.noindex/swift-subprocess.build/Debug/Subprocess-t.build/DerivedSources/arm64 -Xcc -I/Users/admin/builder/spi-builder-workspace/.derivedData/Build/Intermediates.noindex/swift-subprocess.build/Debug/Subprocess-t.build/DerivedSources -Xcc -DSWIFT_PACKAGE -Xcc -DDEBUG\=1 -emit-objc-header -emit-objc-header-path /Users/admin/builder/spi-builder-workspace/.derivedData/Build/Intermediates.noindex/swift-subprocess.build/Debug/Subprocess-t.build/Objects-normal/arm64/Subprocess-Swift.h -working-directory /Users/admin/builder/spi-builder-workspace/.swiftpm/xcode -experimental-emit-module-separately -disable-cmo
SwiftDriverJobDiscovery normal arm64 Compiling SakeAppExitCode.swift (in target 'SakeShared' from project 'Sake')
Ld /Users/admin/builder/spi-builder-workspace/.derivedData/Build/Products/Debug/Subprocess.o normal (in target 'Subprocess' from project 'swift-subprocess')
    cd /Users/admin/builder/spi-builder-workspace/.dependencies/checkouts/swift-subprocess
    /Applications/Xcode-27.0.0-Release.Candidate.app/Contents/Developer/Toolchains/XcodeDefault.xctoolchain/usr/bin/clang -Xlinker -reproducible -target arm64-apple-macos13.0 -r -isysroot /Applications/Xcode-27.0.0-Release.Candidate.app/Contents/Developer/Platforms/MacOSX.platform/Developer/SDKs/MacOSX27.0.sdk -O0 -w -Xlinker -no_warn_duplicate_libraries -F/Users/admin/builder/spi-builder-workspace/.derivedData/Build/Intermediates.noindex/EagerLinkingTBDs/Debug -F/Users/admin/builder/spi-builder-workspace/.derivedData/Build/Products/Debug/PackageFrameworks -F/Users/admin/builder/spi-builder-workspace/.derivedData/Build/Products/Debug -iframework /Applications/Xcode-27.0.0-Release.Candidate.app/Contents/Developer/Platforms/MacOSX.platform/Developer/Library/Frameworks -filelist /Users/admin/builder/spi-builder-workspace/.derivedData/Build/Intermediates.noindex/swift-subprocess.build/Debug/Subprocess-t.build/Objects-normal/arm64/Subprocess.LinkFileList -nostdlib -Xlinker -object_path_lto -Xlinker /Users/admin/builder/spi-builder-workspace/.derivedData/Build/Intermediates.noindex/swift-subprocess.build/Debug/Subprocess-t.build/Objects-normal/arm64/Subprocess_lto.o -Xlinker -no_deduplicate -Xlinker -debug_variant -Xlinker -dependency_info -Xlinker /Users/admin/builder/spi-builder-workspace/.derivedData/Build/Intermediates.noindex/swift-subprocess.build/Debug/Subprocess-t.build/Objects-normal/arm64/Subprocess_dependency_info.dat -fobjc-link-runtime -L/Applications/Xcode-27.0.0-Release.Candidate.app/Contents/Developer/Toolchains/XcodeDefault.xctoolchain/usr/lib/swift/macosx -L/usr/lib/swift -Xlinker -add_ast_path -Xlinker /Users/admin/builder/spi-builder-workspace/.derivedData/Build/Intermediates.noindex/swift-subprocess.build/Debug/Subprocess-t.build/Objects-normal/arm64/Subprocess.swiftmodule -o /Users/admin/builder/spi-builder-workspace/.derivedData/Build/Products/Debug/Subprocess.o
SwiftDriverJobDiscovery normal arm64 Compiling ProcessInterruptionTask.swift (in target 'SakeShared' from project 'Sake')
SwiftDriverJobDiscovery normal arm64 Compiling URL+BuildDirectory.swift (in target 'SakeShared' from project 'Sake')
SwiftDriverJobDiscovery normal arm64 Compiling CaseConvertingStrategy.swift (in target 'SakeShared' from project 'Sake')
SwiftDriverJobDiscovery normal arm64 Compiling ProcessMonitor.swift (in target 'SakeShared' from project 'Sake')
SwiftDriverJobDiscovery normal arm64 Emitting module for SakeShared (in target 'SakeShared' from project 'Sake')
SwiftDriver\ Compilation\ Requirements SakeShared normal arm64 com.apple.xcode.tools.swift.compiler (in target 'SakeShared' from project 'Sake')
    cd /Users/admin/builder/spi-builder-workspace/.swiftpm/xcode
    builtin-Swift-Compilation-Requirements -- /Applications/Xcode-27.0.0-Release.Candidate.app/Contents/Developer/Toolchains/XcodeDefault.xctoolchain/usr/bin/swiftc -parse-as-library -module-name SakeShared -Onone @/Users/admin/builder/spi-builder-workspace/.derivedData/Build/Intermediates.noindex/Sake.build/Debug/SakeShared-t.build/Objects-normal/arm64/SakeShared.SwiftFileList -DSWIFT_PACKAGE -DDEBUG -DSWIFT_MODULE_RESOURCE_BUNDLE_UNAVAILABLE -DXcode -plugin-path /Applications/Xcode-27.0.0-Release.Candidate.app/Contents/Developer/Toolchains/XcodeDefault.xctoolchain/usr/lib/swift/host/plugins/testing -enable-experimental-feature DebugDescriptionMacro -sdk /Applications/Xcode-27.0.0-Release.Candidate.app/Contents/Developer/Platforms/MacOSX.platform/Developer/SDKs/MacOSX27.0.sdk -target arm64-apple-macos13.0 -g -module-cache-path /Users/admin/builder/spi-builder-workspace/.derivedData/ModuleCache.noindex -Xfrontend -serialize-debugging-options -profile-coverage-mapping -profile-generate -enable-testing -index-store-path /Users/admin/builder/spi-builder-workspace/.derivedData/Index.noindex/DataStore -Xcc -D_LIBCPP_HARDENING_MODE\=_LIBCPP_HARDENING_MODE_DEBUG -swift-version 6 -I /Users/admin/builder/spi-builder-workspace/.derivedData/Build/Products/Debug -Isystem /Applications/Xcode-27.0.0-Release.Candidate.app/Contents/Developer/Platforms/MacOSX.platform/Developer/usr/lib -F /Users/admin/builder/spi-builder-workspace/.derivedData/Build/Products/Debug/PackageFrameworks -F /Users/admin/builder/spi-builder-workspace/.derivedData/Build/Products/Debug -F /Applications/Xcode-27.0.0-Release.Candidate.app/Contents/Developer/Platforms/MacOSX.platform/Developer/Library/Frameworks -c -j10 -enable-batch-mode -incremental -Xcc -ivfsstatcache -Xcc /Users/admin/builder/spi-builder-workspace/.derivedData/SDKStatCaches.noindex/macosx27.0-26A425-e829b21a6f8c9b70876ba0858053c0446a22442a12e9d48fe1a705f55a1adfc4.sdkstatcache -output-file-map /Users/admin/builder/spi-builder-workspace/.derivedData/Build/Intermediates.noindex/Sake.build/Debug/SakeShared-t.build/Objects-normal/arm64/SakeShared-OutputFileMap.json -save-temps -no-color-diagnostics -explicit-module-build -module-cache-path /Users/admin/builder/spi-builder-workspace/.derivedData/Build/Intermediates.noindex/SwiftExplicitPrecompiledModules -clang-scanner-module-cache-path /Users/admin/builder/spi-builder-workspace/.derivedData/ModuleCache.noindex -sdk-module-cache-path /Users/admin/builder/spi-builder-workspace/.derivedData/SDKExplicitPrecompiledModules -emit-dependencies -emit-module -emit-module-path /Users/admin/builder/spi-builder-workspace/.derivedData/Build/Intermediates.noindex/Sake.build/Debug/SakeShared-t.build/Objects-normal/arm64/SakeShared.swiftmodule -serialize-diagnostics -dependency-scan-serialize-diagnostics-path /Users/admin/builder/spi-builder-workspace/.derivedData/Build/Intermediates.noindex/Sake.build/Debug/SakeShared-t.build/Objects-normal/arm64/SakeShared-dependency-scan.dia -validate-clang-modules-once -clang-build-session-file /Users/admin/builder/spi-builder-workspace/.derivedData/ModuleCache.noindex/Session.modulevalidation -Xcc -fmodules-prune-interval\=86400 -Xcc -fmodules-prune-after\=345600 -package-name spi_builder_workspace -emit-const-values -const-gather-protocols-list /Users/admin/builder/spi-builder-workspace/.derivedData/Build/Intermediates.noindex/Sake.build/Debug/SakeShared-t.build/Objects-normal/arm64/SakeShared_const_extract_protocols.json -Xcc -I/Users/admin/builder/spi-builder-workspace/.derivedData/Build/Products/Debug/include -Xcc -I/Users/admin/builder/spi-builder-workspace/.derivedData/Build/Intermediates.noindex/Sake.build/Debug/SakeShared-t.build/DerivedSources-normal/arm64 -Xcc -I/Users/admin/builder/spi-builder-workspace/.derivedData/Build/Intermediates.noindex/Sake.build/Debug/SakeShared-t.build/DerivedSources/arm64 -Xcc -I/Users/admin/builder/spi-builder-workspace/.derivedData/Build/Intermediates.noindex/Sake.build/Debug/SakeShared-t.build/DerivedSources -Xcc -DSWIFT_PACKAGE -Xcc -DDEBUG\=1 -emit-objc-header -emit-objc-header-path /Users/admin/builder/spi-builder-workspace/.derivedData/Build/Intermediates.noindex/Sake.build/Debug/SakeShared-t.build/Objects-normal/arm64/SakeShared-Swift.h -working-directory /Users/admin/builder/spi-builder-workspace/.swiftpm/xcode -experimental-emit-module-separately -disable-cmo
SwiftMergeGeneratedHeaders /Users/admin/builder/spi-builder-workspace/.derivedData/Build/Intermediates.noindex/GeneratedModuleMaps/SakeShared-Swift.h /Users/admin/builder/spi-builder-workspace/.derivedData/Build/Intermediates.noindex/Sake.build/Debug/SakeShared-t.build/Objects-normal/arm64/SakeShared-Swift.h (in target 'SakeShared' from project 'Sake')
    cd /Users/admin/builder/spi-builder-workspace
    builtin-swiftHeaderTool -arch arm64 /Users/admin/builder/spi-builder-workspace/.derivedData/Build/Intermediates.noindex/Sake.build/Debug/SakeShared-t.build/Objects-normal/arm64/SakeShared-Swift.h -o /Users/admin/builder/spi-builder-workspace/.derivedData/Build/Intermediates.noindex/GeneratedModuleMaps/SakeShared-Swift.h
Copy /Users/admin/builder/spi-builder-workspace/.derivedData/Build/Products/Debug/SakeShared.swiftmodule/arm64-apple-macos.swiftdoc /Users/admin/builder/spi-builder-workspace/.derivedData/Build/Intermediates.noindex/Sake.build/Debug/SakeShared-t.build/Objects-normal/arm64/SakeShared.swiftdoc (in target 'SakeShared' from project 'Sake')
    cd /Users/admin/builder/spi-builder-workspace
    builtin-copy -exclude .DS_Store -exclude CVS -exclude .svn -exclude .git -exclude .hg -resolve-src-symlinks -rename /Users/admin/builder/spi-builder-workspace/.derivedData/Build/Intermediates.noindex/Sake.build/Debug/SakeShared-t.build/Objects-normal/arm64/SakeShared.swiftdoc /Users/admin/builder/spi-builder-workspace/.derivedData/Build/Products/Debug/SakeShared.swiftmodule/arm64-apple-macos.swiftdoc
Copy /Users/admin/builder/spi-builder-workspace/.derivedData/Build/Products/Debug/SakeShared.swiftmodule/arm64-apple-macos.swiftmodule /Users/admin/builder/spi-builder-workspace/.derivedData/Build/Intermediates.noindex/Sake.build/Debug/SakeShared-t.build/Objects-normal/arm64/SakeShared.swiftmodule (in target 'SakeShared' from project 'Sake')
    cd /Users/admin/builder/spi-builder-workspace
    builtin-copy -exclude .DS_Store -exclude CVS -exclude .svn -exclude .git -exclude .hg -resolve-src-symlinks -rename /Users/admin/builder/spi-builder-workspace/.derivedData/Build/Intermediates.noindex/Sake.build/Debug/SakeShared-t.build/Objects-normal/arm64/SakeShared.swiftmodule /Users/admin/builder/spi-builder-workspace/.derivedData/Build/Products/Debug/SakeShared.swiftmodule/arm64-apple-macos.swiftmodule
Copy /Users/admin/builder/spi-builder-workspace/.derivedData/Build/Products/Debug/SakeShared.swiftmodule/arm64-apple-macos.abi.json /Users/admin/builder/spi-builder-workspace/.derivedData/Build/Intermediates.noindex/Sake.build/Debug/SakeShared-t.build/Objects-normal/arm64/SakeShared.abi.json (in target 'SakeShared' from project 'Sake')
    cd /Users/admin/builder/spi-builder-workspace
    builtin-copy -exclude .DS_Store -exclude CVS -exclude .svn -exclude .git -exclude .hg -resolve-src-symlinks -rename /Users/admin/builder/spi-builder-workspace/.derivedData/Build/Intermediates.noindex/Sake.build/Debug/SakeShared-t.build/Objects-normal/arm64/SakeShared.abi.json /Users/admin/builder/spi-builder-workspace/.derivedData/Build/Products/Debug/SakeShared.swiftmodule/arm64-apple-macos.abi.json
Copy /Users/admin/builder/spi-builder-workspace/.derivedData/Build/Products/Debug/SakeShared.swiftmodule/Project/arm64-apple-macos.swiftsourceinfo /Users/admin/builder/spi-builder-workspace/.derivedData/Build/Intermediates.noindex/Sake.build/Debug/SakeShared-t.build/Objects-normal/arm64/SakeShared.swiftsourceinfo (in target 'SakeShared' from project 'Sake')
    cd /Users/admin/builder/spi-builder-workspace
    builtin-copy -exclude .DS_Store -exclude CVS -exclude .svn -exclude .git -exclude .hg -resolve-src-symlinks -rename /Users/admin/builder/spi-builder-workspace/.derivedData/Build/Intermediates.noindex/Sake.build/Debug/SakeShared-t.build/Objects-normal/arm64/SakeShared.swiftsourceinfo /Users/admin/builder/spi-builder-workspace/.derivedData/Build/Products/Debug/SakeShared.swiftmodule/Project/arm64-apple-macos.swiftsourceinfo
SwiftDriver SakeCLILibrary normal arm64 com.apple.xcode.tools.swift.compiler (in target 'SakeCLILibrary' from project 'Sake')
    cd /Users/admin/builder/spi-builder-workspace/.swiftpm/xcode
    builtin-SwiftDriver -- /Applications/Xcode-27.0.0-Release.Candidate.app/Contents/Developer/Toolchains/XcodeDefault.xctoolchain/usr/bin/swiftc -parse-as-library -module-name SakeCLILibrary -Onone @/Users/admin/builder/spi-builder-workspace/.derivedData/Build/Intermediates.noindex/Sake.build/Debug/SakeCLILibrary-t.build/Objects-normal/arm64/SakeCLILibrary.SwiftFileList -DSWIFT_PACKAGE -DDEBUG -DSWIFT_MODULE_RESOURCE_BUNDLE_UNAVAILABLE -Xcc -fmodule-map-file\=/Users/admin/builder/spi-builder-workspace/.dependencies/checkouts/swift-system/Sources/CSystem/include/module.modulemap -Xcc -fmodule-map-file\=/Users/admin/builder/spi-builder-workspace/.dependencies/checkouts/swift-subprocess/Sources/_SubprocessCShims/include/module.modulemap -Xcc -fmodule-map-file\=/Users/admin/builder/spi-builder-workspace/.dependencies/checkouts/Yams/Sources/CYaml/include/module.modulemap -DXcode -plugin-path /Applications/Xcode-27.0.0-Release.Candidate.app/Contents/Developer/Toolchains/XcodeDefault.xctoolchain/usr/lib/swift/host/plugins/testing -enable-experimental-feature DebugDescriptionMacro -sdk /Applications/Xcode-27.0.0-Release.Candidate.app/Contents/Developer/Platforms/MacOSX.platform/Developer/SDKs/MacOSX27.0.sdk -target arm64-apple-macos13.0 -g -module-cache-path /Users/admin/builder/spi-builder-workspace/.derivedData/ModuleCache.noindex -Xfrontend -serialize-debugging-options -profile-coverage-mapping -profile-generate -enable-testing -index-store-path /Users/admin/builder/spi-builder-workspace/.derivedData/Index.noindex/DataStore -Xcc -D_LIBCPP_HARDENING_MODE\=_LIBCPP_HARDENING_MODE_DEBUG -swift-version 6 -I /Users/admin/builder/spi-builder-workspace/.derivedData/Build/Products/Debug -Isystem /Applications/Xcode-27.0.0-Release.Candidate.app/Contents/Developer/Platforms/MacOSX.platform/Developer/usr/lib -F /Users/admin/builder/spi-builder-workspace/.derivedData/Build/Products/Debug/PackageFrameworks -F /Users/admin/builder/spi-builder-workspace/.derivedData/Build/Products/Debug -F /Applications/Xcode-27.0.0-Release.Candidate.app/Contents/Developer/Platforms/MacOSX.platform/Developer/Library/Frameworks -c -j10 -enable-batch-mode -incremental -Xcc -ivfsstatcache -Xcc /Users/admin/builder/spi-builder-workspace/.derivedData/SDKStatCaches.noindex/macosx27.0-26A425-e829b21a6f8c9b70876ba0858053c0446a22442a12e9d48fe1a705f55a1adfc4.sdkstatcache -output-file-map /Users/admin/builder/spi-builder-workspace/.derivedData/Build/Intermediates.noindex/Sake.build/Debug/SakeCLILibrary-t.build/Objects-normal/arm64/SakeCLILibrary-OutputFileMap.json -save-temps -no-color-diagnostics -explicit-module-build -module-cache-path /Users/admin/builder/spi-builder-workspace/.derivedData/Build/Intermediates.noindex/SwiftExplicitPrecompiledModules -clang-scanner-module-cache-path /Users/admin/builder/spi-builder-workspace/.derivedData/ModuleCache.noindex -sdk-module-cache-path /Users/admin/builder/spi-builder-workspace/.derivedData/SDKExplicitPrecompiledModules -emit-dependencies -emit-module -emit-module-path /Users/admin/builder/spi-builder-workspace/.derivedData/Build/Intermediates.noindex/Sake.build/Debug/SakeCLILibrary-t.build/Objects-normal/arm64/SakeCLILibrary.swiftmodule -serialize-diagnostics -dependency-scan-serialize-diagnostics-path /Users/admin/builder/spi-builder-workspace/.derivedData/Build/Intermediates.noindex/Sake.build/Debug/SakeCLILibrary-t.build/Objects-normal/arm64/SakeCLILibrary-dependency-scan.dia -validate-clang-modules-once -clang-build-session-file /Users/admin/builder/spi-builder-workspace/.derivedData/ModuleCache.noindex/Session.modulevalidation -Xcc -fmodules-prune-interval\=86400 -Xcc -fmodules-prune-after\=345600 -package-name spi_builder_workspace -emit-const-values -const-gather-protocols-list /Users/admin/builder/spi-builder-workspace/.derivedData/Build/Intermediates.noindex/Sake.build/Debug/SakeCLILibrary-t.build/Objects-normal/arm64/SakeCLILibrary_const_extract_protocols.json -Xcc -I/Users/admin/builder/spi-builder-workspace/.dependencies/checkouts/swift-system/Sources/CSystem/include -Xcc -I/Users/admin/builder/spi-builder-workspace/.dependencies/checkouts/swift-subprocess/Sources/_SubprocessCShims/include -Xcc -I/Users/admin/builder/spi-builder-workspace/.dependencies/checkouts/Yams/Sources/CYaml/include -Xcc -I/Users/admin/builder/spi-builder-workspace/.derivedData/Build/Products/Debug/include -Xcc -I/Users/admin/builder/spi-builder-workspace/.derivedData/Build/Intermediates.noindex/Sake.build/Debug/SakeCLILibrary-t.build/DerivedSources-normal/arm64 -Xcc -I/Users/admin/builder/spi-builder-workspace/.derivedData/Build/Intermediates.noindex/Sake.build/Debug/SakeCLILibrary-t.build/DerivedSources/arm64 -Xcc -I/Users/admin/builder/spi-builder-workspace/.derivedData/Build/Intermediates.noindex/Sake.build/Debug/SakeCLILibrary-t.build/DerivedSources -Xcc -DSWIFT_PACKAGE -Xcc -DDEBUG\=1 -emit-objc-header -emit-objc-header-path /Users/admin/builder/spi-builder-workspace/.derivedData/Build/Intermediates.noindex/Sake.build/Debug/SakeCLILibrary-t.build/Objects-normal/arm64/SakeCLILibrary-Swift.h -working-directory /Users/admin/builder/spi-builder-workspace/.swiftpm/xcode -experimental-emit-module-separately -disable-cmo
ExtractAppIntentsMetadata (in target 'Subprocess' from project 'swift-subprocess')
    cd /Users/admin/builder/spi-builder-workspace/.dependencies/checkouts/swift-subprocess
    /Applications/Xcode-27.0.0-Release.Candidate.app/Contents/Developer/Toolchains/XcodeDefault.xctoolchain/usr/bin/appintentsmetadataprocessor --toolchain-dir /var/run/com.apple.security.cryptexd/mnt/com.apple.MobileAsset.MetalToolchain-v27.1.266.1.7W1zG5/Metal.xctoolchain --module-name Subprocess --sdk-root /Applications/Xcode-27.0.0-Release.Candidate.app/Contents/Developer/Platforms/MacOSX.platform/Developer/SDKs/MacOSX27.0.sdk --xcode-version 27A266a --platform-family macOS --deployment-target 13.0 --bundle-identifier swift-subprocess.Subprocess --output /Users/admin/builder/spi-builder-workspace/.derivedData/Build/Products/Debug/Subprocess.appintents --target-triple arm64-apple-macos13.0 --binary-file /Users/admin/builder/spi-builder-workspace/.derivedData/Build/Products/Debug/Subprocess.o --dependency-file /Users/admin/builder/spi-builder-workspace/.derivedData/Build/Intermediates.noindex/swift-subprocess.build/Debug/Subprocess-t.build/Objects-normal/arm64/Subprocess_dependency_info.dat --stringsdata-file /Users/admin/builder/spi-builder-workspace/.derivedData/Build/Intermediates.noindex/swift-subprocess.build/Debug/Subprocess-t.build/Objects-normal/arm64/ExtractedAppShortcutsMetadata.stringsdata --source-file-list /Users/admin/builder/spi-builder-workspace/.derivedData/Build/Intermediates.noindex/swift-subprocess.build/Debug/Subprocess-t.build/Objects-normal/arm64/Subprocess.SwiftFileList --metadata-file-list /Users/admin/builder/spi-builder-workspace/.derivedData/Build/Intermediates.noindex/swift-subprocess.build/Debug/Subprocess-t.build/Subprocess.DependencyMetadataFileList --static-metadata-file-list /Users/admin/builder/spi-builder-workspace/.derivedData/Build/Intermediates.noindex/swift-subprocess.build/Debug/Subprocess-t.build/Subprocess.DependencyStaticMetadataFileList --swift-const-vals-list /Users/admin/builder/spi-builder-workspace/.derivedData/Build/Intermediates.noindex/swift-subprocess.build/Debug/Subprocess-t.build/Objects-normal/arm64/Subprocess.SwiftConstValuesFileList --force --compile-time-extraction --deployment-aware-processing --no-app-shortcuts-localization
2026-09-23 03:40:13.967 appintentsmetadataprocessor[1178:6521] Starting appintentsmetadataprocessor export
2026-09-23 03:40:14.069 appintentsmetadataprocessor[1178:6521] Extracted no relevant App Intents symbols, skipping writing output
SwiftDriver Sake normal arm64 com.apple.xcode.tools.swift.compiler (in target 'Sake' from project 'Sake')
    cd /Users/admin/builder/spi-builder-workspace/.swiftpm/xcode
    builtin-SwiftDriver -- /Applications/Xcode-27.0.0-Release.Candidate.app/Contents/Developer/Toolchains/XcodeDefault.xctoolchain/usr/bin/swiftc -parse-as-library -module-name Sake -Onone @/Users/admin/builder/spi-builder-workspace/.derivedData/Build/Intermediates.noindex/Sake.build/Debug/Sake-t.build/Objects-normal/arm64/Sake.SwiftFileList -DSWIFT_PACKAGE -DDEBUG -DSWIFT_MODULE_RESOURCE_BUNDLE_UNAVAILABLE -DXcode -plugin-path /Applications/Xcode-27.0.0-Release.Candidate.app/Contents/Developer/Toolchains/XcodeDefault.xctoolchain/usr/lib/swift/host/plugins/testing -enable-experimental-feature DebugDescriptionMacro -sdk /Applications/Xcode-27.0.0-Release.Candidate.app/Contents/Developer/Platforms/MacOSX.platform/Developer/SDKs/MacOSX27.0.sdk -target arm64-apple-macos13.0 -g -module-cache-path /Users/admin/builder/spi-builder-workspace/.derivedData/ModuleCache.noindex -Xfrontend -serialize-debugging-options -profile-coverage-mapping -profile-generate -enable-testing -index-store-path /Users/admin/builder/spi-builder-workspace/.derivedData/Index.noindex/DataStore -Xcc -D_LIBCPP_HARDENING_MODE\=_LIBCPP_HARDENING_MODE_DEBUG -swift-version 6 -I /Users/admin/builder/spi-builder-workspace/.derivedData/Build/Products/Debug -Isystem /Applications/Xcode-27.0.0-Release.Candidate.app/Contents/Developer/Platforms/MacOSX.platform/Developer/usr/lib -F /Users/admin/builder/spi-builder-workspace/.derivedData/Build/Products/Debug/PackageFrameworks -F /Users/admin/builder/spi-builder-workspace/.derivedData/Build/Products/Debug -F /Applications/Xcode-27.0.0-Release.Candidate.app/Contents/Developer/Platforms/MacOSX.platform/Developer/Library/Frameworks -Xfrontend -load-plugin-executable -Xfrontend /Users/admin/builder/spi-builder-workspace/.derivedData/Build/Products/Debug/SakeMacros\#SakeMacros -c -j10 -enable-batch-mode -incremental -Xcc -ivfsstatcache -Xcc /Users/admin/builder/spi-builder-workspace/.derivedData/SDKStatCaches.noindex/macosx27.0-26A425-e829b21a6f8c9b70876ba0858053c0446a22442a12e9d48fe1a705f55a1adfc4.sdkstatcache -output-file-map /Users/admin/builder/spi-builder-workspace/.derivedData/Build/Intermediates.noindex/Sake.build/Debug/Sake-t.build/Objects-normal/arm64/Sake-OutputFileMap.json -save-temps -no-color-diagnostics -explicit-module-build -module-cache-path /Users/admin/builder/spi-builder-workspace/.derivedData/Build/Intermediates.noindex/SwiftExplicitPrecompiledModules -clang-scanner-module-cache-path /Users/admin/builder/spi-builder-workspace/.derivedData/ModuleCache.noindex -sdk-module-cache-path /Users/admin/builder/spi-builder-workspace/.derivedData/SDKExplicitPrecompiledModules -emit-dependencies -emit-module -emit-module-path /Users/admin/builder/spi-builder-workspace/.derivedData/Build/Intermediates.noindex/Sake.build/Debug/Sake-t.build/Objects-normal/arm64/Sake.swiftmodule -serialize-diagnostics -dependency-scan-serialize-diagnostics-path /Users/admin/builder/spi-builder-workspace/.derivedData/Build/Intermediates.noindex/Sake.build/Debug/Sake-t.build/Objects-normal/arm64/Sake-dependency-scan.dia -validate-clang-modules-once -clang-build-session-file /Users/admin/builder/spi-builder-workspace/.derivedData/ModuleCache.noindex/Session.modulevalidation -Xcc -fmodules-prune-interval\=86400 -Xcc -fmodules-prune-after\=345600 -package-name spi_builder_workspace -emit-const-values -const-gather-protocols-list /Users/admin/builder/spi-builder-workspace/.derivedData/Build/Intermediates.noindex/Sake.build/Debug/Sake-t.build/Objects-normal/arm64/Sake_const_extract_protocols.json -Xcc -I/Users/admin/builder/spi-builder-workspace/.derivedData/Build/Products/Debug/include -Xcc -I/Users/admin/builder/spi-builder-workspace/.derivedData/Build/Intermediates.noindex/Sake.build/Debug/Sake-t.build/DerivedSources-normal/arm64 -Xcc -I/Users/admin/builder/spi-builder-workspace/.derivedData/Build/Intermediates.noindex/Sake.build/Debug/Sake-t.build/DerivedSources/arm64 -Xcc -I/Users/admin/builder/spi-builder-workspace/.derivedData/Build/Intermediates.noindex/Sake.build/Debug/Sake-t.build/DerivedSources -Xcc -DSWIFT_PACKAGE -Xcc -DDEBUG\=1 -emit-objc-header -emit-objc-header-path /Users/admin/builder/spi-builder-workspace/.derivedData/Build/Intermediates.noindex/Sake.build/Debug/Sake-t.build/Objects-normal/arm64/Sake-Swift.h -working-directory /Users/admin/builder/spi-builder-workspace/.swiftpm/xcode -experimental-emit-module-separately -disable-cmo
SwiftDriverJobDiscovery normal arm64 Compiling CommandGroupsJSON.swift (in target 'SakeShared' from project 'Sake')
SwiftDriverJobDiscovery normal arm64 Compiling FileHandle+TextOutputStream.swift (in target 'SakeShared' from project 'Sake')
SwiftDriver\ Compilation SakeShared normal arm64 com.apple.xcode.tools.swift.compiler (in target 'SakeShared' from project 'Sake')
    cd /Users/admin/builder/spi-builder-workspace/.swiftpm/xcode
    builtin-Swift-Compilation -- /Applications/Xcode-27.0.0-Release.Candidate.app/Contents/Developer/Toolchains/XcodeDefault.xctoolchain/usr/bin/swiftc -parse-as-library -module-name SakeShared -Onone @/Users/admin/builder/spi-builder-workspace/.derivedData/Build/Intermediates.noindex/Sake.build/Debug/SakeShared-t.build/Objects-normal/arm64/SakeShared.SwiftFileList -DSWIFT_PACKAGE -DDEBUG -DSWIFT_MODULE_RESOURCE_BUNDLE_UNAVAILABLE -DXcode -plugin-path /Applications/Xcode-27.0.0-Release.Candidate.app/Contents/Developer/Toolchains/XcodeDefault.xctoolchain/usr/lib/swift/host/plugins/testing -enable-experimental-feature DebugDescriptionMacro -sdk /Applications/Xcode-27.0.0-Release.Candidate.app/Contents/Developer/Platforms/MacOSX.platform/Developer/SDKs/MacOSX27.0.sdk -target arm64-apple-macos13.0 -g -module-cache-path /Users/admin/builder/spi-builder-workspace/.derivedData/ModuleCache.noindex -Xfrontend -serialize-debugging-options -profile-coverage-mapping -profile-generate -enable-testing -index-store-path /Users/admin/builder/spi-builder-workspace/.derivedData/Index.noindex/DataStore -Xcc -D_LIBCPP_HARDENING_MODE\=_LIBCPP_HARDENING_MODE_DEBUG -swift-version 6 -I /Users/admin/builder/spi-builder-workspace/.derivedData/Build/Products/Debug -Isystem /Applications/Xcode-27.0.0-Release.Candidate.app/Contents/Developer/Platforms/MacOSX.platform/Developer/usr/lib -F /Users/admin/builder/spi-builder-workspace/.derivedData/Build/Products/Debug/PackageFrameworks -F /Users/admin/builder/spi-builder-workspace/.derivedData/Build/Products/Debug -F /Applications/Xcode-27.0.0-Release.Candidate.app/Contents/Developer/Platforms/MacOSX.platform/Developer/Library/Frameworks -c -j10 -enable-batch-mode -incremental -Xcc -ivfsstatcache -Xcc /Users/admin/builder/spi-builder-workspace/.derivedData/SDKStatCaches.noindex/macosx27.0-26A425-e829b21a6f8c9b70876ba0858053c0446a22442a12e9d48fe1a705f55a1adfc4.sdkstatcache -output-file-map /Users/admin/builder/spi-builder-workspace/.derivedData/Build/Intermediates.noindex/Sake.build/Debug/SakeShared-t.build/Objects-normal/arm64/SakeShared-OutputFileMap.json -save-temps -no-color-diagnostics -explicit-module-build -module-cache-path /Users/admin/builder/spi-builder-workspace/.derivedData/Build/Intermediates.noindex/SwiftExplicitPrecompiledModules -clang-scanner-module-cache-path /Users/admin/builder/spi-builder-workspace/.derivedData/ModuleCache.noindex -sdk-module-cache-path /Users/admin/builder/spi-builder-workspace/.derivedData/SDKExplicitPrecompiledModules -emit-dependencies -emit-module -emit-module-path /Users/admin/builder/spi-builder-workspace/.derivedData/Build/Intermediates.noindex/Sake.build/Debug/SakeShared-t.build/Objects-normal/arm64/SakeShared.swiftmodule -serialize-diagnostics -dependency-scan-serialize-diagnostics-path /Users/admin/builder/spi-builder-workspace/.derivedData/Build/Intermediates.noindex/Sake.build/Debug/SakeShared-t.build/Objects-normal/arm64/SakeShared-dependency-scan.dia -validate-clang-modules-once -clang-build-session-file /Users/admin/builder/spi-builder-workspace/.derivedData/ModuleCache.noindex/Session.modulevalidation -Xcc -fmodules-prune-interval\=86400 -Xcc -fmodules-prune-after\=345600 -package-name spi_builder_workspace -emit-const-values -const-gather-protocols-list /Users/admin/builder/spi-builder-workspace/.derivedData/Build/Intermediates.noindex/Sake.build/Debug/SakeShared-t.build/Objects-normal/arm64/SakeShared_const_extract_protocols.json -Xcc -I/Users/admin/builder/spi-builder-workspace/.derivedData/Build/Products/Debug/include -Xcc -I/Users/admin/builder/spi-builder-workspace/.derivedData/Build/Intermediates.noindex/Sake.build/Debug/SakeShared-t.build/DerivedSources-normal/arm64 -Xcc -I/Users/admin/builder/spi-builder-workspace/.derivedData/Build/Intermediates.noindex/Sake.build/Debug/SakeShared-t.build/DerivedSources/arm64 -Xcc -I/Users/admin/builder/spi-builder-workspace/.derivedData/Build/Intermediates.noindex/Sake.build/Debug/SakeShared-t.build/DerivedSources -Xcc -DSWIFT_PACKAGE -Xcc -DDEBUG\=1 -emit-objc-header -emit-objc-header-path /Users/admin/builder/spi-builder-workspace/.derivedData/Build/Intermediates.noindex/Sake.build/Debug/SakeShared-t.build/Objects-normal/arm64/SakeShared-Swift.h -working-directory /Users/admin/builder/spi-builder-workspace/.swiftpm/xcode -experimental-emit-module-separately -disable-cmo
SwiftDriverJobDiscovery normal arm64 Compiling SplitArguments.swift, DumpHelpGenerator.swift, HelpCommand.swift, HelpGenerator.swift, MessageInfo.swift (in target 'ArgumentParser' from project 'swift-argument-parser')
SwiftDriverJobDiscovery normal arm64 Compiling ArgumentDecoder.swift, ArgumentDefinition.swift, ArgumentSet.swift, CommandParser.swift, InputKey.swift (in target 'ArgumentParser' from project 'swift-argument-parser')
SwiftDriver\ Compilation ArgumentParser normal arm64 com.apple.xcode.tools.swift.compiler (in target 'ArgumentParser' from project 'swift-argument-parser')
    cd /Users/admin/builder/spi-builder-workspace/.swiftpm/xcode
    builtin-Swift-Compilation -- /Applications/Xcode-27.0.0-Release.Candidate.app/Contents/Developer/Toolchains/XcodeDefault.xctoolchain/usr/bin/swiftc -parse-as-library -module-name ArgumentParser -Onone @/Users/admin/builder/spi-builder-workspace/.derivedData/Build/Intermediates.noindex/swift-argument-parser.build/Debug/ArgumentParser-t.build/Objects-normal/arm64/ArgumentParser.SwiftFileList -DSWIFT_PACKAGE -DDEBUG -DSWIFT_MODULE_RESOURCE_BUNDLE_UNAVAILABLE -DXcode -plugin-path /Applications/Xcode-27.0.0-Release.Candidate.app/Contents/Developer/Toolchains/XcodeDefault.xctoolchain/usr/lib/swift/host/plugins/testing -enable-experimental-feature DebugDescriptionMacro -sdk /Applications/Xcode-27.0.0-Release.Candidate.app/Contents/Developer/Platforms/MacOSX.platform/Developer/SDKs/MacOSX27.0.sdk -target arm64-apple-macos12.0 -g -module-cache-path /Users/admin/builder/spi-builder-workspace/.derivedData/ModuleCache.noindex -Xfrontend -serialize-debugging-options -profile-coverage-mapping -profile-generate -enable-testing -suppress-warnings -index-store-path /Users/admin/builder/spi-builder-workspace/.derivedData/Index.noindex/DataStore -Xcc -D_LIBCPP_HARDENING_MODE\=_LIBCPP_HARDENING_MODE_DEBUG -swift-version 6 -I /Users/admin/builder/spi-builder-workspace/.derivedData/Build/Products/Debug -Isystem /Applications/Xcode-27.0.0-Release.Candidate.app/Contents/Developer/Platforms/MacOSX.platform/Developer/usr/lib -F /Users/admin/builder/spi-builder-workspace/.derivedData/Build/Products/Debug/PackageFrameworks -F /Users/admin/builder/spi-builder-workspace/.derivedData/Build/Products/Debug -F /Applications/Xcode-27.0.0-Release.Candidate.app/Contents/Developer/Platforms/MacOSX.platform/Developer/Library/Frameworks -c -j10 -enable-batch-mode -incremental -Xcc -ivfsstatcache -Xcc /Users/admin/builder/spi-builder-workspace/.derivedData/SDKStatCaches.noindex/macosx27.0-26A425-e829b21a6f8c9b70876ba0858053c0446a22442a12e9d48fe1a705f55a1adfc4.sdkstatcache -output-file-map /Users/admin/builder/spi-builder-workspace/.derivedData/Build/Intermediates.noindex/swift-argument-parser.build/Debug/ArgumentParser-t.build/Objects-normal/arm64/ArgumentParser-OutputFileMap.json -save-temps -no-color-diagnostics -explicit-module-build -module-cache-path /Users/admin/builder/spi-builder-workspace/.derivedData/Build/Intermediates.noindex/SwiftExplicitPrecompiledModules -clang-scanner-module-cache-path /Users/admin/builder/spi-builder-workspace/.derivedData/ModuleCache.noindex -sdk-module-cache-path /Users/admin/builder/spi-builder-workspace/.derivedData/SDKExplicitPrecompiledModules -emit-dependencies -emit-module -emit-module-path /Users/admin/builder/spi-builder-workspace/.derivedData/Build/Intermediates.noindex/swift-argument-parser.build/Debug/ArgumentParser-t.build/Objects-normal/arm64/ArgumentParser.swiftmodule -serialize-diagnostics -dependency-scan-serialize-diagnostics-path /Users/admin/builder/spi-builder-workspace/.derivedData/Build/Intermediates.noindex/swift-argument-parser.build/Debug/ArgumentParser-t.build/Objects-normal/arm64/ArgumentParser-dependency-scan.dia -user-module-version 1.8.2 -validate-clang-modules-once -clang-build-session-file /Users/admin/builder/spi-builder-workspace/.derivedData/ModuleCache.noindex/Session.modulevalidation -Xcc -fmodules-prune-interval\=86400 -Xcc -fmodules-prune-after\=345600 -package-name swift_argument_parser -emit-const-values -const-gather-protocols-list /Users/admin/builder/spi-builder-workspace/.derivedData/Build/Intermediates.noindex/swift-argument-parser.build/Debug/ArgumentParser-t.build/Objects-normal/arm64/ArgumentParser_const_extract_protocols.json -Xcc -I/Users/admin/builder/spi-builder-workspace/.derivedData/Build/Products/Debug/include -Xcc -I/Users/admin/builder/spi-builder-workspace/.derivedData/Build/Intermediates.noindex/swift-argument-parser.build/Debug/ArgumentParser-t.build/DerivedSources-normal/arm64 -Xcc -I/Users/admin/builder/spi-builder-workspace/.derivedData/Build/Intermediates.noindex/swift-argument-parser.build/Debug/ArgumentParser-t.build/DerivedSources/arm64 -Xcc -I/Users/admin/builder/spi-builder-workspace/.derivedData/Build/Intermediates.noindex/swift-argument-parser.build/Debug/ArgumentParser-t.build/DerivedSources -Xcc -DSWIFT_PACKAGE -Xcc -DDEBUG\=1 -emit-objc-header -emit-objc-header-path /Users/admin/builder/spi-builder-workspace/.derivedData/Build/Intermediates.noindex/swift-argument-parser.build/Debug/ArgumentParser-t.build/Objects-normal/arm64/ArgumentParser-Swift.h -working-directory /Users/admin/builder/spi-builder-workspace/.swiftpm/xcode -experimental-emit-module-separately -disable-cmo
Ld /Users/admin/builder/spi-builder-workspace/.derivedData/Build/Products/Debug/ArgumentParser.o normal (in target 'ArgumentParser' from project 'swift-argument-parser')
    cd /Users/admin/builder/spi-builder-workspace/.dependencies/checkouts/swift-argument-parser
    /Applications/Xcode-27.0.0-Release.Candidate.app/Contents/Developer/Toolchains/XcodeDefault.xctoolchain/usr/bin/clang -Xlinker -reproducible -target arm64-apple-macos12.0 -r -isysroot /Applications/Xcode-27.0.0-Release.Candidate.app/Contents/Developer/Platforms/MacOSX.platform/Developer/SDKs/MacOSX27.0.sdk -O0 -w -Xlinker -no_warn_duplicate_libraries -F/Users/admin/builder/spi-builder-workspace/.derivedData/Build/Intermediates.noindex/EagerLinkingTBDs/Debug -F/Users/admin/builder/spi-builder-workspace/.derivedData/Build/Products/Debug/PackageFrameworks -F/Users/admin/builder/spi-builder-workspace/.derivedData/Build/Products/Debug -iframework /Applications/Xcode-27.0.0-Release.Candidate.app/Contents/Developer/Platforms/MacOSX.platform/Developer/Library/Frameworks -filelist /Users/admin/builder/spi-builder-workspace/.derivedData/Build/Intermediates.noindex/swift-argument-parser.build/Debug/ArgumentParser-t.build/Objects-normal/arm64/ArgumentParser.LinkFileList -nostdlib -Xlinker -object_path_lto -Xlinker /Users/admin/builder/spi-builder-workspace/.derivedData/Build/Intermediates.noindex/swift-argument-parser.build/Debug/ArgumentParser-t.build/Objects-normal/arm64/ArgumentParser_lto.o -Xlinker -no_deduplicate -Xlinker -debug_variant -Xlinker -dependency_info -Xlinker /Users/admin/builder/spi-builder-workspace/.derivedData/Build/Intermediates.noindex/swift-argument-parser.build/Debug/ArgumentParser-t.build/Objects-normal/arm64/ArgumentParser_dependency_info.dat -fobjc-link-runtime -L/Applications/Xcode-27.0.0-Release.Candidate.app/Contents/Developer/Toolchains/XcodeDefault.xctoolchain/usr/lib/swift/macosx -L/usr/lib/swift -Xlinker -add_ast_path -Xlinker /Users/admin/builder/spi-builder-workspace/.derivedData/Build/Intermediates.noindex/swift-argument-parser.build/Debug/ArgumentParser-t.build/Objects-normal/arm64/ArgumentParser.swiftmodule -o /Users/admin/builder/spi-builder-workspace/.derivedData/Build/Products/Debug/ArgumentParser.o
SwiftExplicitDependencyGeneratePcm arm64 /Users/admin/builder/spi-builder-workspace/.derivedData/Build/Intermediates.noindex/SwiftExplicitPrecompiledModules/CYaml-CWJ27O0YCL5CFTF3KCSN1HILE.pcm
SwiftCompile normal arm64 Compiling\ ClosestMatchFinder.swift,\ Command+Context.swift /Users/admin/builder/spi-builder-workspace/Sources/Sake/ClosestMatchFinder.swift /Users/admin/builder/spi-builder-workspace/Sources/Sake/Command+Context.swift (in target 'Sake' from project 'Sake')
SwiftCompile normal arm64 /Users/admin/builder/spi-builder-workspace/Sources/Sake/ClosestMatchFinder.swift (in target 'Sake' from project 'Sake')
    cd /Users/admin/builder/spi-builder-workspace/.swiftpm/xcode
    builtin-SwiftPerFileCompile ClosestMatchFinder.swift
SwiftCompile normal arm64 /Users/admin/builder/spi-builder-workspace/Sources/Sake/Command+Context.swift (in target 'Sake' from project 'Sake')
    cd /Users/admin/builder/spi-builder-workspace/.swiftpm/xcode
    builtin-SwiftPerFileCompile Command+Context.swift
SwiftCompile normal arm64 Compiling\ RunCommand.swift,\ SakeParsableCommand.swift /Users/admin/builder/spi-builder-workspace/Sources/Sake/CLI/RunCommand.swift /Users/admin/builder/spi-builder-workspace/Sources/Sake/CLI/SakeParsableCommand.swift (in target 'Sake' from project 'Sake')
SwiftCompile normal arm64 /Users/admin/builder/spi-builder-workspace/Sources/Sake/CLI/RunCommand.swift (in target 'Sake' from project 'Sake')
    cd /Users/admin/builder/spi-builder-workspace/.swiftpm/xcode
    builtin-SwiftPerFileCompile RunCommand.swift
SwiftCompile normal arm64 /Users/admin/builder/spi-builder-workspace/Sources/Sake/CLI/SakeParsableCommand.swift (in target 'Sake' from project 'Sake')
    cd /Users/admin/builder/spi-builder-workspace/.swiftpm/xcode
    builtin-SwiftPerFileCompile SakeParsableCommand.swift
SwiftCompile normal arm64 Compiling\ Command+Map.swift,\ Command.swift /Users/admin/builder/spi-builder-workspace/Sources/Sake/Command+Map.swift /Users/admin/builder/spi-builder-workspace/Sources/Sake/Command.swift (in target 'Sake' from project 'Sake')
SwiftCompile normal arm64 /Users/admin/builder/spi-builder-workspace/Sources/Sake/Command+Map.swift (in target 'Sake' from project 'Sake')
    cd /Users/admin/builder/spi-builder-workspace/.swiftpm/xcode
    builtin-SwiftPerFileCompile Command+Map.swift
SwiftCompile normal arm64 /Users/admin/builder/spi-builder-workspace/Sources/Sake/Command.swift (in target 'Sake' from project 'Sake')
    cd /Users/admin/builder/spi-builder-workspace/.swiftpm/xcode
    builtin-SwiftPerFileCompile Command.swift
SwiftCompile normal arm64 Compiling\ CommandGroupProtocol.swift,\ CommandListFormatter.swift /Users/admin/builder/spi-builder-workspace/Sources/Sake/CommandGroupProtocol.swift /Users/admin/builder/spi-builder-workspace/Sources/Sake/CommandListFormatter.swift (in target 'Sake' from project 'Sake')
SwiftCompile normal arm64 /Users/admin/builder/spi-builder-workspace/Sources/Sake/CommandGroupProtocol.swift (in target 'Sake' from project 'Sake')
    cd /Users/admin/builder/spi-builder-workspace/.swiftpm/xcode
    builtin-SwiftPerFileCompile CommandGroupProtocol.swift
SwiftCompile normal arm64 /Users/admin/builder/spi-builder-workspace/Sources/Sake/CommandListFormatter.swift (in target 'Sake' from project 'Sake')
    cd /Users/admin/builder/spi-builder-workspace/.swiftpm/xcode
    builtin-SwiftPerFileCompile CommandListFormatter.swift
SwiftCompile normal arm64 Compiling\ CommandsPreprocessor.swift,\ Logger.swift /Users/admin/builder/spi-builder-workspace/Sources/Sake/CommandsPreprocessor.swift /Users/admin/builder/spi-builder-workspace/Sources/Sake/Logger.swift (in target 'Sake' from project 'Sake')
SwiftCompile normal arm64 /Users/admin/builder/spi-builder-workspace/Sources/Sake/CommandsPreprocessor.swift (in target 'Sake' from project 'Sake')
    cd /Users/admin/builder/spi-builder-workspace/.swiftpm/xcode
    builtin-SwiftPerFileCompile CommandsPreprocessor.swift
SwiftCompile normal arm64 /Users/admin/builder/spi-builder-workspace/Sources/Sake/Logger.swift (in target 'Sake' from project 'Sake')
    cd /Users/admin/builder/spi-builder-workspace/.swiftpm/xcode
    builtin-SwiftPerFileCompile Logger.swift
SwiftCompile normal arm64 Compiling\ SakeApp+main.swift,\ SakeAppError.swift /Users/admin/builder/spi-builder-workspace/Sources/Sake/SakeApp+main.swift /Users/admin/builder/spi-builder-workspace/Sources/Sake/SakeAppError.swift (in target 'Sake' from project 'Sake')
SwiftCompile normal arm64 /Users/admin/builder/spi-builder-workspace/Sources/Sake/SakeApp+main.swift (in target 'Sake' from project 'Sake')
    cd /Users/admin/builder/spi-builder-workspace/.swiftpm/xcode
    builtin-SwiftPerFileCompile SakeApp+main.swift
SwiftCompile normal arm64 /Users/admin/builder/spi-builder-workspace/Sources/Sake/SakeAppError.swift (in target 'Sake' from project 'Sake')
    cd /Users/admin/builder/spi-builder-workspace/.swiftpm/xcode
    builtin-SwiftPerFileCompile SakeAppError.swift
SwiftEmitModule normal arm64 Emitting\ module\ for\ Sake (in target 'Sake' from project 'Sake')
SwiftCompile normal arm64 (in target 'Sake' from project 'Sake')
    cd /Users/admin/builder/spi-builder-workspace/.swiftpm/xcode

SwiftCompile normal arm64 Compiling\ String+Case.swift /Users/admin/builder/spi-builder-workspace/Sources/Sake/String+Case.swift (in target 'Sake' from project 'Sake')
SwiftCompile normal arm64 /Users/admin/builder/spi-builder-workspace/Sources/Sake/String+Case.swift (in target 'Sake' from project 'Sake')
    cd /Users/admin/builder/spi-builder-workspace/.swiftpm/xcode
    builtin-SwiftPerFileCompile String+Case.swift
SwiftCompile normal arm64 Compiling\ CommandNameCaseConverter.swift,\ CommandRunner.swift /Users/admin/builder/spi-builder-workspace/Sources/Sake/CommandNameCaseConverter.swift /Users/admin/builder/spi-builder-workspace/Sources/Sake/CommandRunner.swift (in target 'Sake' from project 'Sake')
SwiftCompile normal arm64 /Users/admin/builder/spi-builder-workspace/Sources/Sake/CommandNameCaseConverter.swift (in target 'Sake' from project 'Sake')
    cd /Users/admin/builder/spi-builder-workspace/.swiftpm/xcode
    builtin-SwiftPerFileCompile CommandNameCaseConverter.swift
SwiftCompile normal arm64 /Users/admin/builder/spi-builder-workspace/Sources/Sake/CommandRunner.swift (in target 'Sake' from project 'Sake')
    cd /Users/admin/builder/spi-builder-workspace/.swiftpm/xcode
    builtin-SwiftPerFileCompile CommandRunner.swift
SwiftCompile normal arm64 Compiling\ CLI.swift,\ ListCommand.swift /Users/admin/builder/spi-builder-workspace/Sources/Sake/CLI/CLI.swift /Users/admin/builder/spi-builder-workspace/Sources/Sake/CLI/ListCommand.swift (in target 'Sake' from project 'Sake')
SwiftCompile normal arm64 /Users/admin/builder/spi-builder-workspace/Sources/Sake/CLI/CLI.swift (in target 'Sake' from project 'Sake')
    cd /Users/admin/builder/spi-builder-workspace/.swiftpm/xcode
    builtin-SwiftPerFileCompile CLI.swift
SwiftCompile normal arm64 /Users/admin/builder/spi-builder-workspace/Sources/Sake/CLI/ListCommand.swift (in target 'Sake' from project 'Sake')
    cd /Users/admin/builder/spi-builder-workspace/.swiftpm/xcode
    builtin-SwiftPerFileCompile ListCommand.swift
SwiftEmitModule normal arm64 Emitting\ module\ for\ SakeCLILibrary (in target 'SakeCLILibrary' from project 'Sake')
SwiftCompile normal arm64 (in target 'SakeCLILibrary' from project 'Sake')
    cd /Users/admin/builder/spi-builder-workspace/.swiftpm/xcode

SwiftDriverJobDiscovery normal arm64 Compiling String+Case.swift (in target 'Sake' from project 'Sake')
SwiftCompile normal arm64 Compiling\ CommonOptions.swift,\ CLIConfig.swift,\ Config.swift /Users/admin/builder/spi-builder-workspace/Sources/SakeCLILibrary/CommonOptions.swift /Users/admin/builder/spi-builder-workspace/Sources/SakeCLILibrary/Config/CLIConfig.swift /Users/admin/builder/spi-builder-workspace/Sources/SakeCLILibrary/Config/Config.swift (in target 'SakeCLILibrary' from project 'Sake')
SwiftCompile normal arm64 /Users/admin/builder/spi-builder-workspace/Sources/SakeCLILibrary/CommonOptions.swift (in target 'SakeCLILibrary' from project 'Sake')
    cd /Users/admin/builder/spi-builder-workspace/.swiftpm/xcode
    builtin-SwiftPerFileCompile CommonOptions.swift
SwiftCompile normal arm64 /Users/admin/builder/spi-builder-workspace/Sources/SakeCLILibrary/Config/CLIConfig.swift (in target 'SakeCLILibrary' from project 'Sake')
    cd /Users/admin/builder/spi-builder-workspace/.swiftpm/xcode
    builtin-SwiftPerFileCompile CLIConfig.swift
SwiftCompile normal arm64 /Users/admin/builder/spi-builder-workspace/Sources/SakeCLILibrary/Config/Config.swift (in target 'SakeCLILibrary' from project 'Sake')
    cd /Users/admin/builder/spi-builder-workspace/.swiftpm/xcode
    builtin-SwiftPerFileCompile Config.swift
SwiftDriverJobDiscovery normal arm64 Compiling Command+Map.swift, Command.swift (in target 'Sake' from project 'Sake')
SwiftCompile normal arm64 Compiling\ SakeAppManagerError.swift,\ SakeAppManagerFileHandle.swift /Users/admin/builder/spi-builder-workspace/Sources/SakeCLILibrary/SakeAppManager/SakeAppManagerError.swift /Users/admin/builder/spi-builder-workspace/Sources/SakeCLILibrary/SakeAppManager/SakeAppManagerFileHandle.swift (in target 'SakeCLILibrary' from project 'Sake')
SwiftCompile normal arm64 /Users/admin/builder/spi-builder-workspace/Sources/SakeCLILibrary/SakeAppManager/SakeAppManagerError.swift (in target 'SakeCLILibrary' from project 'Sake')
    cd /Users/admin/builder/spi-builder-workspace/.swiftpm/xcode
    builtin-SwiftPerFileCompile SakeAppManagerError.swift
SwiftCompile normal arm64 /Users/admin/builder/spi-builder-workspace/Sources/SakeCLILibrary/SakeAppManager/SakeAppManagerFileHandle.swift (in target 'SakeCLILibrary' from project 'Sake')
    cd /Users/admin/builder/spi-builder-workspace/.swiftpm/xcode
    builtin-SwiftPerFileCompile SakeAppManagerFileHandle.swift
SwiftDriverJobDiscovery normal arm64 Compiling CommandsPreprocessor.swift, Logger.swift (in target 'Sake' from project 'Sake')
SwiftCompile normal arm64 Compiling\ SakeAppContents.swift,\ SakeAppManager+CommandListGenerator.swift /Users/admin/builder/spi-builder-workspace/Sources/SakeCLILibrary/SakeAppManager/SakeAppContents.swift /Users/admin/builder/spi-builder-workspace/Sources/SakeCLILibrary/SakeAppManager/SakeAppManager+CommandListGenerator.swift (in target 'SakeCLILibrary' from project 'Sake')
SwiftCompile normal arm64 /Users/admin/builder/spi-builder-workspace/Sources/SakeCLILibrary/SakeAppManager/SakeAppContents.swift (in target 'SakeCLILibrary' from project 'Sake')
    cd /Users/admin/builder/spi-builder-workspace/.swiftpm/xcode
    builtin-SwiftPerFileCompile SakeAppContents.swift
SwiftCompile normal arm64 /Users/admin/builder/spi-builder-workspace/Sources/SakeCLILibrary/SakeAppManager/SakeAppManager+CommandListGenerator.swift (in target 'SakeCLILibrary' from project 'Sake')
    cd /Users/admin/builder/spi-builder-workspace/.swiftpm/xcode
    builtin-SwiftPerFileCompile SakeAppManager+CommandListGenerator.swift
SwiftDriverJobDiscovery normal arm64 Compiling CommandNameCaseConverter.swift, CommandRunner.swift (in target 'Sake' from project 'Sake')
SwiftCompile normal arm64 Compiling\ ConfigManager.swift,\ ENVConfig.swift /Users/admin/builder/spi-builder-workspace/Sources/SakeCLILibrary/Config/ConfigManager.swift /Users/admin/builder/spi-builder-workspace/Sources/SakeCLILibrary/Config/ENVConfig.swift (in target 'SakeCLILibrary' from project 'Sake')
SwiftCompile normal arm64 /Users/admin/builder/spi-builder-workspace/Sources/SakeCLILibrary/Config/ConfigManager.swift (in target 'SakeCLILibrary' from project 'Sake')
    cd /Users/admin/builder/spi-builder-workspace/.swiftpm/xcode
    builtin-SwiftPerFileCompile ConfigManager.swift
SwiftCompile normal arm64 /Users/admin/builder/spi-builder-workspace/Sources/SakeCLILibrary/Config/ENVConfig.swift (in target 'SakeCLILibrary' from project 'Sake')
    cd /Users/admin/builder/spi-builder-workspace/.swiftpm/xcode
    builtin-SwiftPerFileCompile ENVConfig.swift
SwiftDriverJobDiscovery normal arm64 Compiling ClosestMatchFinder.swift, Command+Context.swift (in target 'Sake' from project 'Sake')
SwiftCompile normal arm64 Compiling\ SakeAppManager+InitializedMode.swift,\ SakeAppManager+UnitializedMode.swift /Users/admin/builder/spi-builder-workspace/Sources/SakeCLILibrary/SakeAppManager/SakeAppManager+InitializedMode.swift /Users/admin/builder/spi-builder-workspace/Sources/SakeCLILibrary/SakeAppManager/SakeAppManager+UnitializedMode.swift (in target 'SakeCLILibrary' from project 'Sake')
SwiftCompile normal arm64 /Users/admin/builder/spi-builder-workspace/Sources/SakeCLILibrary/SakeAppManager/SakeAppManager+InitializedMode.swift (in target 'SakeCLILibrary' from project 'Sake')
    cd /Users/admin/builder/spi-builder-workspace/.swiftpm/xcode
    builtin-SwiftPerFileCompile SakeAppManager+InitializedMode.swift
SwiftCompile normal arm64 /Users/admin/builder/spi-builder-workspace/Sources/SakeCLILibrary/SakeAppManager/SakeAppManager+UnitializedMode.swift (in target 'SakeCLILibrary' from project 'Sake')
    cd /Users/admin/builder/spi-builder-workspace/.swiftpm/xcode
    builtin-SwiftPerFileCompile SakeAppManager+UnitializedMode.swift
SwiftDriverJobDiscovery normal arm64 Compiling SakeApp+main.swift, SakeAppError.swift (in target 'Sake' from project 'Sake')
SwiftCompile normal arm64 Compiling\ SakeAppManager.swift,\ SakeAppManagerCommandExecutor.swift /Users/admin/builder/spi-builder-workspace/Sources/SakeCLILibrary/SakeAppManager/SakeAppManager.swift /Users/admin/builder/spi-builder-workspace/Sources/SakeCLILibrary/SakeAppManager/SakeAppManagerCommandExecutor.swift (in target 'SakeCLILibrary' from project 'Sake')
SwiftCompile normal arm64 /Users/admin/builder/spi-builder-workspace/Sources/SakeCLILibrary/SakeAppManager/SakeAppManager.swift (in target 'SakeCLILibrary' from project 'Sake')
    cd /Users/admin/builder/spi-builder-workspace/.swiftpm/xcode
    builtin-SwiftPerFileCompile SakeAppManager.swift
SwiftCompile normal arm64 /Users/admin/builder/spi-builder-workspace/Sources/SakeCLILibrary/SakeAppManager/SakeAppManagerCommandExecutor.swift (in target 'SakeCLILibrary' from project 'Sake')
    cd /Users/admin/builder/spi-builder-workspace/.swiftpm/xcode
    builtin-SwiftPerFileCompile SakeAppManagerCommandExecutor.swift
SwiftDriverJobDiscovery normal arm64 Compiling RunCommand.swift, SakeParsableCommand.swift (in target 'Sake' from project 'Sake')
SwiftCompile normal arm64 Compiling\ String+Shell.swift,\ String+nilIfEmpty.swift /Users/admin/builder/spi-builder-workspace/Sources/SakeCLILibrary/Helpers/String+Shell.swift /Users/admin/builder/spi-builder-workspace/Sources/SakeCLILibrary/Helpers/String+nilIfEmpty.swift (in target 'SakeCLILibrary' from project 'Sake')
SwiftCompile normal arm64 /Users/admin/builder/spi-builder-workspace/Sources/SakeCLILibrary/Helpers/String+Shell.swift (in target 'SakeCLILibrary' from project 'Sake')
    cd /Users/admin/builder/spi-builder-workspace/.swiftpm/xcode
    builtin-SwiftPerFileCompile String+Shell.swift
SwiftCompile normal arm64 /Users/admin/builder/spi-builder-workspace/Sources/SakeCLILibrary/Helpers/String+nilIfEmpty.swift (in target 'SakeCLILibrary' from project 'Sake')
    cd /Users/admin/builder/spi-builder-workspace/.swiftpm/xcode
    builtin-SwiftPerFileCompile String+nilIfEmpty.swift
SwiftDriverJobDiscovery normal arm64 Compiling CLI.swift, ListCommand.swift (in target 'Sake' from project 'Sake')
SwiftCompile normal arm64 Compiling\ Logger.swift,\ ShellExecutor.swift /Users/admin/builder/spi-builder-workspace/Sources/SakeCLILibrary/Helpers/Logger.swift /Users/admin/builder/spi-builder-workspace/Sources/SakeCLILibrary/Helpers/ShellExecutor.swift (in target 'SakeCLILibrary' from project 'Sake')
/Users/admin/builder/spi-builder-workspace/Sources/SakeCLILibrary/Helpers/ShellExecutor.swift:87:19: error: type 'TerminationStatus' has no member 'unhandledException'
85 |         case let .exited(code):
86 |             Int(code)
87 |         case let .unhandledException(code):
   |                   `- error: type 'TerminationStatus' has no member 'unhandledException'
88 |             Int(code)
89 |         }
Failed frontend command:
/Applications/Xcode-27.0.0-Release.Candidate.app/Contents/Developer/Toolchains/XcodeDefault.xctoolchain/usr/bin/swift-frontend -frontend -c /Users/admin/builder/spi-builder-workspace/Sources/SakeCLILibrary/CommonOptions.swift /Users/admin/builder/spi-builder-workspace/Sources/SakeCLILibrary/Config/CLIConfig.swift /Users/admin/builder/spi-builder-workspace/Sources/SakeCLILibrary/Config/Config.swift /Users/admin/builder/spi-builder-workspace/Sources/SakeCLILibrary/Config/ConfigManager.swift /Users/admin/builder/spi-builder-workspace/Sources/SakeCLILibrary/Config/ENVConfig.swift /Users/admin/builder/spi-builder-workspace/Sources/SakeCLILibrary/Config/FileConfig.swift /Users/admin/builder/spi-builder-workspace/Sources/SakeCLILibrary/Helpers/DynamicCodingKey.swift -primary-file /Users/admin/builder/spi-builder-workspace/Sources/SakeCLILibrary/Helpers/Logger.swift -primary-file /Users/admin/builder/spi-builder-workspace/Sources/SakeCLILibrary/Helpers/ShellExecutor.swift /Users/admin/builder/spi-builder-workspace/Sources/SakeCLILibrary/Helpers/String+Shell.swift /Users/admin/builder/spi-builder-workspace/Sources/SakeCLILibrary/Helpers/String+nilIfEmpty.swift /Users/admin/builder/spi-builder-workspace/Sources/SakeCLILibrary/SakeAppManager/Constants.swift /Users/admin/builder/spi-builder-workspace/Sources/SakeCLILibrary/SakeAppManager/PackageDescription.swift /Users/admin/builder/spi-builder-workspace/Sources/SakeCLILibrary/SakeAppManager/SakeAppContents.swift /Users/admin/builder/spi-builder-workspace/Sources/SakeCLILibrary/SakeAppManager/SakeAppManager+CommandListGenerator.swift /Users/admin/builder/spi-builder-workspace/Sources/SakeCLILibrary/SakeAppManager/SakeAppManager+InitializedMode.swift /Users/admin/builder/spi-builder-workspace/Sources/SakeCLILibrary/SakeAppManager/SakeAppManager+UnitializedMode.swift /Users/admin/builder/spi-builder-workspace/Sources/SakeCLILibrary/SakeAppManager/SakeAppManager.swift /Users/admin/builder/spi-builder-workspace/Sources/SakeCLILibrary/SakeAppManager/SakeAppManagerCommandExecutor.swift /Users/admin/builder/spi-builder-workspace/Sources/SakeCLILibrary/SakeAppManager/SakeAppManagerError.swift /Users/admin/builder/spi-builder-workspace/Sources/SakeCLILibrary/SakeAppManager/SakeAppManagerFileHandle.swift -emit-dependencies-path /Users/admin/builder/spi-builder-workspace/.derivedData/Build/Intermediates.noindex/Sake.build/Debug/SakeCLILibrary-t.build/Objects-normal/arm64/Logger.d -emit-const-values-path /Users/admin/builder/spi-builder-workspace/.derivedData/Build/Intermediates.noindex/Sake.build/Debug/SakeCLILibrary-t.build/Objects-normal/arm64/Logger.swiftconstvalues -emit-reference-dependencies-path /Users/admin/builder/spi-builder-workspace/.derivedData/Build/Intermediates.noindex/Sake.build/Debug/SakeCLILibrary-t.build/Objects-normal/arm64/Logger.swiftdeps -serialize-diagnostics-path /Users/admin/builder/spi-builder-workspace/.derivedData/Build/Intermediates.noindex/Sake.build/Debug/SakeCLILibrary-t.build/Objects-normal/arm64/Logger.dia -emit-dependencies-path /Users/admin/builder/spi-builder-workspace/.derivedData/Build/Intermediates.noindex/Sake.build/Debug/SakeCLILibrary-t.build/Objects-normal/arm64/ShellExecutor.d -emit-const-values-path /Users/admin/builder/spi-builder-workspace/.derivedData/Build/Intermediates.noindex/Sake.build/Debug/SakeCLILibrary-t.build/Objects-normal/arm64/ShellExecutor.swiftconstvalues -emit-reference-dependencies-path /Users/admin/builder/spi-builder-workspace/.derivedData/Build/Intermediates.noindex/Sake.build/Debug/SakeCLILibrary-t.build/Objects-normal/arm64/ShellExecutor.swiftdeps -serialize-diagnostics-path /Users/admin/builder/spi-builder-workspace/.derivedData/Build/Intermediates.noindex/Sake.build/Debug/SakeCLILibrary-t.build/Objects-normal/arm64/ShellExecutor.dia -target arm64-apple-macos13.0 -module-can-import-version System 5027.0.67 0 -disable-cross-import-overlay-search -load-resolved-plugin /Applications/Xcode-27.0.0-Release.Candidate.app/Contents/Developer/Platforms/MacOSX.platform/Developer/usr/lib/swift/host/plugins/libFoundationMacros.dylib\#/Applications/Xcode-27.0.0-Release.Candidate.app/Contents/Developer/Platforms/MacOSX.platform/Developer/usr/bin/swift-plugin-server\#FoundationMacros -load-resolved-plugin /Applications/Xcode-27.0.0-Release.Candidate.app/Contents/Developer/Platforms/MacOSX.platform/Developer/usr/lib/swift/host/plugins/libObservationMacros.dylib\#/Applications/Xcode-27.0.0-Release.Candidate.app/Contents/Developer/Platforms/MacOSX.platform/Developer/usr/bin/swift-plugin-server\#ObservationMacros -load-resolved-plugin /Applications/Xcode-27.0.0-Release.Candidate.app/Contents/Developer/Platforms/MacOSX.platform/Developer/usr/lib/swift/host/plugins/libSwiftMacros.dylib\#/Applications/Xcode-27.0.0-Release.Candidate.app/Contents/Developer/Platforms/MacOSX.platform/Developer/usr/bin/swift-plugin-server\#SwiftMacros -disable-implicit-swift-modules -Xcc -fno-implicit-modules -Xcc -fno-implicit-module-maps -explicit-swift-module-map-file /Users/admin/builder/spi-builder-workspace/.derivedData/Build/Intermediates.noindex/Sake.build/Debug/SakeCLILibrary-t.build/Objects-normal/arm64/SakeCLILibrary-dependencies-1.json -Xllvm -aarch64-use-tbi -enable-objc-interop -stack-check -sdk /Applications/Xcode-27.0.0-Release.Candidate.app/Contents/Developer/Platforms/MacOSX.platform/Developer/SDKs/MacOSX27.0.sdk -I /Users/admin/builder/spi-builder-workspace/.derivedData/Build/Products/Debug -Isystem /Applications/Xcode-27.0.0-Release.Candidate.app/Contents/Developer/Platforms/MacOSX.platform/Developer/usr/lib -F /Users/admin/builder/spi-builder-workspace/.derivedData/Build/Products/Debug/PackageFrameworks -F /Users/admin/builder/spi-builder-workspace/.derivedData/Build/Products/Debug -F /Applications/Xcode-27.0.0-Release.Candidate.app/Contents/Developer/Platforms/MacOSX.platform/Developer/Library/Frameworks -module-cache-path /Users/admin/builder/spi-builder-workspace/.derivedData/Build/Intermediates.noindex/SwiftExplicitPrecompiledModules -no-color-diagnostics -Xcc -fno-color-diagnostics -enable-testing -g -debug-info-format\=dwarf -dwarf-version\=4 -profile-generate -profile-coverage-mapping -swift-version 6 -Onone -D SWIFT_PACKAGE -D DEBUG -D SWIFT_MODULE_RESOURCE_BUNDLE_UNAVAILABLE -D Xcode -serialize-debugging-options -enable-experimental-feature DebugDescriptionMacro -empty-abi-descriptor -validate-clang-modules-once -clang-build-session-file /Users/admin/builder/spi-builder-workspace/.derivedData/ModuleCache.noindex/Session.modulevalidation -Xcc -working-directory -Xcc /Users/admin/builder/spi-builder-workspace/.swiftpm/xcode -enable-anonymous-context-mangled-names -file-compilation-dir /Users/admin/builder/spi-builder-workspace/.swiftpm/xcode -Xcc -fmodule-map-file\=/Users/admin/builder/spi-builder-workspace/.dependencies/checkouts/swift-system/Sources/CSystem/include/module.modulemap -Xcc -fmodule-map-file\=/Users/admin/builder/spi-builder-workspace/.dependencies/checkouts/swift-subprocess/Sources/_SubprocessCShims/include/module.modulemap -Xcc -fmodule-map-file\=/Users/admin/builder/spi-builder-workspace/.dependencies/checkouts/Yams/Sources/CYaml/include/module.modulemap -Xcc -D_LIBCPP_HARDENING_MODE\=_LIBCPP_HARDENING_MODE_DEBUG -Xcc -ivfsstatcache -Xcc /Users/admin/builder/spi-builder-workspace/.derivedData/SDKStatCaches.noindex/macosx27.0-26A425-e829b21a6f8c9b70876ba0858053c0446a22442a12e9d48fe1a705f55a1adfc4.sdkstatcache -Xcc -fmodules-prune-interval\=86400 -Xcc -fmodules-prune-after\=345600 -Xcc -I/Users/admin/builder/spi-builder-workspace/.dependencies/checkouts/swift-system/Sources/CSystem/include -Xcc -I/Users/admin/builder/spi-builder-workspace/.dependencies/checkouts/swift-subprocess/Sources/_SubprocessCShims/include -Xcc -I/Users/admin/builder/spi-builder-workspace/.dependencies/checkouts/Yams/Sources/CYaml/include -Xcc -I/Users/admin/builder/spi-builder-workspace/.derivedData/Build/Products/Debug/include -Xcc -I/Users/admin/builder/spi-builder-workspace/.derivedData/Build/Intermediates.noindex/Sake.build/Debug/SakeCLILibrary-t.build/DerivedSources-normal/arm64 -Xcc -I/Users/admin/builder/spi-builder-workspace/.derivedData/Build/Intermediates.noindex/Sake.build/Debug/SakeCLILibrary-t.build/DerivedSources/arm64 -Xcc -I/Users/admin/builder/spi-builder-workspace/.derivedData/Build/Intermediates.noindex/Sake.build/Debug/SakeCLILibrary-t.build/DerivedSources -Xcc -DSWIFT_PACKAGE -Xcc -DDEBUG\=1 -no-auto-bridging-header-chaining -module-name SakeCLILibrary -package-name spi_builder_workspace -const-gather-protocols-file /Users/admin/builder/spi-builder-workspace/.derivedData/Build/Intermediates.noindex/Sake.build/Debug/SakeCLILibrary-t.build/Objects-normal/arm64/SakeCLILibrary_const_extract_protocols.json -disable-clang-spi -clang-target arm64-apple-macos27.0 -target-sdk-version 27.0 -target-sdk-name macosx27.0 -in-process-plugin-server-path /Applications/Xcode-27.0.0-Release.Candidate.app/Contents/Developer/Toolchains/XcodeDefault.xctoolchain/usr/lib/swift/host/libSwiftInProcPluginServer.dylib -parse-as-library -o /Users/admin/builder/spi-builder-workspace/.derivedData/Build/Intermediates.noindex/Sake.build/Debug/SakeCLILibrary-t.build/Objects-normal/arm64/Logger.o -o /Users/admin/builder/spi-builder-workspace/.derivedData/Build/Intermediates.noindex/Sake.build/Debug/SakeCLILibrary-t.build/Objects-normal/arm64/ShellExecutor.o -debug-module-path /Users/admin/builder/spi-builder-workspace/.derivedData/Build/Intermediates.noindex/Sake.build/Debug/SakeCLILibrary-t.build/Objects-normal/arm64/SakeCLILibrary.swiftmodule -index-unit-output-path /Sake.build/Debug/SakeCLILibrary-t.build/Objects-normal/arm64/Logger.o -index-unit-output-path /Sake.build/Debug/SakeCLILibrary-t.build/Objects-normal/arm64/ShellExecutor.o -index-store-path /Users/admin/builder/spi-builder-workspace/.derivedData/Index.noindex/DataStore -index-system-modules
SwiftCompile normal arm64 /Users/admin/builder/spi-builder-workspace/Sources/SakeCLILibrary/Helpers/Logger.swift (in target 'SakeCLILibrary' from project 'Sake')
    cd /Users/admin/builder/spi-builder-workspace/.swiftpm/xcode
    builtin-SwiftPerFileCompile Logger.swift
SwiftCompile normal arm64 /Users/admin/builder/spi-builder-workspace/Sources/SakeCLILibrary/Helpers/ShellExecutor.swift (in target 'SakeCLILibrary' from project 'Sake')
    cd /Users/admin/builder/spi-builder-workspace/.swiftpm/xcode
    builtin-SwiftPerFileCompile ShellExecutor.swift
SwiftDriverJobDiscovery normal arm64 Emitting module for SakeCLILibrary (in target 'SakeCLILibrary' from project 'Sake')
SwiftDriver\ Compilation\ Requirements SakeCLILibrary normal arm64 com.apple.xcode.tools.swift.compiler (in target 'SakeCLILibrary' from project 'Sake')
    cd /Users/admin/builder/spi-builder-workspace/.swiftpm/xcode
    builtin-Swift-Compilation-Requirements -- /Applications/Xcode-27.0.0-Release.Candidate.app/Contents/Developer/Toolchains/XcodeDefault.xctoolchain/usr/bin/swiftc -parse-as-library -module-name SakeCLILibrary -Onone @/Users/admin/builder/spi-builder-workspace/.derivedData/Build/Intermediates.noindex/Sake.build/Debug/SakeCLILibrary-t.build/Objects-normal/arm64/SakeCLILibrary.SwiftFileList -DSWIFT_PACKAGE -DDEBUG -DSWIFT_MODULE_RESOURCE_BUNDLE_UNAVAILABLE -Xcc -fmodule-map-file\=/Users/admin/builder/spi-builder-workspace/.dependencies/checkouts/swift-system/Sources/CSystem/include/module.modulemap -Xcc -fmodule-map-file\=/Users/admin/builder/spi-builder-workspace/.dependencies/checkouts/swift-subprocess/Sources/_SubprocessCShims/include/module.modulemap -Xcc -fmodule-map-file\=/Users/admin/builder/spi-builder-workspace/.dependencies/checkouts/Yams/Sources/CYaml/include/module.modulemap -DXcode -plugin-path /Applications/Xcode-27.0.0-Release.Candidate.app/Contents/Developer/Toolchains/XcodeDefault.xctoolchain/usr/lib/swift/host/plugins/testing -enable-experimental-feature DebugDescriptionMacro -sdk /Applications/Xcode-27.0.0-Release.Candidate.app/Contents/Developer/Platforms/MacOSX.platform/Developer/SDKs/MacOSX27.0.sdk -target arm64-apple-macos13.0 -g -module-cache-path /Users/admin/builder/spi-builder-workspace/.derivedData/ModuleCache.noindex -Xfrontend -serialize-debugging-options -profile-coverage-mapping -profile-generate -enable-testing -index-store-path /Users/admin/builder/spi-builder-workspace/.derivedData/Index.noindex/DataStore -Xcc -D_LIBCPP_HARDENING_MODE\=_LIBCPP_HARDENING_MODE_DEBUG -swift-version 6 -I /Users/admin/builder/spi-builder-workspace/.derivedData/Build/Products/Debug -Isystem /Applications/Xcode-27.0.0-Release.Candidate.app/Contents/Developer/Platforms/MacOSX.platform/Developer/usr/lib -F /Users/admin/builder/spi-builder-workspace/.derivedData/Build/Products/Debug/PackageFrameworks -F /Users/admin/builder/spi-builder-workspace/.derivedData/Build/Products/Debug -F /Applications/Xcode-27.0.0-Release.Candidate.app/Contents/Developer/Platforms/MacOSX.platform/Developer/Library/Frameworks -c -j10 -enable-batch-mode -incremental -Xcc -ivfsstatcache -Xcc /Users/admin/builder/spi-builder-workspace/.derivedData/SDKStatCaches.noindex/macosx27.0-26A425-e829b21a6f8c9b70876ba0858053c0446a22442a12e9d48fe1a705f55a1adfc4.sdkstatcache -output-file-map /Users/admin/builder/spi-builder-workspace/.derivedData/Build/Intermediates.noindex/Sake.build/Debug/SakeCLILibrary-t.build/Objects-normal/arm64/SakeCLILibrary-OutputFileMap.json -save-temps -no-color-diagnostics -explicit-module-build -module-cache-path /Users/admin/builder/spi-builder-workspace/.derivedData/Build/Intermediates.noindex/SwiftExplicitPrecompiledModules -clang-scanner-module-cache-path /Users/admin/builder/spi-builder-workspace/.derivedData/ModuleCache.noindex -sdk-module-cache-path /Users/admin/builder/spi-builder-workspace/.derivedData/SDKExplicitPrecompiledModules -emit-dependencies -emit-module -emit-module-path /Users/admin/builder/spi-builder-workspace/.derivedData/Build/Intermediates.noindex/Sake.build/Debug/SakeCLILibrary-t.build/Objects-normal/arm64/SakeCLILibrary.swiftmodule -serialize-diagnostics -dependency-scan-serialize-diagnostics-path /Users/admin/builder/spi-builder-workspace/.derivedData/Build/Intermediates.noindex/Sake.build/Debug/SakeCLILibrary-t.build/Objects-normal/arm64/SakeCLILibrary-dependency-scan.dia -validate-clang-modules-once -clang-build-session-file /Users/admin/builder/spi-builder-workspace/.derivedData/ModuleCache.noindex/Session.modulevalidation -Xcc -fmodules-prune-interval\=86400 -Xcc -fmodules-prune-after\=345600 -package-name spi_builder_workspace -emit-const-values -const-gather-protocols-list /Users/admin/builder/spi-builder-workspace/.derivedData/Build/Intermediates.noindex/Sake.build/Debug/SakeCLILibrary-t.build/Objects-normal/arm64/SakeCLILibrary_const_extract_protocols.json -Xcc -I/Users/admin/builder/spi-builder-workspace/.dependencies/checkouts/swift-system/Sources/CSystem/include -Xcc -I/Users/admin/builder/spi-builder-workspace/.dependencies/checkouts/swift-subprocess/Sources/_SubprocessCShims/include -Xcc -I/Users/admin/builder/spi-builder-workspace/.dependencies/checkouts/Yams/Sources/CYaml/include -Xcc -I/Users/admin/builder/spi-builder-workspace/.derivedData/Build/Products/Debug/include -Xcc -I/Users/admin/builder/spi-builder-workspace/.derivedData/Build/Intermediates.noindex/Sake.build/Debug/SakeCLILibrary-t.build/DerivedSources-normal/arm64 -Xcc -I/Users/admin/builder/spi-builder-workspace/.derivedData/Build/Intermediates.noindex/Sake.build/Debug/SakeCLILibrary-t.build/DerivedSources/arm64 -Xcc -I/Users/admin/builder/spi-builder-workspace/.derivedData/Build/Intermediates.noindex/Sake.build/Debug/SakeCLILibrary-t.build/DerivedSources -Xcc -DSWIFT_PACKAGE -Xcc -DDEBUG\=1 -emit-objc-header -emit-objc-header-path /Users/admin/builder/spi-builder-workspace/.derivedData/Build/Intermediates.noindex/Sake.build/Debug/SakeCLILibrary-t.build/Objects-normal/arm64/SakeCLILibrary-Swift.h -working-directory /Users/admin/builder/spi-builder-workspace/.swiftpm/xcode -experimental-emit-module-separately -disable-cmo
SwiftDriverJobDiscovery normal arm64 Compiling SakeAppContents.swift, SakeAppManager+CommandListGenerator.swift (in target 'SakeCLILibrary' from project 'Sake')
SwiftCompile normal arm64 Compiling\ Constants.swift,\ PackageDescription.swift /Users/admin/builder/spi-builder-workspace/Sources/SakeCLILibrary/SakeAppManager/Constants.swift /Users/admin/builder/spi-builder-workspace/Sources/SakeCLILibrary/SakeAppManager/PackageDescription.swift (in target 'SakeCLILibrary' from project 'Sake')
SwiftCompile normal arm64 /Users/admin/builder/spi-builder-workspace/Sources/SakeCLILibrary/SakeAppManager/Constants.swift (in target 'SakeCLILibrary' from project 'Sake')
    cd /Users/admin/builder/spi-builder-workspace/.swiftpm/xcode
    builtin-SwiftPerFileCompile Constants.swift
SwiftCompile normal arm64 /Users/admin/builder/spi-builder-workspace/Sources/SakeCLILibrary/SakeAppManager/PackageDescription.swift (in target 'SakeCLILibrary' from project 'Sake')
    cd /Users/admin/builder/spi-builder-workspace/.swiftpm/xcode
    builtin-SwiftPerFileCompile PackageDescription.swift
SwiftMergeGeneratedHeaders /Users/admin/builder/spi-builder-workspace/.derivedData/Build/Intermediates.noindex/GeneratedModuleMaps/SakeCLILibrary-Swift.h /Users/admin/builder/spi-builder-workspace/.derivedData/Build/Intermediates.noindex/Sake.build/Debug/SakeCLILibrary-t.build/Objects-normal/arm64/SakeCLILibrary-Swift.h (in target 'SakeCLILibrary' from project 'Sake')
    cd /Users/admin/builder/spi-builder-workspace
    builtin-swiftHeaderTool -arch arm64 /Users/admin/builder/spi-builder-workspace/.derivedData/Build/Intermediates.noindex/Sake.build/Debug/SakeCLILibrary-t.build/Objects-normal/arm64/SakeCLILibrary-Swift.h -o /Users/admin/builder/spi-builder-workspace/.derivedData/Build/Intermediates.noindex/GeneratedModuleMaps/SakeCLILibrary-Swift.h
SwiftDriverJobDiscovery normal arm64 Compiling CommonOptions.swift, CLIConfig.swift, Config.swift (in target 'SakeCLILibrary' from project 'Sake')
Copy /Users/admin/builder/spi-builder-workspace/.derivedData/Build/Products/Debug/SakeCLILibrary.swiftmodule/arm64-apple-macos.swiftmodule /Users/admin/builder/spi-builder-workspace/.derivedData/Build/Intermediates.noindex/Sake.build/Debug/SakeCLILibrary-t.build/Objects-normal/arm64/SakeCLILibrary.swiftmodule (in target 'SakeCLILibrary' from project 'Sake')
    cd /Users/admin/builder/spi-builder-workspace
    builtin-copy -exclude .DS_Store -exclude CVS -exclude .svn -exclude .git -exclude .hg -resolve-src-symlinks -rename /Users/admin/builder/spi-builder-workspace/.derivedData/Build/Intermediates.noindex/Sake.build/Debug/SakeCLILibrary-t.build/Objects-normal/arm64/SakeCLILibrary.swiftmodule /Users/admin/builder/spi-builder-workspace/.derivedData/Build/Products/Debug/SakeCLILibrary.swiftmodule/arm64-apple-macos.swiftmodule
Copy /Users/admin/builder/spi-builder-workspace/.derivedData/Build/Products/Debug/SakeCLILibrary.swiftmodule/arm64-apple-macos.swiftdoc /Users/admin/builder/spi-builder-workspace/.derivedData/Build/Intermediates.noindex/Sake.build/Debug/SakeCLILibrary-t.build/Objects-normal/arm64/SakeCLILibrary.swiftdoc (in target 'SakeCLILibrary' from project 'Sake')
    cd /Users/admin/builder/spi-builder-workspace
    builtin-copy -exclude .DS_Store -exclude CVS -exclude .svn -exclude .git -exclude .hg -resolve-src-symlinks -rename /Users/admin/builder/spi-builder-workspace/.derivedData/Build/Intermediates.noindex/Sake.build/Debug/SakeCLILibrary-t.build/Objects-normal/arm64/SakeCLILibrary.swiftdoc /Users/admin/builder/spi-builder-workspace/.derivedData/Build/Products/Debug/SakeCLILibrary.swiftmodule/arm64-apple-macos.swiftdoc
Copy /Users/admin/builder/spi-builder-workspace/.derivedData/Build/Products/Debug/SakeCLILibrary.swiftmodule/arm64-apple-macos.abi.json /Users/admin/builder/spi-builder-workspace/.derivedData/Build/Intermediates.noindex/Sake.build/Debug/SakeCLILibrary-t.build/Objects-normal/arm64/SakeCLILibrary.abi.json (in target 'SakeCLILibrary' from project 'Sake')
    cd /Users/admin/builder/spi-builder-workspace
    builtin-copy -exclude .DS_Store -exclude CVS -exclude .svn -exclude .git -exclude .hg -resolve-src-symlinks -rename /Users/admin/builder/spi-builder-workspace/.derivedData/Build/Intermediates.noindex/Sake.build/Debug/SakeCLILibrary-t.build/Objects-normal/arm64/SakeCLILibrary.abi.json /Users/admin/builder/spi-builder-workspace/.derivedData/Build/Products/Debug/SakeCLILibrary.swiftmodule/arm64-apple-macos.abi.json
Copy /Users/admin/builder/spi-builder-workspace/.derivedData/Build/Products/Debug/SakeCLILibrary.swiftmodule/Project/arm64-apple-macos.swiftsourceinfo /Users/admin/builder/spi-builder-workspace/.derivedData/Build/Intermediates.noindex/Sake.build/Debug/SakeCLILibrary-t.build/Objects-normal/arm64/SakeCLILibrary.swiftsourceinfo (in target 'SakeCLILibrary' from project 'Sake')
    cd /Users/admin/builder/spi-builder-workspace
    builtin-copy -exclude .DS_Store -exclude CVS -exclude .svn -exclude .git -exclude .hg -resolve-src-symlinks -rename /Users/admin/builder/spi-builder-workspace/.derivedData/Build/Intermediates.noindex/Sake.build/Debug/SakeCLILibrary-t.build/Objects-normal/arm64/SakeCLILibrary.swiftsourceinfo /Users/admin/builder/spi-builder-workspace/.derivedData/Build/Products/Debug/SakeCLILibrary.swiftmodule/Project/arm64-apple-macos.swiftsourceinfo
SwiftCompile normal arm64 Compiling\ FileConfig.swift,\ DynamicCodingKey.swift /Users/admin/builder/spi-builder-workspace/Sources/SakeCLILibrary/Config/FileConfig.swift /Users/admin/builder/spi-builder-workspace/Sources/SakeCLILibrary/Helpers/DynamicCodingKey.swift (in target 'SakeCLILibrary' from project 'Sake')
SwiftCompile normal arm64 /Users/admin/builder/spi-builder-workspace/Sources/SakeCLILibrary/Config/FileConfig.swift (in target 'SakeCLILibrary' from project 'Sake')
    cd /Users/admin/builder/spi-builder-workspace/.swiftpm/xcode
    builtin-SwiftPerFileCompile FileConfig.swift
SwiftCompile normal arm64 /Users/admin/builder/spi-builder-workspace/Sources/SakeCLILibrary/Helpers/DynamicCodingKey.swift (in target 'SakeCLILibrary' from project 'Sake')
    cd /Users/admin/builder/spi-builder-workspace/.swiftpm/xcode
    builtin-SwiftPerFileCompile DynamicCodingKey.swift
SwiftDriverJobDiscovery normal arm64 Compiling String+Shell.swift, String+nilIfEmpty.swift (in target 'SakeCLILibrary' from project 'Sake')
SwiftCompile normal arm64 Compiling\ SakeAppProtocol.swift /Users/admin/builder/spi-builder-workspace/Sources/Sake/SakeAppProtocol.swift (in target 'Sake' from project 'Sake')
SwiftCompile normal arm64 /Users/admin/builder/spi-builder-workspace/Sources/Sake/SakeAppProtocol.swift (in target 'Sake' from project 'Sake')
    cd /Users/admin/builder/spi-builder-workspace/.swiftpm/xcode
    builtin-SwiftPerFileCompile SakeAppProtocol.swift
SwiftDriverJobDiscovery normal arm64 Compiling ConfigManager.swift, ENVConfig.swift (in target 'SakeCLILibrary' from project 'Sake')
ExtractAppIntentsMetadata (in target 'ArgumentParser' from project 'swift-argument-parser')
    cd /Users/admin/builder/spi-builder-workspace/.dependencies/checkouts/swift-argument-parser
    /Applications/Xcode-27.0.0-Release.Candidate.app/Contents/Developer/Toolchains/XcodeDefault.xctoolchain/usr/bin/appintentsmetadataprocessor --toolchain-dir /var/run/com.apple.security.cryptexd/mnt/com.apple.MobileAsset.MetalToolchain-v27.1.266.1.7W1zG5/Metal.xctoolchain --module-name ArgumentParser --sdk-root /Applications/Xcode-27.0.0-Release.Candidate.app/Contents/Developer/Platforms/MacOSX.platform/Developer/SDKs/MacOSX27.0.sdk --xcode-version 27A266a --platform-family macOS --deployment-target 12.0 --bundle-identifier swift-argument-parser.ArgumentParser --output /Users/admin/builder/spi-builder-workspace/.derivedData/Build/Products/Debug/ArgumentParser.appintents --target-triple arm64-apple-macos12.0 --binary-file /Users/admin/builder/spi-builder-workspace/.derivedData/Build/Products/Debug/ArgumentParser.o --dependency-file /Users/admin/builder/spi-builder-workspace/.derivedData/Build/Intermediates.noindex/swift-argument-parser.build/Debug/ArgumentParser-t.build/Objects-normal/arm64/ArgumentParser_dependency_info.dat --stringsdata-file /Users/admin/builder/spi-builder-workspace/.derivedData/Build/Intermediates.noindex/swift-argument-parser.build/Debug/ArgumentParser-t.build/Objects-normal/arm64/ExtractedAppShortcutsMetadata.stringsdata --source-file-list /Users/admin/builder/spi-builder-workspace/.derivedData/Build/Intermediates.noindex/swift-argument-parser.build/Debug/ArgumentParser-t.build/Objects-normal/arm64/ArgumentParser.SwiftFileList --metadata-file-list /Users/admin/builder/spi-builder-workspace/.derivedData/Build/Intermediates.noindex/swift-argument-parser.build/Debug/ArgumentParser-t.build/ArgumentParser.DependencyMetadataFileList --static-metadata-file-list /Users/admin/builder/spi-builder-workspace/.derivedData/Build/Intermediates.noindex/swift-argument-parser.build/Debug/ArgumentParser-t.build/ArgumentParser.DependencyStaticMetadataFileList --swift-const-vals-list /Users/admin/builder/spi-builder-workspace/.derivedData/Build/Intermediates.noindex/swift-argument-parser.build/Debug/ArgumentParser-t.build/Objects-normal/arm64/ArgumentParser.SwiftConstValuesFileList --force --compile-time-extraction --deployment-aware-processing --no-app-shortcuts-localization
2026-09-23 03:40:14.841 appintentsmetadataprocessor[1206:6719] Starting appintentsmetadataprocessor export
SwiftDriverJobDiscovery normal arm64 Compiling SakeAppManager+InitializedMode.swift, SakeAppManager+UnitializedMode.swift (in target 'SakeCLILibrary' from project 'Sake')
SwiftDriverJobDiscovery normal arm64 Compiling SakeAppManagerError.swift, SakeAppManagerFileHandle.swift (in target 'SakeCLILibrary' from project 'Sake')
SwiftDriver sake normal arm64 com.apple.xcode.tools.swift.compiler (in target 'sake-product' from project 'Sake')
    cd /Users/admin/builder/spi-builder-workspace/.swiftpm/xcode
    builtin-SwiftDriver -- /Applications/Xcode-27.0.0-Release.Candidate.app/Contents/Developer/Toolchains/XcodeDefault.xctoolchain/usr/bin/swiftc -parse-as-library -module-name SakeCLI -Onone @/Users/admin/builder/spi-builder-workspace/.derivedData/Build/Intermediates.noindex/Sake.build/Debug/sake-p.build/Objects-normal/arm64/sake.SwiftFileList -DSWIFT_PACKAGE -DDEBUG -Xcc -fmodule-map-file\=/Users/admin/builder/spi-builder-workspace/.dependencies/checkouts/swift-system/Sources/CSystem/include/module.modulemap -Xcc -fmodule-map-file\=/Users/admin/builder/spi-builder-workspace/.dependencies/checkouts/swift-subprocess/Sources/_SubprocessCShims/include/module.modulemap -Xcc -fmodule-map-file\=/Users/admin/builder/spi-builder-workspace/.dependencies/checkouts/Yams/Sources/CYaml/include/module.modulemap -DXcode -plugin-path /Applications/Xcode-27.0.0-Release.Candidate.app/Contents/Developer/Toolchains/XcodeDefault.xctoolchain/usr/lib/swift/host/plugins/testing -enable-experimental-feature DebugDescriptionMacro -sdk /Applications/Xcode-27.0.0-Release.Candidate.app/Contents/Developer/Platforms/MacOSX.platform/Developer/SDKs/MacOSX27.0.sdk -target arm64-apple-macos13.0 -g -module-cache-path /Users/admin/builder/spi-builder-workspace/.derivedData/ModuleCache.noindex -Xfrontend -serialize-debugging-options -profile-coverage-mapping -profile-generate -enable-testing -index-store-path /Users/admin/builder/spi-builder-workspace/.derivedData/Index.noindex/DataStore -Xcc -D_LIBCPP_HARDENING_MODE\=_LIBCPP_HARDENING_MODE_DEBUG -swift-version 6 -I /Users/admin/builder/spi-builder-workspace/.derivedData/Build/Products/Debug -Isystem /Applications/Xcode-27.0.0-Release.Candidate.app/Contents/Developer/Platforms/MacOSX.platform/Developer/usr/lib -F /Users/admin/builder/spi-builder-workspace/.derivedData/Build/Products/Debug/PackageFrameworks -F /Users/admin/builder/spi-builder-workspace/.derivedData/Build/Products/Debug -F /Applications/Xcode-27.0.0-Release.Candidate.app/Contents/Developer/Platforms/MacOSX.platform/Developer/Library/Frameworks -c -j10 -enable-batch-mode -incremental -Xcc -ivfsstatcache -Xcc /Users/admin/builder/spi-builder-workspace/.derivedData/SDKStatCaches.noindex/macosx27.0-26A425-e829b21a6f8c9b70876ba0858053c0446a22442a12e9d48fe1a705f55a1adfc4.sdkstatcache -output-file-map /Users/admin/builder/spi-builder-workspace/.derivedData/Build/Intermediates.noindex/Sake.build/Debug/sake-p.build/Objects-normal/arm64/sake-OutputFileMap.json -save-temps -no-color-diagnostics -explicit-module-build -module-cache-path /Users/admin/builder/spi-builder-workspace/.derivedData/Build/Intermediates.noindex/SwiftExplicitPrecompiledModules -clang-scanner-module-cache-path /Users/admin/builder/spi-builder-workspace/.derivedData/ModuleCache.noindex -sdk-module-cache-path /Users/admin/builder/spi-builder-workspace/.derivedData/SDKExplicitPrecompiledModules -emit-dependencies -emit-module -emit-module-path /Users/admin/builder/spi-builder-workspace/.derivedData/Build/Intermediates.noindex/Sake.build/Debug/sake-p.build/Objects-normal/arm64/SakeCLI.swiftmodule -serialize-diagnostics -dependency-scan-serialize-diagnostics-path /Users/admin/builder/spi-builder-workspace/.derivedData/Build/Intermediates.noindex/Sake.build/Debug/sake-p.build/Objects-normal/arm64/SakeCLI-dependency-scan.dia -validate-clang-modules-once -clang-build-session-file /Users/admin/builder/spi-builder-workspace/.derivedData/ModuleCache.noindex/Session.modulevalidation -Xcc -fmodules-prune-interval\=86400 -Xcc -fmodules-prune-after\=345600 -package-name spi_builder_workspace -emit-const-values -const-gather-protocols-list /Users/admin/builder/spi-builder-workspace/.derivedData/Build/Intermediates.noindex/Sake.build/Debug/sake-p.build/Objects-normal/arm64/sake_const_extract_protocols.json -Xcc -I/Users/admin/builder/spi-builder-workspace/.dependencies/checkouts/swift-system/Sources/CSystem/include -Xcc -I/Users/admin/builder/spi-builder-workspace/.dependencies/checkouts/swift-subprocess/Sources/_SubprocessCShims/include -Xcc -I/Users/admin/builder/spi-builder-workspace/.dependencies/checkouts/Yams/Sources/CYaml/include -Xcc -I/Users/admin/builder/spi-builder-workspace/.derivedData/Build/Products/Debug/include -Xcc -I/Users/admin/builder/spi-builder-workspace/.derivedData/Build/Intermediates.noindex/Sake.build/Debug/sake-p.build/DerivedSources-normal/arm64 -Xcc -I/Users/admin/builder/spi-builder-workspace/.derivedData/Build/Intermediates.noindex/Sake.build/Debug/sake-p.build/DerivedSources/arm64 -Xcc -I/Users/admin/builder/spi-builder-workspace/.derivedData/Build/Intermediates.noindex/Sake.build/Debug/sake-p.build/DerivedSources -Xcc -DSWIFT_PACKAGE -Xcc -DDEBUG\=1 -working-directory /Users/admin/builder/spi-builder-workspace/.swiftpm/xcode -experimental-emit-module-separately -disable-cmo
PruneExplicitPrecompiledModules /Users/admin/builder/spi-builder-workspace/.derivedData/SDKExplicitPrecompiledModules
PruneExplicitPrecompiledModules /Users/admin/builder/spi-builder-workspace/.derivedData/Build/Intermediates.noindex/SwiftExplicitPrecompiledModules
PruneExplicitPrecompiledModules /Users/admin/builder/spi-builder-workspace/.derivedData/Build/Intermediates.noindex/ExplicitPrecompiledModules
2026-09-23 03:40:02.335 xcodebuild[869:5128] [MT] IDERunDestination: Supported platforms for the buildables in the current scheme is empty.
--- xcodebuild: WARNING: Using the first of multiple matching destinations:
{ platform:macOS, arch:arm64, id:60c539c9bd0e91ada798cb8da78b4da7d09006c9, name:My Mac }
{ platform:macOS, arch:arm64, variant:Mac Catalyst, id:60c539c9bd0e91ada798cb8da78b4da7d09006c9, name:My Mac }
{ platform:macOS, arch:arm64, variant:DriverKit, id:60c539c9bd0e91ada798cb8da78b4da7d09006c9, name:My Mac }
{ platform:macOS, arch:arm64, variant:Designed for [iPad,iPhone], id:60c539c9bd0e91ada798cb8da78b4da7d09006c9, name:My Mac }
** BUILD FAILED **
The following build commands failed:
	SwiftCompile normal arm64 Compiling\ Logger.swift,\ ShellExecutor.swift /Users/admin/builder/spi-builder-workspace/Sources/SakeCLILibrary/Helpers/Logger.swift /Users/admin/builder/spi-builder-workspace/Sources/SakeCLILibrary/Helpers/ShellExecutor.swift (in target 'SakeCLILibrary' from project 'Sake')
	SwiftCompile normal arm64 /Users/admin/builder/spi-builder-workspace/Sources/SakeCLILibrary/Helpers/ShellExecutor.swift (in target 'SakeCLILibrary' from project 'Sake')
	Building workspace Sake with scheme Sake-Package
(3 failures)
Command line invocation:
    /Applications/Xcode-27.0.0-Release.Candidate.app/Contents/Developer/usr/bin/xcodebuild -IDEClonedSourcePackagesDirPathOverride=/Users/admin/builder/spi-builder-workspace/.dependencies -resolvePackageDependencies
Resolve Package Graph
Resolved source packages:
  swift-subprocess: https://github.com/swiftlang/swift-subprocess.git @ 0.5.0
  Sake: /Users/admin/builder/spi-builder-workspace
  swift-syntax: https://github.com/swiftlang/swift-syntax.git @ 602.0.0
  Yams: https://github.com/jpsim/Yams.git @ 6.2.2
  swift-system: https://github.com/apple/swift-system @ 1.8.1
  swift-argument-parser: https://github.com/apple/swift-argument-parser.git @ 1.8.2
resolved source packages: swift-subprocess, Sake, swift-syntax, Yams, swift-system, swift-argument-parser
2026-09-23 03:40:18.200 xcodebuild[1207:6806] [MT] IDERunDestination: Supported platforms for the buildables in the current scheme is empty.
{
  "dependencies" : [
    {
      "identity" : "swift-argument-parser",
      "requirement" : {
        "range" : [
          {
            "lower_bound" : "1.2.0",
            "upper_bound" : "2.0.0"
          }
        ]
      },
      "type" : "sourceControl",
      "url" : "https://github.com/apple/swift-argument-parser.git"
    },
    {
      "identity" : "swift-subprocess",
      "requirement" : {
        "range" : [
          {
            "lower_bound" : "0.2.0",
            "upper_bound" : "1.0.0"
          }
        ]
      },
      "type" : "sourceControl",
      "url" : "https://github.com/swiftlang/swift-subprocess.git"
    },
    {
      "identity" : "swift-syntax",
      "requirement" : {
        "range" : [
          {
            "lower_bound" : "602.0.0",
            "upper_bound" : "603.0.0"
          }
        ]
      },
      "type" : "sourceControl",
      "url" : "https://github.com/swiftlang/swift-syntax.git"
    },
    {
      "identity" : "yams",
      "requirement" : {
        "range" : [
          {
            "lower_bound" : "6.0.0",
            "upper_bound" : "7.0.0"
          }
        ]
      },
      "type" : "sourceControl",
      "url" : "https://github.com/jpsim/Yams.git"
    }
  ],
  "manifest_display_name" : "Sake",
  "name" : "Sake",
  "path" : "/Users/admin/builder/spi-builder-workspace",
  "platforms" : [
    {
      "name" : "macos",
      "version" : "13.0"
    }
  ],
  "products" : [
    {
      "name" : "sake",
      "targets" : [
        "SakeCLI"
      ],
      "type" : {
        "executable" : null
      }
    },
    {
      "name" : "Sake",
      "targets" : [
        "Sake"
      ],
      "type" : {
        "library" : [
          "automatic"
        ]
      }
    },
    {
      "name" : "SakeMacros",
      "targets" : [
        "SakeMacros"
      ],
      "type" : {
        "macro" : null
      }
    }
  ],
  "targets" : [
    {
      "c99name" : "SakeTests",
      "module_type" : "SwiftTarget",
      "name" : "SakeTests",
      "path" : "Tests/SakeTests",
      "sources" : [
        "ClosestMatchFinderTests.swift",
        "CommandListFormatterTests.swift",
        "CommandMapTests.swift",
        "CommandNameCaseConverterTests.swift",
        "CommandRunnerTests.swift",
        "CommandsPreprocessorTests.swift"
      ],
      "target_dependencies" : [
        "Sake"
      ],
      "type" : "test"
    },
    {
      "c99name" : "SakeShared",
      "module_type" : "SwiftTarget",
      "name" : "SakeShared",
      "path" : "Sources/SakeShared",
      "product_dependencies" : [
        "ArgumentParser"
      ],
      "product_memberships" : [
        "sake",
        "Sake"
      ],
      "sources" : [
        "CaseConvertingStrategy.swift",
        "CommandGroupsJSON.swift",
        "FileHandle+TextOutputStream.swift",
        "ProcessInterruptionTask.swift",
        "ProcessMonitor.swift",
        "SakeAppExitCode.swift",
        "URL+BuildDirectory.swift"
      ],
      "type" : "library"
    },
    {
      "c99name" : "SakeMacrosTests",
      "module_type" : "SwiftTarget",
      "name" : "SakeMacrosTests",
      "path" : "Tests/SakeMacrosTests",
      "product_dependencies" : [
        "SwiftSyntaxMacrosTestSupport"
      ],
      "sources" : [
        "SakeAppMacroTests.swift"
      ],
      "target_dependencies" : [
        "SakeMacros"
      ],
      "type" : "test"
    },
    {
      "c99name" : "SakeMacros",
      "module_type" : "SwiftTarget",
      "name" : "SakeMacros",
      "path" : "Sources/SakeMacros",
      "product_dependencies" : [
        "SwiftSyntaxMacros",
        "SwiftCompilerPlugin"
      ],
      "product_memberships" : [
        "Sake",
        "SakeMacros"
      ],
      "sources" : [
        "Plugin.swift",
        "SakeAppMacro.swift"
      ],
      "type" : "macro"
    },
    {
      "c99name" : "SakeCLILibraryTests",
      "module_type" : "SwiftTarget",
      "name" : "SakeCLILibraryTests",
      "path" : "Tests/SakeCLILibraryTests",
      "sources" : [
        "ConfigManagerTests.swift",
        "ConfigResolverTests.swift",
        "SakeAppManagerFileHandleTests.swift",
        "SakeAppManagerTests.swift"
      ],
      "target_dependencies" : [
        "SakeCLILibrary"
      ],
      "type" : "test"
    },
    {
      "c99name" : "SakeCLILibrary",
      "module_type" : "SwiftTarget",
      "name" : "SakeCLILibrary",
      "path" : "Sources/SakeCLILibrary",
      "product_dependencies" : [
        "ArgumentParser",
        "Subprocess",
        "Yams"
      ],
      "product_memberships" : [
        "sake"
      ],
      "sources" : [
        "CommonOptions.swift",
        "Config/CLIConfig.swift",
        "Config/Config.swift",
        "Config/ConfigManager.swift",
        "Config/ENVConfig.swift",
        "Config/FileConfig.swift",
        "Helpers/DynamicCodingKey.swift",
        "Helpers/Logger.swift",
        "Helpers/ShellExecutor.swift",
        "Helpers/String+Shell.swift",
        "Helpers/String+nilIfEmpty.swift",
        "SakeAppManager/Constants.swift",
        "SakeAppManager/PackageDescription.swift",
        "SakeAppManager/SakeAppContents.swift",
        "SakeAppManager/SakeAppManager+CommandListGenerator.swift",
        "SakeAppManager/SakeAppManager+InitializedMode.swift",
        "SakeAppManager/SakeAppManager+UnitializedMode.swift",
        "SakeAppManager/SakeAppManager.swift",
        "SakeAppManager/SakeAppManagerCommandExecutor.swift",
        "SakeAppManager/SakeAppManagerError.swift",
        "SakeAppManager/SakeAppManagerFileHandle.swift"
      ],
      "target_dependencies" : [
        "SakeShared"
      ],
      "type" : "library"
    },
    {
      "c99name" : "SakeCLI",
      "module_type" : "SwiftTarget",
      "name" : "SakeCLI",
      "path" : "Sources/SakeCLI",
      "product_dependencies" : [
        "ArgumentParser"
      ],
      "product_memberships" : [
        "sake"
      ],
      "sources" : [
        "BuildCommand.swift",
        "CleanCommand.swift",
        "EditCommand.swift",
        "InitCommand.swift",
        "ListCommand.swift",
        "RunCommand.swift",
        "SakeCLI.swift",
        "ShellCompletionCommandListGenerator.swift",
        "Version.swift"
      ],
      "target_dependencies" : [
        "SakeCLILibrary",
        "SakeShared"
      ],
      "type" : "executable"
    },
    {
      "c99name" : "Sake",
      "module_type" : "SwiftTarget",
      "name" : "Sake",
      "path" : "Sources/Sake",
      "product_dependencies" : [
        "ArgumentParser"
      ],
      "product_memberships" : [
        "Sake"
      ],
      "sources" : [
        "CLI/CLI.swift",
        "CLI/ListCommand.swift",
        "CLI/RunCommand.swift",
        "CLI/SakeParsableCommand.swift",
        "ClosestMatchFinder.swift",
        "Command+Context.swift",
        "Command+Map.swift",
        "Command.swift",
        "CommandGroupProtocol.swift",
        "CommandListFormatter.swift",
        "CommandNameCaseConverter.swift",
        "CommandRunner.swift",
        "CommandsPreprocessor.swift",
        "Logger.swift",
        "SakeApp+main.swift",
        "SakeAppError.swift",
        "SakeAppProtocol.swift",
        "String+Case.swift"
      ],
      "target_dependencies" : [
        "SakeMacros",
        "SakeShared"
      ],
      "type" : "library"
    },
    {
      "c99name" : "IntegrationTests",
      "module_type" : "SwiftTarget",
      "name" : "IntegrationTests",
      "path" : "Tests/IntegrationTests",
      "product_dependencies" : [
        "Subprocess"
      ],
      "sources" : [
        "IntegrationTests.swift"
      ],
      "target_dependencies" : [
        "SakeShared"
      ],
      "type" : "test"
    }
  ],
  "tools_version" : "6.1"
}
{
  "workspace" : {
    "name" : "Sake",
    "schemes" : [
      "sake",
      "Sake",
      "Sake-Package"
    ]
  }
}
2026-09-23 03:40:21.284 xcodebuild[1224:6935] [MT] IDERunDestination: Supported platforms for the buildables in the current scheme is empty.
Running build ...
env DEVELOPER_DIR=/Applications/Xcode-27.0.0-Release.Candidate.app xcrun xcodebuild -IDEClonedSourcePackagesDirPathOverride=$PWD/.dependencies -skipMacroValidation -skipPackagePluginValidation -derivedDataPath $PWD/.derivedData build -scheme Sake-Package -destination platform=macOS,arch=arm64
Command line invocation:
    /Applications/Xcode-27.0.0-Release.Candidate.app/Contents/Developer/usr/bin/xcodebuild -IDEClonedSourcePackagesDirPathOverride=/Users/admin/builder/spi-builder-workspace/.dependencies -skipMacroValidation -skipPackagePluginValidation -derivedDataPath /Users/admin/builder/spi-builder-workspace/.derivedData build -scheme Sake-Package -destination platform=macOS,arch=arm64
Resolve Package Graph
Resolved source packages:
  Sake: /Users/admin/builder/spi-builder-workspace
  swift-system: https://github.com/apple/swift-system @ 1.8.1
  swift-subprocess: https://github.com/swiftlang/swift-subprocess.git @ 0.5.0
  swift-argument-parser: https://github.com/apple/swift-argument-parser.git @ 1.8.2
  Yams: https://github.com/jpsim/Yams.git @ 6.2.2
  swift-syntax: https://github.com/swiftlang/swift-syntax.git @ 602.0.0
ComputePackagePrebuildTargetDependencyGraph
Prepare packages
CreateBuildRequest
SendProjectDescription
CreateBuildOperation
ComputeTargetDependencyGraph
note: Building targets in dependency order
note: Target dependency graph (18 targets)
    Target 'sake-product' in project 'Sake'
        ➜ Explicit dependency on target 'SakeShared' in project 'Sake'
        ➜ Explicit dependency on target 'SakeCLILibrary' in project 'Sake'
        ➜ Explicit dependency on target 'ArgumentParser-product' in project 'swift-argument-parser'
        ➜ Explicit dependency on target 'Subprocess-product' in project 'swift-subprocess'
        ➜ Explicit dependency on target 'Yams-product' in project 'Yams'
    Target 'SakeCLILibrary' in project 'Sake'
        ➜ Explicit dependency on target 'SakeShared' in project 'Sake'
        ➜ Explicit dependency on target 'ArgumentParser-product' in project 'swift-argument-parser'
        ➜ Explicit dependency on target 'Subprocess-product' in project 'swift-subprocess'
        ➜ Explicit dependency on target 'Yams-product' in project 'Yams'
    Target 'Yams-product' in project 'Yams'
        ➜ Explicit dependency on target 'Yams' in project 'Yams'
        ➜ Explicit dependency on target 'CYaml' in project 'Yams'
    Target 'Yams' in project 'Yams'
        ➜ Explicit dependency on target 'CYaml' in project 'Yams'
    Target 'CYaml' in project 'Yams' (no dependencies)
    Target 'Subprocess-product' in project 'swift-subprocess'
        ➜ Explicit dependency on target 'Subprocess' in project 'swift-subprocess'
        ➜ Explicit dependency on target '_SubprocessCShims' in project 'swift-subprocess'
        ➜ Explicit dependency on target 'SystemPackage-product' in project 'swift-system'
    Target 'Subprocess' in project 'swift-subprocess'
        ➜ Explicit dependency on target '_SubprocessCShims' in project 'swift-subprocess'
        ➜ Explicit dependency on target 'SystemPackage-product' in project 'swift-system'
    Target 'SystemPackage-product' in project 'swift-system'
        ➜ Explicit dependency on target 'SystemPackage' in project 'swift-system'
        ➜ Explicit dependency on target 'CSystem' in project 'swift-system'
    Target 'SystemPackage' in project 'swift-system'
        ➜ Explicit dependency on target 'CSystem' in project 'swift-system'
    Target 'CSystem' in project 'swift-system' (no dependencies)
    Target '_SubprocessCShims' in project 'swift-subprocess' (no dependencies)
    Target 'Sake-product' in project 'Sake'
        ➜ Explicit dependency on target 'Sake' in project 'Sake'
        ➜ Explicit dependency on target 'SakeMacros' in project 'Sake'
        ➜ Explicit dependency on target 'SakeShared' in project 'Sake'
        ➜ Explicit dependency on target 'ArgumentParser-product' in project 'swift-argument-parser'
    Target 'Sake' in project 'Sake'
        ➜ Explicit dependency on target 'SakeMacros' in project 'Sake'
        ➜ Explicit dependency on target 'SakeShared' in project 'Sake'
        ➜ Explicit dependency on target 'ArgumentParser-product' in project 'swift-argument-parser'
    Target 'SakeShared' in project 'Sake'
        ➜ Explicit dependency on target 'ArgumentParser-product' in project 'swift-argument-parser'
    Target 'ArgumentParser-product' in project 'swift-argument-parser'
        ➜ Explicit dependency on target 'ArgumentParser' in project 'swift-argument-parser'
        ➜ Explicit dependency on target 'ArgumentParserToolInfo' in project 'swift-argument-parser'
    Target 'ArgumentParser' in project 'swift-argument-parser'
        ➜ Explicit dependency on target 'ArgumentParserToolInfo' in project 'swift-argument-parser'
    Target 'ArgumentParserToolInfo' in project 'swift-argument-parser' (no dependencies)
    Target 'SakeMacros' in project 'Sake' (no dependencies)
GatherProvisioningInputs
CreateBuildDescription
ClangStatCache /Applications/Xcode-27.0.0-Release.Candidate.app/Contents/Developer/Toolchains/XcodeDefault.xctoolchain/usr/bin/clang-stat-cache /Applications/Xcode-27.0.0-Release.Candidate.app/Contents/Developer/Platforms/MacOSX.platform/Developer/SDKs/MacOSX27.0.sdk /Users/admin/builder/spi-builder-workspace/.derivedData/SDKStatCaches.noindex/macosx27.0-26A425-e829b21a6f8c9b70876ba0858053c0446a22442a12e9d48fe1a705f55a1adfc4.sdkstatcache
    cd /Users/admin/builder/spi-builder-workspace/.swiftpm/xcode
    /Applications/Xcode-27.0.0-Release.Candidate.app/Contents/Developer/Toolchains/XcodeDefault.xctoolchain/usr/bin/clang-stat-cache /Applications/Xcode-27.0.0-Release.Candidate.app/Contents/Developer/Platforms/MacOSX.platform/Developer/SDKs/MacOSX27.0.sdk -o /Users/admin/builder/spi-builder-workspace/.derivedData/SDKStatCaches.noindex/macosx27.0-26A425-e829b21a6f8c9b70876ba0858053c0446a22442a12e9d48fe1a705f55a1adfc4.sdkstatcache
SwiftDriver sake normal arm64 com.apple.xcode.tools.swift.compiler (in target 'sake-product' from project 'Sake')
    cd /Users/admin/builder/spi-builder-workspace/.swiftpm/xcode
    builtin-SwiftDriver -- /Applications/Xcode-27.0.0-Release.Candidate.app/Contents/Developer/Toolchains/XcodeDefault.xctoolchain/usr/bin/swiftc -parse-as-library -module-name SakeCLI -Onone @/Users/admin/builder/spi-builder-workspace/.derivedData/Build/Intermediates.noindex/Sake.build/Debug/sake-p.build/Objects-normal/arm64/sake.SwiftFileList -DSWIFT_PACKAGE -DDEBUG -Xcc -fmodule-map-file\=/Users/admin/builder/spi-builder-workspace/.dependencies/checkouts/swift-system/Sources/CSystem/include/module.modulemap -Xcc -fmodule-map-file\=/Users/admin/builder/spi-builder-workspace/.dependencies/checkouts/swift-subprocess/Sources/_SubprocessCShims/include/module.modulemap -Xcc -fmodule-map-file\=/Users/admin/builder/spi-builder-workspace/.dependencies/checkouts/Yams/Sources/CYaml/include/module.modulemap -DXcode -plugin-path /Applications/Xcode-27.0.0-Release.Candidate.app/Contents/Developer/Toolchains/XcodeDefault.xctoolchain/usr/lib/swift/host/plugins/testing -enable-experimental-feature DebugDescriptionMacro -sdk /Applications/Xcode-27.0.0-Release.Candidate.app/Contents/Developer/Platforms/MacOSX.platform/Developer/SDKs/MacOSX27.0.sdk -target arm64-apple-macos13.0 -g -module-cache-path /Users/admin/builder/spi-builder-workspace/.derivedData/ModuleCache.noindex -Xfrontend -serialize-debugging-options -profile-coverage-mapping -profile-generate -enable-testing -index-store-path /Users/admin/builder/spi-builder-workspace/.derivedData/Index.noindex/DataStore -Xcc -D_LIBCPP_HARDENING_MODE\=_LIBCPP_HARDENING_MODE_DEBUG -swift-version 6 -I /Users/admin/builder/spi-builder-workspace/.derivedData/Build/Products/Debug -Isystem /Applications/Xcode-27.0.0-Release.Candidate.app/Contents/Developer/Platforms/MacOSX.platform/Developer/usr/lib -F /Users/admin/builder/spi-builder-workspace/.derivedData/Build/Products/Debug/PackageFrameworks -F /Users/admin/builder/spi-builder-workspace/.derivedData/Build/Products/Debug -F /Applications/Xcode-27.0.0-Release.Candidate.app/Contents/Developer/Platforms/MacOSX.platform/Developer/Library/Frameworks -c -j10 -enable-batch-mode -incremental -Xcc -ivfsstatcache -Xcc /Users/admin/builder/spi-builder-workspace/.derivedData/SDKStatCaches.noindex/macosx27.0-26A425-e829b21a6f8c9b70876ba0858053c0446a22442a12e9d48fe1a705f55a1adfc4.sdkstatcache -output-file-map /Users/admin/builder/spi-builder-workspace/.derivedData/Build/Intermediates.noindex/Sake.build/Debug/sake-p.build/Objects-normal/arm64/sake-OutputFileMap.json -save-temps -no-color-diagnostics -explicit-module-build -module-cache-path /Users/admin/builder/spi-builder-workspace/.derivedData/Build/Intermediates.noindex/SwiftExplicitPrecompiledModules -clang-scanner-module-cache-path /Users/admin/builder/spi-builder-workspace/.derivedData/ModuleCache.noindex -sdk-module-cache-path /Users/admin/builder/spi-builder-workspace/.derivedData/SDKExplicitPrecompiledModules -emit-dependencies -emit-module -emit-module-path /Users/admin/builder/spi-builder-workspace/.derivedData/Build/Intermediates.noindex/Sake.build/Debug/sake-p.build/Objects-normal/arm64/SakeCLI.swiftmodule -serialize-diagnostics -dependency-scan-serialize-diagnostics-path /Users/admin/builder/spi-builder-workspace/.derivedData/Build/Intermediates.noindex/Sake.build/Debug/sake-p.build/Objects-normal/arm64/SakeCLI-dependency-scan.dia -validate-clang-modules-once -clang-build-session-file /Users/admin/builder/spi-builder-workspace/.derivedData/ModuleCache.noindex/Session.modulevalidation -Xcc -fmodules-prune-interval\=86400 -Xcc -fmodules-prune-after\=345600 -package-name spi_builder_workspace -emit-const-values -const-gather-protocols-list /Users/admin/builder/spi-builder-workspace/.derivedData/Build/Intermediates.noindex/Sake.build/Debug/sake-p.build/Objects-normal/arm64/sake_const_extract_protocols.json -Xcc -I/Users/admin/builder/spi-builder-workspace/.dependencies/checkouts/swift-system/Sources/CSystem/include -Xcc -I/Users/admin/builder/spi-builder-workspace/.dependencies/checkouts/swift-subprocess/Sources/_SubprocessCShims/include -Xcc -I/Users/admin/builder/spi-builder-workspace/.dependencies/checkouts/Yams/Sources/CYaml/include -Xcc -I/Users/admin/builder/spi-builder-workspace/.derivedData/Build/Products/Debug/include -Xcc -I/Users/admin/builder/spi-builder-workspace/.derivedData/Build/Intermediates.noindex/Sake.build/Debug/sake-p.build/DerivedSources-normal/arm64 -Xcc -I/Users/admin/builder/spi-builder-workspace/.derivedData/Build/Intermediates.noindex/Sake.build/Debug/sake-p.build/DerivedSources/arm64 -Xcc -I/Users/admin/builder/spi-builder-workspace/.derivedData/Build/Intermediates.noindex/Sake.build/Debug/sake-p.build/DerivedSources -Xcc -DSWIFT_PACKAGE -Xcc -DDEBUG\=1 -working-directory /Users/admin/builder/spi-builder-workspace/.swiftpm/xcode -experimental-emit-module-separately -disable-cmo
SwiftDriver Sake normal arm64 com.apple.xcode.tools.swift.compiler (in target 'Sake' from project 'Sake')
    cd /Users/admin/builder/spi-builder-workspace/.swiftpm/xcode
    builtin-SwiftDriver -- /Applications/Xcode-27.0.0-Release.Candidate.app/Contents/Developer/Toolchains/XcodeDefault.xctoolchain/usr/bin/swiftc -parse-as-library -module-name Sake -Onone @/Users/admin/builder/spi-builder-workspace/.derivedData/Build/Intermediates.noindex/Sake.build/Debug/Sake-t.build/Objects-normal/arm64/Sake.SwiftFileList -DSWIFT_PACKAGE -DDEBUG -DSWIFT_MODULE_RESOURCE_BUNDLE_UNAVAILABLE -DXcode -plugin-path /Applications/Xcode-27.0.0-Release.Candidate.app/Contents/Developer/Toolchains/XcodeDefault.xctoolchain/usr/lib/swift/host/plugins/testing -enable-experimental-feature DebugDescriptionMacro -sdk /Applications/Xcode-27.0.0-Release.Candidate.app/Contents/Developer/Platforms/MacOSX.platform/Developer/SDKs/MacOSX27.0.sdk -target arm64-apple-macos13.0 -g -module-cache-path /Users/admin/builder/spi-builder-workspace/.derivedData/ModuleCache.noindex -Xfrontend -serialize-debugging-options -profile-coverage-mapping -profile-generate -enable-testing -index-store-path /Users/admin/builder/spi-builder-workspace/.derivedData/Index.noindex/DataStore -Xcc -D_LIBCPP_HARDENING_MODE\=_LIBCPP_HARDENING_MODE_DEBUG -swift-version 6 -I /Users/admin/builder/spi-builder-workspace/.derivedData/Build/Products/Debug -Isystem /Applications/Xcode-27.0.0-Release.Candidate.app/Contents/Developer/Platforms/MacOSX.platform/Developer/usr/lib -F /Users/admin/builder/spi-builder-workspace/.derivedData/Build/Products/Debug/PackageFrameworks -F /Users/admin/builder/spi-builder-workspace/.derivedData/Build/Products/Debug -F /Applications/Xcode-27.0.0-Release.Candidate.app/Contents/Developer/Platforms/MacOSX.platform/Developer/Library/Frameworks -Xfrontend -load-plugin-executable -Xfrontend /Users/admin/builder/spi-builder-workspace/.derivedData/Build/Products/Debug/SakeMacros\#SakeMacros -c -j10 -enable-batch-mode -incremental -Xcc -ivfsstatcache -Xcc /Users/admin/builder/spi-builder-workspace/.derivedData/SDKStatCaches.noindex/macosx27.0-26A425-e829b21a6f8c9b70876ba0858053c0446a22442a12e9d48fe1a705f55a1adfc4.sdkstatcache -output-file-map /Users/admin/builder/spi-builder-workspace/.derivedData/Build/Intermediates.noindex/Sake.build/Debug/Sake-t.build/Objects-normal/arm64/Sake-OutputFileMap.json -save-temps -no-color-diagnostics -explicit-module-build -module-cache-path /Users/admin/builder/spi-builder-workspace/.derivedData/Build/Intermediates.noindex/SwiftExplicitPrecompiledModules -clang-scanner-module-cache-path /Users/admin/builder/spi-builder-workspace/.derivedData/ModuleCache.noindex -sdk-module-cache-path /Users/admin/builder/spi-builder-workspace/.derivedData/SDKExplicitPrecompiledModules -emit-dependencies -emit-module -emit-module-path /Users/admin/builder/spi-builder-workspace/.derivedData/Build/Intermediates.noindex/Sake.build/Debug/Sake-t.build/Objects-normal/arm64/Sake.swiftmodule -serialize-diagnostics -dependency-scan-serialize-diagnostics-path /Users/admin/builder/spi-builder-workspace/.derivedData/Build/Intermediates.noindex/Sake.build/Debug/Sake-t.build/Objects-normal/arm64/Sake-dependency-scan.dia -validate-clang-modules-once -clang-build-session-file /Users/admin/builder/spi-builder-workspace/.derivedData/ModuleCache.noindex/Session.modulevalidation -Xcc -fmodules-prune-interval\=86400 -Xcc -fmodules-prune-after\=345600 -package-name spi_builder_workspace -emit-const-values -const-gather-protocols-list /Users/admin/builder/spi-builder-workspace/.derivedData/Build/Intermediates.noindex/Sake.build/Debug/Sake-t.build/Objects-normal/arm64/Sake_const_extract_protocols.json -Xcc -I/Users/admin/builder/spi-builder-workspace/.derivedData/Build/Products/Debug/include -Xcc -I/Users/admin/builder/spi-builder-workspace/.derivedData/Build/Intermediates.noindex/Sake.build/Debug/Sake-t.build/DerivedSources-normal/arm64 -Xcc -I/Users/admin/builder/spi-builder-workspace/.derivedData/Build/Intermediates.noindex/Sake.build/Debug/Sake-t.build/DerivedSources/arm64 -Xcc -I/Users/admin/builder/spi-builder-workspace/.derivedData/Build/Intermediates.noindex/Sake.build/Debug/Sake-t.build/DerivedSources -Xcc -DSWIFT_PACKAGE -Xcc -DDEBUG\=1 -emit-objc-header -emit-objc-header-path /Users/admin/builder/spi-builder-workspace/.derivedData/Build/Intermediates.noindex/Sake.build/Debug/Sake-t.build/Objects-normal/arm64/Sake-Swift.h -working-directory /Users/admin/builder/spi-builder-workspace/.swiftpm/xcode -experimental-emit-module-separately -disable-cmo
SwiftDriver SakeCLILibrary normal arm64 com.apple.xcode.tools.swift.compiler (in target 'SakeCLILibrary' from project 'Sake')
    cd /Users/admin/builder/spi-builder-workspace/.swiftpm/xcode
    builtin-SwiftDriver -- /Applications/Xcode-27.0.0-Release.Candidate.app/Contents/Developer/Toolchains/XcodeDefault.xctoolchain/usr/bin/swiftc -parse-as-library -module-name SakeCLILibrary -Onone @/Users/admin/builder/spi-builder-workspace/.derivedData/Build/Intermediates.noindex/Sake.build/Debug/SakeCLILibrary-t.build/Objects-normal/arm64/SakeCLILibrary.SwiftFileList -DSWIFT_PACKAGE -DDEBUG -DSWIFT_MODULE_RESOURCE_BUNDLE_UNAVAILABLE -Xcc -fmodule-map-file\=/Users/admin/builder/spi-builder-workspace/.dependencies/checkouts/swift-system/Sources/CSystem/include/module.modulemap -Xcc -fmodule-map-file\=/Users/admin/builder/spi-builder-workspace/.dependencies/checkouts/swift-subprocess/Sources/_SubprocessCShims/include/module.modulemap -Xcc -fmodule-map-file\=/Users/admin/builder/spi-builder-workspace/.dependencies/checkouts/Yams/Sources/CYaml/include/module.modulemap -DXcode -plugin-path /Applications/Xcode-27.0.0-Release.Candidate.app/Contents/Developer/Toolchains/XcodeDefault.xctoolchain/usr/lib/swift/host/plugins/testing -enable-experimental-feature DebugDescriptionMacro -sdk /Applications/Xcode-27.0.0-Release.Candidate.app/Contents/Developer/Platforms/MacOSX.platform/Developer/SDKs/MacOSX27.0.sdk -target arm64-apple-macos13.0 -g -module-cache-path /Users/admin/builder/spi-builder-workspace/.derivedData/ModuleCache.noindex -Xfrontend -serialize-debugging-options -profile-coverage-mapping -profile-generate -enable-testing -index-store-path /Users/admin/builder/spi-builder-workspace/.derivedData/Index.noindex/DataStore -Xcc -D_LIBCPP_HARDENING_MODE\=_LIBCPP_HARDENING_MODE_DEBUG -swift-version 6 -I /Users/admin/builder/spi-builder-workspace/.derivedData/Build/Products/Debug -Isystem /Applications/Xcode-27.0.0-Release.Candidate.app/Contents/Developer/Platforms/MacOSX.platform/Developer/usr/lib -F /Users/admin/builder/spi-builder-workspace/.derivedData/Build/Products/Debug/PackageFrameworks -F /Users/admin/builder/spi-builder-workspace/.derivedData/Build/Products/Debug -F /Applications/Xcode-27.0.0-Release.Candidate.app/Contents/Developer/Platforms/MacOSX.platform/Developer/Library/Frameworks -c -j10 -enable-batch-mode -incremental -Xcc -ivfsstatcache -Xcc /Users/admin/builder/spi-builder-workspace/.derivedData/SDKStatCaches.noindex/macosx27.0-26A425-e829b21a6f8c9b70876ba0858053c0446a22442a12e9d48fe1a705f55a1adfc4.sdkstatcache -output-file-map /Users/admin/builder/spi-builder-workspace/.derivedData/Build/Intermediates.noindex/Sake.build/Debug/SakeCLILibrary-t.build/Objects-normal/arm64/SakeCLILibrary-OutputFileMap.json -save-temps -no-color-diagnostics -explicit-module-build -module-cache-path /Users/admin/builder/spi-builder-workspace/.derivedData/Build/Intermediates.noindex/SwiftExplicitPrecompiledModules -clang-scanner-module-cache-path /Users/admin/builder/spi-builder-workspace/.derivedData/ModuleCache.noindex -sdk-module-cache-path /Users/admin/builder/spi-builder-workspace/.derivedData/SDKExplicitPrecompiledModules -emit-dependencies -emit-module -emit-module-path /Users/admin/builder/spi-builder-workspace/.derivedData/Build/Intermediates.noindex/Sake.build/Debug/SakeCLILibrary-t.build/Objects-normal/arm64/SakeCLILibrary.swiftmodule -serialize-diagnostics -dependency-scan-serialize-diagnostics-path /Users/admin/builder/spi-builder-workspace/.derivedData/Build/Intermediates.noindex/Sake.build/Debug/SakeCLILibrary-t.build/Objects-normal/arm64/SakeCLILibrary-dependency-scan.dia -validate-clang-modules-once -clang-build-session-file /Users/admin/builder/spi-builder-workspace/.derivedData/ModuleCache.noindex/Session.modulevalidation -Xcc -fmodules-prune-interval\=86400 -Xcc -fmodules-prune-after\=345600 -package-name spi_builder_workspace -emit-const-values -const-gather-protocols-list /Users/admin/builder/spi-builder-workspace/.derivedData/Build/Intermediates.noindex/Sake.build/Debug/SakeCLILibrary-t.build/Objects-normal/arm64/SakeCLILibrary_const_extract_protocols.json -Xcc -I/Users/admin/builder/spi-builder-workspace/.dependencies/checkouts/swift-system/Sources/CSystem/include -Xcc -I/Users/admin/builder/spi-builder-workspace/.dependencies/checkouts/swift-subprocess/Sources/_SubprocessCShims/include -Xcc -I/Users/admin/builder/spi-builder-workspace/.dependencies/checkouts/Yams/Sources/CYaml/include -Xcc -I/Users/admin/builder/spi-builder-workspace/.derivedData/Build/Products/Debug/include -Xcc -I/Users/admin/builder/spi-builder-workspace/.derivedData/Build/Intermediates.noindex/Sake.build/Debug/SakeCLILibrary-t.build/DerivedSources-normal/arm64 -Xcc -I/Users/admin/builder/spi-builder-workspace/.derivedData/Build/Intermediates.noindex/Sake.build/Debug/SakeCLILibrary-t.build/DerivedSources/arm64 -Xcc -I/Users/admin/builder/spi-builder-workspace/.derivedData/Build/Intermediates.noindex/Sake.build/Debug/SakeCLILibrary-t.build/DerivedSources -Xcc -DSWIFT_PACKAGE -Xcc -DDEBUG\=1 -emit-objc-header -emit-objc-header-path /Users/admin/builder/spi-builder-workspace/.derivedData/Build/Intermediates.noindex/Sake.build/Debug/SakeCLILibrary-t.build/Objects-normal/arm64/SakeCLILibrary-Swift.h -working-directory /Users/admin/builder/spi-builder-workspace/.swiftpm/xcode -experimental-emit-module-separately -disable-cmo
ExtractAppIntentsMetadata (in target 'ArgumentParser' from project 'swift-argument-parser')
    cd /Users/admin/builder/spi-builder-workspace/.dependencies/checkouts/swift-argument-parser
    /Applications/Xcode-27.0.0-Release.Candidate.app/Contents/Developer/Toolchains/XcodeDefault.xctoolchain/usr/bin/appintentsmetadataprocessor --toolchain-dir /var/run/com.apple.security.cryptexd/mnt/com.apple.MobileAsset.MetalToolchain-v27.1.266.1.7W1zG5/Metal.xctoolchain --module-name ArgumentParser --sdk-root /Applications/Xcode-27.0.0-Release.Candidate.app/Contents/Developer/Platforms/MacOSX.platform/Developer/SDKs/MacOSX27.0.sdk --xcode-version 27A266a --platform-family macOS --deployment-target 12.0 --bundle-identifier swift-argument-parser.ArgumentParser --output /Users/admin/builder/spi-builder-workspace/.derivedData/Build/Products/Debug/ArgumentParser.appintents --target-triple arm64-apple-macos12.0 --binary-file /Users/admin/builder/spi-builder-workspace/.derivedData/Build/Products/Debug/ArgumentParser.o --dependency-file /Users/admin/builder/spi-builder-workspace/.derivedData/Build/Intermediates.noindex/swift-argument-parser.build/Debug/ArgumentParser-t.build/Objects-normal/arm64/ArgumentParser_dependency_info.dat --stringsdata-file /Users/admin/builder/spi-builder-workspace/.derivedData/Build/Intermediates.noindex/swift-argument-parser.build/Debug/ArgumentParser-t.build/Objects-normal/arm64/ExtractedAppShortcutsMetadata.stringsdata --source-file-list /Users/admin/builder/spi-builder-workspace/.derivedData/Build/Intermediates.noindex/swift-argument-parser.build/Debug/ArgumentParser-t.build/Objects-normal/arm64/ArgumentParser.SwiftFileList --metadata-file-list /Users/admin/builder/spi-builder-workspace/.derivedData/Build/Intermediates.noindex/swift-argument-parser.build/Debug/ArgumentParser-t.build/ArgumentParser.DependencyMetadataFileList --static-metadata-file-list /Users/admin/builder/spi-builder-workspace/.derivedData/Build/Intermediates.noindex/swift-argument-parser.build/Debug/ArgumentParser-t.build/ArgumentParser.DependencyStaticMetadataFileList --swift-const-vals-list /Users/admin/builder/spi-builder-workspace/.derivedData/Build/Intermediates.noindex/swift-argument-parser.build/Debug/ArgumentParser-t.build/Objects-normal/arm64/ArgumentParser.SwiftConstValuesFileList --force --compile-time-extraction --deployment-aware-processing --no-app-shortcuts-localization
2026-09-23 03:40:25.513 appintentsmetadataprocessor[1246:7135] Starting appintentsmetadataprocessor export
2026-09-23 03:40:25.576 appintentsmetadataprocessor[1246:7135] Extracted no relevant App Intents symbols, skipping writing output
Ld /Users/admin/builder/spi-builder-workspace/.derivedData/Build/Products/Debug/SakeShared.o normal (in target 'SakeShared' from project 'Sake')
    cd /Users/admin/builder/spi-builder-workspace
    /Applications/Xcode-27.0.0-Release.Candidate.app/Contents/Developer/Toolchains/XcodeDefault.xctoolchain/usr/bin/clang -Xlinker -reproducible -target arm64-apple-macos13.0 -r -isysroot /Applications/Xcode-27.0.0-Release.Candidate.app/Contents/Developer/Platforms/MacOSX.platform/Developer/SDKs/MacOSX27.0.sdk -O0 -Xlinker -no_warn_duplicate_libraries -F/Users/admin/builder/spi-builder-workspace/.derivedData/Build/Intermediates.noindex/EagerLinkingTBDs/Debug -F/Users/admin/builder/spi-builder-workspace/.derivedData/Build/Products/Debug/PackageFrameworks -F/Users/admin/builder/spi-builder-workspace/.derivedData/Build/Products/Debug -iframework /Applications/Xcode-27.0.0-Release.Candidate.app/Contents/Developer/Platforms/MacOSX.platform/Developer/Library/Frameworks -filelist /Users/admin/builder/spi-builder-workspace/.derivedData/Build/Intermediates.noindex/Sake.build/Debug/SakeShared-t.build/Objects-normal/arm64/SakeShared.LinkFileList -nostdlib -Xlinker -object_path_lto -Xlinker /Users/admin/builder/spi-builder-workspace/.derivedData/Build/Intermediates.noindex/Sake.build/Debug/SakeShared-t.build/Objects-normal/arm64/SakeShared_lto.o -Xlinker -no_deduplicate -Xlinker -debug_variant -Xlinker -dependency_info -Xlinker /Users/admin/builder/spi-builder-workspace/.derivedData/Build/Intermediates.noindex/Sake.build/Debug/SakeShared-t.build/Objects-normal/arm64/SakeShared_dependency_info.dat -fobjc-link-runtime -L/Applications/Xcode-27.0.0-Release.Candidate.app/Contents/Developer/Toolchains/XcodeDefault.xctoolchain/usr/lib/swift/macosx -L/usr/lib/swift -Xlinker -add_ast_path -Xlinker /Users/admin/builder/spi-builder-workspace/.derivedData/Build/Intermediates.noindex/Sake.build/Debug/SakeShared-t.build/Objects-normal/arm64/SakeShared.swiftmodule -o /Users/admin/builder/spi-builder-workspace/.derivedData/Build/Products/Debug/SakeShared.o
ExtractAppIntentsMetadata (in target 'SakeShared' from project 'Sake')
    cd /Users/admin/builder/spi-builder-workspace
    /Applications/Xcode-27.0.0-Release.Candidate.app/Contents/Developer/Toolchains/XcodeDefault.xctoolchain/usr/bin/appintentsmetadataprocessor --toolchain-dir /var/run/com.apple.security.cryptexd/mnt/com.apple.MobileAsset.MetalToolchain-v27.1.266.1.7W1zG5/Metal.xctoolchain --module-name SakeShared --sdk-root /Applications/Xcode-27.0.0-Release.Candidate.app/Contents/Developer/Platforms/MacOSX.platform/Developer/SDKs/MacOSX27.0.sdk --xcode-version 27A266a --platform-family macOS --deployment-target 13.0 --bundle-identifier spi-builder-workspace.SakeShared --output /Users/admin/builder/spi-builder-workspace/.derivedData/Build/Products/Debug/SakeShared.appintents --target-triple arm64-apple-macos13.0 --binary-file /Users/admin/builder/spi-builder-workspace/.derivedData/Build/Products/Debug/SakeShared.o --dependency-file /Users/admin/builder/spi-builder-workspace/.derivedData/Build/Intermediates.noindex/Sake.build/Debug/SakeShared-t.build/Objects-normal/arm64/SakeShared_dependency_info.dat --stringsdata-file /Users/admin/builder/spi-builder-workspace/.derivedData/Build/Intermediates.noindex/Sake.build/Debug/SakeShared-t.build/Objects-normal/arm64/ExtractedAppShortcutsMetadata.stringsdata --source-file-list /Users/admin/builder/spi-builder-workspace/.derivedData/Build/Intermediates.noindex/Sake.build/Debug/SakeShared-t.build/Objects-normal/arm64/SakeShared.SwiftFileList --metadata-file-list /Users/admin/builder/spi-builder-workspace/.derivedData/Build/Intermediates.noindex/Sake.build/Debug/SakeShared-t.build/SakeShared.DependencyMetadataFileList --static-metadata-file-list /Users/admin/builder/spi-builder-workspace/.derivedData/Build/Intermediates.noindex/Sake.build/Debug/SakeShared-t.build/SakeShared.DependencyStaticMetadataFileList --swift-const-vals-list /Users/admin/builder/spi-builder-workspace/.derivedData/Build/Intermediates.noindex/Sake.build/Debug/SakeShared-t.build/Objects-normal/arm64/SakeShared.SwiftConstValuesFileList --force --compile-time-extraction --deployment-aware-processing --no-app-shortcuts-localization
2026-09-23 03:40:25.638 appintentsmetadataprocessor[1249:7162] Starting appintentsmetadataprocessor export
2026-09-23 03:40:25.748 appintentsmetadataprocessor[1249:7162] Extracted no relevant App Intents symbols, skipping writing output
SwiftCompile normal arm64 Compiling\ EditCommand.swift /Users/admin/builder/spi-builder-workspace/Sources/SakeCLI/EditCommand.swift (in target 'sake-product' from project 'Sake')
SwiftCompile normal arm64 /Users/admin/builder/spi-builder-workspace/Sources/SakeCLI/EditCommand.swift (in target 'sake-product' from project 'Sake')
    cd /Users/admin/builder/spi-builder-workspace/.swiftpm/xcode
    builtin-SwiftPerFileCompile EditCommand.swift
SwiftCompile normal arm64 Compiling\ BuildCommand.swift /Users/admin/builder/spi-builder-workspace/Sources/SakeCLI/BuildCommand.swift (in target 'sake-product' from project 'Sake')
SwiftCompile normal arm64 /Users/admin/builder/spi-builder-workspace/Sources/SakeCLI/BuildCommand.swift (in target 'sake-product' from project 'Sake')
    cd /Users/admin/builder/spi-builder-workspace/.swiftpm/xcode
    builtin-SwiftPerFileCompile BuildCommand.swift
SwiftCompile normal arm64 Compiling\ SakeCLI.swift /Users/admin/builder/spi-builder-workspace/Sources/SakeCLI/SakeCLI.swift (in target 'sake-product' from project 'Sake')
/Users/admin/builder/spi-builder-workspace/Sources/SakeCLI/RunCommand.swift:19:22: warning: 'custom' is deprecated: Provide a three-parameter closure instead. See custom(@Sendable @escaping ([String], Int, String) -> [String]). [#DeprecatedDeclaration]
17 |     @Argument(
18 |         help: "The name of the command to execute.",
19 |         completion: .custom(ShellCompletionCommandListGenerator.generate), // For some reasons new async API makes runtime errors
   |                      `- warning: 'custom' is deprecated: Provide a three-parameter closure instead. See custom(@Sendable @escaping ([String], Int, String) -> [String]). [#DeprecatedDeclaration]
20 |     )
21 |     var command: String
[#DeprecatedDeclaration]: <https://docs.swift.org/compiler/documentation/diagnostics/deprecated-declaration>
SwiftCompile normal arm64 /Users/admin/builder/spi-builder-workspace/Sources/SakeCLI/SakeCLI.swift (in target 'sake-product' from project 'Sake')
    cd /Users/admin/builder/spi-builder-workspace/.swiftpm/xcode
    builtin-SwiftPerFileCompile SakeCLI.swift
SwiftCompile normal arm64 Compiling\ ListCommand.swift /Users/admin/builder/spi-builder-workspace/Sources/SakeCLI/ListCommand.swift (in target 'sake-product' from project 'Sake')
SwiftCompile normal arm64 /Users/admin/builder/spi-builder-workspace/Sources/SakeCLI/ListCommand.swift (in target 'sake-product' from project 'Sake')
    cd /Users/admin/builder/spi-builder-workspace/.swiftpm/xcode
    builtin-SwiftPerFileCompile ListCommand.swift
SwiftCompile normal arm64 Compiling\ ShellCompletionCommandListGenerator.swift /Users/admin/builder/spi-builder-workspace/Sources/SakeCLI/ShellCompletionCommandListGenerator.swift (in target 'sake-product' from project 'Sake')
/Users/admin/builder/spi-builder-workspace/Sources/SakeCLI/RunCommand.swift:19:22: warning: 'custom' is deprecated: Provide a three-parameter closure instead. See custom(@Sendable @escaping ([String], Int, String) -> [String]). [#DeprecatedDeclaration]
17 |     @Argument(
18 |         help: "The name of the command to execute.",
19 |         completion: .custom(ShellCompletionCommandListGenerator.generate), // For some reasons new async API makes runtime errors
   |                      `- warning: 'custom' is deprecated: Provide a three-parameter closure instead. See custom(@Sendable @escaping ([String], Int, String) -> [String]). [#DeprecatedDeclaration]
20 |     )
21 |     var command: String
[#DeprecatedDeclaration]: <https://docs.swift.org/compiler/documentation/diagnostics/deprecated-declaration>
SwiftCompile normal arm64 /Users/admin/builder/spi-builder-workspace/Sources/SakeCLI/ShellCompletionCommandListGenerator.swift (in target 'sake-product' from project 'Sake')
    cd /Users/admin/builder/spi-builder-workspace/.swiftpm/xcode
    builtin-SwiftPerFileCompile ShellCompletionCommandListGenerator.swift
SwiftCompile normal arm64 Compiling\ RunCommand.swift /Users/admin/builder/spi-builder-workspace/Sources/SakeCLI/RunCommand.swift (in target 'sake-product' from project 'Sake')
SwiftCompile normal arm64 /Users/admin/builder/spi-builder-workspace/Sources/SakeCLI/RunCommand.swift (in target 'sake-product' from project 'Sake')
    cd /Users/admin/builder/spi-builder-workspace/.swiftpm/xcode
    builtin-SwiftPerFileCompile RunCommand.swift
/Users/admin/builder/spi-builder-workspace/Sources/SakeCLI/RunCommand.swift:19:22: warning: 'custom' is deprecated: Provide a three-parameter closure instead. See custom(@Sendable @escaping ([String], Int, String) -> [String]). [#DeprecatedDeclaration]
17 |     @Argument(
18 |         help: "The name of the command to execute.",
19 |         completion: .custom(ShellCompletionCommandListGenerator.generate), // For some reasons new async API makes runtime errors
   |                      `- warning: 'custom' is deprecated: Provide a three-parameter closure instead. See custom(@Sendable @escaping ([String], Int, String) -> [String]). [#DeprecatedDeclaration]
20 |     )
21 |     var command: String
[#DeprecatedDeclaration]: <https://docs.swift.org/compiler/documentation/diagnostics/deprecated-declaration>
SwiftCompile normal arm64 Compiling\ InitCommand.swift /Users/admin/builder/spi-builder-workspace/Sources/SakeCLI/InitCommand.swift (in target 'sake-product' from project 'Sake')
SwiftCompile normal arm64 /Users/admin/builder/spi-builder-workspace/Sources/SakeCLI/InitCommand.swift (in target 'sake-product' from project 'Sake')
    cd /Users/admin/builder/spi-builder-workspace/.swiftpm/xcode
    builtin-SwiftPerFileCompile InitCommand.swift
SwiftCompile normal arm64 Compiling\ CleanCommand.swift /Users/admin/builder/spi-builder-workspace/Sources/SakeCLI/CleanCommand.swift (in target 'sake-product' from project 'Sake')
SwiftCompile normal arm64 /Users/admin/builder/spi-builder-workspace/Sources/SakeCLI/CleanCommand.swift (in target 'sake-product' from project 'Sake')
    cd /Users/admin/builder/spi-builder-workspace/.swiftpm/xcode
    builtin-SwiftPerFileCompile CleanCommand.swift
SwiftEmitModule normal arm64 Emitting\ module\ for\ SakeCLI (in target 'sake-product' from project 'Sake')
/Users/admin/builder/spi-builder-workspace/Sources/SakeCLI/RunCommand.swift:19:22: warning: 'custom' is deprecated: Provide a three-parameter closure instead. See custom(@Sendable @escaping ([String], Int, String) -> [String]). [#DeprecatedDeclaration]
17 |     @Argument(
18 |         help: "The name of the command to execute.",
19 |         completion: .custom(ShellCompletionCommandListGenerator.generate), // For some reasons new async API makes runtime errors
   |                      `- warning: 'custom' is deprecated: Provide a three-parameter closure instead. See custom(@Sendable @escaping ([String], Int, String) -> [String]). [#DeprecatedDeclaration]
20 |     )
21 |     var command: String
[#DeprecatedDeclaration]: <https://docs.swift.org/compiler/documentation/diagnostics/deprecated-declaration>
SwiftCompile normal arm64 (in target 'sake-product' from project 'Sake')
    cd /Users/admin/builder/spi-builder-workspace/.swiftpm/xcode

SwiftEmitModule normal arm64 Emitting\ module\ for\ Sake (in target 'Sake' from project 'Sake')
SwiftCompile normal arm64 (in target 'Sake' from project 'Sake')
    cd /Users/admin/builder/spi-builder-workspace/.swiftpm/xcode

SwiftEmitModule normal arm64 Emitting\ module\ for\ SakeCLILibrary (in target 'SakeCLILibrary' from project 'Sake')
SwiftCompile normal arm64 (in target 'SakeCLILibrary' from project 'Sake')
    cd /Users/admin/builder/spi-builder-workspace/.swiftpm/xcode

SwiftDriverJobDiscovery normal arm64 Compiling SakeCLI.swift (in target 'sake-product' from project 'Sake')
SwiftCompile normal arm64 Compiling\ Version.swift /Users/admin/builder/spi-builder-workspace/Sources/SakeCLI/Version.swift (in target 'sake-product' from project 'Sake')
SwiftCompile normal arm64 /Users/admin/builder/spi-builder-workspace/Sources/SakeCLI/Version.swift (in target 'sake-product' from project 'Sake')
    cd /Users/admin/builder/spi-builder-workspace/.swiftpm/xcode
    builtin-SwiftPerFileCompile Version.swift
SwiftDriverJobDiscovery normal arm64 Compiling ShellCompletionCommandListGenerator.swift (in target 'sake-product' from project 'Sake')
SwiftCompile normal arm64 Compiling\ SakeAppManagerCommandExecutor.swift /Users/admin/builder/spi-builder-workspace/Sources/SakeCLILibrary/SakeAppManager/SakeAppManagerCommandExecutor.swift (in target 'SakeCLILibrary' from project 'Sake')
SwiftCompile normal arm64 /Users/admin/builder/spi-builder-workspace/Sources/SakeCLILibrary/SakeAppManager/SakeAppManagerCommandExecutor.swift (in target 'SakeCLILibrary' from project 'Sake')
    cd /Users/admin/builder/spi-builder-workspace/.swiftpm/xcode
    builtin-SwiftPerFileCompile SakeAppManagerCommandExecutor.swift
SwiftDriverJobDiscovery normal arm64 Emitting module for SakeCLI (in target 'sake-product' from project 'Sake')
SwiftDriver\ Compilation\ Requirements sake normal arm64 com.apple.xcode.tools.swift.compiler (in target 'sake-product' from project 'Sake')
    cd /Users/admin/builder/spi-builder-workspace/.swiftpm/xcode
    builtin-Swift-Compilation-Requirements -- /Applications/Xcode-27.0.0-Release.Candidate.app/Contents/Developer/Toolchains/XcodeDefault.xctoolchain/usr/bin/swiftc -parse-as-library -module-name SakeCLI -Onone @/Users/admin/builder/spi-builder-workspace/.derivedData/Build/Intermediates.noindex/Sake.build/Debug/sake-p.build/Objects-normal/arm64/sake.SwiftFileList -DSWIFT_PACKAGE -DDEBUG -Xcc -fmodule-map-file\=/Users/admin/builder/spi-builder-workspace/.dependencies/checkouts/swift-system/Sources/CSystem/include/module.modulemap -Xcc -fmodule-map-file\=/Users/admin/builder/spi-builder-workspace/.dependencies/checkouts/swift-subprocess/Sources/_SubprocessCShims/include/module.modulemap -Xcc -fmodule-map-file\=/Users/admin/builder/spi-builder-workspace/.dependencies/checkouts/Yams/Sources/CYaml/include/module.modulemap -DXcode -plugin-path /Applications/Xcode-27.0.0-Release.Candidate.app/Contents/Developer/Toolchains/XcodeDefault.xctoolchain/usr/lib/swift/host/plugins/testing -enable-experimental-feature DebugDescriptionMacro -sdk /Applications/Xcode-27.0.0-Release.Candidate.app/Contents/Developer/Platforms/MacOSX.platform/Developer/SDKs/MacOSX27.0.sdk -target arm64-apple-macos13.0 -g -module-cache-path /Users/admin/builder/spi-builder-workspace/.derivedData/ModuleCache.noindex -Xfrontend -serialize-debugging-options -profile-coverage-mapping -profile-generate -enable-testing -index-store-path /Users/admin/builder/spi-builder-workspace/.derivedData/Index.noindex/DataStore -Xcc -D_LIBCPP_HARDENING_MODE\=_LIBCPP_HARDENING_MODE_DEBUG -swift-version 6 -I /Users/admin/builder/spi-builder-workspace/.derivedData/Build/Products/Debug -Isystem /Applications/Xcode-27.0.0-Release.Candidate.app/Contents/Developer/Platforms/MacOSX.platform/Developer/usr/lib -F /Users/admin/builder/spi-builder-workspace/.derivedData/Build/Products/Debug/PackageFrameworks -F /Users/admin/builder/spi-builder-workspace/.derivedData/Build/Products/Debug -F /Applications/Xcode-27.0.0-Release.Candidate.app/Contents/Developer/Platforms/MacOSX.platform/Developer/Library/Frameworks -c -j10 -enable-batch-mode -incremental -Xcc -ivfsstatcache -Xcc /Users/admin/builder/spi-builder-workspace/.derivedData/SDKStatCaches.noindex/macosx27.0-26A425-e829b21a6f8c9b70876ba0858053c0446a22442a12e9d48fe1a705f55a1adfc4.sdkstatcache -output-file-map /Users/admin/builder/spi-builder-workspace/.derivedData/Build/Intermediates.noindex/Sake.build/Debug/sake-p.build/Objects-normal/arm64/sake-OutputFileMap.json -save-temps -no-color-diagnostics -explicit-module-build -module-cache-path /Users/admin/builder/spi-builder-workspace/.derivedData/Build/Intermediates.noindex/SwiftExplicitPrecompiledModules -clang-scanner-module-cache-path /Users/admin/builder/spi-builder-workspace/.derivedData/ModuleCache.noindex -sdk-module-cache-path /Users/admin/builder/spi-builder-workspace/.derivedData/SDKExplicitPrecompiledModules -emit-dependencies -emit-module -emit-module-path /Users/admin/builder/spi-builder-workspace/.derivedData/Build/Intermediates.noindex/Sake.build/Debug/sake-p.build/Objects-normal/arm64/SakeCLI.swiftmodule -serialize-diagnostics -dependency-scan-serialize-diagnostics-path /Users/admin/builder/spi-builder-workspace/.derivedData/Build/Intermediates.noindex/Sake.build/Debug/sake-p.build/Objects-normal/arm64/SakeCLI-dependency-scan.dia -validate-clang-modules-once -clang-build-session-file /Users/admin/builder/spi-builder-workspace/.derivedData/ModuleCache.noindex/Session.modulevalidation -Xcc -fmodules-prune-interval\=86400 -Xcc -fmodules-prune-after\=345600 -package-name spi_builder_workspace -emit-const-values -const-gather-protocols-list /Users/admin/builder/spi-builder-workspace/.derivedData/Build/Intermediates.noindex/Sake.build/Debug/sake-p.build/Objects-normal/arm64/sake_const_extract_protocols.json -Xcc -I/Users/admin/builder/spi-builder-workspace/.dependencies/checkouts/swift-system/Sources/CSystem/include -Xcc -I/Users/admin/builder/spi-builder-workspace/.dependencies/checkouts/swift-subprocess/Sources/_SubprocessCShims/include -Xcc -I/Users/admin/builder/spi-builder-workspace/.dependencies/checkouts/Yams/Sources/CYaml/include -Xcc -I/Users/admin/builder/spi-builder-workspace/.derivedData/Build/Products/Debug/include -Xcc -I/Users/admin/builder/spi-builder-workspace/.derivedData/Build/Intermediates.noindex/Sake.build/Debug/sake-p.build/DerivedSources-normal/arm64 -Xcc -I/Users/admin/builder/spi-builder-workspace/.derivedData/Build/Intermediates.noindex/Sake.build/Debug/sake-p.build/DerivedSources/arm64 -Xcc -I/Users/admin/builder/spi-builder-workspace/.derivedData/Build/Intermediates.noindex/Sake.build/Debug/sake-p.build/DerivedSources -Xcc -DSWIFT_PACKAGE -Xcc -DDEBUG\=1 -working-directory /Users/admin/builder/spi-builder-workspace/.swiftpm/xcode -experimental-emit-module-separately -disable-cmo
SwiftDriverJobDiscovery normal arm64 Compiling CleanCommand.swift (in target 'sake-product' from project 'Sake')
SwiftCompile normal arm64 Compiling\ PackageDescription.swift /Users/admin/builder/spi-builder-workspace/Sources/SakeCLILibrary/SakeAppManager/PackageDescription.swift (in target 'SakeCLILibrary' from project 'Sake')
SwiftCompile normal arm64 /Users/admin/builder/spi-builder-workspace/Sources/SakeCLILibrary/SakeAppManager/PackageDescription.swift (in target 'SakeCLILibrary' from project 'Sake')
    cd /Users/admin/builder/spi-builder-workspace/.swiftpm/xcode
    builtin-SwiftPerFileCompile PackageDescription.swift
SwiftCompile normal arm64 Compiling\ Constants.swift /Users/admin/builder/spi-builder-workspace/Sources/SakeCLILibrary/SakeAppManager/Constants.swift (in target 'SakeCLILibrary' from project 'Sake')
SwiftCompile normal arm64 /Users/admin/builder/spi-builder-workspace/Sources/SakeCLILibrary/SakeAppManager/Constants.swift (in target 'SakeCLILibrary' from project 'Sake')
    cd /Users/admin/builder/spi-builder-workspace/.swiftpm/xcode
    builtin-SwiftPerFileCompile Constants.swift
SwiftDriverJobDiscovery normal arm64 Compiling InitCommand.swift (in target 'sake-product' from project 'Sake')
SwiftDriverJobDiscovery normal arm64 Compiling EditCommand.swift (in target 'sake-product' from project 'Sake')
SwiftCompile normal arm64 Compiling\ FileConfig.swift /Users/admin/builder/spi-builder-workspace/Sources/SakeCLILibrary/Config/FileConfig.swift (in target 'SakeCLILibrary' from project 'Sake')
SwiftCompile normal arm64 /Users/admin/builder/spi-builder-workspace/Sources/SakeCLILibrary/Config/FileConfig.swift (in target 'SakeCLILibrary' from project 'Sake')
    cd /Users/admin/builder/spi-builder-workspace/.swiftpm/xcode
    builtin-SwiftPerFileCompile FileConfig.swift
SwiftCompile normal arm64 Compiling\ Logger.swift /Users/admin/builder/spi-builder-workspace/Sources/SakeCLILibrary/Helpers/Logger.swift (in target 'SakeCLILibrary' from project 'Sake')
SwiftCompile normal arm64 /Users/admin/builder/spi-builder-workspace/Sources/SakeCLILibrary/Helpers/Logger.swift (in target 'SakeCLILibrary' from project 'Sake')
    cd /Users/admin/builder/spi-builder-workspace/.swiftpm/xcode
    builtin-SwiftPerFileCompile Logger.swift
SwiftDriverJobDiscovery normal arm64 Compiling BuildCommand.swift (in target 'sake-product' from project 'Sake')
SwiftCompile normal arm64 Compiling\ ShellExecutor.swift /Users/admin/builder/spi-builder-workspace/Sources/SakeCLILibrary/Helpers/ShellExecutor.swift (in target 'SakeCLILibrary' from project 'Sake')
/Users/admin/builder/spi-builder-workspace/Sources/SakeCLILibrary/Helpers/ShellExecutor.swift:87:19: error: type 'TerminationStatus' has no member 'unhandledException'
85 |         case let .exited(code):
86 |             Int(code)
87 |         case let .unhandledException(code):
   |                   `- error: type 'TerminationStatus' has no member 'unhandledException'
88 |             Int(code)
89 |         }
Failed frontend command:
/Applications/Xcode-27.0.0-Release.Candidate.app/Contents/Developer/Toolchains/XcodeDefault.xctoolchain/usr/bin/swift-frontend -frontend -c /Users/admin/builder/spi-builder-workspace/Sources/SakeCLILibrary/CommonOptions.swift /Users/admin/builder/spi-builder-workspace/Sources/SakeCLILibrary/Config/CLIConfig.swift /Users/admin/builder/spi-builder-workspace/Sources/SakeCLILibrary/Config/Config.swift /Users/admin/builder/spi-builder-workspace/Sources/SakeCLILibrary/Config/ConfigManager.swift /Users/admin/builder/spi-builder-workspace/Sources/SakeCLILibrary/Config/ENVConfig.swift /Users/admin/builder/spi-builder-workspace/Sources/SakeCLILibrary/Config/FileConfig.swift /Users/admin/builder/spi-builder-workspace/Sources/SakeCLILibrary/Helpers/DynamicCodingKey.swift /Users/admin/builder/spi-builder-workspace/Sources/SakeCLILibrary/Helpers/Logger.swift -primary-file /Users/admin/builder/spi-builder-workspace/Sources/SakeCLILibrary/Helpers/ShellExecutor.swift /Users/admin/builder/spi-builder-workspace/Sources/SakeCLILibrary/Helpers/String+Shell.swift /Users/admin/builder/spi-builder-workspace/Sources/SakeCLILibrary/Helpers/String+nilIfEmpty.swift /Users/admin/builder/spi-builder-workspace/Sources/SakeCLILibrary/SakeAppManager/Constants.swift /Users/admin/builder/spi-builder-workspace/Sources/SakeCLILibrary/SakeAppManager/PackageDescription.swift /Users/admin/builder/spi-builder-workspace/Sources/SakeCLILibrary/SakeAppManager/SakeAppContents.swift /Users/admin/builder/spi-builder-workspace/Sources/SakeCLILibrary/SakeAppManager/SakeAppManager+CommandListGenerator.swift /Users/admin/builder/spi-builder-workspace/Sources/SakeCLILibrary/SakeAppManager/SakeAppManager+InitializedMode.swift /Users/admin/builder/spi-builder-workspace/Sources/SakeCLILibrary/SakeAppManager/SakeAppManager+UnitializedMode.swift /Users/admin/builder/spi-builder-workspace/Sources/SakeCLILibrary/SakeAppManager/SakeAppManager.swift /Users/admin/builder/spi-builder-workspace/Sources/SakeCLILibrary/SakeAppManager/SakeAppManagerCommandExecutor.swift /Users/admin/builder/spi-builder-workspace/Sources/SakeCLILibrary/SakeAppManager/SakeAppManagerError.swift /Users/admin/builder/spi-builder-workspace/Sources/SakeCLILibrary/SakeAppManager/SakeAppManagerFileHandle.swift -emit-dependencies-path /Users/admin/builder/spi-builder-workspace/.derivedData/Build/Intermediates.noindex/Sake.build/Debug/SakeCLILibrary-t.build/Objects-normal/arm64/ShellExecutor.d -emit-const-values-path /Users/admin/builder/spi-builder-workspace/.derivedData/Build/Intermediates.noindex/Sake.build/Debug/SakeCLILibrary-t.build/Objects-normal/arm64/ShellExecutor.swiftconstvalues -emit-reference-dependencies-path /Users/admin/builder/spi-builder-workspace/.derivedData/Build/Intermediates.noindex/Sake.build/Debug/SakeCLILibrary-t.build/Objects-normal/arm64/ShellExecutor.swiftdeps -serialize-diagnostics-path /Users/admin/builder/spi-builder-workspace/.derivedData/Build/Intermediates.noindex/Sake.build/Debug/SakeCLILibrary-t.build/Objects-normal/arm64/ShellExecutor.dia -target arm64-apple-macos13.0 -module-can-import-version System 5027.0.67 0 -disable-cross-import-overlay-search -load-resolved-plugin /Applications/Xcode-27.0.0-Release.Candidate.app/Contents/Developer/Platforms/MacOSX.platform/Developer/usr/lib/swift/host/plugins/libFoundationMacros.dylib\#/Applications/Xcode-27.0.0-Release.Candidate.app/Contents/Developer/Platforms/MacOSX.platform/Developer/usr/bin/swift-plugin-server\#FoundationMacros -load-resolved-plugin /Applications/Xcode-27.0.0-Release.Candidate.app/Contents/Developer/Platforms/MacOSX.platform/Developer/usr/lib/swift/host/plugins/libObservationMacros.dylib\#/Applications/Xcode-27.0.0-Release.Candidate.app/Contents/Developer/Platforms/MacOSX.platform/Developer/usr/bin/swift-plugin-server\#ObservationMacros -load-resolved-plugin /Applications/Xcode-27.0.0-Release.Candidate.app/Contents/Developer/Platforms/MacOSX.platform/Developer/usr/lib/swift/host/plugins/libSwiftMacros.dylib\#/Applications/Xcode-27.0.0-Release.Candidate.app/Contents/Developer/Platforms/MacOSX.platform/Developer/usr/bin/swift-plugin-server\#SwiftMacros -disable-implicit-swift-modules -Xcc -fno-implicit-modules -Xcc -fno-implicit-module-maps -explicit-swift-module-map-file /Users/admin/builder/spi-builder-workspace/.derivedData/Build/Intermediates.noindex/Sake.build/Debug/SakeCLILibrary-t.build/Objects-normal/arm64/SakeCLILibrary-dependencies-1.json -Xllvm -aarch64-use-tbi -enable-objc-interop -stack-check -sdk /Applications/Xcode-27.0.0-Release.Candidate.app/Contents/Developer/Platforms/MacOSX.platform/Developer/SDKs/MacOSX27.0.sdk -I /Users/admin/builder/spi-builder-workspace/.derivedData/Build/Products/Debug -Isystem /Applications/Xcode-27.0.0-Release.Candidate.app/Contents/Developer/Platforms/MacOSX.platform/Developer/usr/lib -F /Users/admin/builder/spi-builder-workspace/.derivedData/Build/Products/Debug/PackageFrameworks -F /Users/admin/builder/spi-builder-workspace/.derivedData/Build/Products/Debug -F /Applications/Xcode-27.0.0-Release.Candidate.app/Contents/Developer/Platforms/MacOSX.platform/Developer/Library/Frameworks -module-cache-path /Users/admin/builder/spi-builder-workspace/.derivedData/Build/Intermediates.noindex/SwiftExplicitPrecompiledModules -no-color-diagnostics -Xcc -fno-color-diagnostics -enable-testing -g -debug-info-format\=dwarf -dwarf-version\=4 -profile-generate -profile-coverage-mapping -swift-version 6 -Onone -D SWIFT_PACKAGE -D DEBUG -D SWIFT_MODULE_RESOURCE_BUNDLE_UNAVAILABLE -D Xcode -serialize-debugging-options -enable-experimental-feature DebugDescriptionMacro -empty-abi-descriptor -validate-clang-modules-once -clang-build-session-file /Users/admin/builder/spi-builder-workspace/.derivedData/ModuleCache.noindex/Session.modulevalidation -Xcc -working-directory -Xcc /Users/admin/builder/spi-builder-workspace/.swiftpm/xcode -enable-anonymous-context-mangled-names -file-compilation-dir /Users/admin/builder/spi-builder-workspace/.swiftpm/xcode -Xcc -fmodule-map-file\=/Users/admin/builder/spi-builder-workspace/.dependencies/checkouts/swift-system/Sources/CSystem/include/module.modulemap -Xcc -fmodule-map-file\=/Users/admin/builder/spi-builder-workspace/.dependencies/checkouts/swift-subprocess/Sources/_SubprocessCShims/include/module.modulemap -Xcc -fmodule-map-file\=/Users/admin/builder/spi-builder-workspace/.dependencies/checkouts/Yams/Sources/CYaml/include/module.modulemap -Xcc -D_LIBCPP_HARDENING_MODE\=_LIBCPP_HARDENING_MODE_DEBUG -Xcc -ivfsstatcache -Xcc /Users/admin/builder/spi-builder-workspace/.derivedData/SDKStatCaches.noindex/macosx27.0-26A425-e829b21a6f8c9b70876ba0858053c0446a22442a12e9d48fe1a705f55a1adfc4.sdkstatcache -Xcc -fmodules-prune-interval\=86400 -Xcc -fmodules-prune-after\=345600 -Xcc -I/Users/admin/builder/spi-builder-workspace/.dependencies/checkouts/swift-system/Sources/CSystem/include -Xcc -I/Users/admin/builder/spi-builder-workspace/.dependencies/checkouts/swift-subprocess/Sources/_SubprocessCShims/include -Xcc -I/Users/admin/builder/spi-builder-workspace/.dependencies/checkouts/Yams/Sources/CYaml/include -Xcc -I/Users/admin/builder/spi-builder-workspace/.derivedData/Build/Products/Debug/include -Xcc -I/Users/admin/builder/spi-builder-workspace/.derivedData/Build/Intermediates.noindex/Sake.build/Debug/SakeCLILibrary-t.build/DerivedSources-normal/arm64 -Xcc -I/Users/admin/builder/spi-builder-workspace/.derivedData/Build/Intermediates.noindex/Sake.build/Debug/SakeCLILibrary-t.build/DerivedSources/arm64 -Xcc -I/Users/admin/builder/spi-builder-workspace/.derivedData/Build/Intermediates.noindex/Sake.build/Debug/SakeCLILibrary-t.build/DerivedSources -Xcc -DSWIFT_PACKAGE -Xcc -DDEBUG\=1 -no-auto-bridging-header-chaining -module-name SakeCLILibrary -package-name spi_builder_workspace -const-gather-protocols-file /Users/admin/builder/spi-builder-workspace/.derivedData/Build/Intermediates.noindex/Sake.build/Debug/SakeCLILibrary-t.build/Objects-normal/arm64/SakeCLILibrary_const_extract_protocols.json -disable-clang-spi -clang-target arm64-apple-macos27.0 -target-sdk-version 27.0 -target-sdk-name macosx27.0 -in-process-plugin-server-path /Applications/Xcode-27.0.0-Release.Candidate.app/Contents/Developer/Toolchains/XcodeDefault.xctoolchain/usr/lib/swift/host/libSwiftInProcPluginServer.dylib -parse-as-library -o /Users/admin/builder/spi-builder-workspace/.derivedData/Build/Intermediates.noindex/Sake.build/Debug/SakeCLILibrary-t.build/Objects-normal/arm64/ShellExecutor.o -debug-module-path /Users/admin/builder/spi-builder-workspace/.derivedData/Build/Intermediates.noindex/Sake.build/Debug/SakeCLILibrary-t.build/Objects-normal/arm64/SakeCLILibrary.swiftmodule -index-unit-output-path /Sake.build/Debug/SakeCLILibrary-t.build/Objects-normal/arm64/ShellExecutor.o -index-store-path /Users/admin/builder/spi-builder-workspace/.derivedData/Index.noindex/DataStore -index-system-modules
SwiftCompile normal arm64 /Users/admin/builder/spi-builder-workspace/Sources/SakeCLILibrary/Helpers/ShellExecutor.swift (in target 'SakeCLILibrary' from project 'Sake')
    cd /Users/admin/builder/spi-builder-workspace/.swiftpm/xcode
    builtin-SwiftPerFileCompile ShellExecutor.swift
SwiftDriverJobDiscovery normal arm64 Compiling ListCommand.swift (in target 'sake-product' from project 'Sake')
SwiftCompile normal arm64 Compiling\ DynamicCodingKey.swift /Users/admin/builder/spi-builder-workspace/Sources/SakeCLILibrary/Helpers/DynamicCodingKey.swift (in target 'SakeCLILibrary' from project 'Sake')
SwiftCompile normal arm64 /Users/admin/builder/spi-builder-workspace/Sources/SakeCLILibrary/Helpers/DynamicCodingKey.swift (in target 'SakeCLILibrary' from project 'Sake')
    cd /Users/admin/builder/spi-builder-workspace/.swiftpm/xcode
    builtin-SwiftPerFileCompile DynamicCodingKey.swift
SwiftDriverJobDiscovery normal arm64 Compiling RunCommand.swift (in target 'sake-product' from project 'Sake')
SwiftCompile normal arm64 Compiling\ SakeAppManager.swift /Users/admin/builder/spi-builder-workspace/Sources/SakeCLILibrary/SakeAppManager/SakeAppManager.swift (in target 'SakeCLILibrary' from project 'Sake')
SwiftCompile normal arm64 /Users/admin/builder/spi-builder-workspace/Sources/SakeCLILibrary/SakeAppManager/SakeAppManager.swift (in target 'SakeCLILibrary' from project 'Sake')
    cd /Users/admin/builder/spi-builder-workspace/.swiftpm/xcode
    builtin-SwiftPerFileCompile SakeAppManager.swift
SwiftDriverJobDiscovery normal arm64 Emitting module for Sake (in target 'Sake' from project 'Sake')
SwiftDriver\ Compilation\ Requirements Sake normal arm64 com.apple.xcode.tools.swift.compiler (in target 'Sake' from project 'Sake')
    cd /Users/admin/builder/spi-builder-workspace/.swiftpm/xcode
    builtin-Swift-Compilation-Requirements -- /Applications/Xcode-27.0.0-Release.Candidate.app/Contents/Developer/Toolchains/XcodeDefault.xctoolchain/usr/bin/swiftc -parse-as-library -module-name Sake -Onone @/Users/admin/builder/spi-builder-workspace/.derivedData/Build/Intermediates.noindex/Sake.build/Debug/Sake-t.build/Objects-normal/arm64/Sake.SwiftFileList -DSWIFT_PACKAGE -DDEBUG -DSWIFT_MODULE_RESOURCE_BUNDLE_UNAVAILABLE -DXcode -plugin-path /Applications/Xcode-27.0.0-Release.Candidate.app/Contents/Developer/Toolchains/XcodeDefault.xctoolchain/usr/lib/swift/host/plugins/testing -enable-experimental-feature DebugDescriptionMacro -sdk /Applications/Xcode-27.0.0-Release.Candidate.app/Contents/Developer/Platforms/MacOSX.platform/Developer/SDKs/MacOSX27.0.sdk -target arm64-apple-macos13.0 -g -module-cache-path /Users/admin/builder/spi-builder-workspace/.derivedData/ModuleCache.noindex -Xfrontend -serialize-debugging-options -profile-coverage-mapping -profile-generate -enable-testing -index-store-path /Users/admin/builder/spi-builder-workspace/.derivedData/Index.noindex/DataStore -Xcc -D_LIBCPP_HARDENING_MODE\=_LIBCPP_HARDENING_MODE_DEBUG -swift-version 6 -I /Users/admin/builder/spi-builder-workspace/.derivedData/Build/Products/Debug -Isystem /Applications/Xcode-27.0.0-Release.Candidate.app/Contents/Developer/Platforms/MacOSX.platform/Developer/usr/lib -F /Users/admin/builder/spi-builder-workspace/.derivedData/Build/Products/Debug/PackageFrameworks -F /Users/admin/builder/spi-builder-workspace/.derivedData/Build/Products/Debug -F /Applications/Xcode-27.0.0-Release.Candidate.app/Contents/Developer/Platforms/MacOSX.platform/Developer/Library/Frameworks -Xfrontend -load-plugin-executable -Xfrontend /Users/admin/builder/spi-builder-workspace/.derivedData/Build/Products/Debug/SakeMacros\#SakeMacros -c -j10 -enable-batch-mode -incremental -Xcc -ivfsstatcache -Xcc /Users/admin/builder/spi-builder-workspace/.derivedData/SDKStatCaches.noindex/macosx27.0-26A425-e829b21a6f8c9b70876ba0858053c0446a22442a12e9d48fe1a705f55a1adfc4.sdkstatcache -output-file-map /Users/admin/builder/spi-builder-workspace/.derivedData/Build/Intermediates.noindex/Sake.build/Debug/Sake-t.build/Objects-normal/arm64/Sake-OutputFileMap.json -save-temps -no-color-diagnostics -explicit-module-build -module-cache-path /Users/admin/builder/spi-builder-workspace/.derivedData/Build/Intermediates.noindex/SwiftExplicitPrecompiledModules -clang-scanner-module-cache-path /Users/admin/builder/spi-builder-workspace/.derivedData/ModuleCache.noindex -sdk-module-cache-path /Users/admin/builder/spi-builder-workspace/.derivedData/SDKExplicitPrecompiledModules -emit-dependencies -emit-module -emit-module-path /Users/admin/builder/spi-builder-workspace/.derivedData/Build/Intermediates.noindex/Sake.build/Debug/Sake-t.build/Objects-normal/arm64/Sake.swiftmodule -serialize-diagnostics -dependency-scan-serialize-diagnostics-path /Users/admin/builder/spi-builder-workspace/.derivedData/Build/Intermediates.noindex/Sake.build/Debug/Sake-t.build/Objects-normal/arm64/Sake-dependency-scan.dia -validate-clang-modules-once -clang-build-session-file /Users/admin/builder/spi-builder-workspace/.derivedData/ModuleCache.noindex/Session.modulevalidation -Xcc -fmodules-prune-interval\=86400 -Xcc -fmodules-prune-after\=345600 -package-name spi_builder_workspace -emit-const-values -const-gather-protocols-list /Users/admin/builder/spi-builder-workspace/.derivedData/Build/Intermediates.noindex/Sake.build/Debug/Sake-t.build/Objects-normal/arm64/Sake_const_extract_protocols.json -Xcc -I/Users/admin/builder/spi-builder-workspace/.derivedData/Build/Products/Debug/include -Xcc -I/Users/admin/builder/spi-builder-workspace/.derivedData/Build/Intermediates.noindex/Sake.build/Debug/Sake-t.build/DerivedSources-normal/arm64 -Xcc -I/Users/admin/builder/spi-builder-workspace/.derivedData/Build/Intermediates.noindex/Sake.build/Debug/Sake-t.build/DerivedSources/arm64 -Xcc -I/Users/admin/builder/spi-builder-workspace/.derivedData/Build/Intermediates.noindex/Sake.build/Debug/Sake-t.build/DerivedSources -Xcc -DSWIFT_PACKAGE -Xcc -DDEBUG\=1 -emit-objc-header -emit-objc-header-path /Users/admin/builder/spi-builder-workspace/.derivedData/Build/Intermediates.noindex/Sake.build/Debug/Sake-t.build/Objects-normal/arm64/Sake-Swift.h -working-directory /Users/admin/builder/spi-builder-workspace/.swiftpm/xcode -experimental-emit-module-separately -disable-cmo
SwiftDriverJobDiscovery normal arm64 Compiling Version.swift (in target 'sake-product' from project 'Sake')
SwiftDriver\ Compilation sake normal arm64 com.apple.xcode.tools.swift.compiler (in target 'sake-product' from project 'Sake')
    cd /Users/admin/builder/spi-builder-workspace/.swiftpm/xcode
    builtin-Swift-Compilation -- /Applications/Xcode-27.0.0-Release.Candidate.app/Contents/Developer/Toolchains/XcodeDefault.xctoolchain/usr/bin/swiftc -parse-as-library -module-name SakeCLI -Onone @/Users/admin/builder/spi-builder-workspace/.derivedData/Build/Intermediates.noindex/Sake.build/Debug/sake-p.build/Objects-normal/arm64/sake.SwiftFileList -DSWIFT_PACKAGE -DDEBUG -Xcc -fmodule-map-file\=/Users/admin/builder/spi-builder-workspace/.dependencies/checkouts/swift-system/Sources/CSystem/include/module.modulemap -Xcc -fmodule-map-file\=/Users/admin/builder/spi-builder-workspace/.dependencies/checkouts/swift-subprocess/Sources/_SubprocessCShims/include/module.modulemap -Xcc -fmodule-map-file\=/Users/admin/builder/spi-builder-workspace/.dependencies/checkouts/Yams/Sources/CYaml/include/module.modulemap -DXcode -plugin-path /Applications/Xcode-27.0.0-Release.Candidate.app/Contents/Developer/Toolchains/XcodeDefault.xctoolchain/usr/lib/swift/host/plugins/testing -enable-experimental-feature DebugDescriptionMacro -sdk /Applications/Xcode-27.0.0-Release.Candidate.app/Contents/Developer/Platforms/MacOSX.platform/Developer/SDKs/MacOSX27.0.sdk -target arm64-apple-macos13.0 -g -module-cache-path /Users/admin/builder/spi-builder-workspace/.derivedData/ModuleCache.noindex -Xfrontend -serialize-debugging-options -profile-coverage-mapping -profile-generate -enable-testing -index-store-path /Users/admin/builder/spi-builder-workspace/.derivedData/Index.noindex/DataStore -Xcc -D_LIBCPP_HARDENING_MODE\=_LIBCPP_HARDENING_MODE_DEBUG -swift-version 6 -I /Users/admin/builder/spi-builder-workspace/.derivedData/Build/Products/Debug -Isystem /Applications/Xcode-27.0.0-Release.Candidate.app/Contents/Developer/Platforms/MacOSX.platform/Developer/usr/lib -F /Users/admin/builder/spi-builder-workspace/.derivedData/Build/Products/Debug/PackageFrameworks -F /Users/admin/builder/spi-builder-workspace/.derivedData/Build/Products/Debug -F /Applications/Xcode-27.0.0-Release.Candidate.app/Contents/Developer/Platforms/MacOSX.platform/Developer/Library/Frameworks -c -j10 -enable-batch-mode -incremental -Xcc -ivfsstatcache -Xcc /Users/admin/builder/spi-builder-workspace/.derivedData/SDKStatCaches.noindex/macosx27.0-26A425-e829b21a6f8c9b70876ba0858053c0446a22442a12e9d48fe1a705f55a1adfc4.sdkstatcache -output-file-map /Users/admin/builder/spi-builder-workspace/.derivedData/Build/Intermediates.noindex/Sake.build/Debug/sake-p.build/Objects-normal/arm64/sake-OutputFileMap.json -save-temps -no-color-diagnostics -explicit-module-build -module-cache-path /Users/admin/builder/spi-builder-workspace/.derivedData/Build/Intermediates.noindex/SwiftExplicitPrecompiledModules -clang-scanner-module-cache-path /Users/admin/builder/spi-builder-workspace/.derivedData/ModuleCache.noindex -sdk-module-cache-path /Users/admin/builder/spi-builder-workspace/.derivedData/SDKExplicitPrecompiledModules -emit-dependencies -emit-module -emit-module-path /Users/admin/builder/spi-builder-workspace/.derivedData/Build/Intermediates.noindex/Sake.build/Debug/sake-p.build/Objects-normal/arm64/SakeCLI.swiftmodule -serialize-diagnostics -dependency-scan-serialize-diagnostics-path /Users/admin/builder/spi-builder-workspace/.derivedData/Build/Intermediates.noindex/Sake.build/Debug/sake-p.build/Objects-normal/arm64/SakeCLI-dependency-scan.dia -validate-clang-modules-once -clang-build-session-file /Users/admin/builder/spi-builder-workspace/.derivedData/ModuleCache.noindex/Session.modulevalidation -Xcc -fmodules-prune-interval\=86400 -Xcc -fmodules-prune-after\=345600 -package-name spi_builder_workspace -emit-const-values -const-gather-protocols-list /Users/admin/builder/spi-builder-workspace/.derivedData/Build/Intermediates.noindex/Sake.build/Debug/sake-p.build/Objects-normal/arm64/sake_const_extract_protocols.json -Xcc -I/Users/admin/builder/spi-builder-workspace/.dependencies/checkouts/swift-system/Sources/CSystem/include -Xcc -I/Users/admin/builder/spi-builder-workspace/.dependencies/checkouts/swift-subprocess/Sources/_SubprocessCShims/include -Xcc -I/Users/admin/builder/spi-builder-workspace/.dependencies/checkouts/Yams/Sources/CYaml/include -Xcc -I/Users/admin/builder/spi-builder-workspace/.derivedData/Build/Products/Debug/include -Xcc -I/Users/admin/builder/spi-builder-workspace/.derivedData/Build/Intermediates.noindex/Sake.build/Debug/sake-p.build/DerivedSources-normal/arm64 -Xcc -I/Users/admin/builder/spi-builder-workspace/.derivedData/Build/Intermediates.noindex/Sake.build/Debug/sake-p.build/DerivedSources/arm64 -Xcc -I/Users/admin/builder/spi-builder-workspace/.derivedData/Build/Intermediates.noindex/Sake.build/Debug/sake-p.build/DerivedSources -Xcc -DSWIFT_PACKAGE -Xcc -DDEBUG\=1 -working-directory /Users/admin/builder/spi-builder-workspace/.swiftpm/xcode -experimental-emit-module-separately -disable-cmo
SwiftMergeGeneratedHeaders /Users/admin/builder/spi-builder-workspace/.derivedData/Build/Intermediates.noindex/GeneratedModuleMaps/Sake-Swift.h /Users/admin/builder/spi-builder-workspace/.derivedData/Build/Intermediates.noindex/Sake.build/Debug/Sake-t.build/Objects-normal/arm64/Sake-Swift.h (in target 'Sake' from project 'Sake')
    cd /Users/admin/builder/spi-builder-workspace
    builtin-swiftHeaderTool -arch arm64 /Users/admin/builder/spi-builder-workspace/.derivedData/Build/Intermediates.noindex/Sake.build/Debug/Sake-t.build/Objects-normal/arm64/Sake-Swift.h -o /Users/admin/builder/spi-builder-workspace/.derivedData/Build/Intermediates.noindex/GeneratedModuleMaps/Sake-Swift.h
Copy /Users/admin/builder/spi-builder-workspace/.derivedData/Build/Products/Debug/Sake.swiftmodule/arm64-apple-macos.swiftmodule /Users/admin/builder/spi-builder-workspace/.derivedData/Build/Intermediates.noindex/Sake.build/Debug/Sake-t.build/Objects-normal/arm64/Sake.swiftmodule (in target 'Sake' from project 'Sake')
    cd /Users/admin/builder/spi-builder-workspace
    builtin-copy -exclude .DS_Store -exclude CVS -exclude .svn -exclude .git -exclude .hg -resolve-src-symlinks -rename /Users/admin/builder/spi-builder-workspace/.derivedData/Build/Intermediates.noindex/Sake.build/Debug/Sake-t.build/Objects-normal/arm64/Sake.swiftmodule /Users/admin/builder/spi-builder-workspace/.derivedData/Build/Products/Debug/Sake.swiftmodule/arm64-apple-macos.swiftmodule
Copy /Users/admin/builder/spi-builder-workspace/.derivedData/Build/Products/Debug/Sake.swiftmodule/arm64-apple-macos.swiftdoc /Users/admin/builder/spi-builder-workspace/.derivedData/Build/Intermediates.noindex/Sake.build/Debug/Sake-t.build/Objects-normal/arm64/Sake.swiftdoc (in target 'Sake' from project 'Sake')
    cd /Users/admin/builder/spi-builder-workspace
    builtin-copy -exclude .DS_Store -exclude CVS -exclude .svn -exclude .git -exclude .hg -resolve-src-symlinks -rename /Users/admin/builder/spi-builder-workspace/.derivedData/Build/Intermediates.noindex/Sake.build/Debug/Sake-t.build/Objects-normal/arm64/Sake.swiftdoc /Users/admin/builder/spi-builder-workspace/.derivedData/Build/Products/Debug/Sake.swiftmodule/arm64-apple-macos.swiftdoc
Copy /Users/admin/builder/spi-builder-workspace/.derivedData/Build/Products/Debug/Sake.swiftmodule/arm64-apple-macos.abi.json /Users/admin/builder/spi-builder-workspace/.derivedData/Build/Intermediates.noindex/Sake.build/Debug/Sake-t.build/Objects-normal/arm64/Sake.abi.json (in target 'Sake' from project 'Sake')
    cd /Users/admin/builder/spi-builder-workspace
    builtin-copy -exclude .DS_Store -exclude CVS -exclude .svn -exclude .git -exclude .hg -resolve-src-symlinks -rename /Users/admin/builder/spi-builder-workspace/.derivedData/Build/Intermediates.noindex/Sake.build/Debug/Sake-t.build/Objects-normal/arm64/Sake.abi.json /Users/admin/builder/spi-builder-workspace/.derivedData/Build/Products/Debug/Sake.swiftmodule/arm64-apple-macos.abi.json
Copy /Users/admin/builder/spi-builder-workspace/.derivedData/Build/Products/Debug/Sake.swiftmodule/Project/arm64-apple-macos.swiftsourceinfo /Users/admin/builder/spi-builder-workspace/.derivedData/Build/Intermediates.noindex/Sake.build/Debug/Sake-t.build/Objects-normal/arm64/Sake.swiftsourceinfo (in target 'Sake' from project 'Sake')
    cd /Users/admin/builder/spi-builder-workspace
    builtin-copy -exclude .DS_Store -exclude CVS -exclude .svn -exclude .git -exclude .hg -resolve-src-symlinks -rename /Users/admin/builder/spi-builder-workspace/.derivedData/Build/Intermediates.noindex/Sake.build/Debug/Sake-t.build/Objects-normal/arm64/Sake.swiftsourceinfo /Users/admin/builder/spi-builder-workspace/.derivedData/Build/Products/Debug/Sake.swiftmodule/Project/arm64-apple-macos.swiftsourceinfo
SwiftDriverJobDiscovery normal arm64 Compiling Constants.swift (in target 'SakeCLILibrary' from project 'Sake')
SwiftCompile normal arm64 Compiling\ CommandGroupProtocol.swift /Users/admin/builder/spi-builder-workspace/Sources/Sake/CommandGroupProtocol.swift (in target 'Sake' from project 'Sake')
SwiftCompile normal arm64 /Users/admin/builder/spi-builder-workspace/Sources/Sake/CommandGroupProtocol.swift (in target 'Sake' from project 'Sake')
    cd /Users/admin/builder/spi-builder-workspace/.swiftpm/xcode
    builtin-SwiftPerFileCompile CommandGroupProtocol.swift
SwiftCompile normal arm64 Compiling\ CommandListFormatter.swift /Users/admin/builder/spi-builder-workspace/Sources/Sake/CommandListFormatter.swift (in target 'Sake' from project 'Sake')
SwiftCompile normal arm64 /Users/admin/builder/spi-builder-workspace/Sources/Sake/CommandListFormatter.swift (in target 'Sake' from project 'Sake')
    cd /Users/admin/builder/spi-builder-workspace/.swiftpm/xcode
    builtin-SwiftPerFileCompile CommandListFormatter.swift
SwiftCompile normal arm64 Compiling\ SakeAppManager+InitializedMode.swift /Users/admin/builder/spi-builder-workspace/Sources/SakeCLILibrary/SakeAppManager/SakeAppManager+InitializedMode.swift (in target 'SakeCLILibrary' from project 'Sake')
SwiftCompile normal arm64 /Users/admin/builder/spi-builder-workspace/Sources/SakeCLILibrary/SakeAppManager/SakeAppManager+InitializedMode.swift (in target 'SakeCLILibrary' from project 'Sake')
    cd /Users/admin/builder/spi-builder-workspace/.swiftpm/xcode
    builtin-SwiftPerFileCompile SakeAppManager+InitializedMode.swift
SwiftDriverJobDiscovery normal arm64 Compiling Logger.swift (in target 'SakeCLILibrary' from project 'Sake')
SwiftCompile normal arm64 Compiling\ SakeAppManager+UnitializedMode.swift /Users/admin/builder/spi-builder-workspace/Sources/SakeCLILibrary/SakeAppManager/SakeAppManager+UnitializedMode.swift (in target 'SakeCLILibrary' from project 'Sake')
SwiftCompile normal arm64 /Users/admin/builder/spi-builder-workspace/Sources/SakeCLILibrary/SakeAppManager/SakeAppManager+UnitializedMode.swift (in target 'SakeCLILibrary' from project 'Sake')
    cd /Users/admin/builder/spi-builder-workspace/.swiftpm/xcode
    builtin-SwiftPerFileCompile SakeAppManager+UnitializedMode.swift
SwiftDriverJobDiscovery normal arm64 Compiling DynamicCodingKey.swift (in target 'SakeCLILibrary' from project 'Sake')
SwiftDriverJobDiscovery normal arm64 Compiling SakeAppManager.swift (in target 'SakeCLILibrary' from project 'Sake')
SwiftCompile normal arm64 Compiling\ SakeAppProtocol.swift /Users/admin/builder/spi-builder-workspace/Sources/Sake/SakeAppProtocol.swift (in target 'Sake' from project 'Sake')
SwiftCompile normal arm64 /Users/admin/builder/spi-builder-workspace/Sources/Sake/SakeAppProtocol.swift (in target 'Sake' from project 'Sake')
    cd /Users/admin/builder/spi-builder-workspace/.swiftpm/xcode
    builtin-SwiftPerFileCompile SakeAppProtocol.swift
SwiftCompile normal arm64 Compiling\ SakeAppManager+CommandListGenerator.swift /Users/admin/builder/spi-builder-workspace/Sources/SakeCLILibrary/SakeAppManager/SakeAppManager+CommandListGenerator.swift (in target 'SakeCLILibrary' from project 'Sake')
SwiftCompile normal arm64 /Users/admin/builder/spi-builder-workspace/Sources/SakeCLILibrary/SakeAppManager/SakeAppManager+CommandListGenerator.swift (in target 'SakeCLILibrary' from project 'Sake')
    cd /Users/admin/builder/spi-builder-workspace/.swiftpm/xcode
    builtin-SwiftPerFileCompile SakeAppManager+CommandListGenerator.swift
SwiftDriverJobDiscovery normal arm64 Compiling PackageDescription.swift (in target 'SakeCLILibrary' from project 'Sake')
SwiftDriverJobDiscovery normal arm64 Compiling FileConfig.swift (in target 'SakeCLILibrary' from project 'Sake')
PruneExplicitPrecompiledModules /Users/admin/builder/spi-builder-workspace/.derivedData/Build/Intermediates.noindex/ExplicitPrecompiledModules
PruneExplicitPrecompiledModules /Users/admin/builder/spi-builder-workspace/.derivedData/Build/Intermediates.noindex/SwiftExplicitPrecompiledModules
PruneExplicitPrecompiledModules /Users/admin/builder/spi-builder-workspace/.derivedData/SDKExplicitPrecompiledModules
2026-09-23 03:40:24.110 xcodebuild[1234:7032] [MT] IDERunDestination: Supported platforms for the buildables in the current scheme is empty.
--- xcodebuild: WARNING: Using the first of multiple matching destinations:
{ platform:macOS, arch:arm64, id:60c539c9bd0e91ada798cb8da78b4da7d09006c9, name:My Mac }
{ platform:macOS, arch:arm64, variant:Mac Catalyst, id:60c539c9bd0e91ada798cb8da78b4da7d09006c9, name:My Mac }
{ platform:macOS, arch:arm64, variant:DriverKit, id:60c539c9bd0e91ada798cb8da78b4da7d09006c9, name:My Mac }
{ platform:macOS, arch:arm64, variant:Designed for [iPad,iPhone], id:60c539c9bd0e91ada798cb8da78b4da7d09006c9, name:My Mac }
** BUILD FAILED **
The following build commands failed:
	SwiftCompile normal arm64 Compiling\ ShellExecutor.swift /Users/admin/builder/spi-builder-workspace/Sources/SakeCLILibrary/Helpers/ShellExecutor.swift (in target 'SakeCLILibrary' from project 'Sake')
	SwiftCompile normal arm64 /Users/admin/builder/spi-builder-workspace/Sources/SakeCLILibrary/Helpers/ShellExecutor.swift (in target 'SakeCLILibrary' from project 'Sake')
	Building workspace Sake with scheme Sake-Package
(3 failures)
BUILD FAILURE 6.4 macosXcodebuild