Build Information
Failed to build HTMLMinifier, reference main (640d11), with Swift 6.4 for watchOS using Xcode 27.0 on 22 Sep 2026 21:35:36 UTC.
Build Command
env DEVELOPER_DIR=/Applications/Xcode-27.0.0-Release.Candidate.app xcrun xcodebuild -IDEClonedSourcePackagesDirPathOverride=$PWD/.dependencies -skipMacroValidation -skipPackagePluginValidation -derivedDataPath $PWD/.derivedData build -scheme HTMLMinifier -destination generic/platform=watchOSBuild Log
========================================
RunAll
========================================
Builder version: 5.1.0
Interrupt handler set up.
========================================
Checkout
========================================
Clone URL: https://github.com/jaywcjlove/HTMLMinifier.git
Reference: main
Initialized empty Git repository in /Users/admin/builder/spi-builder-workspace/.git/
From https://github.com/jaywcjlove/HTMLMinifier
* branch main -> FETCH_HEAD
* [new branch] main -> origin/main
HEAD is now at 640d115 doc: update README.md
Cloned https://github.com/jaywcjlove/HTMLMinifier.git
Revision (git rev-parse @):
640d115d37d420459db6955d57c5f339aec928bb
SUCCESS checkout https://github.com/jaywcjlove/HTMLMinifier.git at main
========================================
Build
========================================
Selected platform: watchOS
Swift version: 6.4
Building package at path: $PWD
https://github.com/jaywcjlove/HTMLMinifier.git
Command line invocation:
/Applications/Xcode-27.0.0-Release.Candidate.app/Contents/Developer/usr/bin/xcodebuild -IDEClonedSourcePackagesDirPathOverride=/Users/admin/builder/spi-builder-workspace/.dependencies -resolvePackageDependencies
Resolve Package Graph
Resolve Package Graph
Resolved source packages:
HTMLMinifier: /Users/admin/builder/spi-builder-workspace
resolved source packages: HTMLMinifier
2026-09-22 17:34:57.113 xcodebuild[525:3007] [MT] IDERunDestination: Supported platforms for the buildables in the current scheme is empty.
{
"dependencies" : [
],
"manifest_display_name" : "HTMLMinifier",
"name" : "HTMLMinifier",
"path" : "/Users/admin/builder/spi-builder-workspace",
"platforms" : [
{
"name" : "macos",
"version" : "10.13"
},
{
"name" : "ios",
"version" : "12.0"
},
{
"name" : "watchos",
"version" : "5.0"
},
{
"name" : "tvos",
"version" : "12.0"
}
],
"products" : [
{
"name" : "HTMLMinifier",
"targets" : [
"HTMLMinifier"
],
"type" : {
"library" : [
"automatic"
]
}
}
],
"targets" : [
{
"c99name" : "HTMLMinifierTests",
"module_type" : "SwiftTarget",
"name" : "HTMLMinifierTests",
"path" : "Tests/HTMLMinifierTests",
"sources" : [
"HTMLMinifierTests.swift"
],
"target_dependencies" : [
"HTMLMinifier"
],
"type" : "test"
},
{
"c99name" : "HTMLMinifier",
"module_type" : "SwiftTarget",
"name" : "HTMLMinifier",
"path" : "Sources/HTMLMinifier",
"product_memberships" : [
"HTMLMinifier"
],
"resources" : [
{
"path" : "/Users/admin/builder/spi-builder-workspace/Sources/HTMLMinifier/Resources/htmlminifier.umd.bundle.min.js",
"rule" : {
"copy" : {
}
}
}
],
"sources" : [
"HTMLMinifier.swift",
"HTMLMinifierOptions.swift"
],
"type" : "library"
}
],
"tools_version" : "6.1"
}
{
"workspace" : {
"name" : "HTMLMinifier",
"schemes" : [
"HTMLMinifier"
]
}
}
2026-09-22 17:35:28.818 xcodebuild[622:3799] [MT] IDERunDestination: Supported platforms for the buildables in the current scheme is empty.
Running build ...
env DEVELOPER_DIR=/Applications/Xcode-27.0.0-Release.Candidate.app xcrun xcodebuild -IDEClonedSourcePackagesDirPathOverride=$PWD/.dependencies -skipMacroValidation -skipPackagePluginValidation -derivedDataPath $PWD/.derivedData build -scheme HTMLMinifier -destination generic/platform=watchOS
Command line invocation:
/Applications/Xcode-27.0.0-Release.Candidate.app/Contents/Developer/usr/bin/xcodebuild -IDEClonedSourcePackagesDirPathOverride=/Users/admin/builder/spi-builder-workspace/.dependencies -skipMacroValidation -skipPackagePluginValidation -derivedDataPath /Users/admin/builder/spi-builder-workspace/.derivedData build -scheme HTMLMinifier -destination generic/platform=watchOS
Resolve Package Graph
Resolved source packages:
HTMLMinifier: /Users/admin/builder/spi-builder-workspace
ComputePackagePrebuildTargetDependencyGraph
Prepare packages
CreateBuildRequest
SendProjectDescription
CreateBuildOperation
ComputeTargetDependencyGraph
note: Building targets in dependency order
note: Target dependency graph (3 targets)
Target 'HTMLMinifier-product' in project 'HTMLMinifier'
➜ Explicit dependency on target 'HTMLMinifier' in project 'HTMLMinifier'
➜ Explicit dependency on target 'HTMLMinifier_HTMLMinifier' in project 'HTMLMinifier'
Target 'HTMLMinifier' in project 'HTMLMinifier'
➜ Explicit dependency on target 'HTMLMinifier_HTMLMinifier' in project 'HTMLMinifier'
Target 'HTMLMinifier_HTMLMinifier' in project 'HTMLMinifier' (no dependencies)
GatherProvisioningInputs
CreateBuildDescription
ExecuteExternalTool /Applications/Xcode-27.0.0-Release.Candidate.app/Contents/Developer/Toolchains/XcodeDefault.xctoolchain/usr/bin/clang -v -E -dM -isysroot /Applications/Xcode-27.0.0-Release.Candidate.app/Contents/Developer/Platforms/WatchOS.platform/Developer/SDKs/WatchOS27.0.sdk -x c -c /dev/null
ExecuteExternalTool /Applications/Xcode-27.0.0-Release.Candidate.app/Contents/Developer/Toolchains/XcodeDefault.xctoolchain/usr/bin/swiftc --version
ExecuteExternalTool /Applications/Xcode-27.0.0-Release.Candidate.app/Contents/Developer/Toolchains/XcodeDefault.xctoolchain/usr/bin/ld -version_details
Build description signature: a273325302d569aeff5b0ef4f3e104f2
Build description path: /Users/admin/builder/spi-builder-workspace/.derivedData/Build/Intermediates.noindex/XCBuildData/a273325302d569aeff5b0ef4f3e104f2.xcbuilddata
CreateBuildDirectory /Users/admin/builder/spi-builder-workspace/.derivedData/SDKExplicitPrecompiledModules
cd /Users/admin/builder/spi-builder-workspace/.swiftpm/xcode
builtin-create-build-directory /Users/admin/builder/spi-builder-workspace/.derivedData/SDKExplicitPrecompiledModules
CreateBuildDirectory /Users/admin/builder/spi-builder-workspace/.derivedData/ModuleCache.noindex
cd /Users/admin/builder/spi-builder-workspace/.swiftpm/xcode
builtin-create-build-directory /Users/admin/builder/spi-builder-workspace/.derivedData/ModuleCache.noindex
CreateBuildDirectory /Users/admin/builder/spi-builder-workspace/.derivedData/CompilationCache.noindex
cd /Users/admin/builder/spi-builder-workspace/.swiftpm/xcode
builtin-create-build-directory /Users/admin/builder/spi-builder-workspace/.derivedData/CompilationCache.noindex
CreateBuildDirectory /Users/admin/builder/spi-builder-workspace/.derivedData/Build/Products
cd /Users/admin/builder/spi-builder-workspace/.swiftpm/xcode
builtin-create-build-directory /Users/admin/builder/spi-builder-workspace/.derivedData/Build/Products
CreateBuildDirectory /Users/admin/builder/spi-builder-workspace/.derivedData/Build/Intermediates.noindex
cd /Users/admin/builder/spi-builder-workspace/.swiftpm/xcode
builtin-create-build-directory /Users/admin/builder/spi-builder-workspace/.derivedData/Build/Intermediates.noindex
ClangStatCache /Applications/Xcode-27.0.0-Release.Candidate.app/Contents/Developer/Toolchains/XcodeDefault.xctoolchain/usr/bin/clang-stat-cache /Applications/Xcode-27.0.0-Release.Candidate.app/Contents/Developer/Platforms/WatchOS.platform/Developer/SDKs/WatchOS27.0.sdk /Users/admin/builder/spi-builder-workspace/.derivedData/SDKStatCaches.noindex/watchos27.0-24R360-e829b21a6f8c9b70876ba0858053c04477534ef55a1706bf4c1112bbb242f0a2.sdkstatcache
cd /Users/admin/builder/spi-builder-workspace/.swiftpm/xcode
/Applications/Xcode-27.0.0-Release.Candidate.app/Contents/Developer/Toolchains/XcodeDefault.xctoolchain/usr/bin/clang-stat-cache /Applications/Xcode-27.0.0-Release.Candidate.app/Contents/Developer/Platforms/WatchOS.platform/Developer/SDKs/WatchOS27.0.sdk -o /Users/admin/builder/spi-builder-workspace/.derivedData/SDKStatCaches.noindex/watchos27.0-24R360-e829b21a6f8c9b70876ba0858053c04477534ef55a1706bf4c1112bbb242f0a2.sdkstatcache
CreateBuildDirectory /Users/admin/builder/spi-builder-workspace/.derivedData/Build/Intermediates.noindex/SwiftExplicitPrecompiledModules
cd /Users/admin/builder/spi-builder-workspace/.swiftpm/xcode
builtin-create-build-directory /Users/admin/builder/spi-builder-workspace/.derivedData/Build/Intermediates.noindex/SwiftExplicitPrecompiledModules
CreateBuildDirectory /Users/admin/builder/spi-builder-workspace/.derivedData/Build/Intermediates.noindex/PrecompiledHeaders
cd /Users/admin/builder/spi-builder-workspace/.swiftpm/xcode
builtin-create-build-directory /Users/admin/builder/spi-builder-workspace/.derivedData/Build/Intermediates.noindex/PrecompiledHeaders
CreateBuildDirectory /Users/admin/builder/spi-builder-workspace/.derivedData/Build/Intermediates.noindex/ExplicitPrecompiledModules
cd /Users/admin/builder/spi-builder-workspace/.swiftpm/xcode
builtin-create-build-directory /Users/admin/builder/spi-builder-workspace/.derivedData/Build/Intermediates.noindex/ExplicitPrecompiledModules
CreateBuildDirectory /Users/admin/builder/spi-builder-workspace/.derivedData/Build/Intermediates.noindex/EagerLinkingTBDs/Debug-watchos
cd /Users/admin/builder/spi-builder-workspace/.swiftpm/xcode
builtin-create-build-directory /Users/admin/builder/spi-builder-workspace/.derivedData/Build/Intermediates.noindex/EagerLinkingTBDs/Debug-watchos
CreateBuildDirectory /Users/admin/builder/spi-builder-workspace/.derivedData/Build/Products/Debug-watchos
cd /Users/admin/builder/spi-builder-workspace/.swiftpm/xcode
builtin-create-build-directory /Users/admin/builder/spi-builder-workspace/.derivedData/Build/Products/Debug-watchos
CreateBuildDirectory /Users/admin/builder/spi-builder-workspace/.derivedData/Build/Products/Debug-watchos/PackageFrameworks
cd /Users/admin/builder/spi-builder-workspace/.swiftpm/xcode
builtin-create-build-directory /Users/admin/builder/spi-builder-workspace/.derivedData/Build/Products/Debug-watchos/PackageFrameworks
MkDir /Users/admin/builder/spi-builder-workspace/.derivedData/Build/Products/Debug-watchos/HTMLMinifier_HTMLMinifier.bundle (in target 'HTMLMinifier_HTMLMinifier' from project 'HTMLMinifier')
cd /Users/admin/builder/spi-builder-workspace
/bin/mkdir -p /Users/admin/builder/spi-builder-workspace/.derivedData/Build/Products/Debug-watchos/HTMLMinifier_HTMLMinifier.bundle
WriteAuxiliaryFile /Users/admin/builder/spi-builder-workspace/.derivedData/Build/Intermediates.noindex/HTMLMinifier.build/Debug-watchos/HTMLMinifier_HTMLMinifier-b.build/HTMLMinifier_HTMLMinifier.DependencyStaticMetadataFileList (in target 'HTMLMinifier_HTMLMinifier' from project 'HTMLMinifier')
cd /Users/admin/builder/spi-builder-workspace
write-file /Users/admin/builder/spi-builder-workspace/.derivedData/Build/Intermediates.noindex/HTMLMinifier.build/Debug-watchos/HTMLMinifier_HTMLMinifier-b.build/HTMLMinifier_HTMLMinifier.DependencyStaticMetadataFileList
WriteAuxiliaryFile /Users/admin/builder/spi-builder-workspace/.derivedData/Build/Intermediates.noindex/HTMLMinifier.build/Debug-watchos/HTMLMinifier_HTMLMinifier-b.build/HTMLMinifier_HTMLMinifier.DependencyMetadataFileList (in target 'HTMLMinifier_HTMLMinifier' from project 'HTMLMinifier')
cd /Users/admin/builder/spi-builder-workspace
write-file /Users/admin/builder/spi-builder-workspace/.derivedData/Build/Intermediates.noindex/HTMLMinifier.build/Debug-watchos/HTMLMinifier_HTMLMinifier-b.build/HTMLMinifier_HTMLMinifier.DependencyMetadataFileList
WriteAuxiliaryFile /Users/admin/builder/spi-builder-workspace/.derivedData/Build/Intermediates.noindex/HTMLMinifier.build/Debug-watchos/HTMLMinifier_HTMLMinifier-b.build/empty-HTMLMinifier_HTMLMinifier.plist (in target 'HTMLMinifier_HTMLMinifier' from project 'HTMLMinifier')
cd /Users/admin/builder/spi-builder-workspace
write-file /Users/admin/builder/spi-builder-workspace/.derivedData/Build/Intermediates.noindex/HTMLMinifier.build/Debug-watchos/HTMLMinifier_HTMLMinifier-b.build/empty-HTMLMinifier_HTMLMinifier.plist
WriteAuxiliaryFile /Users/admin/builder/spi-builder-workspace/.derivedData/Build/Intermediates.noindex/HTMLMinifier.build/Debug-watchos/HTMLMinifier-t.build/Objects-normal/arm64_32/HTMLMinifier_const_extract_protocols.json (in target 'HTMLMinifier' from project 'HTMLMinifier')
cd /Users/admin/builder/spi-builder-workspace
write-file /Users/admin/builder/spi-builder-workspace/.derivedData/Build/Intermediates.noindex/HTMLMinifier.build/Debug-watchos/HTMLMinifier-t.build/Objects-normal/arm64_32/HTMLMinifier_const_extract_protocols.json
WriteAuxiliaryFile /Users/admin/builder/spi-builder-workspace/.derivedData/Build/Intermediates.noindex/HTMLMinifier.build/Debug-watchos/HTMLMinifier-t.build/Objects-normal/arm64_32/HTMLMinifier.SwiftConstValuesFileList (in target 'HTMLMinifier' from project 'HTMLMinifier')
cd /Users/admin/builder/spi-builder-workspace
write-file /Users/admin/builder/spi-builder-workspace/.derivedData/Build/Intermediates.noindex/HTMLMinifier.build/Debug-watchos/HTMLMinifier-t.build/Objects-normal/arm64_32/HTMLMinifier.SwiftConstValuesFileList
WriteAuxiliaryFile /Users/admin/builder/spi-builder-workspace/.derivedData/Build/Intermediates.noindex/HTMLMinifier.build/Debug-watchos/HTMLMinifier-t.build/Objects-normal/arm64_32/HTMLMinifier.LinkFileList (in target 'HTMLMinifier' from project 'HTMLMinifier')
cd /Users/admin/builder/spi-builder-workspace
write-file /Users/admin/builder/spi-builder-workspace/.derivedData/Build/Intermediates.noindex/HTMLMinifier.build/Debug-watchos/HTMLMinifier-t.build/Objects-normal/arm64_32/HTMLMinifier.LinkFileList
WriteAuxiliaryFile /Users/admin/builder/spi-builder-workspace/.derivedData/Build/Intermediates.noindex/HTMLMinifier.build/Debug-watchos/HTMLMinifier-t.build/Objects-normal/arm64_32/HTMLMinifier-OutputFileMap.json (in target 'HTMLMinifier' from project 'HTMLMinifier')
cd /Users/admin/builder/spi-builder-workspace
write-file /Users/admin/builder/spi-builder-workspace/.derivedData/Build/Intermediates.noindex/HTMLMinifier.build/Debug-watchos/HTMLMinifier-t.build/Objects-normal/arm64_32/HTMLMinifier-OutputFileMap.json
WriteAuxiliaryFile /Users/admin/builder/spi-builder-workspace/.derivedData/Build/Intermediates.noindex/HTMLMinifier.build/Debug-watchos/HTMLMinifier-t.build/Objects-normal/arm64_32/HTMLMinifier.SwiftFileList (in target 'HTMLMinifier' from project 'HTMLMinifier')
cd /Users/admin/builder/spi-builder-workspace
write-file /Users/admin/builder/spi-builder-workspace/.derivedData/Build/Intermediates.noindex/HTMLMinifier.build/Debug-watchos/HTMLMinifier-t.build/Objects-normal/arm64_32/HTMLMinifier.SwiftFileList
WriteAuxiliaryFile /Users/admin/builder/spi-builder-workspace/.derivedData/Build/Intermediates.noindex/HTMLMinifier.build/Debug-watchos/HTMLMinifier-t.build/Objects-normal/arm64/HTMLMinifier_const_extract_protocols.json (in target 'HTMLMinifier' from project 'HTMLMinifier')
cd /Users/admin/builder/spi-builder-workspace
write-file /Users/admin/builder/spi-builder-workspace/.derivedData/Build/Intermediates.noindex/HTMLMinifier.build/Debug-watchos/HTMLMinifier-t.build/Objects-normal/arm64/HTMLMinifier_const_extract_protocols.json
WriteAuxiliaryFile /Users/admin/builder/spi-builder-workspace/.derivedData/Build/Intermediates.noindex/HTMLMinifier.build/Debug-watchos/HTMLMinifier-t.build/Objects-normal/arm64/HTMLMinifier.SwiftFileList (in target 'HTMLMinifier' from project 'HTMLMinifier')
cd /Users/admin/builder/spi-builder-workspace
write-file /Users/admin/builder/spi-builder-workspace/.derivedData/Build/Intermediates.noindex/HTMLMinifier.build/Debug-watchos/HTMLMinifier-t.build/Objects-normal/arm64/HTMLMinifier.SwiftFileList
WriteAuxiliaryFile /Users/admin/builder/spi-builder-workspace/.derivedData/Build/Intermediates.noindex/HTMLMinifier.build/Debug-watchos/HTMLMinifier-t.build/Objects-normal/arm64/HTMLMinifier.SwiftConstValuesFileList (in target 'HTMLMinifier' from project 'HTMLMinifier')
cd /Users/admin/builder/spi-builder-workspace
write-file /Users/admin/builder/spi-builder-workspace/.derivedData/Build/Intermediates.noindex/HTMLMinifier.build/Debug-watchos/HTMLMinifier-t.build/Objects-normal/arm64/HTMLMinifier.SwiftConstValuesFileList
WriteAuxiliaryFile /Users/admin/builder/spi-builder-workspace/.derivedData/Build/Intermediates.noindex/HTMLMinifier.build/Debug-watchos/HTMLMinifier-t.build/Objects-normal/arm64/HTMLMinifier.LinkFileList (in target 'HTMLMinifier' from project 'HTMLMinifier')
cd /Users/admin/builder/spi-builder-workspace
write-file /Users/admin/builder/spi-builder-workspace/.derivedData/Build/Intermediates.noindex/HTMLMinifier.build/Debug-watchos/HTMLMinifier-t.build/Objects-normal/arm64/HTMLMinifier.LinkFileList
WriteAuxiliaryFile /Users/admin/builder/spi-builder-workspace/.derivedData/Build/Intermediates.noindex/HTMLMinifier.build/Debug-watchos/HTMLMinifier-t.build/Objects-normal/arm64/HTMLMinifier-OutputFileMap.json (in target 'HTMLMinifier' from project 'HTMLMinifier')
cd /Users/admin/builder/spi-builder-workspace
write-file /Users/admin/builder/spi-builder-workspace/.derivedData/Build/Intermediates.noindex/HTMLMinifier.build/Debug-watchos/HTMLMinifier-t.build/Objects-normal/arm64/HTMLMinifier-OutputFileMap.json
WriteAuxiliaryFile /Users/admin/builder/spi-builder-workspace/.derivedData/Build/Intermediates.noindex/HTMLMinifier.build/Debug-watchos/HTMLMinifier-t.build/HTMLMinifier.modulemap (in target 'HTMLMinifier' from project 'HTMLMinifier')
cd /Users/admin/builder/spi-builder-workspace
write-file /Users/admin/builder/spi-builder-workspace/.derivedData/Build/Intermediates.noindex/HTMLMinifier.build/Debug-watchos/HTMLMinifier-t.build/HTMLMinifier.modulemap
WriteAuxiliaryFile /Users/admin/builder/spi-builder-workspace/.derivedData/Build/Intermediates.noindex/HTMLMinifier.build/Debug-watchos/HTMLMinifier-t.build/HTMLMinifier.DependencyStaticMetadataFileList (in target 'HTMLMinifier' from project 'HTMLMinifier')
cd /Users/admin/builder/spi-builder-workspace
write-file /Users/admin/builder/spi-builder-workspace/.derivedData/Build/Intermediates.noindex/HTMLMinifier.build/Debug-watchos/HTMLMinifier-t.build/HTMLMinifier.DependencyStaticMetadataFileList
WriteAuxiliaryFile /Users/admin/builder/spi-builder-workspace/.derivedData/Build/Intermediates.noindex/HTMLMinifier.build/Debug-watchos/HTMLMinifier-t.build/HTMLMinifier.DependencyMetadataFileList (in target 'HTMLMinifier' from project 'HTMLMinifier')
cd /Users/admin/builder/spi-builder-workspace
write-file /Users/admin/builder/spi-builder-workspace/.derivedData/Build/Intermediates.noindex/HTMLMinifier.build/Debug-watchos/HTMLMinifier-t.build/HTMLMinifier.DependencyMetadataFileList
WriteAuxiliaryFile /Users/admin/builder/spi-builder-workspace/.derivedData/Build/Intermediates.noindex/HTMLMinifier.build/Debug-watchos/HTMLMinifier-t.build/DerivedSources/resource_bundle_accessor.swift (in target 'HTMLMinifier' from project 'HTMLMinifier')
cd /Users/admin/builder/spi-builder-workspace
write-file /Users/admin/builder/spi-builder-workspace/.derivedData/Build/Intermediates.noindex/HTMLMinifier.build/Debug-watchos/HTMLMinifier-t.build/DerivedSources/resource_bundle_accessor.swift
Copy /Users/admin/builder/spi-builder-workspace/.derivedData/Build/Intermediates.noindex/GeneratedModuleMaps-watchos/HTMLMinifier.modulemap /Users/admin/builder/spi-builder-workspace/.derivedData/Build/Intermediates.noindex/HTMLMinifier.build/Debug-watchos/HTMLMinifier-t.build/HTMLMinifier.modulemap (in target 'HTMLMinifier' from project 'HTMLMinifier')
cd /Users/admin/builder/spi-builder-workspace
builtin-copy -exclude .DS_Store -exclude CVS -exclude .svn -exclude .git -exclude .hg -resolve-src-symlinks /Users/admin/builder/spi-builder-workspace/.derivedData/Build/Intermediates.noindex/HTMLMinifier.build/Debug-watchos/HTMLMinifier-t.build/HTMLMinifier.modulemap /Users/admin/builder/spi-builder-workspace/.derivedData/Build/Intermediates.noindex/GeneratedModuleMaps-watchos
ProcessInfoPlistFile /Users/admin/builder/spi-builder-workspace/.derivedData/Build/Products/Debug-watchos/HTMLMinifier_HTMLMinifier.bundle/Info.plist /Users/admin/builder/spi-builder-workspace/.derivedData/Build/Intermediates.noindex/HTMLMinifier.build/Debug-watchos/HTMLMinifier_HTMLMinifier-b.build/empty-HTMLMinifier_HTMLMinifier.plist (in target 'HTMLMinifier_HTMLMinifier' from project 'HTMLMinifier')
cd /Users/admin/builder/spi-builder-workspace
builtin-infoPlistUtility /Users/admin/builder/spi-builder-workspace/.derivedData/Build/Intermediates.noindex/HTMLMinifier.build/Debug-watchos/HTMLMinifier_HTMLMinifier-b.build/empty-HTMLMinifier_HTMLMinifier.plist -producttype com.apple.product-type.bundle -expandbuildsettings -format binary -platform watchos -o /Users/admin/builder/spi-builder-workspace/.derivedData/Build/Products/Debug-watchos/HTMLMinifier_HTMLMinifier.bundle/Info.plist
CpResource /Users/admin/builder/spi-builder-workspace/.derivedData/Build/Products/Debug-watchos/HTMLMinifier_HTMLMinifier.bundle/htmlminifier.umd.bundle.min.js /Users/admin/builder/spi-builder-workspace/Sources/HTMLMinifier/Resources/htmlminifier.umd.bundle.min.js (in target 'HTMLMinifier_HTMLMinifier' from project 'HTMLMinifier')
cd /Users/admin/builder/spi-builder-workspace
builtin-copy -exclude .DS_Store -exclude CVS -exclude .svn -exclude .git -exclude .hg -resolve-src-symlinks /Users/admin/builder/spi-builder-workspace/Sources/HTMLMinifier/Resources/htmlminifier.umd.bundle.min.js /Users/admin/builder/spi-builder-workspace/.derivedData/Build/Products/Debug-watchos/HTMLMinifier_HTMLMinifier.bundle
RegisterExecutionPolicyException /Users/admin/builder/spi-builder-workspace/.derivedData/Build/Products/Debug-watchos/HTMLMinifier_HTMLMinifier.bundle (in target 'HTMLMinifier_HTMLMinifier' from project 'HTMLMinifier')
cd /Users/admin/builder/spi-builder-workspace
builtin-RegisterExecutionPolicyException /Users/admin/builder/spi-builder-workspace/.derivedData/Build/Products/Debug-watchos/HTMLMinifier_HTMLMinifier.bundle
Touch /Users/admin/builder/spi-builder-workspace/.derivedData/Build/Products/Debug-watchos/HTMLMinifier_HTMLMinifier.bundle (in target 'HTMLMinifier_HTMLMinifier' from project 'HTMLMinifier')
cd /Users/admin/builder/spi-builder-workspace
/usr/bin/touch -c /Users/admin/builder/spi-builder-workspace/.derivedData/Build/Products/Debug-watchos/HTMLMinifier_HTMLMinifier.bundle
SwiftDriver HTMLMinifier normal arm64 com.apple.xcode.tools.swift.compiler (in target 'HTMLMinifier' from project 'HTMLMinifier')
cd /Users/admin/builder/spi-builder-workspace/.swiftpm/xcode
builtin-SwiftDriver -- /Applications/Xcode-27.0.0-Release.Candidate.app/Contents/Developer/Toolchains/XcodeDefault.xctoolchain/usr/bin/swiftc -parse-as-library -module-name HTMLMinifier -Onone @/Users/admin/builder/spi-builder-workspace/.derivedData/Build/Intermediates.noindex/HTMLMinifier.build/Debug-watchos/HTMLMinifier-t.build/Objects-normal/arm64/HTMLMinifier.SwiftFileList -DSWIFT_PACKAGE -DDEBUG -DSWIFT_MODULE_RESOURCE_BUNDLE_AVAILABLE -DXcode -plugin-path /Applications/Xcode-27.0.0-Release.Candidate.app/Contents/Developer/Toolchains/XcodeDefault.xctoolchain/usr/lib/swift/host/plugins/testing -enable-experimental-feature DebugDescriptionMacro -sdk /Applications/Xcode-27.0.0-Release.Candidate.app/Contents/Developer/Platforms/WatchOS.platform/Developer/SDKs/WatchOS27.0.sdk -target arm64-apple-watchos9.0 -g -module-cache-path /Users/admin/builder/spi-builder-workspace/.derivedData/ModuleCache.noindex -Xfrontend -serialize-debugging-options -profile-coverage-mapping -profile-generate -enable-testing -index-store-path /Users/admin/builder/spi-builder-workspace/.derivedData/Index.noindex/DataStore -Xcc -D_LIBCPP_HARDENING_MODE\=_LIBCPP_HARDENING_MODE_DEBUG -swift-version 6 -I /Users/admin/builder/spi-builder-workspace/.derivedData/Build/Products/Debug-watchos -Isystem /Applications/Xcode-27.0.0-Release.Candidate.app/Contents/Developer/Platforms/WatchOS.platform/Developer/usr/lib -F /Users/admin/builder/spi-builder-workspace/.derivedData/Build/Products/Debug-watchos -F /Applications/Xcode-27.0.0-Release.Candidate.app/Contents/Developer/Platforms/WatchOS.platform/Developer/Library/Frameworks -F /Applications/Xcode-27.0.0-Release.Candidate.app/Contents/Developer/Platforms/WatchOS.platform/Developer/SDKs/WatchOS27.0.sdk/Developer/Library/Frameworks -c -j10 -enable-batch-mode -incremental -Xcc -ivfsstatcache -Xcc /Users/admin/builder/spi-builder-workspace/.derivedData/SDKStatCaches.noindex/watchos27.0-24R360-e829b21a6f8c9b70876ba0858053c04477534ef55a1706bf4c1112bbb242f0a2.sdkstatcache -output-file-map /Users/admin/builder/spi-builder-workspace/.derivedData/Build/Intermediates.noindex/HTMLMinifier.build/Debug-watchos/HTMLMinifier-t.build/Objects-normal/arm64/HTMLMinifier-OutputFileMap.json -save-temps -no-color-diagnostics -explicit-module-build -module-cache-path /Users/admin/builder/spi-builder-workspace/.derivedData/Build/Intermediates.noindex/SwiftExplicitPrecompiledModules -clang-scanner-module-cache-path /Users/admin/builder/spi-builder-workspace/.derivedData/ModuleCache.noindex -sdk-module-cache-path /Users/admin/builder/spi-builder-workspace/.derivedData/SDKExplicitPrecompiledModules -emit-dependencies -emit-module -emit-module-path /Users/admin/builder/spi-builder-workspace/.derivedData/Build/Intermediates.noindex/HTMLMinifier.build/Debug-watchos/HTMLMinifier-t.build/Objects-normal/arm64/HTMLMinifier.swiftmodule -serialize-diagnostics -dependency-scan-serialize-diagnostics-path /Users/admin/builder/spi-builder-workspace/.derivedData/Build/Intermediates.noindex/HTMLMinifier.build/Debug-watchos/HTMLMinifier-t.build/Objects-normal/arm64/HTMLMinifier-dependency-scan.dia -validate-clang-modules-once -clang-build-session-file /Users/admin/builder/spi-builder-workspace/.derivedData/ModuleCache.noindex/Session.modulevalidation -Xcc -fmodules-prune-interval\=86400 -Xcc -fmodules-prune-after\=345600 -package-name spi_builder_workspace -emit-const-values -const-gather-protocols-list /Users/admin/builder/spi-builder-workspace/.derivedData/Build/Intermediates.noindex/HTMLMinifier.build/Debug-watchos/HTMLMinifier-t.build/Objects-normal/arm64/HTMLMinifier_const_extract_protocols.json -Xcc -I/Users/admin/builder/spi-builder-workspace/.derivedData/Build/Products/Debug-watchos/include -Xcc -I/Users/admin/builder/spi-builder-workspace/.derivedData/Build/Intermediates.noindex/HTMLMinifier.build/Debug-watchos/HTMLMinifier-t.build/DerivedSources-normal/arm64 -Xcc -I/Users/admin/builder/spi-builder-workspace/.derivedData/Build/Intermediates.noindex/HTMLMinifier.build/Debug-watchos/HTMLMinifier-t.build/DerivedSources/arm64 -Xcc -I/Users/admin/builder/spi-builder-workspace/.derivedData/Build/Intermediates.noindex/HTMLMinifier.build/Debug-watchos/HTMLMinifier-t.build/DerivedSources -Xcc -DSWIFT_PACKAGE -Xcc -DDEBUG\=1 -emit-objc-header -emit-objc-header-path /Users/admin/builder/spi-builder-workspace/.derivedData/Build/Intermediates.noindex/HTMLMinifier.build/Debug-watchos/HTMLMinifier-t.build/Objects-normal/arm64/HTMLMinifier-Swift.h -working-directory /Users/admin/builder/spi-builder-workspace/.swiftpm/xcode -experimental-emit-module-separately -disable-cmo
/Users/admin/builder/spi-builder-workspace/Sources/HTMLMinifier/HTMLMinifier.swift:1:8: error: Unable to resolve module dependency: 'JavaScriptCore' (in target 'HTMLMinifier' from project 'HTMLMinifier')
note: A dependency of main module 'HTMLMinifier'
/Users/admin/builder/spi-builder-workspace/Sources/HTMLMinifier/HTMLMinifier.swift:1:8: note: A dependency of main module 'HTMLMinifier'
import JavaScriptCore
^ (in target 'HTMLMinifier' from project 'HTMLMinifier')
SwiftDriver HTMLMinifier normal arm64_32 com.apple.xcode.tools.swift.compiler (in target 'HTMLMinifier' from project 'HTMLMinifier')
cd /Users/admin/builder/spi-builder-workspace/.swiftpm/xcode
builtin-SwiftDriver -- /Applications/Xcode-27.0.0-Release.Candidate.app/Contents/Developer/Toolchains/XcodeDefault.xctoolchain/usr/bin/swiftc -parse-as-library -module-name HTMLMinifier -Onone @/Users/admin/builder/spi-builder-workspace/.derivedData/Build/Intermediates.noindex/HTMLMinifier.build/Debug-watchos/HTMLMinifier-t.build/Objects-normal/arm64_32/HTMLMinifier.SwiftFileList -DSWIFT_PACKAGE -DDEBUG -DSWIFT_MODULE_RESOURCE_BUNDLE_AVAILABLE -DXcode -plugin-path /Applications/Xcode-27.0.0-Release.Candidate.app/Contents/Developer/Toolchains/XcodeDefault.xctoolchain/usr/lib/swift/host/plugins/testing -enable-experimental-feature DebugDescriptionMacro -sdk /Applications/Xcode-27.0.0-Release.Candidate.app/Contents/Developer/Platforms/WatchOS.platform/Developer/SDKs/WatchOS27.0.sdk -target arm64_32-apple-watchos9.0 -g -module-cache-path /Users/admin/builder/spi-builder-workspace/.derivedData/ModuleCache.noindex -Xfrontend -serialize-debugging-options -profile-coverage-mapping -profile-generate -enable-testing -index-store-path /Users/admin/builder/spi-builder-workspace/.derivedData/Index.noindex/DataStore -Xcc -D_LIBCPP_HARDENING_MODE\=_LIBCPP_HARDENING_MODE_DEBUG -swift-version 6 -I /Users/admin/builder/spi-builder-workspace/.derivedData/Build/Products/Debug-watchos -Isystem /Applications/Xcode-27.0.0-Release.Candidate.app/Contents/Developer/Platforms/WatchOS.platform/Developer/usr/lib -F /Users/admin/builder/spi-builder-workspace/.derivedData/Build/Products/Debug-watchos -F /Applications/Xcode-27.0.0-Release.Candidate.app/Contents/Developer/Platforms/WatchOS.platform/Developer/Library/Frameworks -F /Applications/Xcode-27.0.0-Release.Candidate.app/Contents/Developer/Platforms/WatchOS.platform/Developer/SDKs/WatchOS27.0.sdk/Developer/Library/Frameworks -c -j10 -enable-batch-mode -incremental -Xcc -ivfsstatcache -Xcc /Users/admin/builder/spi-builder-workspace/.derivedData/SDKStatCaches.noindex/watchos27.0-24R360-e829b21a6f8c9b70876ba0858053c04477534ef55a1706bf4c1112bbb242f0a2.sdkstatcache -output-file-map /Users/admin/builder/spi-builder-workspace/.derivedData/Build/Intermediates.noindex/HTMLMinifier.build/Debug-watchos/HTMLMinifier-t.build/Objects-normal/arm64_32/HTMLMinifier-OutputFileMap.json -save-temps -no-color-diagnostics -explicit-module-build -module-cache-path /Users/admin/builder/spi-builder-workspace/.derivedData/Build/Intermediates.noindex/SwiftExplicitPrecompiledModules -clang-scanner-module-cache-path /Users/admin/builder/spi-builder-workspace/.derivedData/ModuleCache.noindex -sdk-module-cache-path /Users/admin/builder/spi-builder-workspace/.derivedData/SDKExplicitPrecompiledModules -emit-dependencies -emit-module -emit-module-path /Users/admin/builder/spi-builder-workspace/.derivedData/Build/Intermediates.noindex/HTMLMinifier.build/Debug-watchos/HTMLMinifier-t.build/Objects-normal/arm64_32/HTMLMinifier.swiftmodule -serialize-diagnostics -dependency-scan-serialize-diagnostics-path /Users/admin/builder/spi-builder-workspace/.derivedData/Build/Intermediates.noindex/HTMLMinifier.build/Debug-watchos/HTMLMinifier-t.build/Objects-normal/arm64_32/HTMLMinifier-dependency-scan.dia -validate-clang-modules-once -clang-build-session-file /Users/admin/builder/spi-builder-workspace/.derivedData/ModuleCache.noindex/Session.modulevalidation -Xcc -fmodules-prune-interval\=86400 -Xcc -fmodules-prune-after\=345600 -package-name spi_builder_workspace -emit-const-values -const-gather-protocols-list /Users/admin/builder/spi-builder-workspace/.derivedData/Build/Intermediates.noindex/HTMLMinifier.build/Debug-watchos/HTMLMinifier-t.build/Objects-normal/arm64_32/HTMLMinifier_const_extract_protocols.json -Xcc -I/Users/admin/builder/spi-builder-workspace/.derivedData/Build/Products/Debug-watchos/include -Xcc -I/Users/admin/builder/spi-builder-workspace/.derivedData/Build/Intermediates.noindex/HTMLMinifier.build/Debug-watchos/HTMLMinifier-t.build/DerivedSources-normal/arm64_32 -Xcc -I/Users/admin/builder/spi-builder-workspace/.derivedData/Build/Intermediates.noindex/HTMLMinifier.build/Debug-watchos/HTMLMinifier-t.build/DerivedSources/arm64_32 -Xcc -I/Users/admin/builder/spi-builder-workspace/.derivedData/Build/Intermediates.noindex/HTMLMinifier.build/Debug-watchos/HTMLMinifier-t.build/DerivedSources -Xcc -DSWIFT_PACKAGE -Xcc -DDEBUG\=1 -emit-objc-header -emit-objc-header-path /Users/admin/builder/spi-builder-workspace/.derivedData/Build/Intermediates.noindex/HTMLMinifier.build/Debug-watchos/HTMLMinifier-t.build/Objects-normal/arm64_32/HTMLMinifier-Swift.h -working-directory /Users/admin/builder/spi-builder-workspace/.swiftpm/xcode -experimental-emit-module-separately -disable-cmo
/Users/admin/builder/spi-builder-workspace/Sources/HTMLMinifier/HTMLMinifier.swift:1:8: error: Unable to resolve module dependency: 'JavaScriptCore' (in target 'HTMLMinifier' from project 'HTMLMinifier')
note: A dependency of main module 'HTMLMinifier'
/Users/admin/builder/spi-builder-workspace/Sources/HTMLMinifier/HTMLMinifier.swift:1:8: note: A dependency of main module 'HTMLMinifier'
import JavaScriptCore
^ (in target 'HTMLMinifier' from project 'HTMLMinifier')
PruneExplicitPrecompiledModules /Users/admin/builder/spi-builder-workspace/.derivedData/Build/Intermediates.noindex/ExplicitPrecompiledModules
PruneExplicitPrecompiledModules /Users/admin/builder/spi-builder-workspace/.derivedData/SDKExplicitPrecompiledModules
PruneExplicitPrecompiledModules /Users/admin/builder/spi-builder-workspace/.derivedData/Build/Intermediates.noindex/SwiftExplicitPrecompiledModules
2026-09-22 17:35:30.371 xcodebuild[623:3839] [MT] IDERunDestination: Supported platforms for the buildables in the current scheme is empty.
** BUILD FAILED **
The following build commands failed:
SwiftDriver HTMLMinifier normal arm64 com.apple.xcode.tools.swift.compiler (in target 'HTMLMinifier' from project 'HTMLMinifier')
SwiftDriver HTMLMinifier normal arm64_32 com.apple.xcode.tools.swift.compiler (in target 'HTMLMinifier' from project 'HTMLMinifier')
Building workspace HTMLMinifier with scheme HTMLMinifier
(3 failures)
Command line invocation:
/Applications/Xcode-27.0.0-Release.Candidate.app/Contents/Developer/usr/bin/xcodebuild -IDEClonedSourcePackagesDirPathOverride=/Users/admin/builder/spi-builder-workspace/.dependencies -resolvePackageDependencies
Resolve Package Graph
Resolved source packages:
HTMLMinifier: /Users/admin/builder/spi-builder-workspace
resolved source packages: HTMLMinifier
2026-09-22 17:35:33.226 xcodebuild[639:4030] [MT] IDERunDestination: Supported platforms for the buildables in the current scheme is empty.
{
"dependencies" : [
],
"manifest_display_name" : "HTMLMinifier",
"name" : "HTMLMinifier",
"path" : "/Users/admin/builder/spi-builder-workspace",
"platforms" : [
{
"name" : "macos",
"version" : "10.13"
},
{
"name" : "ios",
"version" : "12.0"
},
{
"name" : "watchos",
"version" : "5.0"
},
{
"name" : "tvos",
"version" : "12.0"
}
],
"products" : [
{
"name" : "HTMLMinifier",
"targets" : [
"HTMLMinifier"
],
"type" : {
"library" : [
"automatic"
]
}
}
],
"targets" : [
{
"c99name" : "HTMLMinifierTests",
"module_type" : "SwiftTarget",
"name" : "HTMLMinifierTests",
"path" : "Tests/HTMLMinifierTests",
"sources" : [
"HTMLMinifierTests.swift"
],
"target_dependencies" : [
"HTMLMinifier"
],
"type" : "test"
},
{
"c99name" : "HTMLMinifier",
"module_type" : "SwiftTarget",
"name" : "HTMLMinifier",
"path" : "Sources/HTMLMinifier",
"product_memberships" : [
"HTMLMinifier"
],
"resources" : [
{
"path" : "/Users/admin/builder/spi-builder-workspace/Sources/HTMLMinifier/Resources/htmlminifier.umd.bundle.min.js",
"rule" : {
"copy" : {
}
}
}
],
"sources" : [
"HTMLMinifier.swift",
"HTMLMinifierOptions.swift"
],
"type" : "library"
}
],
"tools_version" : "6.1"
}
{
"workspace" : {
"name" : "HTMLMinifier",
"schemes" : [
"HTMLMinifier"
]
}
}
2026-09-22 17:35:34.403 xcodebuild[647:4090] [MT] IDERunDestination: Supported platforms for the buildables in the current scheme is empty.
Running build ...
env DEVELOPER_DIR=/Applications/Xcode-27.0.0-Release.Candidate.app xcrun xcodebuild -IDEClonedSourcePackagesDirPathOverride=$PWD/.dependencies -skipMacroValidation -skipPackagePluginValidation -derivedDataPath $PWD/.derivedData build -scheme HTMLMinifier -destination generic/platform=watchOS
Command line invocation:
/Applications/Xcode-27.0.0-Release.Candidate.app/Contents/Developer/usr/bin/xcodebuild -IDEClonedSourcePackagesDirPathOverride=/Users/admin/builder/spi-builder-workspace/.dependencies -skipMacroValidation -skipPackagePluginValidation -derivedDataPath /Users/admin/builder/spi-builder-workspace/.derivedData build -scheme HTMLMinifier -destination generic/platform=watchOS
Resolve Package Graph
Resolved source packages:
HTMLMinifier: /Users/admin/builder/spi-builder-workspace
ComputePackagePrebuildTargetDependencyGraph
Prepare packages
CreateBuildRequest
SendProjectDescription
CreateBuildOperation
ComputeTargetDependencyGraph
note: Building targets in dependency order
note: Target dependency graph (3 targets)
Target 'HTMLMinifier-product' in project 'HTMLMinifier'
➜ Explicit dependency on target 'HTMLMinifier' in project 'HTMLMinifier'
➜ Explicit dependency on target 'HTMLMinifier_HTMLMinifier' in project 'HTMLMinifier'
Target 'HTMLMinifier' in project 'HTMLMinifier'
➜ Explicit dependency on target 'HTMLMinifier_HTMLMinifier' in project 'HTMLMinifier'
Target 'HTMLMinifier_HTMLMinifier' in project 'HTMLMinifier' (no dependencies)
GatherProvisioningInputs
CreateBuildDescription
ClangStatCache /Applications/Xcode-27.0.0-Release.Candidate.app/Contents/Developer/Toolchains/XcodeDefault.xctoolchain/usr/bin/clang-stat-cache /Applications/Xcode-27.0.0-Release.Candidate.app/Contents/Developer/Platforms/WatchOS.platform/Developer/SDKs/WatchOS27.0.sdk /Users/admin/builder/spi-builder-workspace/.derivedData/SDKStatCaches.noindex/watchos27.0-24R360-e829b21a6f8c9b70876ba0858053c04477534ef55a1706bf4c1112bbb242f0a2.sdkstatcache
cd /Users/admin/builder/spi-builder-workspace/.swiftpm/xcode
/Applications/Xcode-27.0.0-Release.Candidate.app/Contents/Developer/Toolchains/XcodeDefault.xctoolchain/usr/bin/clang-stat-cache /Applications/Xcode-27.0.0-Release.Candidate.app/Contents/Developer/Platforms/WatchOS.platform/Developer/SDKs/WatchOS27.0.sdk -o /Users/admin/builder/spi-builder-workspace/.derivedData/SDKStatCaches.noindex/watchos27.0-24R360-e829b21a6f8c9b70876ba0858053c04477534ef55a1706bf4c1112bbb242f0a2.sdkstatcache
SwiftDriver HTMLMinifier normal arm64 com.apple.xcode.tools.swift.compiler (in target 'HTMLMinifier' from project 'HTMLMinifier')
cd /Users/admin/builder/spi-builder-workspace/.swiftpm/xcode
builtin-SwiftDriver -- /Applications/Xcode-27.0.0-Release.Candidate.app/Contents/Developer/Toolchains/XcodeDefault.xctoolchain/usr/bin/swiftc -parse-as-library -module-name HTMLMinifier -Onone @/Users/admin/builder/spi-builder-workspace/.derivedData/Build/Intermediates.noindex/HTMLMinifier.build/Debug-watchos/HTMLMinifier-t.build/Objects-normal/arm64/HTMLMinifier.SwiftFileList -DSWIFT_PACKAGE -DDEBUG -DSWIFT_MODULE_RESOURCE_BUNDLE_AVAILABLE -DXcode -plugin-path /Applications/Xcode-27.0.0-Release.Candidate.app/Contents/Developer/Toolchains/XcodeDefault.xctoolchain/usr/lib/swift/host/plugins/testing -enable-experimental-feature DebugDescriptionMacro -sdk /Applications/Xcode-27.0.0-Release.Candidate.app/Contents/Developer/Platforms/WatchOS.platform/Developer/SDKs/WatchOS27.0.sdk -target arm64-apple-watchos9.0 -g -module-cache-path /Users/admin/builder/spi-builder-workspace/.derivedData/ModuleCache.noindex -Xfrontend -serialize-debugging-options -profile-coverage-mapping -profile-generate -enable-testing -index-store-path /Users/admin/builder/spi-builder-workspace/.derivedData/Index.noindex/DataStore -Xcc -D_LIBCPP_HARDENING_MODE\=_LIBCPP_HARDENING_MODE_DEBUG -swift-version 6 -I /Users/admin/builder/spi-builder-workspace/.derivedData/Build/Products/Debug-watchos -Isystem /Applications/Xcode-27.0.0-Release.Candidate.app/Contents/Developer/Platforms/WatchOS.platform/Developer/usr/lib -F /Users/admin/builder/spi-builder-workspace/.derivedData/Build/Products/Debug-watchos -F /Applications/Xcode-27.0.0-Release.Candidate.app/Contents/Developer/Platforms/WatchOS.platform/Developer/Library/Frameworks -F /Applications/Xcode-27.0.0-Release.Candidate.app/Contents/Developer/Platforms/WatchOS.platform/Developer/SDKs/WatchOS27.0.sdk/Developer/Library/Frameworks -c -j10 -enable-batch-mode -incremental -Xcc -ivfsstatcache -Xcc /Users/admin/builder/spi-builder-workspace/.derivedData/SDKStatCaches.noindex/watchos27.0-24R360-e829b21a6f8c9b70876ba0858053c04477534ef55a1706bf4c1112bbb242f0a2.sdkstatcache -output-file-map /Users/admin/builder/spi-builder-workspace/.derivedData/Build/Intermediates.noindex/HTMLMinifier.build/Debug-watchos/HTMLMinifier-t.build/Objects-normal/arm64/HTMLMinifier-OutputFileMap.json -save-temps -no-color-diagnostics -explicit-module-build -module-cache-path /Users/admin/builder/spi-builder-workspace/.derivedData/Build/Intermediates.noindex/SwiftExplicitPrecompiledModules -clang-scanner-module-cache-path /Users/admin/builder/spi-builder-workspace/.derivedData/ModuleCache.noindex -sdk-module-cache-path /Users/admin/builder/spi-builder-workspace/.derivedData/SDKExplicitPrecompiledModules -emit-dependencies -emit-module -emit-module-path /Users/admin/builder/spi-builder-workspace/.derivedData/Build/Intermediates.noindex/HTMLMinifier.build/Debug-watchos/HTMLMinifier-t.build/Objects-normal/arm64/HTMLMinifier.swiftmodule -serialize-diagnostics -dependency-scan-serialize-diagnostics-path /Users/admin/builder/spi-builder-workspace/.derivedData/Build/Intermediates.noindex/HTMLMinifier.build/Debug-watchos/HTMLMinifier-t.build/Objects-normal/arm64/HTMLMinifier-dependency-scan.dia -validate-clang-modules-once -clang-build-session-file /Users/admin/builder/spi-builder-workspace/.derivedData/ModuleCache.noindex/Session.modulevalidation -Xcc -fmodules-prune-interval\=86400 -Xcc -fmodules-prune-after\=345600 -package-name spi_builder_workspace -emit-const-values -const-gather-protocols-list /Users/admin/builder/spi-builder-workspace/.derivedData/Build/Intermediates.noindex/HTMLMinifier.build/Debug-watchos/HTMLMinifier-t.build/Objects-normal/arm64/HTMLMinifier_const_extract_protocols.json -Xcc -I/Users/admin/builder/spi-builder-workspace/.derivedData/Build/Products/Debug-watchos/include -Xcc -I/Users/admin/builder/spi-builder-workspace/.derivedData/Build/Intermediates.noindex/HTMLMinifier.build/Debug-watchos/HTMLMinifier-t.build/DerivedSources-normal/arm64 -Xcc -I/Users/admin/builder/spi-builder-workspace/.derivedData/Build/Intermediates.noindex/HTMLMinifier.build/Debug-watchos/HTMLMinifier-t.build/DerivedSources/arm64 -Xcc -I/Users/admin/builder/spi-builder-workspace/.derivedData/Build/Intermediates.noindex/HTMLMinifier.build/Debug-watchos/HTMLMinifier-t.build/DerivedSources -Xcc -DSWIFT_PACKAGE -Xcc -DDEBUG\=1 -emit-objc-header -emit-objc-header-path /Users/admin/builder/spi-builder-workspace/.derivedData/Build/Intermediates.noindex/HTMLMinifier.build/Debug-watchos/HTMLMinifier-t.build/Objects-normal/arm64/HTMLMinifier-Swift.h -working-directory /Users/admin/builder/spi-builder-workspace/.swiftpm/xcode -experimental-emit-module-separately -disable-cmo
/Users/admin/builder/spi-builder-workspace/Sources/HTMLMinifier/HTMLMinifier.swift:1:8: error: Unable to resolve module dependency: 'JavaScriptCore' (in target 'HTMLMinifier' from project 'HTMLMinifier')
note: A dependency of main module 'HTMLMinifier'
/Users/admin/builder/spi-builder-workspace/Sources/HTMLMinifier/HTMLMinifier.swift:1:8: note: A dependency of main module 'HTMLMinifier'
import JavaScriptCore
^ (in target 'HTMLMinifier' from project 'HTMLMinifier')
SwiftDriver HTMLMinifier normal arm64_32 com.apple.xcode.tools.swift.compiler (in target 'HTMLMinifier' from project 'HTMLMinifier')
cd /Users/admin/builder/spi-builder-workspace/.swiftpm/xcode
builtin-SwiftDriver -- /Applications/Xcode-27.0.0-Release.Candidate.app/Contents/Developer/Toolchains/XcodeDefault.xctoolchain/usr/bin/swiftc -parse-as-library -module-name HTMLMinifier -Onone @/Users/admin/builder/spi-builder-workspace/.derivedData/Build/Intermediates.noindex/HTMLMinifier.build/Debug-watchos/HTMLMinifier-t.build/Objects-normal/arm64_32/HTMLMinifier.SwiftFileList -DSWIFT_PACKAGE -DDEBUG -DSWIFT_MODULE_RESOURCE_BUNDLE_AVAILABLE -DXcode -plugin-path /Applications/Xcode-27.0.0-Release.Candidate.app/Contents/Developer/Toolchains/XcodeDefault.xctoolchain/usr/lib/swift/host/plugins/testing -enable-experimental-feature DebugDescriptionMacro -sdk /Applications/Xcode-27.0.0-Release.Candidate.app/Contents/Developer/Platforms/WatchOS.platform/Developer/SDKs/WatchOS27.0.sdk -target arm64_32-apple-watchos9.0 -g -module-cache-path /Users/admin/builder/spi-builder-workspace/.derivedData/ModuleCache.noindex -Xfrontend -serialize-debugging-options -profile-coverage-mapping -profile-generate -enable-testing -index-store-path /Users/admin/builder/spi-builder-workspace/.derivedData/Index.noindex/DataStore -Xcc -D_LIBCPP_HARDENING_MODE\=_LIBCPP_HARDENING_MODE_DEBUG -swift-version 6 -I /Users/admin/builder/spi-builder-workspace/.derivedData/Build/Products/Debug-watchos -Isystem /Applications/Xcode-27.0.0-Release.Candidate.app/Contents/Developer/Platforms/WatchOS.platform/Developer/usr/lib -F /Users/admin/builder/spi-builder-workspace/.derivedData/Build/Products/Debug-watchos -F /Applications/Xcode-27.0.0-Release.Candidate.app/Contents/Developer/Platforms/WatchOS.platform/Developer/Library/Frameworks -F /Applications/Xcode-27.0.0-Release.Candidate.app/Contents/Developer/Platforms/WatchOS.platform/Developer/SDKs/WatchOS27.0.sdk/Developer/Library/Frameworks -c -j10 -enable-batch-mode -incremental -Xcc -ivfsstatcache -Xcc /Users/admin/builder/spi-builder-workspace/.derivedData/SDKStatCaches.noindex/watchos27.0-24R360-e829b21a6f8c9b70876ba0858053c04477534ef55a1706bf4c1112bbb242f0a2.sdkstatcache -output-file-map /Users/admin/builder/spi-builder-workspace/.derivedData/Build/Intermediates.noindex/HTMLMinifier.build/Debug-watchos/HTMLMinifier-t.build/Objects-normal/arm64_32/HTMLMinifier-OutputFileMap.json -save-temps -no-color-diagnostics -explicit-module-build -module-cache-path /Users/admin/builder/spi-builder-workspace/.derivedData/Build/Intermediates.noindex/SwiftExplicitPrecompiledModules -clang-scanner-module-cache-path /Users/admin/builder/spi-builder-workspace/.derivedData/ModuleCache.noindex -sdk-module-cache-path /Users/admin/builder/spi-builder-workspace/.derivedData/SDKExplicitPrecompiledModules -emit-dependencies -emit-module -emit-module-path /Users/admin/builder/spi-builder-workspace/.derivedData/Build/Intermediates.noindex/HTMLMinifier.build/Debug-watchos/HTMLMinifier-t.build/Objects-normal/arm64_32/HTMLMinifier.swiftmodule -serialize-diagnostics -dependency-scan-serialize-diagnostics-path /Users/admin/builder/spi-builder-workspace/.derivedData/Build/Intermediates.noindex/HTMLMinifier.build/Debug-watchos/HTMLMinifier-t.build/Objects-normal/arm64_32/HTMLMinifier-dependency-scan.dia -validate-clang-modules-once -clang-build-session-file /Users/admin/builder/spi-builder-workspace/.derivedData/ModuleCache.noindex/Session.modulevalidation -Xcc -fmodules-prune-interval\=86400 -Xcc -fmodules-prune-after\=345600 -package-name spi_builder_workspace -emit-const-values -const-gather-protocols-list /Users/admin/builder/spi-builder-workspace/.derivedData/Build/Intermediates.noindex/HTMLMinifier.build/Debug-watchos/HTMLMinifier-t.build/Objects-normal/arm64_32/HTMLMinifier_const_extract_protocols.json -Xcc -I/Users/admin/builder/spi-builder-workspace/.derivedData/Build/Products/Debug-watchos/include -Xcc -I/Users/admin/builder/spi-builder-workspace/.derivedData/Build/Intermediates.noindex/HTMLMinifier.build/Debug-watchos/HTMLMinifier-t.build/DerivedSources-normal/arm64_32 -Xcc -I/Users/admin/builder/spi-builder-workspace/.derivedData/Build/Intermediates.noindex/HTMLMinifier.build/Debug-watchos/HTMLMinifier-t.build/DerivedSources/arm64_32 -Xcc -I/Users/admin/builder/spi-builder-workspace/.derivedData/Build/Intermediates.noindex/HTMLMinifier.build/Debug-watchos/HTMLMinifier-t.build/DerivedSources -Xcc -DSWIFT_PACKAGE -Xcc -DDEBUG\=1 -emit-objc-header -emit-objc-header-path /Users/admin/builder/spi-builder-workspace/.derivedData/Build/Intermediates.noindex/HTMLMinifier.build/Debug-watchos/HTMLMinifier-t.build/Objects-normal/arm64_32/HTMLMinifier-Swift.h -working-directory /Users/admin/builder/spi-builder-workspace/.swiftpm/xcode -experimental-emit-module-separately -disable-cmo
/Users/admin/builder/spi-builder-workspace/Sources/HTMLMinifier/HTMLMinifier.swift:1:8: error: Unable to resolve module dependency: 'JavaScriptCore' (in target 'HTMLMinifier' from project 'HTMLMinifier')
note: A dependency of main module 'HTMLMinifier'
/Users/admin/builder/spi-builder-workspace/Sources/HTMLMinifier/HTMLMinifier.swift:1:8: note: A dependency of main module 'HTMLMinifier'
import JavaScriptCore
^ (in target 'HTMLMinifier' from project 'HTMLMinifier')
PruneExplicitPrecompiledModules /Users/admin/builder/spi-builder-workspace/.derivedData/SDKExplicitPrecompiledModules
PruneExplicitPrecompiledModules /Users/admin/builder/spi-builder-workspace/.derivedData/Build/Intermediates.noindex/ExplicitPrecompiledModules
PruneExplicitPrecompiledModules /Users/admin/builder/spi-builder-workspace/.derivedData/Build/Intermediates.noindex/SwiftExplicitPrecompiledModules
2026-09-22 17:35:35.349 xcodebuild[648:4120] [MT] IDERunDestination: Supported platforms for the buildables in the current scheme is empty.
** BUILD FAILED **
The following build commands failed:
SwiftDriver HTMLMinifier normal arm64 com.apple.xcode.tools.swift.compiler (in target 'HTMLMinifier' from project 'HTMLMinifier')
SwiftDriver HTMLMinifier normal arm64_32 com.apple.xcode.tools.swift.compiler (in target 'HTMLMinifier' from project 'HTMLMinifier')
Building workspace HTMLMinifier with scheme HTMLMinifier
(3 failures)
BUILD FAILURE 6.4 watchOS