The Swift Package Index logo.Swift Package Index

Build Information

Failed to build swift-authentication-vapor, reference 0.3.1 (8c0b0f), with Swift 6.2 for iOS using Xcode 26.3 on 5 Oct 2026 17:48:05 UTC.

Build Command

No build command. This typically means the build failed at an early stage where we determine the build command.

Build Log

========================================
RunAll
========================================
Builder version: 5.1.1
Interrupt handler set up.
========================================
Checkout
========================================
Clone URL: https://github.com/swift-microservices/swift-authentication-vapor.git
Reference: 0.3.1
Initialized empty Git repository in /Users/admin/builder/spi-builder-workspace/.git/
From https://github.com/swift-microservices/swift-authentication-vapor
 * tag               0.3.1      -> FETCH_HEAD
HEAD is now at 8c0b0f3 Scope the bearer middleware to the user route group in every example (#8)
Cloned https://github.com/swift-microservices/swift-authentication-vapor.git
Revision (git rev-parse @):
8c0b0f3838c5051350d64006b0f8ca1c9241f914
SPI manifest file found: $PWD/.spi.yml
SUCCESS checkout https://github.com/swift-microservices/swift-authentication-vapor.git at 0.3.1
========================================
Build
========================================
Selected platform:         iOS
Swift version:             6.2
Building package at path:  $PWD
https://github.com/swift-microservices/swift-authentication-vapor.git
Command line invocation:
    /Applications/Xcode-26.3.0.app/Contents/Developer/usr/bin/xcodebuild -IDEClonedSourcePackagesDirPathOverride=/Users/admin/builder/spi-builder-workspace/.dependencies -resolvePackageDependencies
Resolve Package Graph
package 'spi-builder-workspace' is using Swift tools version 6.3.0 but the installed version is 6.2.4
Resolved source packages:
  spi-builder-workspace: (null)
2026-10-05 13:48:04.742 xcodebuild[566:3088] Writing error result bundle to /var/folders/xq/y_g06wb113726d38xsyx71_h0000gn/T/ResultBundle_2026-05-10_13-48-0004.xcresult
xcodebuild: error: Could not resolve package dependencies:
  package 'spi-builder-workspace' is using Swift tools version 6.3.0 but the installed version is 6.2.4
Command line invocation:
    /Applications/Xcode-26.3.0.app/Contents/Developer/usr/bin/xcodebuild -IDEClonedSourcePackagesDirPathOverride=/Users/admin/builder/spi-builder-workspace/.dependencies -resolvePackageDependencies
Resolve Package Graph
package 'spi-builder-workspace' is using Swift tools version 6.3.0 but the installed version is 6.2.4
Resolved source packages:
  spi-builder-workspace: (null)
2026-10-05 13:48:05.632 xcodebuild[630:3635] Writing error result bundle to /var/folders/xq/y_g06wb113726d38xsyx71_h0000gn/T/ResultBundle_2026-05-10_13-48-0005.xcresult
xcodebuild: error: Could not resolve package dependencies:
  package 'spi-builder-workspace' is using Swift tools version 6.3.0 but the installed version is 6.2.4
BUILD FAILURE 6.2 iOS