The Swift Package Index logo.Swift Package Index

Build Information

Failed to build AXSnapshot, reference v1.0.2 (2337da), with Swift 6.4 for tvOS using Xcode 27.0 on 18 Sep 2026 07:26:18 UTC.

Build Command

env DEVELOPER_DIR=/Applications/Xcode-27.0.0-Release.Candidate.app xcrun xcodebuild -IDEClonedSourcePackagesDirPathOverride=$PWD/.dependencies -skipMacroValidation -skipPackagePluginValidation -derivedDataPath $PWD/.derivedData build -scheme AXSnapshot -destination generic/platform=tvOS

Build Log

========================================
RunAll
========================================
Builder version: 5.1.0
Interrupt handler set up.
========================================
Checkout
========================================
Clone URL: https://github.com/banksalad/AXSnapshot.git
Reference: v1.0.2
Initialized empty Git repository in /Users/admin/builder/spi-builder-workspace/.git/
From https://github.com/banksalad/AXSnapshot
 * tag               v1.0.2     -> FETCH_HEAD
HEAD is now at 2337da5 Mark HidenViews and Views with Hidden Superviews  as "UnExposedToAssistiveTech" (#14)
Cloned https://github.com/banksalad/AXSnapshot.git
Revision (git rev-parse @):
2337da591769005ecd0962f8d5da044a8a10fc91
SUCCESS checkout https://github.com/banksalad/AXSnapshot.git at v1.0.2
========================================
Build
========================================
Selected platform:         tvOS
Swift version:             6.4
Building package at path:  $PWD
https://github.com/banksalad/AXSnapshot.git
Command line invocation:
    /Applications/Xcode-27.0.0-Release.Candidate.app/Contents/Developer/usr/bin/xcodebuild -IDEClonedSourcePackagesDirPathOverride=/Users/admin/builder/spi-builder-workspace/.dependencies -resolvePackageDependencies
Resolve Package Graph
Resolve Package Graph
Resolved source packages:
  AXSnapshot: /Users/admin/builder/spi-builder-workspace
resolved source packages: AXSnapshot
2026-09-18 03:25:26.878 xcodebuild[529:3032] [MT] IDERunDestination: Supported platforms for the buildables in the current scheme is empty.
{
  "dependencies" : [
  ],
  "manifest_display_name" : "AXSnapshot",
  "name" : "AXSnapshot",
  "path" : "/Users/admin/builder/spi-builder-workspace",
  "platforms" : [
  ],
  "products" : [
    {
      "name" : "AXSnapshot",
      "targets" : [
        "AXSnapshot"
      ],
      "type" : {
        "library" : [
          "automatic"
        ]
      }
    }
  ],
  "targets" : [
    {
      "c99name" : "AXSnapshotTests",
      "module_type" : "SwiftTarget",
      "name" : "AXSnapshotTests",
      "path" : "Tests/AXSnapshotTests",
      "sources" : [
        "AXSnapshotTests.swift"
      ],
      "target_dependencies" : [
        "AXSnapshot"
      ],
      "type" : "test"
    },
    {
      "c99name" : "AXSnapshot",
      "module_type" : "SwiftTarget",
      "name" : "AXSnapshot",
      "path" : "Sources/AXSnapshot",
      "product_memberships" : [
        "AXSnapshot"
      ],
      "sources" : [
        "AXSnapshot.swift",
        "AccessibilityDescription.swift",
        "UIAccessibilityTraits+Extension.swift",
        "UIResponder+Extension.swift"
      ],
      "type" : "library"
    }
  ],
  "tools_version" : "5.5"
}
{
  "workspace" : {
    "name" : "AXSnapshot",
    "schemes" : [
      "AXSnapshot"
    ]
  }
}
2026-09-18 03:26:08.144 xcodebuild[648:4147] [MT] IDERunDestination: Supported platforms for the buildables in the current scheme is empty.
Running build ...
env DEVELOPER_DIR=/Applications/Xcode-27.0.0-Release.Candidate.app xcrun xcodebuild -IDEClonedSourcePackagesDirPathOverride=$PWD/.dependencies -skipMacroValidation -skipPackagePluginValidation -derivedDataPath $PWD/.derivedData build -scheme AXSnapshot -destination generic/platform=tvOS
Command line invocation:
    /Applications/Xcode-27.0.0-Release.Candidate.app/Contents/Developer/usr/bin/xcodebuild -IDEClonedSourcePackagesDirPathOverride=/Users/admin/builder/spi-builder-workspace/.dependencies -skipMacroValidation -skipPackagePluginValidation -derivedDataPath /Users/admin/builder/spi-builder-workspace/.derivedData build -scheme AXSnapshot -destination generic/platform=tvOS
Resolve Package Graph
Resolved source packages:
  AXSnapshot: /Users/admin/builder/spi-builder-workspace
ComputePackagePrebuildTargetDependencyGraph
Prepare packages
CreateBuildRequest
SendProjectDescription
CreateBuildOperation
ComputeTargetDependencyGraph
note: Building targets in dependency order
note: Target dependency graph (2 targets)
    Target 'AXSnapshot-product' in project 'AXSnapshot'
        ➜ Explicit dependency on target 'AXSnapshot' in project 'AXSnapshot'
    Target 'AXSnapshot' in project 'AXSnapshot' (no dependencies)
GatherProvisioningInputs
CreateBuildDescription
ExecuteExternalTool /Applications/Xcode-27.0.0-Release.Candidate.app/Contents/Developer/Toolchains/XcodeDefault.xctoolchain/usr/bin/clang -v -E -dM -isysroot /Applications/Xcode-27.0.0-Release.Candidate.app/Contents/Developer/Platforms/AppleTVOS.platform/Developer/SDKs/AppleTVOS27.0.sdk -x c -c /dev/null
ExecuteExternalTool /Applications/Xcode-27.0.0-Release.Candidate.app/Contents/Developer/Toolchains/XcodeDefault.xctoolchain/usr/bin/swiftc --version
ExecuteExternalTool /Applications/Xcode-27.0.0-Release.Candidate.app/Contents/Developer/Toolchains/XcodeDefault.xctoolchain/usr/bin/ld -version_details
Build description signature: 14e1886715e564325078b5c193e385a8
Build description path: /Users/admin/builder/spi-builder-workspace/.derivedData/Build/Intermediates.noindex/XCBuildData/14e1886715e564325078b5c193e385a8.xcbuilddata
CreateBuildDirectory /Users/admin/builder/spi-builder-workspace/.derivedData/ModuleCache.noindex
    cd /Users/admin/builder/spi-builder-workspace/.swiftpm/xcode
    builtin-create-build-directory /Users/admin/builder/spi-builder-workspace/.derivedData/ModuleCache.noindex
CreateBuildDirectory /Users/admin/builder/spi-builder-workspace/.derivedData/SDKExplicitPrecompiledModules
    cd /Users/admin/builder/spi-builder-workspace/.swiftpm/xcode
    builtin-create-build-directory /Users/admin/builder/spi-builder-workspace/.derivedData/SDKExplicitPrecompiledModules
CreateBuildDirectory /Users/admin/builder/spi-builder-workspace/.derivedData/CompilationCache.noindex
    cd /Users/admin/builder/spi-builder-workspace/.swiftpm/xcode
    builtin-create-build-directory /Users/admin/builder/spi-builder-workspace/.derivedData/CompilationCache.noindex
CreateBuildDirectory /Users/admin/builder/spi-builder-workspace/.derivedData/Build/Products
    cd /Users/admin/builder/spi-builder-workspace/.swiftpm/xcode
    builtin-create-build-directory /Users/admin/builder/spi-builder-workspace/.derivedData/Build/Products
CreateBuildDirectory /Users/admin/builder/spi-builder-workspace/.derivedData/Build/Intermediates.noindex
    cd /Users/admin/builder/spi-builder-workspace/.swiftpm/xcode
    builtin-create-build-directory /Users/admin/builder/spi-builder-workspace/.derivedData/Build/Intermediates.noindex
ClangStatCache /Applications/Xcode-27.0.0-Release.Candidate.app/Contents/Developer/Toolchains/XcodeDefault.xctoolchain/usr/bin/clang-stat-cache /Applications/Xcode-27.0.0-Release.Candidate.app/Contents/Developer/Platforms/AppleTVOS.platform/Developer/SDKs/AppleTVOS27.0.sdk /Users/admin/builder/spi-builder-workspace/.derivedData/SDKStatCaches.noindex/appletvos27.0-24J360-e829b21a6f8c9b70876ba0858053c044b32bfd8d43560033f8d89884cdb90028.sdkstatcache
    cd /Users/admin/builder/spi-builder-workspace/.swiftpm/xcode
    /Applications/Xcode-27.0.0-Release.Candidate.app/Contents/Developer/Toolchains/XcodeDefault.xctoolchain/usr/bin/clang-stat-cache /Applications/Xcode-27.0.0-Release.Candidate.app/Contents/Developer/Platforms/AppleTVOS.platform/Developer/SDKs/AppleTVOS27.0.sdk -o /Users/admin/builder/spi-builder-workspace/.derivedData/SDKStatCaches.noindex/appletvos27.0-24J360-e829b21a6f8c9b70876ba0858053c044b32bfd8d43560033f8d89884cdb90028.sdkstatcache
CreateBuildDirectory /Users/admin/builder/spi-builder-workspace/.derivedData/Build/Intermediates.noindex/PrecompiledHeaders
    cd /Users/admin/builder/spi-builder-workspace/.swiftpm/xcode
    builtin-create-build-directory /Users/admin/builder/spi-builder-workspace/.derivedData/Build/Intermediates.noindex/PrecompiledHeaders
CreateBuildDirectory /Users/admin/builder/spi-builder-workspace/.derivedData/Build/Intermediates.noindex/SwiftExplicitPrecompiledModules
    cd /Users/admin/builder/spi-builder-workspace/.swiftpm/xcode
    builtin-create-build-directory /Users/admin/builder/spi-builder-workspace/.derivedData/Build/Intermediates.noindex/SwiftExplicitPrecompiledModules
CreateBuildDirectory /Users/admin/builder/spi-builder-workspace/.derivedData/Build/Intermediates.noindex/ExplicitPrecompiledModules
    cd /Users/admin/builder/spi-builder-workspace/.swiftpm/xcode
    builtin-create-build-directory /Users/admin/builder/spi-builder-workspace/.derivedData/Build/Intermediates.noindex/ExplicitPrecompiledModules
CreateBuildDirectory /Users/admin/builder/spi-builder-workspace/.derivedData/Build/Intermediates.noindex/EagerLinkingTBDs/Debug-appletvos
    cd /Users/admin/builder/spi-builder-workspace/.swiftpm/xcode
    builtin-create-build-directory /Users/admin/builder/spi-builder-workspace/.derivedData/Build/Intermediates.noindex/EagerLinkingTBDs/Debug-appletvos
CreateBuildDirectory /Users/admin/builder/spi-builder-workspace/.derivedData/Build/Products/Debug-appletvos
    cd /Users/admin/builder/spi-builder-workspace/.swiftpm/xcode
    builtin-create-build-directory /Users/admin/builder/spi-builder-workspace/.derivedData/Build/Products/Debug-appletvos
CreateBuildDirectory /Users/admin/builder/spi-builder-workspace/.derivedData/Build/Products/Debug-appletvos/PackageFrameworks
    cd /Users/admin/builder/spi-builder-workspace/.swiftpm/xcode
    builtin-create-build-directory /Users/admin/builder/spi-builder-workspace/.derivedData/Build/Products/Debug-appletvos/PackageFrameworks
WriteAuxiliaryFile /Users/admin/builder/spi-builder-workspace/.derivedData/Build/Intermediates.noindex/AXSnapshot.build/Debug-appletvos/AXSnapshot-t.build/AXSnapshot.DependencyMetadataFileList (in target 'AXSnapshot' from project 'AXSnapshot')
    cd /Users/admin/builder/spi-builder-workspace
    write-file /Users/admin/builder/spi-builder-workspace/.derivedData/Build/Intermediates.noindex/AXSnapshot.build/Debug-appletvos/AXSnapshot-t.build/AXSnapshot.DependencyMetadataFileList
WriteAuxiliaryFile /Users/admin/builder/spi-builder-workspace/.derivedData/Build/Intermediates.noindex/AXSnapshot.build/Debug-appletvos/AXSnapshot-t.build/AXSnapshot.modulemap (in target 'AXSnapshot' from project 'AXSnapshot')
    cd /Users/admin/builder/spi-builder-workspace
    write-file /Users/admin/builder/spi-builder-workspace/.derivedData/Build/Intermediates.noindex/AXSnapshot.build/Debug-appletvos/AXSnapshot-t.build/AXSnapshot.modulemap
WriteAuxiliaryFile /Users/admin/builder/spi-builder-workspace/.derivedData/Build/Intermediates.noindex/AXSnapshot.build/Debug-appletvos/AXSnapshot-t.build/AXSnapshot.DependencyStaticMetadataFileList (in target 'AXSnapshot' from project 'AXSnapshot')
    cd /Users/admin/builder/spi-builder-workspace
    write-file /Users/admin/builder/spi-builder-workspace/.derivedData/Build/Intermediates.noindex/AXSnapshot.build/Debug-appletvos/AXSnapshot-t.build/AXSnapshot.DependencyStaticMetadataFileList
WriteAuxiliaryFile /Users/admin/builder/spi-builder-workspace/.derivedData/Build/Intermediates.noindex/AXSnapshot.build/Debug-appletvos/AXSnapshot-t.build/Objects-normal/arm64/AXSnapshot.SwiftFileList (in target 'AXSnapshot' from project 'AXSnapshot')
    cd /Users/admin/builder/spi-builder-workspace
    write-file /Users/admin/builder/spi-builder-workspace/.derivedData/Build/Intermediates.noindex/AXSnapshot.build/Debug-appletvos/AXSnapshot-t.build/Objects-normal/arm64/AXSnapshot.SwiftFileList
WriteAuxiliaryFile /Users/admin/builder/spi-builder-workspace/.derivedData/Build/Intermediates.noindex/AXSnapshot.build/Debug-appletvos/AXSnapshot-t.build/Objects-normal/arm64/AXSnapshot-OutputFileMap.json (in target 'AXSnapshot' from project 'AXSnapshot')
    cd /Users/admin/builder/spi-builder-workspace
    write-file /Users/admin/builder/spi-builder-workspace/.derivedData/Build/Intermediates.noindex/AXSnapshot.build/Debug-appletvos/AXSnapshot-t.build/Objects-normal/arm64/AXSnapshot-OutputFileMap.json
WriteAuxiliaryFile /Users/admin/builder/spi-builder-workspace/.derivedData/Build/Intermediates.noindex/AXSnapshot.build/Debug-appletvos/AXSnapshot-t.build/Objects-normal/arm64/AXSnapshot.SwiftConstValuesFileList (in target 'AXSnapshot' from project 'AXSnapshot')
    cd /Users/admin/builder/spi-builder-workspace
    write-file /Users/admin/builder/spi-builder-workspace/.derivedData/Build/Intermediates.noindex/AXSnapshot.build/Debug-appletvos/AXSnapshot-t.build/Objects-normal/arm64/AXSnapshot.SwiftConstValuesFileList
WriteAuxiliaryFile /Users/admin/builder/spi-builder-workspace/.derivedData/Build/Intermediates.noindex/AXSnapshot.build/Debug-appletvos/AXSnapshot-t.build/Objects-normal/arm64/AXSnapshot_const_extract_protocols.json (in target 'AXSnapshot' from project 'AXSnapshot')
    cd /Users/admin/builder/spi-builder-workspace
    write-file /Users/admin/builder/spi-builder-workspace/.derivedData/Build/Intermediates.noindex/AXSnapshot.build/Debug-appletvos/AXSnapshot-t.build/Objects-normal/arm64/AXSnapshot_const_extract_protocols.json
WriteAuxiliaryFile /Users/admin/builder/spi-builder-workspace/.derivedData/Build/Intermediates.noindex/AXSnapshot.build/Debug-appletvos/AXSnapshot-t.build/Objects-normal/arm64/AXSnapshot.LinkFileList (in target 'AXSnapshot' from project 'AXSnapshot')
    cd /Users/admin/builder/spi-builder-workspace
    write-file /Users/admin/builder/spi-builder-workspace/.derivedData/Build/Intermediates.noindex/AXSnapshot.build/Debug-appletvos/AXSnapshot-t.build/Objects-normal/arm64/AXSnapshot.LinkFileList
Copy /Users/admin/builder/spi-builder-workspace/.derivedData/Build/Intermediates.noindex/GeneratedModuleMaps-appletvos/AXSnapshot.modulemap /Users/admin/builder/spi-builder-workspace/.derivedData/Build/Intermediates.noindex/AXSnapshot.build/Debug-appletvos/AXSnapshot-t.build/AXSnapshot.modulemap (in target 'AXSnapshot' from project 'AXSnapshot')
    cd /Users/admin/builder/spi-builder-workspace
    builtin-copy -exclude .DS_Store -exclude CVS -exclude .svn -exclude .git -exclude .hg -resolve-src-symlinks /Users/admin/builder/spi-builder-workspace/.derivedData/Build/Intermediates.noindex/AXSnapshot.build/Debug-appletvos/AXSnapshot-t.build/AXSnapshot.modulemap /Users/admin/builder/spi-builder-workspace/.derivedData/Build/Intermediates.noindex/GeneratedModuleMaps-appletvos
SwiftDriver AXSnapshot normal arm64 com.apple.xcode.tools.swift.compiler (in target 'AXSnapshot' from project 'AXSnapshot')
    cd /Users/admin/builder/spi-builder-workspace/.swiftpm/xcode
    builtin-SwiftDriver -- /Applications/Xcode-27.0.0-Release.Candidate.app/Contents/Developer/Toolchains/XcodeDefault.xctoolchain/usr/bin/swiftc -parse-as-library -module-name AXSnapshot -Onone @/Users/admin/builder/spi-builder-workspace/.derivedData/Build/Intermediates.noindex/AXSnapshot.build/Debug-appletvos/AXSnapshot-t.build/Objects-normal/arm64/AXSnapshot.SwiftFileList -DSWIFT_PACKAGE -DDEBUG -DSWIFT_MODULE_RESOURCE_BUNDLE_UNAVAILABLE -DXcode -plugin-path /Applications/Xcode-27.0.0-Release.Candidate.app/Contents/Developer/Toolchains/XcodeDefault.xctoolchain/usr/lib/swift/host/plugins/testing -enable-experimental-feature DebugDescriptionMacro -sdk /Applications/Xcode-27.0.0-Release.Candidate.app/Contents/Developer/Platforms/AppleTVOS.platform/Developer/SDKs/AppleTVOS27.0.sdk -target arm64-apple-tvos15.0 -g -module-cache-path /Users/admin/builder/spi-builder-workspace/.derivedData/ModuleCache.noindex -Xfrontend -serialize-debugging-options -profile-coverage-mapping -profile-generate -enable-testing -index-store-path /Users/admin/builder/spi-builder-workspace/.derivedData/Index.noindex/DataStore -Xcc -D_LIBCPP_HARDENING_MODE\=_LIBCPP_HARDENING_MODE_DEBUG -swift-version 5 -I /Users/admin/builder/spi-builder-workspace/.derivedData/Build/Products/Debug-appletvos -Isystem /Applications/Xcode-27.0.0-Release.Candidate.app/Contents/Developer/Platforms/AppleTVOS.platform/Developer/usr/lib -F /Users/admin/builder/spi-builder-workspace/.derivedData/Build/Products/Debug-appletvos -F /Applications/Xcode-27.0.0-Release.Candidate.app/Contents/Developer/Platforms/AppleTVOS.platform/Developer/Library/Frameworks -F /Applications/Xcode-27.0.0-Release.Candidate.app/Contents/Developer/Platforms/AppleTVOS.platform/Developer/SDKs/AppleTVOS27.0.sdk/Developer/Library/Frameworks -c -j10 -enable-batch-mode -incremental -Xcc -ivfsstatcache -Xcc /Users/admin/builder/spi-builder-workspace/.derivedData/SDKStatCaches.noindex/appletvos27.0-24J360-e829b21a6f8c9b70876ba0858053c044b32bfd8d43560033f8d89884cdb90028.sdkstatcache -output-file-map /Users/admin/builder/spi-builder-workspace/.derivedData/Build/Intermediates.noindex/AXSnapshot.build/Debug-appletvos/AXSnapshot-t.build/Objects-normal/arm64/AXSnapshot-OutputFileMap.json -save-temps -no-color-diagnostics -explicit-module-build -module-cache-path /Users/admin/builder/spi-builder-workspace/.derivedData/Build/Intermediates.noindex/SwiftExplicitPrecompiledModules -clang-scanner-module-cache-path /Users/admin/builder/spi-builder-workspace/.derivedData/ModuleCache.noindex -sdk-module-cache-path /Users/admin/builder/spi-builder-workspace/.derivedData/SDKExplicitPrecompiledModules -emit-dependencies -emit-module -emit-module-path /Users/admin/builder/spi-builder-workspace/.derivedData/Build/Intermediates.noindex/AXSnapshot.build/Debug-appletvos/AXSnapshot-t.build/Objects-normal/arm64/AXSnapshot.swiftmodule -serialize-diagnostics -dependency-scan-serialize-diagnostics-path /Users/admin/builder/spi-builder-workspace/.derivedData/Build/Intermediates.noindex/AXSnapshot.build/Debug-appletvos/AXSnapshot-t.build/Objects-normal/arm64/AXSnapshot-dependency-scan.dia -validate-clang-modules-once -clang-build-session-file /Users/admin/builder/spi-builder-workspace/.derivedData/ModuleCache.noindex/Session.modulevalidation -Xcc -fmodules-prune-interval\=86400 -Xcc -fmodules-prune-after\=345600 -emit-const-values -const-gather-protocols-list /Users/admin/builder/spi-builder-workspace/.derivedData/Build/Intermediates.noindex/AXSnapshot.build/Debug-appletvos/AXSnapshot-t.build/Objects-normal/arm64/AXSnapshot_const_extract_protocols.json -Xcc -I/Users/admin/builder/spi-builder-workspace/.derivedData/Build/Products/Debug-appletvos/include -Xcc -I/Users/admin/builder/spi-builder-workspace/.derivedData/Build/Intermediates.noindex/AXSnapshot.build/Debug-appletvos/AXSnapshot-t.build/DerivedSources-normal/arm64 -Xcc -I/Users/admin/builder/spi-builder-workspace/.derivedData/Build/Intermediates.noindex/AXSnapshot.build/Debug-appletvos/AXSnapshot-t.build/DerivedSources/arm64 -Xcc -I/Users/admin/builder/spi-builder-workspace/.derivedData/Build/Intermediates.noindex/AXSnapshot.build/Debug-appletvos/AXSnapshot-t.build/DerivedSources -Xcc -DSWIFT_PACKAGE -Xcc -DDEBUG\=1 -emit-objc-header -emit-objc-header-path /Users/admin/builder/spi-builder-workspace/.derivedData/Build/Intermediates.noindex/AXSnapshot.build/Debug-appletvos/AXSnapshot-t.build/Objects-normal/arm64/AXSnapshot-Swift.h -working-directory /Users/admin/builder/spi-builder-workspace/.swiftpm/xcode -experimental-emit-module-separately -disable-cmo
SwiftExplicitDependencyGeneratePcm arm64 /Users/admin/builder/spi-builder-workspace/.derivedData/SDKExplicitPrecompiledModules/_AvailabilityInternal-BV2EDDP0MI5QJDDPEEV4D9D3V.pcm
SwiftExplicitDependencyGeneratePcm arm64 /Users/admin/builder/spi-builder-workspace/.derivedData/SDKExplicitPrecompiledModules/ptrauth-8X2KEPL7CTRPS40TUB9APHPK6.pcm
SwiftExplicitDependencyGeneratePcm arm64 /Users/admin/builder/spi-builder-workspace/.derivedData/SDKExplicitPrecompiledModules/_Builtin_stddef-9ZJZ6FDEZNKTZU8YLPMFT9RAQ.pcm
SwiftExplicitDependencyGeneratePcm arm64 /Users/admin/builder/spi-builder-workspace/.derivedData/SDKExplicitPrecompiledModules/_Builtin_stdbool-AHRDH5EKLY6D04C5E42F3VCQI.pcm
SwiftExplicitDependencyGeneratePcm arm64 /Users/admin/builder/spi-builder-workspace/.derivedData/SDKExplicitPrecompiledModules/ptrcheck-2AZ6B5IBYD3RRRTFWN2ONASY3.pcm
SwiftExplicitDependencyGeneratePcm arm64 /Users/admin/builder/spi-builder-workspace/.derivedData/SDKExplicitPrecompiledModules/SwiftShims-8N4EXJ4RUJTR8K9OO3CMOH1EP.pcm
SwiftExplicitDependencyGeneratePcm arm64 /Users/admin/builder/spi-builder-workspace/.derivedData/SDKExplicitPrecompiledModules/DeveloperToolsSupport-B1X8RI63V48AJRTH2RK6JAARV.pcm
SwiftExplicitDependencyGeneratePcm arm64 /Users/admin/builder/spi-builder-workspace/.derivedData/SDKExplicitPrecompiledModules/_Builtin_float-8ZJAYZ85YBOAOP52Y9H6IUNP3.pcm
SwiftExplicitDependencyGeneratePcm arm64 /Users/admin/builder/spi-builder-workspace/.derivedData/SDKExplicitPrecompiledModules/_SwiftConcurrencyShims-BY5PD8KF1L5KF6F4Q69HE3TJ4.pcm
SwiftExplicitDependencyGeneratePcm arm64 /Users/admin/builder/spi-builder-workspace/.derivedData/SDKExplicitPrecompiledModules/_Builtin_stdarg-BO2OCAUYVAXDRVQWQ8ISKGNUQ.pcm
SwiftExplicitDependencyGeneratePcm arm64 /Users/admin/builder/spi-builder-workspace/.derivedData/SDKExplicitPrecompiledModules/_DarwinFoundation1-JOTYMOA1YZCIJ2NON6FQ848O.pcm
SwiftExplicitDependencyGeneratePcm arm64 /Users/admin/builder/spi-builder-workspace/.derivedData/SDKExplicitPrecompiledModules/_Builtin_limits-7JU2HP127LIT1X9E2V3D8WZ1.pcm
SwiftExplicitDependencyGeneratePcm arm64 /Users/admin/builder/spi-builder-workspace/.derivedData/SDKExplicitPrecompiledModules/_DarwinFoundation2-AOGAN1O02NKXRJN5V73AV3V3M.pcm
SwiftExplicitDependencyGeneratePcm arm64 /Users/admin/builder/spi-builder-workspace/.derivedData/SDKExplicitPrecompiledModules/_Builtin_tgmath-7ULT1EUHDHW4OZPSTT33H6QGE.pcm
SwiftExplicitDependencyGeneratePcm arm64 /Users/admin/builder/spi-builder-workspace/.derivedData/SDKExplicitPrecompiledModules/string_h-6EVHP7A717OUS5DMC78F79HWO.pcm
SwiftExplicitDependencyGeneratePcm arm64 /Users/admin/builder/spi-builder-workspace/.derivedData/SDKExplicitPrecompiledModules/sys_types-8GCAV1YMG5UUGHUID3CA20TCH.pcm
SwiftExplicitDependencyGeneratePcm arm64 /Users/admin/builder/spi-builder-workspace/.derivedData/SDKExplicitPrecompiledModules/_Builtin_stdint-6NFTB6IBKS143IVPGT1EKB7HO.pcm
SwiftExplicitDependencyGeneratePcm arm64 /Users/admin/builder/spi-builder-workspace/.derivedData/SDKExplicitPrecompiledModules/_Builtin_intrinsics-437O2R2NID4WAQVENR63GR82C.pcm
SwiftExplicitDependencyGeneratePcm arm64 /Users/admin/builder/spi-builder-workspace/.derivedData/SDKExplicitPrecompiledModules/_DarwinFoundation3-8SR3855WDFHQPR6G9GHOI2C07.pcm
SwiftExplicitDependencyGeneratePcm arm64 /Users/admin/builder/spi-builder-workspace/.derivedData/SDKExplicitPrecompiledModules/_Builtin_stdatomic-3YXHN678NGYM3NL9POJ2HVEIF.pcm
SwiftExplicitDependencyGeneratePcm arm64 /Users/admin/builder/spi-builder-workspace/.derivedData/SDKExplicitPrecompiledModules/_Builtin_inttypes-6X1IQ3QK9KEVKXOK9Y79EW7J3.pcm
SwiftExplicitDependencyGeneratePcm arm64 /Users/admin/builder/spi-builder-workspace/.derivedData/SDKExplicitPrecompiledModules/Darwin-DBSQAVBBPC3D2OMU5ZI2RXMST.pcm
SwiftExplicitDependencyGeneratePcm arm64 /Users/admin/builder/spi-builder-workspace/.derivedData/SDKExplicitPrecompiledModules/simd-117QUXEUT3Z7UQCUYWV2UA228.pcm
SwiftExplicitDependencyGeneratePcm arm64 /Users/admin/builder/spi-builder-workspace/.derivedData/SDKExplicitPrecompiledModules/ObjectiveC-5250FDCE56N8508OR6XUYDKZM.pcm
SwiftExplicitDependencyGeneratePcm arm64 /Users/admin/builder/spi-builder-workspace/.derivedData/SDKExplicitPrecompiledModules/MachO-EH3F5PJCIZG05NO51CEFSZYPW.pcm
SwiftExplicitDependencyGeneratePcm arm64 /Users/admin/builder/spi-builder-workspace/.derivedData/SDKExplicitPrecompiledModules/os_object-E2DGZ0SX0TULQHULZRPO6OKNW.pcm
SwiftExplicitDependencyGeneratePcm arm64 /Users/admin/builder/spi-builder-workspace/.derivedData/SDKExplicitPrecompiledModules/os_workgroup-DBUFF7811DKMX7VPBOJPGGF1U.pcm
SwiftExplicitDependencyGeneratePcm arm64 /Users/admin/builder/spi-builder-workspace/.derivedData/SDKExplicitPrecompiledModules/Spatial-7U8NLEFXSB8BR7PJQGVMF5A4Q.pcm
SwiftExplicitDependencyGeneratePcm arm64 /Users/admin/builder/spi-builder-workspace/.derivedData/SDKExplicitPrecompiledModules/Dispatch-1QL58A0V50C39KVAIC6C38SHL.pcm
SwiftExplicitDependencyGeneratePcm arm64 /Users/admin/builder/spi-builder-workspace/.derivedData/SDKExplicitPrecompiledModules/XPC-6O2DJFT3QUJ7QKTD3SNUB6PCR.pcm
SwiftExplicitDependencyGeneratePcm arm64 /Users/admin/builder/spi-builder-workspace/.derivedData/SDKExplicitPrecompiledModules/CoreFoundation-7TPJ7ENDC4L1A1ESHYI9TXS0D.pcm
SwiftExplicitDependencyGeneratePcm arm64 /Users/admin/builder/spi-builder-workspace/.derivedData/SDKExplicitPrecompiledModules/os-3GJI8H0BNAEZPQPQ1V0VVY3FY.pcm
SwiftExplicitDependencyGeneratePcm arm64 /Users/admin/builder/spi-builder-workspace/.derivedData/SDKExplicitPrecompiledModules/CFNetwork-2CUR2VK9S3S3WPFXPNXNUWYGN.pcm
SwiftExplicitDependencyGeneratePcm arm64 /Users/admin/builder/spi-builder-workspace/.derivedData/SDKExplicitPrecompiledModules/Security-8VMXEKVDA3MHUH9AOTP905DID.pcm
SwiftExplicitDependencyGeneratePcm arm64 /Users/admin/builder/spi-builder-workspace/.derivedData/SDKExplicitPrecompiledModules/CoreGraphics-CWSP3J98S2658BYCVL6RP99T3.pcm
SwiftExplicitDependencyGeneratePcm arm64 /Users/admin/builder/spi-builder-workspace/.derivedData/SDKExplicitPrecompiledModules/Foundation-BSSIP64DIGUKMAYJOG1WPQ78X.pcm
SwiftExplicitDependencyGeneratePcm arm64 /Users/admin/builder/spi-builder-workspace/.derivedData/SDKExplicitPrecompiledModules/CoreText-59NY7PABM0I4V978161FOC04A.pcm
SwiftExplicitDependencyGeneratePcm arm64 /Users/admin/builder/spi-builder-workspace/.derivedData/SDKExplicitPrecompiledModules/ImageIO-88D4CLEBD4CLWQKT78PZ6H1O8.pcm
SwiftExplicitDependencyGeneratePcm arm64 /Users/admin/builder/spi-builder-workspace/.derivedData/SDKExplicitPrecompiledModules/_LocationEssentials-ETSJ65FELPWR8WH8G49R1DF2E.pcm
SwiftExplicitDependencyGeneratePcm arm64 /Users/admin/builder/spi-builder-workspace/.derivedData/SDKExplicitPrecompiledModules/Symbols-B5AU9VM9Y7NU79RLMH13Z4IFM.pcm
SwiftExplicitDependencyGeneratePcm arm64 /Users/admin/builder/spi-builder-workspace/.derivedData/SDKExplicitPrecompiledModules/OSLog-7OT6HHTMY0ZFEQJ095LJZ6NLC.pcm
SwiftExplicitDependencyGeneratePcm arm64 /Users/admin/builder/spi-builder-workspace/.derivedData/SDKExplicitPrecompiledModules/IOSurface-38FJ1CKX9FV2RD97O64Z7QB17.pcm
SwiftExplicitDependencyGeneratePcm arm64 /Users/admin/builder/spi-builder-workspace/.derivedData/SDKExplicitPrecompiledModules/CoreTransferable-7V4O8DATEQ9F7SDNTCW8YWLG3.pcm
SwiftExplicitDependencyGeneratePcm arm64 /Users/admin/builder/spi-builder-workspace/.derivedData/SDKExplicitPrecompiledModules/Accessibility-B6BODGZ4MQQTY0PBC4SHRP009.pcm
SwiftExplicitDependencyGeneratePcm arm64 /Users/admin/builder/spi-builder-workspace/.derivedData/SDKExplicitPrecompiledModules/DataDetection-37JIYZ2GWDA1L166PP1D9JKAF.pcm
SwiftExplicitDependencyGeneratePcm arm64 /Users/admin/builder/spi-builder-workspace/.derivedData/SDKExplicitPrecompiledModules/UIUtilities-6ZFJ1AK4H8IBGEBMYQBWGBYLK.pcm
SwiftExplicitDependencyGeneratePcm arm64 /Users/admin/builder/spi-builder-workspace/.derivedData/SDKExplicitPrecompiledModules/UniformTypeIdentifiers-95CC8U42ZA9STP5K6GP9ZVJS5.pcm
SwiftExplicitDependencyGeneratePcm arm64 /Users/admin/builder/spi-builder-workspace/.derivedData/SDKExplicitPrecompiledModules/UserNotifications-E9ZW5TH066WIJWH9080RC5NG4.pcm
SwiftExplicitDependencyGeneratePcm arm64 /Users/admin/builder/spi-builder-workspace/.derivedData/SDKExplicitPrecompiledModules/CoreLocation-YVXXAOMVX0JH2KO1XTTKTY51.pcm
SwiftExplicitDependencyGeneratePcm arm64 /Users/admin/builder/spi-builder-workspace/.derivedData/SDKExplicitPrecompiledModules/OpenGLES-4NY99CNDU9WUNUYEIXSS1QFGE.pcm
SwiftExplicitDependencyGeneratePcm arm64 /Users/admin/builder/spi-builder-workspace/.derivedData/SDKExplicitPrecompiledModules/Metal-2KYBS7IML1SD788M91YV7Q0CC.pcm
SwiftExplicitDependencyGeneratePcm arm64 /Users/admin/builder/spi-builder-workspace/.derivedData/SDKExplicitPrecompiledModules/CoreVideo-DPU0PB5X0XLSVA2ETRGI6FJBM.pcm
SwiftExplicitDependencyGeneratePcm arm64 /Users/admin/builder/spi-builder-workspace/.derivedData/SDKExplicitPrecompiledModules/QuartzCore-DJSYAWKXFGVSAK5CQMOB3JSR.pcm
SwiftExplicitDependencyGeneratePcm arm64 /Users/admin/builder/spi-builder-workspace/.derivedData/SDKExplicitPrecompiledModules/CoreImage-7S2AFJ8EIY3DUFYLEAX1JR1QV.pcm
SwiftExplicitDependencyGeneratePcm arm64 /Users/admin/builder/spi-builder-workspace/.derivedData/SDKExplicitPrecompiledModules/SwiftUICore-543QU5V2NHKUFCYFJDKUJ7NYG.pcm
SwiftExplicitDependencyGeneratePcm arm64 /Users/admin/builder/spi-builder-workspace/.derivedData/SDKExplicitPrecompiledModules/UIKit-1TKWN7VC2X6N3ITMRVA2G0EB2.pcm
SwiftCompile normal arm64 Compiling\ UIAccessibilityTraits+Extension.swift /Users/admin/builder/spi-builder-workspace/Sources/AXSnapshot/UIAccessibilityTraits+Extension.swift (in target 'AXSnapshot' from project 'AXSnapshot')
SwiftCompile normal arm64 /Users/admin/builder/spi-builder-workspace/Sources/AXSnapshot/UIAccessibilityTraits+Extension.swift (in target 'AXSnapshot' from project 'AXSnapshot')
    cd /Users/admin/builder/spi-builder-workspace/.swiftpm/xcode
    builtin-SwiftPerFileCompile UIAccessibilityTraits+Extension.swift
SwiftEmitModule normal arm64 Emitting\ module\ for\ AXSnapshot (in target 'AXSnapshot' from project 'AXSnapshot')
/Users/admin/builder/spi-builder-workspace/Sources/AXSnapshot/AccessibilityDescription.swift:41:40: error: 'UIStepper' is unavailable in tvOS
 39 |     } else if let activityIndicator = object as? UIActivityIndicatorView {
 40 |         description = "Activity Indicator"
 41 |     } else if let stepper = object as? UIStepper {
    |                                        `- error: 'UIStepper' is unavailable in tvOS
 42 |         description = "Stepper"
 43 |     } else if let segmentedControl = object as? UISegmentedControl {
/Applications/Xcode-27.0.0-Release.Candidate.app/Contents/Developer/Platforms/AppleTVOS.platform/Developer/SDKs/AppleTVOS27.0.sdk/System/Library/Frameworks/UIKit.framework/Headers/UIStepper.h:18:12: note: 'UIStepper' has been explicitly marked unavailable here
16 |
17 | UIKIT_EXTERN API_AVAILABLE(ios(5.0)) API_UNAVAILABLE(tvos, watchos) NS_SWIFT_UI_ACTOR
18 | @interface UIStepper : UIControl
   |            `- note: 'UIStepper' has been explicitly marked unavailable here
19 |
20 | @property(nonatomic,getter=isContinuous) BOOL continuous; // if YES, value change events are sent any time the value changes during interaction. default = YES
/Users/admin/builder/spi-builder-workspace/Sources/AXSnapshot/AccessibilityDescription.swift:59:39: error: 'UISlider' is unavailable in tvOS
 57 |         let progress = numberFormatter.string(for: progressView.progress) ?? ""
 58 |         description = progress
 59 |     } else if let slider = object as? UISlider {
    |                                       `- error: 'UISlider' is unavailable in tvOS
 60 |         let numberFormatter = NumberFormatter()
 61 |         numberFormatter.numberStyle = .percent
/Applications/Xcode-27.0.0-Release.Candidate.app/Contents/Developer/Platforms/AppleTVOS.platform/Developer/SDKs/AppleTVOS27.0.sdk/System/Library/Frameworks/UIKit.framework/Headers/UISlider.h:26:12: note: 'UISlider' has been explicitly marked unavailable here
24 |
25 | UIKIT_EXTERN API_AVAILABLE(ios(2.0)) API_UNAVAILABLE(tvos, watchos) NS_SWIFT_UI_ACTOR
26 | @interface UISlider : UIControl <NSCoding>
   |            `- note: 'UISlider' has been explicitly marked unavailable here
27 |
28 | @property(nonatomic) float value;                                 // default 0.0. this value will be pinned to min/max
/Users/admin/builder/spi-builder-workspace/Sources/AXSnapshot/AccessibilityDescription.swift:70:41: error: 'UISwitch' is unavailable in tvOS
 68 |     } else if let activityIndicator = object as? UIActivityIndicatorView {
 69 |         description = activityIndicator.isAnimating ? "Animating" : "Halted"
 70 |     } else if let uiSwitch = object as? UISwitch {
    |                                         `- error: 'UISwitch' is unavailable in tvOS
 71 |         description = uiSwitch.isOn ? "1" : "0"
 72 |     } else if let segmentedControl = object as? UISegmentedControl {
/Applications/Xcode-27.0.0-Release.Candidate.app/Contents/Developer/Platforms/AppleTVOS.platform/Developer/SDKs/AppleTVOS27.0.sdk/System/Library/Frameworks/UIKit.framework/Headers/UISwitch.h:23:12: note: 'UISwitch' has been explicitly marked unavailable here
21 |
22 | UIKIT_EXTERN API_AVAILABLE(ios(2.0)) API_UNAVAILABLE(tvos, watchos) NS_SWIFT_UI_ACTOR
23 | @interface UISwitch : UIControl <NSCoding>
   |            `- note: 'UISwitch' has been explicitly marked unavailable here
24 |
25 | @property(nullable, nonatomic, strong) UIColor *onTintColor API_AVAILABLE(ios(5.0)) UI_APPEARANCE_SELECTOR;
/Users/admin/builder/spi-builder-workspace/Sources/AXSnapshot/AccessibilityDescription.swift:87:47: error: 'UISwitch' is unavailable in tvOS
 85 |     if object.accessibilityTraits.isEmpty == false && object.accessibilityTraits.isStandardTraits {
 86 |         description = "\n\(object.accessibilityTraits.descripion)"
 87 |     } else if object is UIButton || object is UISwitch {
    |                                               `- error: 'UISwitch' is unavailable in tvOS
 88 |         description = "\n\(UIAccessibilityTraits.button.descripion)"
 89 |     } else if object is UISlider {
/Applications/Xcode-27.0.0-Release.Candidate.app/Contents/Developer/Platforms/AppleTVOS.platform/Developer/SDKs/AppleTVOS27.0.sdk/System/Library/Frameworks/UIKit.framework/Headers/UISwitch.h:23:12: note: 'UISwitch' has been explicitly marked unavailable here
21 |
22 | UIKIT_EXTERN API_AVAILABLE(ios(2.0)) API_UNAVAILABLE(tvos, watchos) NS_SWIFT_UI_ACTOR
23 | @interface UISwitch : UIControl <NSCoding>
   |            `- note: 'UISwitch' has been explicitly marked unavailable here
24 |
25 | @property(nullable, nonatomic, strong) UIColor *onTintColor API_AVAILABLE(ios(5.0)) UI_APPEARANCE_SELECTOR;
/Users/admin/builder/spi-builder-workspace/Sources/AXSnapshot/AccessibilityDescription.swift:89:25: error: 'UISlider' is unavailable in tvOS
 87 |     } else if object is UIButton || object is UISwitch {
 88 |         description = "\n\(UIAccessibilityTraits.button.descripion)"
 89 |     } else if object is UISlider {
    |                         `- error: 'UISlider' is unavailable in tvOS
 90 |         description = "\n\(UIAccessibilityTraits.adjustable.descripion)"
 91 |     } else if object is UITextView {
/Applications/Xcode-27.0.0-Release.Candidate.app/Contents/Developer/Platforms/AppleTVOS.platform/Developer/SDKs/AppleTVOS27.0.sdk/System/Library/Frameworks/UIKit.framework/Headers/UISlider.h:26:12: note: 'UISlider' has been explicitly marked unavailable here
24 |
25 | UIKIT_EXTERN API_AVAILABLE(ios(2.0)) API_UNAVAILABLE(tvos, watchos) NS_SWIFT_UI_ACTOR
26 | @interface UISlider : UIControl <NSCoding>
   |            `- note: 'UISlider' has been explicitly marked unavailable here
27 |
28 | @property(nonatomic) float value;                                 // default 0.0. this value will be pinned to min/max
Failed frontend command:
/Applications/Xcode-27.0.0-Release.Candidate.app/Contents/Developer/Toolchains/XcodeDefault.xctoolchain/usr/bin/swift-frontend -frontend -emit-module -experimental-skip-non-inlinable-function-bodies-without-types /Users/admin/builder/spi-builder-workspace/Sources/AXSnapshot/AXSnapshot.swift /Users/admin/builder/spi-builder-workspace/Sources/AXSnapshot/AccessibilityDescription.swift /Users/admin/builder/spi-builder-workspace/Sources/AXSnapshot/UIAccessibilityTraits+Extension.swift /Users/admin/builder/spi-builder-workspace/Sources/AXSnapshot/UIResponder+Extension.swift -target arm64-apple-tvos15.0 -disable-cross-import-overlay-search -load-resolved-plugin /Applications/Xcode-27.0.0-Release.Candidate.app/Contents/Developer/Platforms/AppleTVOS.platform/Developer/usr/lib/swift/host/plugins/libFoundationMacros.dylib\#/Applications/Xcode-27.0.0-Release.Candidate.app/Contents/Developer/Platforms/AppleTVOS.platform/Developer/usr/bin/swift-plugin-server\#FoundationMacros -load-resolved-plugin /Applications/Xcode-27.0.0-Release.Candidate.app/Contents/Developer/Platforms/AppleTVOS.platform/Developer/usr/lib/swift/host/plugins/libObservationMacros.dylib\#/Applications/Xcode-27.0.0-Release.Candidate.app/Contents/Developer/Platforms/AppleTVOS.platform/Developer/usr/bin/swift-plugin-server\#ObservationMacros -load-resolved-plugin /Applications/Xcode-27.0.0-Release.Candidate.app/Contents/Developer/Platforms/AppleTVOS.platform/Developer/usr/lib/swift/host/plugins/libPreviewsMacros.dylib\#/Applications/Xcode-27.0.0-Release.Candidate.app/Contents/Developer/Platforms/AppleTVOS.platform/Developer/usr/bin/swift-plugin-server\#PreviewsMacros -load-resolved-plugin /Applications/Xcode-27.0.0-Release.Candidate.app/Contents/Developer/Platforms/AppleTVOS.platform/Developer/usr/lib/swift/host/plugins/libSwiftMacros.dylib\#/Applications/Xcode-27.0.0-Release.Candidate.app/Contents/Developer/Platforms/AppleTVOS.platform/Developer/usr/bin/swift-plugin-server\#SwiftMacros -load-resolved-plugin /Applications/Xcode-27.0.0-Release.Candidate.app/Contents/Developer/Platforms/AppleTVOS.platform/Developer/usr/lib/swift/host/plugins/libSwiftUIMacros.dylib\#/Applications/Xcode-27.0.0-Release.Candidate.app/Contents/Developer/Platforms/AppleTVOS.platform/Developer/usr/bin/swift-plugin-server\#SwiftUIMacros -disable-implicit-swift-modules -Xcc -fno-implicit-modules -Xcc -fno-implicit-module-maps -explicit-swift-module-map-file /Users/admin/builder/spi-builder-workspace/.derivedData/Build/Intermediates.noindex/AXSnapshot.build/Debug-appletvos/AXSnapshot-t.build/Objects-normal/arm64/AXSnapshot-dependencies-1.json -Xllvm -aarch64-use-tbi -enable-objc-interop -stack-check -sdk /Applications/Xcode-27.0.0-Release.Candidate.app/Contents/Developer/Platforms/AppleTVOS.platform/Developer/SDKs/AppleTVOS27.0.sdk -I /Users/admin/builder/spi-builder-workspace/.derivedData/Build/Products/Debug-appletvos -Isystem /Applications/Xcode-27.0.0-Release.Candidate.app/Contents/Developer/Platforms/AppleTVOS.platform/Developer/usr/lib -F /Users/admin/builder/spi-builder-workspace/.derivedData/Build/Products/Debug-appletvos -F /Applications/Xcode-27.0.0-Release.Candidate.app/Contents/Developer/Platforms/AppleTVOS.platform/Developer/Library/Frameworks -F /Applications/Xcode-27.0.0-Release.Candidate.app/Contents/Developer/Platforms/AppleTVOS.platform/Developer/SDKs/AppleTVOS27.0.sdk/Developer/Library/Frameworks -module-cache-path /Users/admin/builder/spi-builder-workspace/.derivedData/Build/Intermediates.noindex/SwiftExplicitPrecompiledModules -no-color-diagnostics -Xcc -fno-color-diagnostics -enable-testing -g -debug-info-format\=dwarf -dwarf-version\=4 -profile-generate -profile-coverage-mapping -swift-version 5 -Onone -D SWIFT_PACKAGE -D DEBUG -D SWIFT_MODULE_RESOURCE_BUNDLE_UNAVAILABLE -D Xcode -serialize-debugging-options -enable-experimental-feature DebugDescriptionMacro -empty-abi-descriptor -validate-clang-modules-once -clang-build-session-file /Users/admin/builder/spi-builder-workspace/.derivedData/ModuleCache.noindex/Session.modulevalidation -Xcc -working-directory -Xcc /Users/admin/builder/spi-builder-workspace/.swiftpm/xcode -enable-anonymous-context-mangled-names -file-compilation-dir /Users/admin/builder/spi-builder-workspace/.swiftpm/xcode -Xcc -D_LIBCPP_HARDENING_MODE\=_LIBCPP_HARDENING_MODE_DEBUG -Xcc -ivfsstatcache -Xcc /Users/admin/builder/spi-builder-workspace/.derivedData/SDKStatCaches.noindex/appletvos27.0-24J360-e829b21a6f8c9b70876ba0858053c044b32bfd8d43560033f8d89884cdb90028.sdkstatcache -Xcc -fmodules-prune-interval\=86400 -Xcc -fmodules-prune-after\=345600 -Xcc -I/Users/admin/builder/spi-builder-workspace/.derivedData/Build/Products/Debug-appletvos/include -Xcc -I/Users/admin/builder/spi-builder-workspace/.derivedData/Build/Intermediates.noindex/AXSnapshot.build/Debug-appletvos/AXSnapshot-t.build/DerivedSources-normal/arm64 -Xcc -I/Users/admin/builder/spi-builder-workspace/.derivedData/Build/Intermediates.noindex/AXSnapshot.build/Debug-appletvos/AXSnapshot-t.build/DerivedSources/arm64 -Xcc -I/Users/admin/builder/spi-builder-workspace/.derivedData/Build/Intermediates.noindex/AXSnapshot.build/Debug-appletvos/AXSnapshot-t.build/DerivedSources -Xcc -DSWIFT_PACKAGE -Xcc -DDEBUG\=1 -no-auto-bridging-header-chaining -module-name AXSnapshot -const-gather-protocols-file /Users/admin/builder/spi-builder-workspace/.derivedData/Build/Intermediates.noindex/AXSnapshot.build/Debug-appletvos/AXSnapshot-t.build/Objects-normal/arm64/AXSnapshot_const_extract_protocols.json -disable-clang-spi -clang-target arm64-apple-tvos27.0 -target-sdk-version 27.0 -target-sdk-name appletvos27.0 -in-process-plugin-server-path /Applications/Xcode-27.0.0-Release.Candidate.app/Contents/Developer/Toolchains/XcodeDefault.xctoolchain/usr/lib/swift/host/libSwiftInProcPluginServer.dylib -emit-module-doc-path /Users/admin/builder/spi-builder-workspace/.derivedData/Build/Intermediates.noindex/AXSnapshot.build/Debug-appletvos/AXSnapshot-t.build/Objects-normal/arm64/AXSnapshot.swiftdoc -emit-module-source-info-path /Users/admin/builder/spi-builder-workspace/.derivedData/Build/Intermediates.noindex/AXSnapshot.build/Debug-appletvos/AXSnapshot-t.build/Objects-normal/arm64/AXSnapshot.swiftsourceinfo -emit-objc-header-path /Users/admin/builder/spi-builder-workspace/.derivedData/Build/Intermediates.noindex/AXSnapshot.build/Debug-appletvos/AXSnapshot-t.build/Objects-normal/arm64/AXSnapshot-Swift.h -serialize-diagnostics-path /Users/admin/builder/spi-builder-workspace/.derivedData/Build/Intermediates.noindex/AXSnapshot.build/Debug-appletvos/AXSnapshot-t.build/Objects-normal/arm64/AXSnapshot-primary-emit-module.dia -emit-dependencies-path /Users/admin/builder/spi-builder-workspace/.derivedData/Build/Intermediates.noindex/AXSnapshot.build/Debug-appletvos/AXSnapshot-t.build/Objects-normal/arm64/AXSnapshot-primary-emit-module.d -parse-as-library -o /Users/admin/builder/spi-builder-workspace/.derivedData/Build/Intermediates.noindex/AXSnapshot.build/Debug-appletvos/AXSnapshot-t.build/Objects-normal/arm64/AXSnapshot.swiftmodule -emit-abi-descriptor-path /Users/admin/builder/spi-builder-workspace/.derivedData/Build/Intermediates.noindex/AXSnapshot.build/Debug-appletvos/AXSnapshot-t.build/Objects-normal/arm64/AXSnapshot.abi.json
SwiftCompile normal arm64 (in target 'AXSnapshot' from project 'AXSnapshot')
    cd /Users/admin/builder/spi-builder-workspace/.swiftpm/xcode

SwiftCompile normal arm64 Compiling\ AXSnapshot.swift /Users/admin/builder/spi-builder-workspace/Sources/AXSnapshot/AXSnapshot.swift (in target 'AXSnapshot' from project 'AXSnapshot')
SwiftCompile normal arm64 /Users/admin/builder/spi-builder-workspace/Sources/AXSnapshot/AXSnapshot.swift (in target 'AXSnapshot' from project 'AXSnapshot')
    cd /Users/admin/builder/spi-builder-workspace/.swiftpm/xcode
    builtin-SwiftPerFileCompile AXSnapshot.swift
SwiftCompile normal arm64 Compiling\ AccessibilityDescription.swift /Users/admin/builder/spi-builder-workspace/Sources/AXSnapshot/AccessibilityDescription.swift (in target 'AXSnapshot' from project 'AXSnapshot')
/Users/admin/builder/spi-builder-workspace/Sources/AXSnapshot/AccessibilityDescription.swift:41:40: error: 'UIStepper' is unavailable in tvOS
 39 |     } else if let activityIndicator = object as? UIActivityIndicatorView {
 40 |         description = "Activity Indicator"
 41 |     } else if let stepper = object as? UIStepper {
    |                                        `- error: 'UIStepper' is unavailable in tvOS
 42 |         description = "Stepper"
 43 |     } else if let segmentedControl = object as? UISegmentedControl {
/Applications/Xcode-27.0.0-Release.Candidate.app/Contents/Developer/Platforms/AppleTVOS.platform/Developer/SDKs/AppleTVOS27.0.sdk/System/Library/Frameworks/UIKit.framework/Headers/UIStepper.h:18:12: note: 'UIStepper' has been explicitly marked unavailable here
16 |
17 | UIKIT_EXTERN API_AVAILABLE(ios(5.0)) API_UNAVAILABLE(tvos, watchos) NS_SWIFT_UI_ACTOR
18 | @interface UIStepper : UIControl
   |            `- note: 'UIStepper' has been explicitly marked unavailable here
19 |
20 | @property(nonatomic,getter=isContinuous) BOOL continuous; // if YES, value change events are sent any time the value changes during interaction. default = YES
/Users/admin/builder/spi-builder-workspace/Sources/AXSnapshot/AccessibilityDescription.swift:59:39: error: 'UISlider' is unavailable in tvOS
 57 |         let progress = numberFormatter.string(for: progressView.progress) ?? ""
 58 |         description = progress
 59 |     } else if let slider = object as? UISlider {
    |                                       `- error: 'UISlider' is unavailable in tvOS
 60 |         let numberFormatter = NumberFormatter()
 61 |         numberFormatter.numberStyle = .percent
/Applications/Xcode-27.0.0-Release.Candidate.app/Contents/Developer/Platforms/AppleTVOS.platform/Developer/SDKs/AppleTVOS27.0.sdk/System/Library/Frameworks/UIKit.framework/Headers/UISlider.h:26:12: note: 'UISlider' has been explicitly marked unavailable here
24 |
25 | UIKIT_EXTERN API_AVAILABLE(ios(2.0)) API_UNAVAILABLE(tvos, watchos) NS_SWIFT_UI_ACTOR
26 | @interface UISlider : UIControl <NSCoding>
   |            `- note: 'UISlider' has been explicitly marked unavailable here
27 |
28 | @property(nonatomic) float value;                                 // default 0.0. this value will be pinned to min/max
/Users/admin/builder/spi-builder-workspace/Sources/AXSnapshot/AccessibilityDescription.swift:70:41: error: 'UISwitch' is unavailable in tvOS
 68 |     } else if let activityIndicator = object as? UIActivityIndicatorView {
 69 |         description = activityIndicator.isAnimating ? "Animating" : "Halted"
 70 |     } else if let uiSwitch = object as? UISwitch {
    |                                         `- error: 'UISwitch' is unavailable in tvOS
 71 |         description = uiSwitch.isOn ? "1" : "0"
 72 |     } else if let segmentedControl = object as? UISegmentedControl {
/Applications/Xcode-27.0.0-Release.Candidate.app/Contents/Developer/Platforms/AppleTVOS.platform/Developer/SDKs/AppleTVOS27.0.sdk/System/Library/Frameworks/UIKit.framework/Headers/UISwitch.h:23:12: note: 'UISwitch' has been explicitly marked unavailable here
21 |
22 | UIKIT_EXTERN API_AVAILABLE(ios(2.0)) API_UNAVAILABLE(tvos, watchos) NS_SWIFT_UI_ACTOR
23 | @interface UISwitch : UIControl <NSCoding>
   |            `- note: 'UISwitch' has been explicitly marked unavailable here
24 |
25 | @property(nullable, nonatomic, strong) UIColor *onTintColor API_AVAILABLE(ios(5.0)) UI_APPEARANCE_SELECTOR;
/Users/admin/builder/spi-builder-workspace/Sources/AXSnapshot/AccessibilityDescription.swift:87:47: error: 'UISwitch' is unavailable in tvOS
 85 |     if object.accessibilityTraits.isEmpty == false && object.accessibilityTraits.isStandardTraits {
 86 |         description = "\n\(object.accessibilityTraits.descripion)"
 87 |     } else if object is UIButton || object is UISwitch {
    |                                               `- error: 'UISwitch' is unavailable in tvOS
 88 |         description = "\n\(UIAccessibilityTraits.button.descripion)"
 89 |     } else if object is UISlider {
/Applications/Xcode-27.0.0-Release.Candidate.app/Contents/Developer/Platforms/AppleTVOS.platform/Developer/SDKs/AppleTVOS27.0.sdk/System/Library/Frameworks/UIKit.framework/Headers/UISwitch.h:23:12: note: 'UISwitch' has been explicitly marked unavailable here
21 |
22 | UIKIT_EXTERN API_AVAILABLE(ios(2.0)) API_UNAVAILABLE(tvos, watchos) NS_SWIFT_UI_ACTOR
23 | @interface UISwitch : UIControl <NSCoding>
   |            `- note: 'UISwitch' has been explicitly marked unavailable here
24 |
25 | @property(nullable, nonatomic, strong) UIColor *onTintColor API_AVAILABLE(ios(5.0)) UI_APPEARANCE_SELECTOR;
SwiftCompile normal arm64 /Users/admin/builder/spi-builder-workspace/Sources/AXSnapshot/AccessibilityDescription.swift (in target 'AXSnapshot' from project 'AXSnapshot')
    cd /Users/admin/builder/spi-builder-workspace/.swiftpm/xcode
    builtin-SwiftPerFileCompile AccessibilityDescription.swift
SwiftCompile normal arm64 Compiling\ UIResponder+Extension.swift /Users/admin/builder/spi-builder-workspace/Sources/AXSnapshot/UIResponder+Extension.swift (in target 'AXSnapshot' from project 'AXSnapshot')
/Users/admin/builder/spi-builder-workspace/Sources/AXSnapshot/UIResponder+Extension.swift:49:22: error: 'UISlider' is unavailable in tvOS
47 |             (self is UILabel) ||
48 |             (self is UIButton) ||
49 |             (self is UISlider) ||
   |                      `- error: 'UISlider' is unavailable in tvOS
50 |             (self is UISwitch) ||
51 |             (self is UITextView) ||
/Applications/Xcode-27.0.0-Release.Candidate.app/Contents/Developer/Platforms/AppleTVOS.platform/Developer/SDKs/AppleTVOS27.0.sdk/System/Library/Frameworks/UIKit.framework/Headers/UISlider.h:26:12: note: 'UISlider' has been explicitly marked unavailable here
24 |
25 | UIKIT_EXTERN API_AVAILABLE(ios(2.0)) API_UNAVAILABLE(tvos, watchos) NS_SWIFT_UI_ACTOR
26 | @interface UISlider : UIControl <NSCoding>
   |            `- note: 'UISlider' has been explicitly marked unavailable here
27 |
28 | @property(nonatomic) float value;                                 // default 0.0. this value will be pinned to min/max
/Users/admin/builder/spi-builder-workspace/Sources/AXSnapshot/UIResponder+Extension.swift:50:22: error: 'UISwitch' is unavailable in tvOS
48 |             (self is UIButton) ||
49 |             (self is UISlider) ||
50 |             (self is UISwitch) ||
   |                      `- error: 'UISwitch' is unavailable in tvOS
51 |             (self is UITextView) ||
52 |             (self is UIActivityIndicatorView) ||
/Applications/Xcode-27.0.0-Release.Candidate.app/Contents/Developer/Platforms/AppleTVOS.platform/Developer/SDKs/AppleTVOS27.0.sdk/System/Library/Frameworks/UIKit.framework/Headers/UISwitch.h:23:12: note: 'UISwitch' has been explicitly marked unavailable here
21 |
22 | UIKIT_EXTERN API_AVAILABLE(ios(2.0)) API_UNAVAILABLE(tvos, watchos) NS_SWIFT_UI_ACTOR
23 | @interface UISwitch : UIControl <NSCoding>
   |            `- note: 'UISwitch' has been explicitly marked unavailable here
24 |
25 | @property(nullable, nonatomic, strong) UIColor *onTintColor API_AVAILABLE(ios(5.0)) UI_APPEARANCE_SELECTOR;
SwiftCompile normal arm64 /Users/admin/builder/spi-builder-workspace/Sources/AXSnapshot/UIResponder+Extension.swift (in target 'AXSnapshot' from project 'AXSnapshot')
    cd /Users/admin/builder/spi-builder-workspace/.swiftpm/xcode
    builtin-SwiftPerFileCompile UIResponder+Extension.swift
PruneExplicitPrecompiledModules /Users/admin/builder/spi-builder-workspace/.derivedData/SDKExplicitPrecompiledModules
PruneExplicitPrecompiledModules /Users/admin/builder/spi-builder-workspace/.derivedData/Build/Intermediates.noindex/SwiftExplicitPrecompiledModules
PruneExplicitPrecompiledModules /Users/admin/builder/spi-builder-workspace/.derivedData/Build/Intermediates.noindex/ExplicitPrecompiledModules
2026-09-18 03:26:09.697 xcodebuild[649:4191] [MT] IDERunDestination: Supported platforms for the buildables in the current scheme is empty.
** BUILD FAILED **
The following build commands failed:
	SwiftEmitModule normal arm64 Emitting\ module\ for\ AXSnapshot (in target 'AXSnapshot' from project 'AXSnapshot')
	SwiftCompile normal arm64 (in target 'AXSnapshot' from project 'AXSnapshot')
	Building workspace AXSnapshot with scheme AXSnapshot
(3 failures)
Command line invocation:
    /Applications/Xcode-27.0.0-Release.Candidate.app/Contents/Developer/usr/bin/xcodebuild -IDEClonedSourcePackagesDirPathOverride=/Users/admin/builder/spi-builder-workspace/.dependencies -resolvePackageDependencies
Resolve Package Graph
Resolved source packages:
  AXSnapshot: /Users/admin/builder/spi-builder-workspace
resolved source packages: AXSnapshot
2026-09-18 03:26:15.521 xcodebuild[725:4521] [MT] IDERunDestination: Supported platforms for the buildables in the current scheme is empty.
{
  "dependencies" : [
  ],
  "manifest_display_name" : "AXSnapshot",
  "name" : "AXSnapshot",
  "path" : "/Users/admin/builder/spi-builder-workspace",
  "platforms" : [
  ],
  "products" : [
    {
      "name" : "AXSnapshot",
      "targets" : [
        "AXSnapshot"
      ],
      "type" : {
        "library" : [
          "automatic"
        ]
      }
    }
  ],
  "targets" : [
    {
      "c99name" : "AXSnapshotTests",
      "module_type" : "SwiftTarget",
      "name" : "AXSnapshotTests",
      "path" : "Tests/AXSnapshotTests",
      "sources" : [
        "AXSnapshotTests.swift"
      ],
      "target_dependencies" : [
        "AXSnapshot"
      ],
      "type" : "test"
    },
    {
      "c99name" : "AXSnapshot",
      "module_type" : "SwiftTarget",
      "name" : "AXSnapshot",
      "path" : "Sources/AXSnapshot",
      "product_memberships" : [
        "AXSnapshot"
      ],
      "sources" : [
        "AXSnapshot.swift",
        "AccessibilityDescription.swift",
        "UIAccessibilityTraits+Extension.swift",
        "UIResponder+Extension.swift"
      ],
      "type" : "library"
    }
  ],
  "tools_version" : "5.5"
}
{
  "workspace" : {
    "name" : "AXSnapshot",
    "schemes" : [
      "AXSnapshot"
    ]
  }
}
2026-09-18 03:26:16.791 xcodebuild[733:4595] [MT] IDERunDestination: Supported platforms for the buildables in the current scheme is empty.
Running build ...
env DEVELOPER_DIR=/Applications/Xcode-27.0.0-Release.Candidate.app xcrun xcodebuild -IDEClonedSourcePackagesDirPathOverride=$PWD/.dependencies -skipMacroValidation -skipPackagePluginValidation -derivedDataPath $PWD/.derivedData build -scheme AXSnapshot -destination generic/platform=tvOS
Command line invocation:
    /Applications/Xcode-27.0.0-Release.Candidate.app/Contents/Developer/usr/bin/xcodebuild -IDEClonedSourcePackagesDirPathOverride=/Users/admin/builder/spi-builder-workspace/.dependencies -skipMacroValidation -skipPackagePluginValidation -derivedDataPath /Users/admin/builder/spi-builder-workspace/.derivedData build -scheme AXSnapshot -destination generic/platform=tvOS
Resolve Package Graph
Resolved source packages:
  AXSnapshot: /Users/admin/builder/spi-builder-workspace
ComputePackagePrebuildTargetDependencyGraph
Prepare packages
CreateBuildRequest
SendProjectDescription
CreateBuildOperation
ComputeTargetDependencyGraph
note: Building targets in dependency order
note: Target dependency graph (2 targets)
    Target 'AXSnapshot-product' in project 'AXSnapshot'
        ➜ Explicit dependency on target 'AXSnapshot' in project 'AXSnapshot'
    Target 'AXSnapshot' in project 'AXSnapshot' (no dependencies)
GatherProvisioningInputs
CreateBuildDescription
ClangStatCache /Applications/Xcode-27.0.0-Release.Candidate.app/Contents/Developer/Toolchains/XcodeDefault.xctoolchain/usr/bin/clang-stat-cache /Applications/Xcode-27.0.0-Release.Candidate.app/Contents/Developer/Platforms/AppleTVOS.platform/Developer/SDKs/AppleTVOS27.0.sdk /Users/admin/builder/spi-builder-workspace/.derivedData/SDKStatCaches.noindex/appletvos27.0-24J360-e829b21a6f8c9b70876ba0858053c044b32bfd8d43560033f8d89884cdb90028.sdkstatcache
    cd /Users/admin/builder/spi-builder-workspace/.swiftpm/xcode
    /Applications/Xcode-27.0.0-Release.Candidate.app/Contents/Developer/Toolchains/XcodeDefault.xctoolchain/usr/bin/clang-stat-cache /Applications/Xcode-27.0.0-Release.Candidate.app/Contents/Developer/Platforms/AppleTVOS.platform/Developer/SDKs/AppleTVOS27.0.sdk -o /Users/admin/builder/spi-builder-workspace/.derivedData/SDKStatCaches.noindex/appletvos27.0-24J360-e829b21a6f8c9b70876ba0858053c044b32bfd8d43560033f8d89884cdb90028.sdkstatcache
SwiftDriver AXSnapshot normal arm64 com.apple.xcode.tools.swift.compiler (in target 'AXSnapshot' from project 'AXSnapshot')
    cd /Users/admin/builder/spi-builder-workspace/.swiftpm/xcode
    builtin-SwiftDriver -- /Applications/Xcode-27.0.0-Release.Candidate.app/Contents/Developer/Toolchains/XcodeDefault.xctoolchain/usr/bin/swiftc -parse-as-library -module-name AXSnapshot -Onone @/Users/admin/builder/spi-builder-workspace/.derivedData/Build/Intermediates.noindex/AXSnapshot.build/Debug-appletvos/AXSnapshot-t.build/Objects-normal/arm64/AXSnapshot.SwiftFileList -DSWIFT_PACKAGE -DDEBUG -DSWIFT_MODULE_RESOURCE_BUNDLE_UNAVAILABLE -DXcode -plugin-path /Applications/Xcode-27.0.0-Release.Candidate.app/Contents/Developer/Toolchains/XcodeDefault.xctoolchain/usr/lib/swift/host/plugins/testing -enable-experimental-feature DebugDescriptionMacro -sdk /Applications/Xcode-27.0.0-Release.Candidate.app/Contents/Developer/Platforms/AppleTVOS.platform/Developer/SDKs/AppleTVOS27.0.sdk -target arm64-apple-tvos15.0 -g -module-cache-path /Users/admin/builder/spi-builder-workspace/.derivedData/ModuleCache.noindex -Xfrontend -serialize-debugging-options -profile-coverage-mapping -profile-generate -enable-testing -index-store-path /Users/admin/builder/spi-builder-workspace/.derivedData/Index.noindex/DataStore -Xcc -D_LIBCPP_HARDENING_MODE\=_LIBCPP_HARDENING_MODE_DEBUG -swift-version 5 -I /Users/admin/builder/spi-builder-workspace/.derivedData/Build/Products/Debug-appletvos -Isystem /Applications/Xcode-27.0.0-Release.Candidate.app/Contents/Developer/Platforms/AppleTVOS.platform/Developer/usr/lib -F /Users/admin/builder/spi-builder-workspace/.derivedData/Build/Products/Debug-appletvos -F /Applications/Xcode-27.0.0-Release.Candidate.app/Contents/Developer/Platforms/AppleTVOS.platform/Developer/Library/Frameworks -F /Applications/Xcode-27.0.0-Release.Candidate.app/Contents/Developer/Platforms/AppleTVOS.platform/Developer/SDKs/AppleTVOS27.0.sdk/Developer/Library/Frameworks -c -j10 -enable-batch-mode -incremental -Xcc -ivfsstatcache -Xcc /Users/admin/builder/spi-builder-workspace/.derivedData/SDKStatCaches.noindex/appletvos27.0-24J360-e829b21a6f8c9b70876ba0858053c044b32bfd8d43560033f8d89884cdb90028.sdkstatcache -output-file-map /Users/admin/builder/spi-builder-workspace/.derivedData/Build/Intermediates.noindex/AXSnapshot.build/Debug-appletvos/AXSnapshot-t.build/Objects-normal/arm64/AXSnapshot-OutputFileMap.json -save-temps -no-color-diagnostics -explicit-module-build -module-cache-path /Users/admin/builder/spi-builder-workspace/.derivedData/Build/Intermediates.noindex/SwiftExplicitPrecompiledModules -clang-scanner-module-cache-path /Users/admin/builder/spi-builder-workspace/.derivedData/ModuleCache.noindex -sdk-module-cache-path /Users/admin/builder/spi-builder-workspace/.derivedData/SDKExplicitPrecompiledModules -emit-dependencies -emit-module -emit-module-path /Users/admin/builder/spi-builder-workspace/.derivedData/Build/Intermediates.noindex/AXSnapshot.build/Debug-appletvos/AXSnapshot-t.build/Objects-normal/arm64/AXSnapshot.swiftmodule -serialize-diagnostics -dependency-scan-serialize-diagnostics-path /Users/admin/builder/spi-builder-workspace/.derivedData/Build/Intermediates.noindex/AXSnapshot.build/Debug-appletvos/AXSnapshot-t.build/Objects-normal/arm64/AXSnapshot-dependency-scan.dia -validate-clang-modules-once -clang-build-session-file /Users/admin/builder/spi-builder-workspace/.derivedData/ModuleCache.noindex/Session.modulevalidation -Xcc -fmodules-prune-interval\=86400 -Xcc -fmodules-prune-after\=345600 -emit-const-values -const-gather-protocols-list /Users/admin/builder/spi-builder-workspace/.derivedData/Build/Intermediates.noindex/AXSnapshot.build/Debug-appletvos/AXSnapshot-t.build/Objects-normal/arm64/AXSnapshot_const_extract_protocols.json -Xcc -I/Users/admin/builder/spi-builder-workspace/.derivedData/Build/Products/Debug-appletvos/include -Xcc -I/Users/admin/builder/spi-builder-workspace/.derivedData/Build/Intermediates.noindex/AXSnapshot.build/Debug-appletvos/AXSnapshot-t.build/DerivedSources-normal/arm64 -Xcc -I/Users/admin/builder/spi-builder-workspace/.derivedData/Build/Intermediates.noindex/AXSnapshot.build/Debug-appletvos/AXSnapshot-t.build/DerivedSources/arm64 -Xcc -I/Users/admin/builder/spi-builder-workspace/.derivedData/Build/Intermediates.noindex/AXSnapshot.build/Debug-appletvos/AXSnapshot-t.build/DerivedSources -Xcc -DSWIFT_PACKAGE -Xcc -DDEBUG\=1 -emit-objc-header -emit-objc-header-path /Users/admin/builder/spi-builder-workspace/.derivedData/Build/Intermediates.noindex/AXSnapshot.build/Debug-appletvos/AXSnapshot-t.build/Objects-normal/arm64/AXSnapshot-Swift.h -working-directory /Users/admin/builder/spi-builder-workspace/.swiftpm/xcode -experimental-emit-module-separately -disable-cmo
SwiftEmitModule normal arm64 Emitting\ module\ for\ AXSnapshot (in target 'AXSnapshot' from project 'AXSnapshot')
/Users/admin/builder/spi-builder-workspace/Sources/AXSnapshot/AccessibilityDescription.swift:41:40: error: 'UIStepper' is unavailable in tvOS
 39 |     } else if let activityIndicator = object as? UIActivityIndicatorView {
 40 |         description = "Activity Indicator"
 41 |     } else if let stepper = object as? UIStepper {
    |                                        `- error: 'UIStepper' is unavailable in tvOS
 42 |         description = "Stepper"
 43 |     } else if let segmentedControl = object as? UISegmentedControl {
/Applications/Xcode-27.0.0-Release.Candidate.app/Contents/Developer/Platforms/AppleTVOS.platform/Developer/SDKs/AppleTVOS27.0.sdk/System/Library/Frameworks/UIKit.framework/Headers/UIStepper.h:18:12: note: 'UIStepper' has been explicitly marked unavailable here
16 |
17 | UIKIT_EXTERN API_AVAILABLE(ios(5.0)) API_UNAVAILABLE(tvos, watchos) NS_SWIFT_UI_ACTOR
18 | @interface UIStepper : UIControl
   |            `- note: 'UIStepper' has been explicitly marked unavailable here
19 |
20 | @property(nonatomic,getter=isContinuous) BOOL continuous; // if YES, value change events are sent any time the value changes during interaction. default = YES
/Users/admin/builder/spi-builder-workspace/Sources/AXSnapshot/AccessibilityDescription.swift:59:39: error: 'UISlider' is unavailable in tvOS
 57 |         let progress = numberFormatter.string(for: progressView.progress) ?? ""
 58 |         description = progress
 59 |     } else if let slider = object as? UISlider {
    |                                       `- error: 'UISlider' is unavailable in tvOS
 60 |         let numberFormatter = NumberFormatter()
 61 |         numberFormatter.numberStyle = .percent
/Applications/Xcode-27.0.0-Release.Candidate.app/Contents/Developer/Platforms/AppleTVOS.platform/Developer/SDKs/AppleTVOS27.0.sdk/System/Library/Frameworks/UIKit.framework/Headers/UISlider.h:26:12: note: 'UISlider' has been explicitly marked unavailable here
24 |
25 | UIKIT_EXTERN API_AVAILABLE(ios(2.0)) API_UNAVAILABLE(tvos, watchos) NS_SWIFT_UI_ACTOR
26 | @interface UISlider : UIControl <NSCoding>
   |            `- note: 'UISlider' has been explicitly marked unavailable here
27 |
28 | @property(nonatomic) float value;                                 // default 0.0. this value will be pinned to min/max
/Users/admin/builder/spi-builder-workspace/Sources/AXSnapshot/AccessibilityDescription.swift:70:41: error: 'UISwitch' is unavailable in tvOS
 68 |     } else if let activityIndicator = object as? UIActivityIndicatorView {
 69 |         description = activityIndicator.isAnimating ? "Animating" : "Halted"
 70 |     } else if let uiSwitch = object as? UISwitch {
    |                                         `- error: 'UISwitch' is unavailable in tvOS
 71 |         description = uiSwitch.isOn ? "1" : "0"
 72 |     } else if let segmentedControl = object as? UISegmentedControl {
/Applications/Xcode-27.0.0-Release.Candidate.app/Contents/Developer/Platforms/AppleTVOS.platform/Developer/SDKs/AppleTVOS27.0.sdk/System/Library/Frameworks/UIKit.framework/Headers/UISwitch.h:23:12: note: 'UISwitch' has been explicitly marked unavailable here
21 |
22 | UIKIT_EXTERN API_AVAILABLE(ios(2.0)) API_UNAVAILABLE(tvos, watchos) NS_SWIFT_UI_ACTOR
23 | @interface UISwitch : UIControl <NSCoding>
   |            `- note: 'UISwitch' has been explicitly marked unavailable here
24 |
25 | @property(nullable, nonatomic, strong) UIColor *onTintColor API_AVAILABLE(ios(5.0)) UI_APPEARANCE_SELECTOR;
/Users/admin/builder/spi-builder-workspace/Sources/AXSnapshot/AccessibilityDescription.swift:87:47: error: 'UISwitch' is unavailable in tvOS
 85 |     if object.accessibilityTraits.isEmpty == false && object.accessibilityTraits.isStandardTraits {
 86 |         description = "\n\(object.accessibilityTraits.descripion)"
 87 |     } else if object is UIButton || object is UISwitch {
    |                                               `- error: 'UISwitch' is unavailable in tvOS
 88 |         description = "\n\(UIAccessibilityTraits.button.descripion)"
 89 |     } else if object is UISlider {
/Applications/Xcode-27.0.0-Release.Candidate.app/Contents/Developer/Platforms/AppleTVOS.platform/Developer/SDKs/AppleTVOS27.0.sdk/System/Library/Frameworks/UIKit.framework/Headers/UISwitch.h:23:12: note: 'UISwitch' has been explicitly marked unavailable here
21 |
22 | UIKIT_EXTERN API_AVAILABLE(ios(2.0)) API_UNAVAILABLE(tvos, watchos) NS_SWIFT_UI_ACTOR
23 | @interface UISwitch : UIControl <NSCoding>
   |            `- note: 'UISwitch' has been explicitly marked unavailable here
24 |
25 | @property(nullable, nonatomic, strong) UIColor *onTintColor API_AVAILABLE(ios(5.0)) UI_APPEARANCE_SELECTOR;
/Users/admin/builder/spi-builder-workspace/Sources/AXSnapshot/AccessibilityDescription.swift:89:25: error: 'UISlider' is unavailable in tvOS
 87 |     } else if object is UIButton || object is UISwitch {
 88 |         description = "\n\(UIAccessibilityTraits.button.descripion)"
 89 |     } else if object is UISlider {
    |                         `- error: 'UISlider' is unavailable in tvOS
 90 |         description = "\n\(UIAccessibilityTraits.adjustable.descripion)"
 91 |     } else if object is UITextView {
/Applications/Xcode-27.0.0-Release.Candidate.app/Contents/Developer/Platforms/AppleTVOS.platform/Developer/SDKs/AppleTVOS27.0.sdk/System/Library/Frameworks/UIKit.framework/Headers/UISlider.h:26:12: note: 'UISlider' has been explicitly marked unavailable here
24 |
25 | UIKIT_EXTERN API_AVAILABLE(ios(2.0)) API_UNAVAILABLE(tvos, watchos) NS_SWIFT_UI_ACTOR
26 | @interface UISlider : UIControl <NSCoding>
   |            `- note: 'UISlider' has been explicitly marked unavailable here
27 |
28 | @property(nonatomic) float value;                                 // default 0.0. this value will be pinned to min/max
Failed frontend command:
SwiftCompile normal arm64 (in target 'AXSnapshot' from project 'AXSnapshot')
    cd /Users/admin/builder/spi-builder-workspace/.swiftpm/xcode

/Applications/Xcode-27.0.0-Release.Candidate.app/Contents/Developer/Toolchains/XcodeDefault.xctoolchain/usr/bin/swift-frontend -frontend -emit-module -experimental-skip-non-inlinable-function-bodies-without-types /Users/admin/builder/spi-builder-workspace/Sources/AXSnapshot/AXSnapshot.swift /Users/admin/builder/spi-builder-workspace/Sources/AXSnapshot/AccessibilityDescription.swift /Users/admin/builder/spi-builder-workspace/Sources/AXSnapshot/UIAccessibilityTraits+Extension.swift /Users/admin/builder/spi-builder-workspace/Sources/AXSnapshot/UIResponder+Extension.swift -target arm64-apple-tvos15.0 -disable-cross-import-overlay-search -load-resolved-plugin /Applications/Xcode-27.0.0-Release.Candidate.app/Contents/Developer/Platforms/AppleTVOS.platform/Developer/usr/lib/swift/host/plugins/libFoundationMacros.dylib\#/Applications/Xcode-27.0.0-Release.Candidate.app/Contents/Developer/Platforms/AppleTVOS.platform/Developer/usr/bin/swift-plugin-server\#FoundationMacros -load-resolved-plugin /Applications/Xcode-27.0.0-Release.Candidate.app/Contents/Developer/Platforms/AppleTVOS.platform/Developer/usr/lib/swift/host/plugins/libObservationMacros.dylib\#/Applications/Xcode-27.0.0-Release.Candidate.app/Contents/Developer/Platforms/AppleTVOS.platform/Developer/usr/bin/swift-plugin-server\#ObservationMacros -load-resolved-plugin /Applications/Xcode-27.0.0-Release.Candidate.app/Contents/Developer/Platforms/AppleTVOS.platform/Developer/usr/lib/swift/host/plugins/libPreviewsMacros.dylib\#/Applications/Xcode-27.0.0-Release.Candidate.app/Contents/Developer/Platforms/AppleTVOS.platform/Developer/usr/bin/swift-plugin-server\#PreviewsMacros -load-resolved-plugin /Applications/Xcode-27.0.0-Release.Candidate.app/Contents/Developer/Platforms/AppleTVOS.platform/Developer/usr/lib/swift/host/plugins/libSwiftMacros.dylib\#/Applications/Xcode-27.0.0-Release.Candidate.app/Contents/Developer/Platforms/AppleTVOS.platform/Developer/usr/bin/swift-plugin-server\#SwiftMacros -load-resolved-plugin /Applications/Xcode-27.0.0-Release.Candidate.app/Contents/Developer/Platforms/AppleTVOS.platform/Developer/usr/lib/swift/host/plugins/libSwiftUIMacros.dylib\#/Applications/Xcode-27.0.0-Release.Candidate.app/Contents/Developer/Platforms/AppleTVOS.platform/Developer/usr/bin/swift-plugin-server\#SwiftUIMacros -disable-implicit-swift-modules -Xcc -fno-implicit-modules -Xcc -fno-implicit-module-maps -explicit-swift-module-map-file /Users/admin/builder/spi-builder-workspace/.derivedData/Build/Intermediates.noindex/AXSnapshot.build/Debug-appletvos/AXSnapshot-t.build/Objects-normal/arm64/AXSnapshot-dependencies-1.json -Xllvm -aarch64-use-tbi -enable-objc-interop -stack-check -sdk /Applications/Xcode-27.0.0-Release.Candidate.app/Contents/Developer/Platforms/AppleTVOS.platform/Developer/SDKs/AppleTVOS27.0.sdk -I /Users/admin/builder/spi-builder-workspace/.derivedData/Build/Products/Debug-appletvos -Isystem /Applications/Xcode-27.0.0-Release.Candidate.app/Contents/Developer/Platforms/AppleTVOS.platform/Developer/usr/lib -F /Users/admin/builder/spi-builder-workspace/.derivedData/Build/Products/Debug-appletvos -F /Applications/Xcode-27.0.0-Release.Candidate.app/Contents/Developer/Platforms/AppleTVOS.platform/Developer/Library/Frameworks -F /Applications/Xcode-27.0.0-Release.Candidate.app/Contents/Developer/Platforms/AppleTVOS.platform/Developer/SDKs/AppleTVOS27.0.sdk/Developer/Library/Frameworks -module-cache-path /Users/admin/builder/spi-builder-workspace/.derivedData/Build/Intermediates.noindex/SwiftExplicitPrecompiledModules -no-color-diagnostics -Xcc -fno-color-diagnostics -enable-testing -g -debug-info-format\=dwarf -dwarf-version\=4 -profile-generate -profile-coverage-mapping -swift-version 5 -Onone -D SWIFT_PACKAGE -D DEBUG -D SWIFT_MODULE_RESOURCE_BUNDLE_UNAVAILABLE -D Xcode -serialize-debugging-options -enable-experimental-feature DebugDescriptionMacro -empty-abi-descriptor -validate-clang-modules-once -clang-build-session-file /Users/admin/builder/spi-builder-workspace/.derivedData/ModuleCache.noindex/Session.modulevalidation -Xcc -working-directory -Xcc /Users/admin/builder/spi-builder-workspace/.swiftpm/xcode -enable-anonymous-context-mangled-names -file-compilation-dir /Users/admin/builder/spi-builder-workspace/.swiftpm/xcode -Xcc -D_LIBCPP_HARDENING_MODE\=_LIBCPP_HARDENING_MODE_DEBUG -Xcc -ivfsstatcache -Xcc /Users/admin/builder/spi-builder-workspace/.derivedData/SDKStatCaches.noindex/appletvos27.0-24J360-e829b21a6f8c9b70876ba0858053c044b32bfd8d43560033f8d89884cdb90028.sdkstatcache -Xcc -fmodules-prune-interval\=86400 -Xcc -fmodules-prune-after\=345600 -Xcc -I/Users/admin/builder/spi-builder-workspace/.derivedData/Build/Products/Debug-appletvos/include -Xcc -I/Users/admin/builder/spi-builder-workspace/.derivedData/Build/Intermediates.noindex/AXSnapshot.build/Debug-appletvos/AXSnapshot-t.build/DerivedSources-normal/arm64 -Xcc -I/Users/admin/builder/spi-builder-workspace/.derivedData/Build/Intermediates.noindex/AXSnapshot.build/Debug-appletvos/AXSnapshot-t.build/DerivedSources/arm64 -Xcc -I/Users/admin/builder/spi-builder-workspace/.derivedData/Build/Intermediates.noindex/AXSnapshot.build/Debug-appletvos/AXSnapshot-t.build/DerivedSources -Xcc -DSWIFT_PACKAGE -Xcc -DDEBUG\=1 -no-auto-bridging-header-chaining -module-name AXSnapshot -const-gather-protocols-file /Users/admin/builder/spi-builder-workspace/.derivedData/Build/Intermediates.noindex/AXSnapshot.build/Debug-appletvos/AXSnapshot-t.build/Objects-normal/arm64/AXSnapshot_const_extract_protocols.json -disable-clang-spi -clang-target arm64-apple-tvos27.0 -target-sdk-version 27.0 -target-sdk-name appletvos27.0 -in-process-plugin-server-path /Applications/Xcode-27.0.0-Release.Candidate.app/Contents/Developer/Toolchains/XcodeDefault.xctoolchain/usr/lib/swift/host/libSwiftInProcPluginServer.dylib -emit-module-doc-path /Users/admin/builder/spi-builder-workspace/.derivedData/Build/Intermediates.noindex/AXSnapshot.build/Debug-appletvos/AXSnapshot-t.build/Objects-normal/arm64/AXSnapshot.swiftdoc -emit-module-source-info-path /Users/admin/builder/spi-builder-workspace/.derivedData/Build/Intermediates.noindex/AXSnapshot.build/Debug-appletvos/AXSnapshot-t.build/Objects-normal/arm64/AXSnapshot.swiftsourceinfo -emit-objc-header-path /Users/admin/builder/spi-builder-workspace/.derivedData/Build/Intermediates.noindex/AXSnapshot.build/Debug-appletvos/AXSnapshot-t.build/Objects-normal/arm64/AXSnapshot-Swift.h -serialize-diagnostics-path /Users/admin/builder/spi-builder-workspace/.derivedData/Build/Intermediates.noindex/AXSnapshot.build/Debug-appletvos/AXSnapshot-t.build/Objects-normal/arm64/AXSnapshot-primary-emit-module.dia -emit-dependencies-path /Users/admin/builder/spi-builder-workspace/.derivedData/Build/Intermediates.noindex/AXSnapshot.build/Debug-appletvos/AXSnapshot-t.build/Objects-normal/arm64/AXSnapshot-primary-emit-module.d -parse-as-library -o /Users/admin/builder/spi-builder-workspace/.derivedData/Build/Intermediates.noindex/AXSnapshot.build/Debug-appletvos/AXSnapshot-t.build/Objects-normal/arm64/AXSnapshot.swiftmodule -emit-abi-descriptor-path /Users/admin/builder/spi-builder-workspace/.derivedData/Build/Intermediates.noindex/AXSnapshot.build/Debug-appletvos/AXSnapshot-t.build/Objects-normal/arm64/AXSnapshot.abi.json
SwiftCompile normal arm64 Compiling\ AXSnapshot.swift /Users/admin/builder/spi-builder-workspace/Sources/AXSnapshot/AXSnapshot.swift (in target 'AXSnapshot' from project 'AXSnapshot')
SwiftCompile normal arm64 /Users/admin/builder/spi-builder-workspace/Sources/AXSnapshot/AXSnapshot.swift (in target 'AXSnapshot' from project 'AXSnapshot')
    cd /Users/admin/builder/spi-builder-workspace/.swiftpm/xcode
    builtin-SwiftPerFileCompile AXSnapshot.swift
SwiftCompile normal arm64 Compiling\ AccessibilityDescription.swift /Users/admin/builder/spi-builder-workspace/Sources/AXSnapshot/AccessibilityDescription.swift (in target 'AXSnapshot' from project 'AXSnapshot')
SwiftCompile normal arm64 /Users/admin/builder/spi-builder-workspace/Sources/AXSnapshot/AccessibilityDescription.swift (in target 'AXSnapshot' from project 'AXSnapshot')
    cd /Users/admin/builder/spi-builder-workspace/.swiftpm/xcode
    builtin-SwiftPerFileCompile AccessibilityDescription.swift
/Users/admin/builder/spi-builder-workspace/Sources/AXSnapshot/AccessibilityDescription.swift:41:40: error: 'UIStepper' is unavailable in tvOS
 39 |     } else if let activityIndicator = object as? UIActivityIndicatorView {
 40 |         description = "Activity Indicator"
 41 |     } else if let stepper = object as? UIStepper {
    |                                        `- error: 'UIStepper' is unavailable in tvOS
 42 |         description = "Stepper"
 43 |     } else if let segmentedControl = object as? UISegmentedControl {
/Applications/Xcode-27.0.0-Release.Candidate.app/Contents/Developer/Platforms/AppleTVOS.platform/Developer/SDKs/AppleTVOS27.0.sdk/System/Library/Frameworks/UIKit.framework/Headers/UIStepper.h:18:12: note: 'UIStepper' has been explicitly marked unavailable here
16 |
17 | UIKIT_EXTERN API_AVAILABLE(ios(5.0)) API_UNAVAILABLE(tvos, watchos) NS_SWIFT_UI_ACTOR
18 | @interface UIStepper : UIControl
   |            `- note: 'UIStepper' has been explicitly marked unavailable here
19 |
20 | @property(nonatomic,getter=isContinuous) BOOL continuous; // if YES, value change events are sent any time the value changes during interaction. default = YES
/Users/admin/builder/spi-builder-workspace/Sources/AXSnapshot/AccessibilityDescription.swift:59:39: error: 'UISlider' is unavailable in tvOS
 57 |         let progress = numberFormatter.string(for: progressView.progress) ?? ""
 58 |         description = progress
 59 |     } else if let slider = object as? UISlider {
    |                                       `- error: 'UISlider' is unavailable in tvOS
 60 |         let numberFormatter = NumberFormatter()
 61 |         numberFormatter.numberStyle = .percent
/Applications/Xcode-27.0.0-Release.Candidate.app/Contents/Developer/Platforms/AppleTVOS.platform/Developer/SDKs/AppleTVOS27.0.sdk/System/Library/Frameworks/UIKit.framework/Headers/UISlider.h:26:12: note: 'UISlider' has been explicitly marked unavailable here
24 |
25 | UIKIT_EXTERN API_AVAILABLE(ios(2.0)) API_UNAVAILABLE(tvos, watchos) NS_SWIFT_UI_ACTOR
26 | @interface UISlider : UIControl <NSCoding>
   |            `- note: 'UISlider' has been explicitly marked unavailable here
27 |
28 | @property(nonatomic) float value;                                 // default 0.0. this value will be pinned to min/max
/Users/admin/builder/spi-builder-workspace/Sources/AXSnapshot/AccessibilityDescription.swift:70:41: error: 'UISwitch' is unavailable in tvOS
 68 |     } else if let activityIndicator = object as? UIActivityIndicatorView {
 69 |         description = activityIndicator.isAnimating ? "Animating" : "Halted"
 70 |     } else if let uiSwitch = object as? UISwitch {
    |                                         `- error: 'UISwitch' is unavailable in tvOS
 71 |         description = uiSwitch.isOn ? "1" : "0"
 72 |     } else if let segmentedControl = object as? UISegmentedControl {
/Applications/Xcode-27.0.0-Release.Candidate.app/Contents/Developer/Platforms/AppleTVOS.platform/Developer/SDKs/AppleTVOS27.0.sdk/System/Library/Frameworks/UIKit.framework/Headers/UISwitch.h:23:12: note: 'UISwitch' has been explicitly marked unavailable here
21 |
22 | UIKIT_EXTERN API_AVAILABLE(ios(2.0)) API_UNAVAILABLE(tvos, watchos) NS_SWIFT_UI_ACTOR
23 | @interface UISwitch : UIControl <NSCoding>
   |            `- note: 'UISwitch' has been explicitly marked unavailable here
24 |
25 | @property(nullable, nonatomic, strong) UIColor *onTintColor API_AVAILABLE(ios(5.0)) UI_APPEARANCE_SELECTOR;
/Users/admin/builder/spi-builder-workspace/Sources/AXSnapshot/AccessibilityDescription.swift:87:47: error: 'UISwitch' is unavailable in tvOS
 85 |     if object.accessibilityTraits.isEmpty == false && object.accessibilityTraits.isStandardTraits {
 86 |         description = "\n\(object.accessibilityTraits.descripion)"
 87 |     } else if object is UIButton || object is UISwitch {
    |                                               `- error: 'UISwitch' is unavailable in tvOS
 88 |         description = "\n\(UIAccessibilityTraits.button.descripion)"
 89 |     } else if object is UISlider {
/Applications/Xcode-27.0.0-Release.Candidate.app/Contents/Developer/Platforms/AppleTVOS.platform/Developer/SDKs/AppleTVOS27.0.sdk/System/Library/Frameworks/UIKit.framework/Headers/UISwitch.h:23:12: note: 'UISwitch' has been explicitly marked unavailable here
21 |
22 | UIKIT_EXTERN API_AVAILABLE(ios(2.0)) API_UNAVAILABLE(tvos, watchos) NS_SWIFT_UI_ACTOR
23 | @interface UISwitch : UIControl <NSCoding>
   |            `- note: 'UISwitch' has been explicitly marked unavailable here
24 |
25 | @property(nullable, nonatomic, strong) UIColor *onTintColor API_AVAILABLE(ios(5.0)) UI_APPEARANCE_SELECTOR;
SwiftCompile normal arm64 Compiling\ UIAccessibilityTraits+Extension.swift /Users/admin/builder/spi-builder-workspace/Sources/AXSnapshot/UIAccessibilityTraits+Extension.swift (in target 'AXSnapshot' from project 'AXSnapshot')
SwiftCompile normal arm64 /Users/admin/builder/spi-builder-workspace/Sources/AXSnapshot/UIAccessibilityTraits+Extension.swift (in target 'AXSnapshot' from project 'AXSnapshot')
    cd /Users/admin/builder/spi-builder-workspace/.swiftpm/xcode
    builtin-SwiftPerFileCompile UIAccessibilityTraits+Extension.swift
SwiftCompile normal arm64 Compiling\ UIResponder+Extension.swift /Users/admin/builder/spi-builder-workspace/Sources/AXSnapshot/UIResponder+Extension.swift (in target 'AXSnapshot' from project 'AXSnapshot')
SwiftCompile normal arm64 /Users/admin/builder/spi-builder-workspace/Sources/AXSnapshot/UIResponder+Extension.swift (in target 'AXSnapshot' from project 'AXSnapshot')
    cd /Users/admin/builder/spi-builder-workspace/.swiftpm/xcode
    builtin-SwiftPerFileCompile UIResponder+Extension.swift
/Users/admin/builder/spi-builder-workspace/Sources/AXSnapshot/UIResponder+Extension.swift:49:22: error: 'UISlider' is unavailable in tvOS
47 |             (self is UILabel) ||
48 |             (self is UIButton) ||
49 |             (self is UISlider) ||
   |                      `- error: 'UISlider' is unavailable in tvOS
50 |             (self is UISwitch) ||
51 |             (self is UITextView) ||
/Applications/Xcode-27.0.0-Release.Candidate.app/Contents/Developer/Platforms/AppleTVOS.platform/Developer/SDKs/AppleTVOS27.0.sdk/System/Library/Frameworks/UIKit.framework/Headers/UISlider.h:26:12: note: 'UISlider' has been explicitly marked unavailable here
24 |
25 | UIKIT_EXTERN API_AVAILABLE(ios(2.0)) API_UNAVAILABLE(tvos, watchos) NS_SWIFT_UI_ACTOR
26 | @interface UISlider : UIControl <NSCoding>
   |            `- note: 'UISlider' has been explicitly marked unavailable here
27 |
28 | @property(nonatomic) float value;                                 // default 0.0. this value will be pinned to min/max
/Users/admin/builder/spi-builder-workspace/Sources/AXSnapshot/UIResponder+Extension.swift:50:22: error: 'UISwitch' is unavailable in tvOS
48 |             (self is UIButton) ||
49 |             (self is UISlider) ||
50 |             (self is UISwitch) ||
   |                      `- error: 'UISwitch' is unavailable in tvOS
51 |             (self is UITextView) ||
52 |             (self is UIActivityIndicatorView) ||
/Applications/Xcode-27.0.0-Release.Candidate.app/Contents/Developer/Platforms/AppleTVOS.platform/Developer/SDKs/AppleTVOS27.0.sdk/System/Library/Frameworks/UIKit.framework/Headers/UISwitch.h:23:12: note: 'UISwitch' has been explicitly marked unavailable here
21 |
22 | UIKIT_EXTERN API_AVAILABLE(ios(2.0)) API_UNAVAILABLE(tvos, watchos) NS_SWIFT_UI_ACTOR
23 | @interface UISwitch : UIControl <NSCoding>
   |            `- note: 'UISwitch' has been explicitly marked unavailable here
24 |
25 | @property(nullable, nonatomic, strong) UIColor *onTintColor API_AVAILABLE(ios(5.0)) UI_APPEARANCE_SELECTOR;
PruneExplicitPrecompiledModules /Users/admin/builder/spi-builder-workspace/.derivedData/SDKExplicitPrecompiledModules
PruneExplicitPrecompiledModules /Users/admin/builder/spi-builder-workspace/.derivedData/Build/Intermediates.noindex/ExplicitPrecompiledModules
PruneExplicitPrecompiledModules /Users/admin/builder/spi-builder-workspace/.derivedData/Build/Intermediates.noindex/SwiftExplicitPrecompiledModules
2026-09-18 03:26:17.756 xcodebuild[734:4618] [MT] IDERunDestination: Supported platforms for the buildables in the current scheme is empty.
** BUILD FAILED **
The following build commands failed:
	SwiftCompile normal arm64 (in target 'AXSnapshot' from project 'AXSnapshot')
	SwiftEmitModule normal arm64 Emitting\ module\ for\ AXSnapshot (in target 'AXSnapshot' from project 'AXSnapshot')
	Building workspace AXSnapshot with scheme AXSnapshot
(3 failures)
BUILD FAILURE 6.4 tvOS