The Swift Package Index logo.Swift Package Index

Build Information

Failed to build Swollama, reference master (72dc85), with Swift 6.4 for watchOS using Xcode 27.0 on 26 Sep 2026 09:58:55 UTC.

Build Command

env DEVELOPER_DIR=/Applications/Xcode-27.0.0-Release.Candidate.app xcrun xcodebuild -IDEClonedSourcePackagesDirPathOverride=$PWD/.dependencies -skipMacroValidation -skipPackagePluginValidation -derivedDataPath $PWD/.derivedData build -scheme Swollama-Package -destination generic/platform=watchOS

Build Log

    cd /Users/admin/builder/spi-builder-workspace/.swiftpm/xcode
    builtin-create-build-directory /Users/admin/builder/spi-builder-workspace/.derivedData/ModuleCache.noindex
CreateBuildDirectory /Users/admin/builder/spi-builder-workspace/.derivedData/CompilationCache.noindex
    cd /Users/admin/builder/spi-builder-workspace/.swiftpm/xcode
    builtin-create-build-directory /Users/admin/builder/spi-builder-workspace/.derivedData/CompilationCache.noindex
ClangStatCache /Applications/Xcode-27.0.0-Release.Candidate.app/Contents/Developer/Toolchains/XcodeDefault.xctoolchain/usr/bin/clang-stat-cache /Applications/Xcode-27.0.0-Release.Candidate.app/Contents/Developer/Platforms/WatchOS.platform/Developer/SDKs/WatchOS27.0.sdk /Users/admin/builder/spi-builder-workspace/.derivedData/SDKStatCaches.noindex/watchos27.0-24R360-e829b21a6f8c9b70876ba0858053c04477534ef55a1706bf4c1112bbb242f0a2.sdkstatcache
    cd /Users/admin/builder/spi-builder-workspace/.swiftpm/xcode
    /Applications/Xcode-27.0.0-Release.Candidate.app/Contents/Developer/Toolchains/XcodeDefault.xctoolchain/usr/bin/clang-stat-cache /Applications/Xcode-27.0.0-Release.Candidate.app/Contents/Developer/Platforms/WatchOS.platform/Developer/SDKs/WatchOS27.0.sdk -o /Users/admin/builder/spi-builder-workspace/.derivedData/SDKStatCaches.noindex/watchos27.0-24R360-e829b21a6f8c9b70876ba0858053c04477534ef55a1706bf4c1112bbb242f0a2.sdkstatcache
CreateBuildDirectory /Users/admin/builder/spi-builder-workspace/.derivedData/Build/Intermediates.noindex
    cd /Users/admin/builder/spi-builder-workspace/.swiftpm/xcode
    builtin-create-build-directory /Users/admin/builder/spi-builder-workspace/.derivedData/Build/Intermediates.noindex
CreateBuildDirectory /Users/admin/builder/spi-builder-workspace/.derivedData/Build/Products
    cd /Users/admin/builder/spi-builder-workspace/.swiftpm/xcode
    builtin-create-build-directory /Users/admin/builder/spi-builder-workspace/.derivedData/Build/Products
CreateBuildDirectory /Users/admin/builder/spi-builder-workspace/.derivedData/Build/Intermediates.noindex/PrecompiledHeaders
    cd /Users/admin/builder/spi-builder-workspace/.swiftpm/xcode
    builtin-create-build-directory /Users/admin/builder/spi-builder-workspace/.derivedData/Build/Intermediates.noindex/PrecompiledHeaders
CreateBuildDirectory /Users/admin/builder/spi-builder-workspace/.derivedData/Build/Intermediates.noindex/SwiftExplicitPrecompiledModules
    cd /Users/admin/builder/spi-builder-workspace/.swiftpm/xcode
    builtin-create-build-directory /Users/admin/builder/spi-builder-workspace/.derivedData/Build/Intermediates.noindex/SwiftExplicitPrecompiledModules
CreateBuildDirectory /Users/admin/builder/spi-builder-workspace/.derivedData/Build/Intermediates.noindex/ExplicitPrecompiledModules
    cd /Users/admin/builder/spi-builder-workspace/.swiftpm/xcode
    builtin-create-build-directory /Users/admin/builder/spi-builder-workspace/.derivedData/Build/Intermediates.noindex/ExplicitPrecompiledModules
CreateBuildDirectory /Users/admin/builder/spi-builder-workspace/.derivedData/Build/Intermediates.noindex/EagerLinkingTBDs/Debug-watchos
    cd /Users/admin/builder/spi-builder-workspace/.swiftpm/xcode
    builtin-create-build-directory /Users/admin/builder/spi-builder-workspace/.derivedData/Build/Intermediates.noindex/EagerLinkingTBDs/Debug-watchos
CreateBuildDirectory /Users/admin/builder/spi-builder-workspace/.derivedData/Build/Products/Debug-watchos
    cd /Users/admin/builder/spi-builder-workspace/.swiftpm/xcode
    builtin-create-build-directory /Users/admin/builder/spi-builder-workspace/.derivedData/Build/Products/Debug-watchos
CreateBuildDirectory /Users/admin/builder/spi-builder-workspace/.derivedData/Build/Products/Debug-watchos/PackageFrameworks
    cd /Users/admin/builder/spi-builder-workspace/.swiftpm/xcode
    builtin-create-build-directory /Users/admin/builder/spi-builder-workspace/.derivedData/Build/Products/Debug-watchos/PackageFrameworks
WriteAuxiliaryFile /Users/admin/builder/spi-builder-workspace/.derivedData/Build/Intermediates.noindex/Swollama.build/Debug-watchos/SwollamaCLI-p.build/SwollamaCLI.DependencyStaticMetadataFileList (in target 'SwollamaCLI-product' from project 'Swollama')
    cd /Users/admin/builder/spi-builder-workspace
    write-file /Users/admin/builder/spi-builder-workspace/.derivedData/Build/Intermediates.noindex/Swollama.build/Debug-watchos/SwollamaCLI-p.build/SwollamaCLI.DependencyStaticMetadataFileList
WriteAuxiliaryFile /Users/admin/builder/spi-builder-workspace/.derivedData/Build/Intermediates.noindex/Swollama.build/Debug-watchos/Swollama-t.build/Swollama.modulemap (in target 'Swollama' from project 'Swollama')
    cd /Users/admin/builder/spi-builder-workspace
    write-file /Users/admin/builder/spi-builder-workspace/.derivedData/Build/Intermediates.noindex/Swollama.build/Debug-watchos/Swollama-t.build/Swollama.modulemap
WriteAuxiliaryFile /Users/admin/builder/spi-builder-workspace/.derivedData/Build/Intermediates.noindex/Swollama.build/Debug-watchos/SwollamaCLI-p.build/SwollamaCLI.DependencyMetadataFileList (in target 'SwollamaCLI-product' from project 'Swollama')
    cd /Users/admin/builder/spi-builder-workspace
    write-file /Users/admin/builder/spi-builder-workspace/.derivedData/Build/Intermediates.noindex/Swollama.build/Debug-watchos/SwollamaCLI-p.build/SwollamaCLI.DependencyMetadataFileList
WriteAuxiliaryFile /Users/admin/builder/spi-builder-workspace/.derivedData/Build/Intermediates.noindex/Swollama.build/Debug-watchos/Swollama-t.build/Objects-normal/arm64_32/Swollama-OutputFileMap.json (in target 'Swollama' from project 'Swollama')
    cd /Users/admin/builder/spi-builder-workspace
    write-file /Users/admin/builder/spi-builder-workspace/.derivedData/Build/Intermediates.noindex/Swollama.build/Debug-watchos/Swollama-t.build/Objects-normal/arm64_32/Swollama-OutputFileMap.json
WriteAuxiliaryFile /Users/admin/builder/spi-builder-workspace/.derivedData/Build/Intermediates.noindex/Swollama.build/Debug-watchos/Swollama-t.build/Objects-normal/arm64_32/Swollama_const_extract_protocols.json (in target 'Swollama' from project 'Swollama')
    cd /Users/admin/builder/spi-builder-workspace
    write-file /Users/admin/builder/spi-builder-workspace/.derivedData/Build/Intermediates.noindex/Swollama.build/Debug-watchos/Swollama-t.build/Objects-normal/arm64_32/Swollama_const_extract_protocols.json
WriteAuxiliaryFile /Users/admin/builder/spi-builder-workspace/.derivedData/Build/Intermediates.noindex/Swollama.build/Debug-watchos/Swollama-t.build/Objects-normal/arm64_32/Swollama.LinkFileList (in target 'Swollama' from project 'Swollama')
    cd /Users/admin/builder/spi-builder-workspace
    write-file /Users/admin/builder/spi-builder-workspace/.derivedData/Build/Intermediates.noindex/Swollama.build/Debug-watchos/Swollama-t.build/Objects-normal/arm64_32/Swollama.LinkFileList
WriteAuxiliaryFile /Users/admin/builder/spi-builder-workspace/.derivedData/Build/Intermediates.noindex/Swollama.build/Debug-watchos/SwollamaCLI-p.build/Objects-normal/arm64_32/SwollamaCLI_const_extract_protocols.json (in target 'SwollamaCLI-product' from project 'Swollama')
    cd /Users/admin/builder/spi-builder-workspace
    write-file /Users/admin/builder/spi-builder-workspace/.derivedData/Build/Intermediates.noindex/Swollama.build/Debug-watchos/SwollamaCLI-p.build/Objects-normal/arm64_32/SwollamaCLI_const_extract_protocols.json
WriteAuxiliaryFile /Users/admin/builder/spi-builder-workspace/.derivedData/Build/Intermediates.noindex/Swollama.build/Debug-watchos/SwollamaCLI-p.build/Objects-normal/arm64_32/SwollamaCLI.SwiftFileList (in target 'SwollamaCLI-product' from project 'Swollama')
    cd /Users/admin/builder/spi-builder-workspace
    write-file /Users/admin/builder/spi-builder-workspace/.derivedData/Build/Intermediates.noindex/Swollama.build/Debug-watchos/SwollamaCLI-p.build/Objects-normal/arm64_32/SwollamaCLI.SwiftFileList
WriteAuxiliaryFile /Users/admin/builder/spi-builder-workspace/.derivedData/Build/Intermediates.noindex/Swollama.build/Debug-watchos/SwollamaCLI-p.build/Objects-normal/arm64_32/SwollamaCLI.LinkFileList (in target 'SwollamaCLI-product' from project 'Swollama')
    cd /Users/admin/builder/spi-builder-workspace
    write-file /Users/admin/builder/spi-builder-workspace/.derivedData/Build/Intermediates.noindex/Swollama.build/Debug-watchos/SwollamaCLI-p.build/Objects-normal/arm64_32/SwollamaCLI.LinkFileList
WriteAuxiliaryFile /Users/admin/builder/spi-builder-workspace/.derivedData/Build/Intermediates.noindex/Swollama.build/Debug-watchos/SwollamaCLI-p.build/Objects-normal/arm64_32/SwollamaCLI-OutputFileMap.json (in target 'SwollamaCLI-product' from project 'Swollama')
    cd /Users/admin/builder/spi-builder-workspace
    write-file /Users/admin/builder/spi-builder-workspace/.derivedData/Build/Intermediates.noindex/Swollama.build/Debug-watchos/SwollamaCLI-p.build/Objects-normal/arm64_32/SwollamaCLI-OutputFileMap.json
WriteAuxiliaryFile /Users/admin/builder/spi-builder-workspace/.derivedData/Build/Intermediates.noindex/Swollama.build/Debug-watchos/SwollamaCLI-p.build/Objects-normal/arm64/SwollamaCLI.SwiftFileList (in target 'SwollamaCLI-product' from project 'Swollama')
    cd /Users/admin/builder/spi-builder-workspace
    write-file /Users/admin/builder/spi-builder-workspace/.derivedData/Build/Intermediates.noindex/Swollama.build/Debug-watchos/SwollamaCLI-p.build/Objects-normal/arm64/SwollamaCLI.SwiftFileList
WriteAuxiliaryFile /Users/admin/builder/spi-builder-workspace/.derivedData/Build/Intermediates.noindex/Swollama.build/Debug-watchos/SwollamaCLI-p.build/Objects-normal/arm64/SwollamaCLI_const_extract_protocols.json (in target 'SwollamaCLI-product' from project 'Swollama')
    cd /Users/admin/builder/spi-builder-workspace
    write-file /Users/admin/builder/spi-builder-workspace/.derivedData/Build/Intermediates.noindex/Swollama.build/Debug-watchos/SwollamaCLI-p.build/Objects-normal/arm64/SwollamaCLI_const_extract_protocols.json
WriteAuxiliaryFile /Users/admin/builder/spi-builder-workspace/.derivedData/Build/Intermediates.noindex/Swollama.build/Debug-watchos/SwollamaCLI-p.build/Objects-normal/arm64/SwollamaCLI.LinkFileList (in target 'SwollamaCLI-product' from project 'Swollama')
    cd /Users/admin/builder/spi-builder-workspace
    write-file /Users/admin/builder/spi-builder-workspace/.derivedData/Build/Intermediates.noindex/Swollama.build/Debug-watchos/SwollamaCLI-p.build/Objects-normal/arm64/SwollamaCLI.LinkFileList
WriteAuxiliaryFile /Users/admin/builder/spi-builder-workspace/.derivedData/Build/Intermediates.noindex/Swollama.build/Debug-watchos/SwollamaCLI-p.build/Objects-normal/arm64/SwollamaCLI-OutputFileMap.json (in target 'SwollamaCLI-product' from project 'Swollama')
    cd /Users/admin/builder/spi-builder-workspace
    write-file /Users/admin/builder/spi-builder-workspace/.derivedData/Build/Intermediates.noindex/Swollama.build/Debug-watchos/SwollamaCLI-p.build/Objects-normal/arm64/SwollamaCLI-OutputFileMap.json
WriteAuxiliaryFile /Users/admin/builder/spi-builder-workspace/.derivedData/Build/Intermediates.noindex/Swollama.build/Debug-watchos/Swollama-t.build/Swollama.DependencyStaticMetadataFileList (in target 'Swollama' from project 'Swollama')
    cd /Users/admin/builder/spi-builder-workspace
    write-file /Users/admin/builder/spi-builder-workspace/.derivedData/Build/Intermediates.noindex/Swollama.build/Debug-watchos/Swollama-t.build/Swollama.DependencyStaticMetadataFileList
WriteAuxiliaryFile /Users/admin/builder/spi-builder-workspace/.derivedData/Build/Intermediates.noindex/Swollama.build/Debug-watchos/Swollama-t.build/Swollama.DependencyMetadataFileList (in target 'Swollama' from project 'Swollama')
    cd /Users/admin/builder/spi-builder-workspace
    write-file /Users/admin/builder/spi-builder-workspace/.derivedData/Build/Intermediates.noindex/Swollama.build/Debug-watchos/Swollama-t.build/Swollama.DependencyMetadataFileList
WriteAuxiliaryFile /Users/admin/builder/spi-builder-workspace/.derivedData/Build/Intermediates.noindex/Swollama.build/Debug-watchos/Swollama-t.build/Objects-normal/arm64_32/Swollama.SwiftFileList (in target 'Swollama' from project 'Swollama')
    cd /Users/admin/builder/spi-builder-workspace
    write-file /Users/admin/builder/spi-builder-workspace/.derivedData/Build/Intermediates.noindex/Swollama.build/Debug-watchos/Swollama-t.build/Objects-normal/arm64_32/Swollama.SwiftFileList
WriteAuxiliaryFile /Users/admin/builder/spi-builder-workspace/.derivedData/Build/Intermediates.noindex/Swollama.build/Debug-watchos/Swollama-t.build/Objects-normal/arm64_32/Swollama.SwiftConstValuesFileList (in target 'Swollama' from project 'Swollama')
    cd /Users/admin/builder/spi-builder-workspace
    write-file /Users/admin/builder/spi-builder-workspace/.derivedData/Build/Intermediates.noindex/Swollama.build/Debug-watchos/Swollama-t.build/Objects-normal/arm64_32/Swollama.SwiftConstValuesFileList
WriteAuxiliaryFile /Users/admin/builder/spi-builder-workspace/.derivedData/Build/Intermediates.noindex/Swollama.build/Debug-watchos/Swollama-t.build/Objects-normal/arm64/Swollama.SwiftFileList (in target 'Swollama' from project 'Swollama')
    cd /Users/admin/builder/spi-builder-workspace
    write-file /Users/admin/builder/spi-builder-workspace/.derivedData/Build/Intermediates.noindex/Swollama.build/Debug-watchos/Swollama-t.build/Objects-normal/arm64/Swollama.SwiftFileList
WriteAuxiliaryFile /Users/admin/builder/spi-builder-workspace/.derivedData/Build/Intermediates.noindex/Swollama.build/Debug-watchos/Swollama-t.build/Objects-normal/arm64/Swollama_const_extract_protocols.json (in target 'Swollama' from project 'Swollama')
    cd /Users/admin/builder/spi-builder-workspace
    write-file /Users/admin/builder/spi-builder-workspace/.derivedData/Build/Intermediates.noindex/Swollama.build/Debug-watchos/Swollama-t.build/Objects-normal/arm64/Swollama_const_extract_protocols.json
WriteAuxiliaryFile /Users/admin/builder/spi-builder-workspace/.derivedData/Build/Intermediates.noindex/Swollama.build/Debug-watchos/Swollama-t.build/Objects-normal/arm64/Swollama.SwiftConstValuesFileList (in target 'Swollama' from project 'Swollama')
    cd /Users/admin/builder/spi-builder-workspace
    write-file /Users/admin/builder/spi-builder-workspace/.derivedData/Build/Intermediates.noindex/Swollama.build/Debug-watchos/Swollama-t.build/Objects-normal/arm64/Swollama.SwiftConstValuesFileList
WriteAuxiliaryFile /Users/admin/builder/spi-builder-workspace/.derivedData/Build/Intermediates.noindex/Swollama.build/Debug-watchos/Swollama-t.build/Objects-normal/arm64/Swollama.LinkFileList (in target 'Swollama' from project 'Swollama')
    cd /Users/admin/builder/spi-builder-workspace
    write-file /Users/admin/builder/spi-builder-workspace/.derivedData/Build/Intermediates.noindex/Swollama.build/Debug-watchos/Swollama-t.build/Objects-normal/arm64/Swollama.LinkFileList
WriteAuxiliaryFile /Users/admin/builder/spi-builder-workspace/.derivedData/Build/Intermediates.noindex/Swollama.build/Debug-watchos/Swollama-t.build/Objects-normal/arm64/Swollama-OutputFileMap.json (in target 'Swollama' from project 'Swollama')
    cd /Users/admin/builder/spi-builder-workspace
    write-file /Users/admin/builder/spi-builder-workspace/.derivedData/Build/Intermediates.noindex/Swollama.build/Debug-watchos/Swollama-t.build/Objects-normal/arm64/Swollama-OutputFileMap.json
Copy /Users/admin/builder/spi-builder-workspace/.derivedData/Build/Intermediates.noindex/GeneratedModuleMaps-watchos/Swollama.modulemap /Users/admin/builder/spi-builder-workspace/.derivedData/Build/Intermediates.noindex/Swollama.build/Debug-watchos/Swollama-t.build/Swollama.modulemap (in target 'Swollama' from project 'Swollama')
    cd /Users/admin/builder/spi-builder-workspace
    builtin-copy -exclude .DS_Store -exclude CVS -exclude .svn -exclude .git -exclude .hg -resolve-src-symlinks /Users/admin/builder/spi-builder-workspace/.derivedData/Build/Intermediates.noindex/Swollama.build/Debug-watchos/Swollama-t.build/Swollama.modulemap /Users/admin/builder/spi-builder-workspace/.derivedData/Build/Intermediates.noindex/GeneratedModuleMaps-watchos
SwiftDriver Swollama normal arm64 com.apple.xcode.tools.swift.compiler (in target 'Swollama' from project 'Swollama')
    cd /Users/admin/builder/spi-builder-workspace/.swiftpm/xcode
    builtin-SwiftDriver -- /Applications/Xcode-27.0.0-Release.Candidate.app/Contents/Developer/Toolchains/XcodeDefault.xctoolchain/usr/bin/swiftc -parse-as-library -module-name Swollama -Onone @/Users/admin/builder/spi-builder-workspace/.derivedData/Build/Intermediates.noindex/Swollama.build/Debug-watchos/Swollama-t.build/Objects-normal/arm64/Swollama.SwiftFileList -DSWIFT_PACKAGE -DDEBUG -DSWIFT_MODULE_RESOURCE_BUNDLE_UNAVAILABLE -DXcode -plugin-path /Applications/Xcode-27.0.0-Release.Candidate.app/Contents/Developer/Toolchains/XcodeDefault.xctoolchain/usr/lib/swift/host/plugins/testing -enable-experimental-feature DebugDescriptionMacro -sdk /Applications/Xcode-27.0.0-Release.Candidate.app/Contents/Developer/Platforms/WatchOS.platform/Developer/SDKs/WatchOS27.0.sdk -target arm64-apple-watchos10.0 -g -module-cache-path /Users/admin/builder/spi-builder-workspace/.derivedData/ModuleCache.noindex -Xfrontend -serialize-debugging-options -profile-coverage-mapping -profile-generate -enable-testing -index-store-path /Users/admin/builder/spi-builder-workspace/.derivedData/Index.noindex/DataStore -Xcc -D_LIBCPP_HARDENING_MODE\=_LIBCPP_HARDENING_MODE_DEBUG -swift-version 5 -I /Users/admin/builder/spi-builder-workspace/.derivedData/Build/Products/Debug-watchos -Isystem /Applications/Xcode-27.0.0-Release.Candidate.app/Contents/Developer/Platforms/WatchOS.platform/Developer/usr/lib -F /Users/admin/builder/spi-builder-workspace/.derivedData/Build/Products/Debug-watchos -F /Applications/Xcode-27.0.0-Release.Candidate.app/Contents/Developer/Platforms/WatchOS.platform/Developer/Library/Frameworks -F /Applications/Xcode-27.0.0-Release.Candidate.app/Contents/Developer/Platforms/WatchOS.platform/Developer/SDKs/WatchOS27.0.sdk/Developer/Library/Frameworks -c -j10 -enable-batch-mode -incremental -Xcc -ivfsstatcache -Xcc /Users/admin/builder/spi-builder-workspace/.derivedData/SDKStatCaches.noindex/watchos27.0-24R360-e829b21a6f8c9b70876ba0858053c04477534ef55a1706bf4c1112bbb242f0a2.sdkstatcache -output-file-map /Users/admin/builder/spi-builder-workspace/.derivedData/Build/Intermediates.noindex/Swollama.build/Debug-watchos/Swollama-t.build/Objects-normal/arm64/Swollama-OutputFileMap.json -save-temps -no-color-diagnostics -explicit-module-build -module-cache-path /Users/admin/builder/spi-builder-workspace/.derivedData/Build/Intermediates.noindex/SwiftExplicitPrecompiledModules -clang-scanner-module-cache-path /Users/admin/builder/spi-builder-workspace/.derivedData/ModuleCache.noindex -sdk-module-cache-path /Users/admin/builder/spi-builder-workspace/.derivedData/SDKExplicitPrecompiledModules -emit-dependencies -emit-module -emit-module-path /Users/admin/builder/spi-builder-workspace/.derivedData/Build/Intermediates.noindex/Swollama.build/Debug-watchos/Swollama-t.build/Objects-normal/arm64/Swollama.swiftmodule -serialize-diagnostics -dependency-scan-serialize-diagnostics-path /Users/admin/builder/spi-builder-workspace/.derivedData/Build/Intermediates.noindex/Swollama.build/Debug-watchos/Swollama-t.build/Objects-normal/arm64/Swollama-dependency-scan.dia -validate-clang-modules-once -clang-build-session-file /Users/admin/builder/spi-builder-workspace/.derivedData/ModuleCache.noindex/Session.modulevalidation -Xcc -fmodules-prune-interval\=86400 -Xcc -fmodules-prune-after\=345600 -package-name spi_builder_workspace -emit-const-values -const-gather-protocols-list /Users/admin/builder/spi-builder-workspace/.derivedData/Build/Intermediates.noindex/Swollama.build/Debug-watchos/Swollama-t.build/Objects-normal/arm64/Swollama_const_extract_protocols.json -Xcc -I/Users/admin/builder/spi-builder-workspace/.derivedData/Build/Products/Debug-watchos/include -Xcc -I/Users/admin/builder/spi-builder-workspace/.derivedData/Build/Intermediates.noindex/Swollama.build/Debug-watchos/Swollama-t.build/DerivedSources-normal/arm64 -Xcc -I/Users/admin/builder/spi-builder-workspace/.derivedData/Build/Intermediates.noindex/Swollama.build/Debug-watchos/Swollama-t.build/DerivedSources/arm64 -Xcc -I/Users/admin/builder/spi-builder-workspace/.derivedData/Build/Intermediates.noindex/Swollama.build/Debug-watchos/Swollama-t.build/DerivedSources -Xcc -DSWIFT_PACKAGE -Xcc -DDEBUG\=1 -emit-objc-header -emit-objc-header-path /Users/admin/builder/spi-builder-workspace/.derivedData/Build/Intermediates.noindex/Swollama.build/Debug-watchos/Swollama-t.build/Objects-normal/arm64/Swollama-Swift.h -working-directory /Users/admin/builder/spi-builder-workspace/.swiftpm/xcode -experimental-emit-module-separately -disable-cmo
SwiftDriver Swollama normal arm64_32 com.apple.xcode.tools.swift.compiler (in target 'Swollama' from project 'Swollama')
    cd /Users/admin/builder/spi-builder-workspace/.swiftpm/xcode
    builtin-SwiftDriver -- /Applications/Xcode-27.0.0-Release.Candidate.app/Contents/Developer/Toolchains/XcodeDefault.xctoolchain/usr/bin/swiftc -parse-as-library -module-name Swollama -Onone @/Users/admin/builder/spi-builder-workspace/.derivedData/Build/Intermediates.noindex/Swollama.build/Debug-watchos/Swollama-t.build/Objects-normal/arm64_32/Swollama.SwiftFileList -DSWIFT_PACKAGE -DDEBUG -DSWIFT_MODULE_RESOURCE_BUNDLE_UNAVAILABLE -DXcode -plugin-path /Applications/Xcode-27.0.0-Release.Candidate.app/Contents/Developer/Toolchains/XcodeDefault.xctoolchain/usr/lib/swift/host/plugins/testing -enable-experimental-feature DebugDescriptionMacro -sdk /Applications/Xcode-27.0.0-Release.Candidate.app/Contents/Developer/Platforms/WatchOS.platform/Developer/SDKs/WatchOS27.0.sdk -target arm64_32-apple-watchos10.0 -g -module-cache-path /Users/admin/builder/spi-builder-workspace/.derivedData/ModuleCache.noindex -Xfrontend -serialize-debugging-options -profile-coverage-mapping -profile-generate -enable-testing -index-store-path /Users/admin/builder/spi-builder-workspace/.derivedData/Index.noindex/DataStore -Xcc -D_LIBCPP_HARDENING_MODE\=_LIBCPP_HARDENING_MODE_DEBUG -swift-version 5 -I /Users/admin/builder/spi-builder-workspace/.derivedData/Build/Products/Debug-watchos -Isystem /Applications/Xcode-27.0.0-Release.Candidate.app/Contents/Developer/Platforms/WatchOS.platform/Developer/usr/lib -F /Users/admin/builder/spi-builder-workspace/.derivedData/Build/Products/Debug-watchos -F /Applications/Xcode-27.0.0-Release.Candidate.app/Contents/Developer/Platforms/WatchOS.platform/Developer/Library/Frameworks -F /Applications/Xcode-27.0.0-Release.Candidate.app/Contents/Developer/Platforms/WatchOS.platform/Developer/SDKs/WatchOS27.0.sdk/Developer/Library/Frameworks -c -j10 -enable-batch-mode -incremental -Xcc -ivfsstatcache -Xcc /Users/admin/builder/spi-builder-workspace/.derivedData/SDKStatCaches.noindex/watchos27.0-24R360-e829b21a6f8c9b70876ba0858053c04477534ef55a1706bf4c1112bbb242f0a2.sdkstatcache -output-file-map /Users/admin/builder/spi-builder-workspace/.derivedData/Build/Intermediates.noindex/Swollama.build/Debug-watchos/Swollama-t.build/Objects-normal/arm64_32/Swollama-OutputFileMap.json -save-temps -no-color-diagnostics -explicit-module-build -module-cache-path /Users/admin/builder/spi-builder-workspace/.derivedData/Build/Intermediates.noindex/SwiftExplicitPrecompiledModules -clang-scanner-module-cache-path /Users/admin/builder/spi-builder-workspace/.derivedData/ModuleCache.noindex -sdk-module-cache-path /Users/admin/builder/spi-builder-workspace/.derivedData/SDKExplicitPrecompiledModules -emit-dependencies -emit-module -emit-module-path /Users/admin/builder/spi-builder-workspace/.derivedData/Build/Intermediates.noindex/Swollama.build/Debug-watchos/Swollama-t.build/Objects-normal/arm64_32/Swollama.swiftmodule -serialize-diagnostics -dependency-scan-serialize-diagnostics-path /Users/admin/builder/spi-builder-workspace/.derivedData/Build/Intermediates.noindex/Swollama.build/Debug-watchos/Swollama-t.build/Objects-normal/arm64_32/Swollama-dependency-scan.dia -validate-clang-modules-once -clang-build-session-file /Users/admin/builder/spi-builder-workspace/.derivedData/ModuleCache.noindex/Session.modulevalidation -Xcc -fmodules-prune-interval\=86400 -Xcc -fmodules-prune-after\=345600 -package-name spi_builder_workspace -emit-const-values -const-gather-protocols-list /Users/admin/builder/spi-builder-workspace/.derivedData/Build/Intermediates.noindex/Swollama.build/Debug-watchos/Swollama-t.build/Objects-normal/arm64_32/Swollama_const_extract_protocols.json -Xcc -I/Users/admin/builder/spi-builder-workspace/.derivedData/Build/Products/Debug-watchos/include -Xcc -I/Users/admin/builder/spi-builder-workspace/.derivedData/Build/Intermediates.noindex/Swollama.build/Debug-watchos/Swollama-t.build/DerivedSources-normal/arm64_32 -Xcc -I/Users/admin/builder/spi-builder-workspace/.derivedData/Build/Intermediates.noindex/Swollama.build/Debug-watchos/Swollama-t.build/DerivedSources/arm64_32 -Xcc -I/Users/admin/builder/spi-builder-workspace/.derivedData/Build/Intermediates.noindex/Swollama.build/Debug-watchos/Swollama-t.build/DerivedSources -Xcc -DSWIFT_PACKAGE -Xcc -DDEBUG\=1 -emit-objc-header -emit-objc-header-path /Users/admin/builder/spi-builder-workspace/.derivedData/Build/Intermediates.noindex/Swollama.build/Debug-watchos/Swollama-t.build/Objects-normal/arm64_32/Swollama-Swift.h -working-directory /Users/admin/builder/spi-builder-workspace/.swiftpm/xcode -experimental-emit-module-separately -disable-cmo
SwiftExplicitDependencyGeneratePcm arm64 /Users/admin/builder/spi-builder-workspace/.derivedData/SDKExplicitPrecompiledModules/_AvailabilityInternal-BUNV3UXM65NT37THI4W1AM0SF.pcm
SwiftExplicitDependencyGeneratePcm arm64 /Users/admin/builder/spi-builder-workspace/.derivedData/SDKExplicitPrecompiledModules/_SwiftConcurrencyShims-659N52XSKR5F0QSB880BH2FJR.pcm
SwiftExplicitDependencyGeneratePcm arm64 /Users/admin/builder/spi-builder-workspace/.derivedData/SDKExplicitPrecompiledModules/ptrcheck-AIF0NDOYZ8ORBNHQAQR5NNB8M.pcm
SwiftExplicitDependencyGeneratePcm arm64 /Users/admin/builder/spi-builder-workspace/.derivedData/SDKExplicitPrecompiledModules/_Builtin_stddef-1FU30Y8SWFB7OUUHMJQH5J6FM.pcm
SwiftExplicitDependencyGeneratePcm arm64 /Users/admin/builder/spi-builder-workspace/.derivedData/SDKExplicitPrecompiledModules/ptrauth-3TZ9WJCGLYD25HQPWH4968ONX.pcm
SwiftExplicitDependencyGeneratePcm arm64 /Users/admin/builder/spi-builder-workspace/.derivedData/SDKExplicitPrecompiledModules/_Builtin_float-C0CW5Q4HGBQYKE77TC42IAFB5.pcm
SwiftExplicitDependencyGeneratePcm arm64 /Users/admin/builder/spi-builder-workspace/.derivedData/SDKExplicitPrecompiledModules/SwiftShims-4MXFZPV6FEB0XBYXCGPWAMQGL.pcm
SwiftExplicitDependencyGeneratePcm arm64 /Users/admin/builder/spi-builder-workspace/.derivedData/SDKExplicitPrecompiledModules/_Builtin_stdarg-A7UU8LE6MP85SM26YO7PBZNUQ.pcm
SwiftExplicitDependencyGeneratePcm arm64 /Users/admin/builder/spi-builder-workspace/.derivedData/SDKExplicitPrecompiledModules/_Builtin_stdbool-83J96QSOFE9VX04AAS6310UAE.pcm
SwiftExplicitDependencyGeneratePcm arm64_32 /Users/admin/builder/spi-builder-workspace/.derivedData/SDKExplicitPrecompiledModules/_Builtin_stddef-H44EFHQX6XSS5MZ7QP6YJZ76.pcm
SwiftExplicitDependencyGeneratePcm arm64_32 /Users/admin/builder/spi-builder-workspace/.derivedData/SDKExplicitPrecompiledModules/_Builtin_float-6KO8O3PEWRCA4WC6PPLOYO6WJ.pcm
SwiftExplicitDependencyGeneratePcm arm64_32 /Users/admin/builder/spi-builder-workspace/.derivedData/SDKExplicitPrecompiledModules/ptrauth-BFXF358ME5AK535N5A9Z766WU.pcm
SwiftExplicitDependencyGeneratePcm arm64_32 /Users/admin/builder/spi-builder-workspace/.derivedData/SDKExplicitPrecompiledModules/ptrcheck-7ELIH9BTIGVKX3UBITM9N72WD.pcm
SwiftExplicitDependencyGeneratePcm arm64_32 /Users/admin/builder/spi-builder-workspace/.derivedData/SDKExplicitPrecompiledModules/_AvailabilityInternal-244WAN3Z1QBT7PIA64EZEFY1R.pcm
SwiftExplicitDependencyGeneratePcm arm64_32 /Users/admin/builder/spi-builder-workspace/.derivedData/SDKExplicitPrecompiledModules/_SwiftConcurrencyShims-6RTBPQ03V7BM9SPRK8SUE055H.pcm
SwiftExplicitDependencyGeneratePcm arm64_32 /Users/admin/builder/spi-builder-workspace/.derivedData/SDKExplicitPrecompiledModules/_Builtin_stdarg-D305JG44A2WPI6CJY37X3QJE8.pcm
SwiftExplicitDependencyGeneratePcm arm64_32 /Users/admin/builder/spi-builder-workspace/.derivedData/SDKExplicitPrecompiledModules/_Builtin_stdbool-A967K8W8YUYEC9SN52KJ7OO88.pcm
SwiftExplicitDependencyGeneratePcm arm64_32 /Users/admin/builder/spi-builder-workspace/.derivedData/SDKExplicitPrecompiledModules/SwiftShims-9CQQGWTSNTN9EB5NSHDWUJICH.pcm
SwiftExplicitDependencyGeneratePcm arm64 /Users/admin/builder/spi-builder-workspace/.derivedData/SDKExplicitPrecompiledModules/_DarwinFoundation1-7SPX3MD0HMP55E4OLNCPNDQ53.pcm
SwiftExplicitDependencyGeneratePcm arm64_32 /Users/admin/builder/spi-builder-workspace/.derivedData/SDKExplicitPrecompiledModules/_DarwinFoundation1-2GWF9RFMPLQW4PDHS3NARVI3G.pcm
SwiftExplicitDependencyGeneratePcm arm64 /Users/admin/builder/spi-builder-workspace/.derivedData/SDKExplicitPrecompiledModules/_DarwinFoundation2-D0XAPJU49S5E9XMKYOFGSTB1Q.pcm
SwiftExplicitDependencyGeneratePcm arm64 /Users/admin/builder/spi-builder-workspace/.derivedData/SDKExplicitPrecompiledModules/_Builtin_limits-9GWPA2B0H20DYUNYHYCWKABJG.pcm
SwiftExplicitDependencyGeneratePcm arm64_32 /Users/admin/builder/spi-builder-workspace/.derivedData/SDKExplicitPrecompiledModules/_Builtin_limits-3VKBU2AFTD65PAJZ5CJ3LHFM2.pcm
SwiftExplicitDependencyGeneratePcm arm64_32 /Users/admin/builder/spi-builder-workspace/.derivedData/SDKExplicitPrecompiledModules/_DarwinFoundation2-9MY8GOSYRO0M9MKNXF6D3MBNK.pcm
SwiftExplicitDependencyGeneratePcm arm64 /Users/admin/builder/spi-builder-workspace/.derivedData/SDKExplicitPrecompiledModules/sys_types-2KXQLI78OUCDP779AE68GZJ2.pcm
SwiftExplicitDependencyGeneratePcm arm64 /Users/admin/builder/spi-builder-workspace/.derivedData/SDKExplicitPrecompiledModules/string_h-E6PRXK75PHIPCZFWOFCQ3QBMK.pcm
SwiftExplicitDependencyGeneratePcm arm64 /Users/admin/builder/spi-builder-workspace/.derivedData/SDKExplicitPrecompiledModules/_Builtin_stdint-8XMILLJZEGRN2XG7XZUXZ5RLX.pcm
SwiftExplicitDependencyGeneratePcm arm64_32 /Users/admin/builder/spi-builder-workspace/.derivedData/SDKExplicitPrecompiledModules/sys_types-8TLLMW08ZJWDGIIPKOYFGHHZW.pcm
SwiftExplicitDependencyGeneratePcm arm64_32 /Users/admin/builder/spi-builder-workspace/.derivedData/SDKExplicitPrecompiledModules/_Builtin_stdint-1HMXWI3V0V4TXHRWZOMZGZ80Y.pcm
SwiftExplicitDependencyGeneratePcm arm64_32 /Users/admin/builder/spi-builder-workspace/.derivedData/SDKExplicitPrecompiledModules/string_h-BFVLUQUSBZWYMLCU9QI7VZALW.pcm
SwiftExplicitDependencyGeneratePcm arm64 /Users/admin/builder/spi-builder-workspace/.derivedData/SDKExplicitPrecompiledModules/_DarwinFoundation3-B97LRG0E9GON2NUE65TVG81HU.pcm
SwiftExplicitDependencyGeneratePcm arm64_32 /Users/admin/builder/spi-builder-workspace/.derivedData/SDKExplicitPrecompiledModules/_DarwinFoundation3-3DUTYQDQSD9HUAAVY947NMWOI.pcm
SwiftExplicitDependencyGeneratePcm arm64 /Users/admin/builder/spi-builder-workspace/.derivedData/SDKExplicitPrecompiledModules/_Builtin_inttypes-3UQSCM7WNM9EK4HZML8TY5J3D.pcm
SwiftExplicitDependencyGeneratePcm arm64_32 /Users/admin/builder/spi-builder-workspace/.derivedData/SDKExplicitPrecompiledModules/_Builtin_inttypes-D2KPCR4PEX9AQA33NGLUT5SBR.pcm
SwiftExplicitDependencyGeneratePcm arm64 /Users/admin/builder/spi-builder-workspace/.derivedData/SDKExplicitPrecompiledModules/Darwin-3984OXKFNSPE77NT743WK8SEX.pcm
SwiftExplicitDependencyGeneratePcm arm64_32 /Users/admin/builder/spi-builder-workspace/.derivedData/SDKExplicitPrecompiledModules/Darwin-3FVT1SKLN2ZQ5RVOABMTQBB34.pcm
SwiftExplicitDependencyGeneratePcm arm64 /Users/admin/builder/spi-builder-workspace/.derivedData/SDKExplicitPrecompiledModules/ObjectiveC-72IVD3VS2RS8Q28D9PIMY0KQP.pcm
SwiftExplicitDependencyGeneratePcm arm64_32 /Users/admin/builder/spi-builder-workspace/.derivedData/SDKExplicitPrecompiledModules/ObjectiveC-6IJNELR2E80E7LUKESVCP2KET.pcm
SwiftExplicitDependencyGeneratePcm arm64 /Users/admin/builder/spi-builder-workspace/.derivedData/SDKExplicitPrecompiledModules/os_object-3SDKD7F87FTZ26OON37DRYT6O.pcm
SwiftExplicitDependencyGeneratePcm arm64_32 /Users/admin/builder/spi-builder-workspace/.derivedData/SDKExplicitPrecompiledModules/os_object-5YWTC6L4756IWSTPGXS5NM0D0.pcm
SwiftExplicitDependencyGeneratePcm arm64 /Users/admin/builder/spi-builder-workspace/.derivedData/SDKExplicitPrecompiledModules/os_workgroup-89GG5G7YC2D0ZTK6AZXXQ20DH.pcm
SwiftExplicitDependencyGeneratePcm arm64_32 /Users/admin/builder/spi-builder-workspace/.derivedData/SDKExplicitPrecompiledModules/os_workgroup-5JHTPDMNBUNHLJI8LPHKQK1JK.pcm
SwiftExplicitDependencyGeneratePcm arm64 /Users/admin/builder/spi-builder-workspace/.derivedData/SDKExplicitPrecompiledModules/Dispatch-1NLJOVAK60XP0DUB05XA59EIM.pcm
SwiftExplicitDependencyGeneratePcm arm64_32 /Users/admin/builder/spi-builder-workspace/.derivedData/SDKExplicitPrecompiledModules/Dispatch-2P62F1T4XV63S4P99TUDTOK2Q.pcm
SwiftExplicitDependencyGeneratePcm arm64 /Users/admin/builder/spi-builder-workspace/.derivedData/SDKExplicitPrecompiledModules/CoreFoundation-8T2L24YC5NU7WO6WQJWRY7W08.pcm
SwiftExplicitDependencyGeneratePcm arm64 /Users/admin/builder/spi-builder-workspace/.derivedData/SDKExplicitPrecompiledModules/XPC-40DR0X1DHKGCV4J1IOLFS8MOU.pcm
SwiftExplicitDependencyGeneratePcm arm64_32 /Users/admin/builder/spi-builder-workspace/.derivedData/SDKExplicitPrecompiledModules/CoreFoundation-8E6Y4BA3EXYKUGJ24GT9LGV3N.pcm
SwiftExplicitDependencyGeneratePcm arm64_32 /Users/admin/builder/spi-builder-workspace/.derivedData/SDKExplicitPrecompiledModules/XPC-81Y45QFY96XYYFCW2GT6FY8S4.pcm
SwiftExplicitDependencyGeneratePcm arm64 /Users/admin/builder/spi-builder-workspace/.derivedData/SDKExplicitPrecompiledModules/Security-6RZ6YBRU8WCUHRFFRVUK5WKMM.pcm
SwiftExplicitDependencyGeneratePcm arm64_32 /Users/admin/builder/spi-builder-workspace/.derivedData/SDKExplicitPrecompiledModules/Security-D7TOWF88VWF67TB9HAFP5UWB1.pcm
SwiftExplicitDependencyGeneratePcm arm64 /Users/admin/builder/spi-builder-workspace/.derivedData/SDKExplicitPrecompiledModules/Foundation-DLBKUSGXN8QHAT8W0OARR9S8A.pcm
SwiftExplicitDependencyGeneratePcm arm64_32 /Users/admin/builder/spi-builder-workspace/.derivedData/SDKExplicitPrecompiledModules/Foundation-BJ2VQGI3OGR34500MEQ1VKHPH.pcm
SwiftEmitModule normal arm64 Emitting\ module\ for\ Swollama (in target 'Swollama' from project 'Swollama')
SwiftCompile normal arm64 (in target 'Swollama' from project 'Swollama')
    cd /Users/admin/builder/spi-builder-workspace/.swiftpm/xcode

SwiftCompile normal arm64 Compiling\ ToolCall.swift,\ ToolDefinition.swift,\ VersionResponse.swift,\ NetworkingSupport+Streaming.swift /Users/admin/builder/spi-builder-workspace/Sources/Swollama/Models/ToolCall.swift /Users/admin/builder/spi-builder-workspace/Sources/Swollama/Models/ToolDefinition.swift /Users/admin/builder/spi-builder-workspace/Sources/Swollama/Models/VersionResponse.swift /Users/admin/builder/spi-builder-workspace/Sources/Swollama/NetworkingSupport+Streaming.swift (in target 'Swollama' from project 'Swollama')
SwiftCompile normal arm64 /Users/admin/builder/spi-builder-workspace/Sources/Swollama/Models/ToolCall.swift (in target 'Swollama' from project 'Swollama')
    cd /Users/admin/builder/spi-builder-workspace/.swiftpm/xcode
    builtin-SwiftPerFileCompile ToolCall.swift
SwiftCompile normal arm64 /Users/admin/builder/spi-builder-workspace/Sources/Swollama/Models/ToolDefinition.swift (in target 'Swollama' from project 'Swollama')
    cd /Users/admin/builder/spi-builder-workspace/.swiftpm/xcode
    builtin-SwiftPerFileCompile ToolDefinition.swift
SwiftCompile normal arm64 /Users/admin/builder/spi-builder-workspace/Sources/Swollama/Models/VersionResponse.swift (in target 'Swollama' from project 'Swollama')
    cd /Users/admin/builder/spi-builder-workspace/.swiftpm/xcode
    builtin-SwiftPerFileCompile VersionResponse.swift
SwiftCompile normal arm64 /Users/admin/builder/spi-builder-workspace/Sources/Swollama/NetworkingSupport+Streaming.swift (in target 'Swollama' from project 'Swollama')
    cd /Users/admin/builder/spi-builder-workspace/.swiftpm/xcode
    builtin-SwiftPerFileCompile NetworkingSupport+Streaming.swift
SwiftCompile normal arm64 Compiling\ OperationProgress.swift,\ RunningModelsResponse.swift,\ ShowModelRequest.swift,\ ThinkingMode.swift /Users/admin/builder/spi-builder-workspace/Sources/Swollama/Models/OperationProgress.swift /Users/admin/builder/spi-builder-workspace/Sources/Swollama/Models/RunningModelsResponse.swift /Users/admin/builder/spi-builder-workspace/Sources/Swollama/Models/ShowModelRequest.swift /Users/admin/builder/spi-builder-workspace/Sources/Swollama/Models/ThinkingMode.swift (in target 'Swollama' from project 'Swollama')
SwiftCompile normal arm64 /Users/admin/builder/spi-builder-workspace/Sources/Swollama/Models/OperationProgress.swift (in target 'Swollama' from project 'Swollama')
    cd /Users/admin/builder/spi-builder-workspace/.swiftpm/xcode
    builtin-SwiftPerFileCompile OperationProgress.swift
SwiftCompile normal arm64 /Users/admin/builder/spi-builder-workspace/Sources/Swollama/Models/RunningModelsResponse.swift (in target 'Swollama' from project 'Swollama')
    cd /Users/admin/builder/spi-builder-workspace/.swiftpm/xcode
    builtin-SwiftPerFileCompile RunningModelsResponse.swift
SwiftCompile normal arm64 /Users/admin/builder/spi-builder-workspace/Sources/Swollama/Models/ShowModelRequest.swift (in target 'Swollama' from project 'Swollama')
    cd /Users/admin/builder/spi-builder-workspace/.swiftpm/xcode
    builtin-SwiftPerFileCompile ShowModelRequest.swift
SwiftCompile normal arm64 /Users/admin/builder/spi-builder-workspace/Sources/Swollama/Models/ThinkingMode.swift (in target 'Swollama' from project 'Swollama')
    cd /Users/admin/builder/spi-builder-workspace/.swiftpm/xcode
    builtin-SwiftPerFileCompile ThinkingMode.swift
SwiftCompile normal arm64 Compiling\ NetworkingSupport.swift,\ OllamaClient+Generation.swift,\ OllamaClient+ModelManagement.swift,\ OllamaClient.swift /Users/admin/builder/spi-builder-workspace/Sources/Swollama/NetworkingSupport.swift /Users/admin/builder/spi-builder-workspace/Sources/Swollama/OllamaClient+Generation.swift /Users/admin/builder/spi-builder-workspace/Sources/Swollama/OllamaClient+ModelManagement.swift /Users/admin/builder/spi-builder-workspace/Sources/Swollama/OllamaClient.swift (in target 'Swollama' from project 'Swollama')
SwiftCompile normal arm64 /Users/admin/builder/spi-builder-workspace/Sources/Swollama/NetworkingSupport.swift (in target 'Swollama' from project 'Swollama')
    cd /Users/admin/builder/spi-builder-workspace/.swiftpm/xcode
    builtin-SwiftPerFileCompile NetworkingSupport.swift
SwiftCompile normal arm64 /Users/admin/builder/spi-builder-workspace/Sources/Swollama/OllamaClient+Generation.swift (in target 'Swollama' from project 'Swollama')
    cd /Users/admin/builder/spi-builder-workspace/.swiftpm/xcode
    builtin-SwiftPerFileCompile OllamaClient+Generation.swift
SwiftCompile normal arm64 /Users/admin/builder/spi-builder-workspace/Sources/Swollama/OllamaClient+ModelManagement.swift (in target 'Swollama' from project 'Swollama')
    cd /Users/admin/builder/spi-builder-workspace/.swiftpm/xcode
    builtin-SwiftPerFileCompile OllamaClient+ModelManagement.swift
SwiftCompile normal arm64 /Users/admin/builder/spi-builder-workspace/Sources/Swollama/OllamaClient.swift (in target 'Swollama' from project 'Swollama')
    cd /Users/admin/builder/spi-builder-workspace/.swiftpm/xcode
    builtin-SwiftPerFileCompile OllamaClient.swift
SwiftCompile normal arm64 Compiling\ AgentConfiguration.swift,\ AgentEvent.swift,\ OllamaAgent.swift,\ ChatOptions.swift /Users/admin/builder/spi-builder-workspace/Sources/Swollama/Agent/AgentConfiguration.swift /Users/admin/builder/spi-builder-workspace/Sources/Swollama/Agent/AgentEvent.swift /Users/admin/builder/spi-builder-workspace/Sources/Swollama/Agent/OllamaAgent.swift /Users/admin/builder/spi-builder-workspace/Sources/Swollama/ChatOptions.swift (in target 'Swollama' from project 'Swollama')
SwiftCompile normal arm64 /Users/admin/builder/spi-builder-workspace/Sources/Swollama/Agent/AgentConfiguration.swift (in target 'Swollama' from project 'Swollama')
    cd /Users/admin/builder/spi-builder-workspace/.swiftpm/xcode
    builtin-SwiftPerFileCompile AgentConfiguration.swift
SwiftCompile normal arm64 /Users/admin/builder/spi-builder-workspace/Sources/Swollama/Agent/AgentEvent.swift (in target 'Swollama' from project 'Swollama')
    cd /Users/admin/builder/spi-builder-workspace/.swiftpm/xcode
    builtin-SwiftPerFileCompile AgentEvent.swift
SwiftCompile normal arm64 /Users/admin/builder/spi-builder-workspace/Sources/Swollama/Agent/OllamaAgent.swift (in target 'Swollama' from project 'Swollama')
    cd /Users/admin/builder/spi-builder-workspace/.swiftpm/xcode
    builtin-SwiftPerFileCompile OllamaAgent.swift
SwiftCompile normal arm64 /Users/admin/builder/spi-builder-workspace/Sources/Swollama/ChatOptions.swift (in target 'Swollama' from project 'Swollama')
    cd /Users/admin/builder/spi-builder-workspace/.swiftpm/xcode
    builtin-SwiftPerFileCompile ChatOptions.swift
SwiftCompile normal arm64 Compiling\ OllamaConfiguration.swift,\ OllamaError.swift,\ OllamaProtocol+Convenience.swift /Users/admin/builder/spi-builder-workspace/Sources/Swollama/OllamaConfiguration.swift /Users/admin/builder/spi-builder-workspace/Sources/Swollama/OllamaError.swift /Users/admin/builder/spi-builder-workspace/Sources/Swollama/OllamaProtocol+Convenience.swift (in target 'Swollama' from project 'Swollama')
SwiftCompile normal arm64 /Users/admin/builder/spi-builder-workspace/Sources/Swollama/OllamaConfiguration.swift (in target 'Swollama' from project 'Swollama')
    cd /Users/admin/builder/spi-builder-workspace/.swiftpm/xcode
    builtin-SwiftPerFileCompile OllamaConfiguration.swift
SwiftCompile normal arm64 /Users/admin/builder/spi-builder-workspace/Sources/Swollama/OllamaError.swift (in target 'Swollama' from project 'Swollama')
    cd /Users/admin/builder/spi-builder-workspace/.swiftpm/xcode
    builtin-SwiftPerFileCompile OllamaError.swift
SwiftCompile normal arm64 /Users/admin/builder/spi-builder-workspace/Sources/Swollama/OllamaProtocol+Convenience.swift (in target 'Swollama' from project 'Swollama')
    cd /Users/admin/builder/spi-builder-workspace/.swiftpm/xcode
    builtin-SwiftPerFileCompile OllamaProtocol+Convenience.swift
SwiftCompile normal arm64 Compiling\ OllamaProtocol.swift,\ OllamaWebSearchClient.swift,\ WebSearchModels.swift /Users/admin/builder/spi-builder-workspace/Sources/Swollama/OllamaProtocol.swift /Users/admin/builder/spi-builder-workspace/Sources/Swollama/WebSearch/OllamaWebSearchClient.swift /Users/admin/builder/spi-builder-workspace/Sources/Swollama/WebSearch/WebSearchModels.swift (in target 'Swollama' from project 'Swollama')
SwiftCompile normal arm64 /Users/admin/builder/spi-builder-workspace/Sources/Swollama/OllamaProtocol.swift (in target 'Swollama' from project 'Swollama')
    cd /Users/admin/builder/spi-builder-workspace/.swiftpm/xcode
    builtin-SwiftPerFileCompile OllamaProtocol.swift
SwiftCompile normal arm64 /Users/admin/builder/spi-builder-workspace/Sources/Swollama/WebSearch/OllamaWebSearchClient.swift (in target 'Swollama' from project 'Swollama')
    cd /Users/admin/builder/spi-builder-workspace/.swiftpm/xcode
    builtin-SwiftPerFileCompile OllamaWebSearchClient.swift
SwiftCompile normal arm64 /Users/admin/builder/spi-builder-workspace/Sources/Swollama/WebSearch/WebSearchModels.swift (in target 'Swollama' from project 'Swollama')
    cd /Users/admin/builder/spi-builder-workspace/.swiftpm/xcode
    builtin-SwiftPerFileCompile WebSearchModels.swift
SwiftCompile normal arm64 Compiling\ ModelInformation.swift,\ ModelsResponse.swift,\ OllamaDate.swift,\ OllamaModelName.swift /Users/admin/builder/spi-builder-workspace/Sources/Swollama/Models/ModelInformation.swift /Users/admin/builder/spi-builder-workspace/Sources/Swollama/Models/ModelsResponse.swift /Users/admin/builder/spi-builder-workspace/Sources/Swollama/Models/OllamaDate.swift /Users/admin/builder/spi-builder-workspace/Sources/Swollama/Models/OllamaModelName.swift (in target 'Swollama' from project 'Swollama')
SwiftCompile normal arm64 /Users/admin/builder/spi-builder-workspace/Sources/Swollama/Models/ModelInformation.swift (in target 'Swollama' from project 'Swollama')
    cd /Users/admin/builder/spi-builder-workspace/.swiftpm/xcode
    builtin-SwiftPerFileCompile ModelInformation.swift
SwiftCompile normal arm64 /Users/admin/builder/spi-builder-workspace/Sources/Swollama/Models/ModelsResponse.swift (in target 'Swollama' from project 'Swollama')
    cd /Users/admin/builder/spi-builder-workspace/.swiftpm/xcode
    builtin-SwiftPerFileCompile ModelsResponse.swift
SwiftCompile normal arm64 /Users/admin/builder/spi-builder-workspace/Sources/Swollama/Models/OllamaDate.swift (in target 'Swollama' from project 'Swollama')
    cd /Users/admin/builder/spi-builder-workspace/.swiftpm/xcode
    builtin-SwiftPerFileCompile OllamaDate.swift
SwiftCompile normal arm64 /Users/admin/builder/spi-builder-workspace/Sources/Swollama/Models/OllamaModelName.swift (in target 'Swollama' from project 'Swollama')
    cd /Users/admin/builder/spi-builder-workspace/.swiftpm/xcode
    builtin-SwiftPerFileCompile OllamaModelName.swift
SwiftCompile normal arm64 Compiling\ GenerateResponse.swift,\ JSONValue.swift,\ LegacyEmbedding.swift,\ Logprob.swift /Users/admin/builder/spi-builder-workspace/Sources/Swollama/Models/GenerateResponse.swift /Users/admin/builder/spi-builder-workspace/Sources/Swollama/Models/JSONValue.swift /Users/admin/builder/spi-builder-workspace/Sources/Swollama/Models/LegacyEmbedding.swift /Users/admin/builder/spi-builder-workspace/Sources/Swollama/Models/Logprob.swift (in target 'Swollama' from project 'Swollama')
SwiftCompile normal arm64 /Users/admin/builder/spi-builder-workspace/Sources/Swollama/Models/GenerateResponse.swift (in target 'Swollama' from project 'Swollama')
    cd /Users/admin/builder/spi-builder-workspace/.swiftpm/xcode
    builtin-SwiftPerFileCompile GenerateResponse.swift
SwiftCompile normal arm64 /Users/admin/builder/spi-builder-workspace/Sources/Swollama/Models/JSONValue.swift (in target 'Swollama' from project 'Swollama')
    cd /Users/admin/builder/spi-builder-workspace/.swiftpm/xcode
    builtin-SwiftPerFileCompile JSONValue.swift
SwiftCompile normal arm64 /Users/admin/builder/spi-builder-workspace/Sources/Swollama/Models/LegacyEmbedding.swift (in target 'Swollama' from project 'Swollama')
    cd /Users/admin/builder/spi-builder-workspace/.swiftpm/xcode
    builtin-SwiftPerFileCompile LegacyEmbedding.swift
SwiftCompile normal arm64 /Users/admin/builder/spi-builder-workspace/Sources/Swollama/Models/Logprob.swift (in target 'Swollama' from project 'Swollama')
    cd /Users/admin/builder/spi-builder-workspace/.swiftpm/xcode
    builtin-SwiftPerFileCompile Logprob.swift
SwiftCompile normal arm64 Compiling\ CreateModelRequest.swift,\ EmbeddingRequest.swift,\ EmbeddingResponse.swift,\ GenerateRequest.swift /Users/admin/builder/spi-builder-workspace/Sources/Swollama/Models/CreateModelRequest.swift /Users/admin/builder/spi-builder-workspace/Sources/Swollama/Models/EmbeddingRequest.swift /Users/admin/builder/spi-builder-workspace/Sources/Swollama/Models/EmbeddingResponse.swift /Users/admin/builder/spi-builder-workspace/Sources/Swollama/Models/GenerateRequest.swift (in target 'Swollama' from project 'Swollama')
SwiftCompile normal arm64 /Users/admin/builder/spi-builder-workspace/Sources/Swollama/Models/CreateModelRequest.swift (in target 'Swollama' from project 'Swollama')
    cd /Users/admin/builder/spi-builder-workspace/.swiftpm/xcode
    builtin-SwiftPerFileCompile CreateModelRequest.swift
SwiftCompile normal arm64 /Users/admin/builder/spi-builder-workspace/Sources/Swollama/Models/EmbeddingRequest.swift (in target 'Swollama' from project 'Swollama')
    cd /Users/admin/builder/spi-builder-workspace/.swiftpm/xcode
    builtin-SwiftPerFileCompile EmbeddingRequest.swift
SwiftCompile normal arm64 /Users/admin/builder/spi-builder-workspace/Sources/Swollama/Models/EmbeddingResponse.swift (in target 'Swollama' from project 'Swollama')
    cd /Users/admin/builder/spi-builder-workspace/.swiftpm/xcode
    builtin-SwiftPerFileCompile EmbeddingResponse.swift
SwiftCompile normal arm64 /Users/admin/builder/spi-builder-workspace/Sources/Swollama/Models/GenerateRequest.swift (in target 'Swollama' from project 'Swollama')
    cd /Users/admin/builder/spi-builder-workspace/.swiftpm/xcode
    builtin-SwiftPerFileCompile GenerateRequest.swift
SwiftEmitModule normal arm64_32 Emitting\ module\ for\ Swollama (in target 'Swollama' from project 'Swollama')
SwiftCompile normal arm64_32 (in target 'Swollama' from project 'Swollama')
    cd /Users/admin/builder/spi-builder-workspace/.swiftpm/xcode

SwiftDriverJobDiscovery normal arm64 Emitting module for Swollama (in target 'Swollama' from project 'Swollama')
SwiftDriver\ Compilation\ Requirements Swollama normal arm64 com.apple.xcode.tools.swift.compiler (in target 'Swollama' from project 'Swollama')
    cd /Users/admin/builder/spi-builder-workspace/.swiftpm/xcode
    builtin-Swift-Compilation-Requirements -- /Applications/Xcode-27.0.0-Release.Candidate.app/Contents/Developer/Toolchains/XcodeDefault.xctoolchain/usr/bin/swiftc -parse-as-library -module-name Swollama -Onone @/Users/admin/builder/spi-builder-workspace/.derivedData/Build/Intermediates.noindex/Swollama.build/Debug-watchos/Swollama-t.build/Objects-normal/arm64/Swollama.SwiftFileList -DSWIFT_PACKAGE -DDEBUG -DSWIFT_MODULE_RESOURCE_BUNDLE_UNAVAILABLE -DXcode -plugin-path /Applications/Xcode-27.0.0-Release.Candidate.app/Contents/Developer/Toolchains/XcodeDefault.xctoolchain/usr/lib/swift/host/plugins/testing -enable-experimental-feature DebugDescriptionMacro -sdk /Applications/Xcode-27.0.0-Release.Candidate.app/Contents/Developer/Platforms/WatchOS.platform/Developer/SDKs/WatchOS27.0.sdk -target arm64-apple-watchos10.0 -g -module-cache-path /Users/admin/builder/spi-builder-workspace/.derivedData/ModuleCache.noindex -Xfrontend -serialize-debugging-options -profile-coverage-mapping -profile-generate -enable-testing -index-store-path /Users/admin/builder/spi-builder-workspace/.derivedData/Index.noindex/DataStore -Xcc -D_LIBCPP_HARDENING_MODE\=_LIBCPP_HARDENING_MODE_DEBUG -swift-version 5 -I /Users/admin/builder/spi-builder-workspace/.derivedData/Build/Products/Debug-watchos -Isystem /Applications/Xcode-27.0.0-Release.Candidate.app/Contents/Developer/Platforms/WatchOS.platform/Developer/usr/lib -F /Users/admin/builder/spi-builder-workspace/.derivedData/Build/Products/Debug-watchos -F /Applications/Xcode-27.0.0-Release.Candidate.app/Contents/Developer/Platforms/WatchOS.platform/Developer/Library/Frameworks -F /Applications/Xcode-27.0.0-Release.Candidate.app/Contents/Developer/Platforms/WatchOS.platform/Developer/SDKs/WatchOS27.0.sdk/Developer/Library/Frameworks -c -j10 -enable-batch-mode -incremental -Xcc -ivfsstatcache -Xcc /Users/admin/builder/spi-builder-workspace/.derivedData/SDKStatCaches.noindex/watchos27.0-24R360-e829b21a6f8c9b70876ba0858053c04477534ef55a1706bf4c1112bbb242f0a2.sdkstatcache -output-file-map /Users/admin/builder/spi-builder-workspace/.derivedData/Build/Intermediates.noindex/Swollama.build/Debug-watchos/Swollama-t.build/Objects-normal/arm64/Swollama-OutputFileMap.json -save-temps -no-color-diagnostics -explicit-module-build -module-cache-path /Users/admin/builder/spi-builder-workspace/.derivedData/Build/Intermediates.noindex/SwiftExplicitPrecompiledModules -clang-scanner-module-cache-path /Users/admin/builder/spi-builder-workspace/.derivedData/ModuleCache.noindex -sdk-module-cache-path /Users/admin/builder/spi-builder-workspace/.derivedData/SDKExplicitPrecompiledModules -emit-dependencies -emit-module -emit-module-path /Users/admin/builder/spi-builder-workspace/.derivedData/Build/Intermediates.noindex/Swollama.build/Debug-watchos/Swollama-t.build/Objects-normal/arm64/Swollama.swiftmodule -serialize-diagnostics -dependency-scan-serialize-diagnostics-path /Users/admin/builder/spi-builder-workspace/.derivedData/Build/Intermediates.noindex/Swollama.build/Debug-watchos/Swollama-t.build/Objects-normal/arm64/Swollama-dependency-scan.dia -validate-clang-modules-once -clang-build-session-file /Users/admin/builder/spi-builder-workspace/.derivedData/ModuleCache.noindex/Session.modulevalidation -Xcc -fmodules-prune-interval\=86400 -Xcc -fmodules-prune-after\=345600 -package-name spi_builder_workspace -emit-const-values -const-gather-protocols-list /Users/admin/builder/spi-builder-workspace/.derivedData/Build/Intermediates.noindex/Swollama.build/Debug-watchos/Swollama-t.build/Objects-normal/arm64/Swollama_const_extract_protocols.json -Xcc -I/Users/admin/builder/spi-builder-workspace/.derivedData/Build/Products/Debug-watchos/include -Xcc -I/Users/admin/builder/spi-builder-workspace/.derivedData/Build/Intermediates.noindex/Swollama.build/Debug-watchos/Swollama-t.build/DerivedSources-normal/arm64 -Xcc -I/Users/admin/builder/spi-builder-workspace/.derivedData/Build/Intermediates.noindex/Swollama.build/Debug-watchos/Swollama-t.build/DerivedSources/arm64 -Xcc -I/Users/admin/builder/spi-builder-workspace/.derivedData/Build/Intermediates.noindex/Swollama.build/Debug-watchos/Swollama-t.build/DerivedSources -Xcc -DSWIFT_PACKAGE -Xcc -DDEBUG\=1 -emit-objc-header -emit-objc-header-path /Users/admin/builder/spi-builder-workspace/.derivedData/Build/Intermediates.noindex/Swollama.build/Debug-watchos/Swollama-t.build/Objects-normal/arm64/Swollama-Swift.h -working-directory /Users/admin/builder/spi-builder-workspace/.swiftpm/xcode -experimental-emit-module-separately -disable-cmo
SwiftDriverJobDiscovery normal arm64_32 Emitting module for Swollama (in target 'Swollama' from project 'Swollama')
SwiftDriver\ Compilation\ Requirements Swollama normal arm64_32 com.apple.xcode.tools.swift.compiler (in target 'Swollama' from project 'Swollama')
    cd /Users/admin/builder/spi-builder-workspace/.swiftpm/xcode
    builtin-Swift-Compilation-Requirements -- /Applications/Xcode-27.0.0-Release.Candidate.app/Contents/Developer/Toolchains/XcodeDefault.xctoolchain/usr/bin/swiftc -parse-as-library -module-name Swollama -Onone @/Users/admin/builder/spi-builder-workspace/.derivedData/Build/Intermediates.noindex/Swollama.build/Debug-watchos/Swollama-t.build/Objects-normal/arm64_32/Swollama.SwiftFileList -DSWIFT_PACKAGE -DDEBUG -DSWIFT_MODULE_RESOURCE_BUNDLE_UNAVAILABLE -DXcode -plugin-path /Applications/Xcode-27.0.0-Release.Candidate.app/Contents/Developer/Toolchains/XcodeDefault.xctoolchain/usr/lib/swift/host/plugins/testing -enable-experimental-feature DebugDescriptionMacro -sdk /Applications/Xcode-27.0.0-Release.Candidate.app/Contents/Developer/Platforms/WatchOS.platform/Developer/SDKs/WatchOS27.0.sdk -target arm64_32-apple-watchos10.0 -g -module-cache-path /Users/admin/builder/spi-builder-workspace/.derivedData/ModuleCache.noindex -Xfrontend -serialize-debugging-options -profile-coverage-mapping -profile-generate -enable-testing -index-store-path /Users/admin/builder/spi-builder-workspace/.derivedData/Index.noindex/DataStore -Xcc -D_LIBCPP_HARDENING_MODE\=_LIBCPP_HARDENING_MODE_DEBUG -swift-version 5 -I /Users/admin/builder/spi-builder-workspace/.derivedData/Build/Products/Debug-watchos -Isystem /Applications/Xcode-27.0.0-Release.Candidate.app/Contents/Developer/Platforms/WatchOS.platform/Developer/usr/lib -F /Users/admin/builder/spi-builder-workspace/.derivedData/Build/Products/Debug-watchos -F /Applications/Xcode-27.0.0-Release.Candidate.app/Contents/Developer/Platforms/WatchOS.platform/Developer/Library/Frameworks -F /Applications/Xcode-27.0.0-Release.Candidate.app/Contents/Developer/Platforms/WatchOS.platform/Developer/SDKs/WatchOS27.0.sdk/Developer/Library/Frameworks -c -j10 -enable-batch-mode -incremental -Xcc -ivfsstatcache -Xcc /Users/admin/builder/spi-builder-workspace/.derivedData/SDKStatCaches.noindex/watchos27.0-24R360-e829b21a6f8c9b70876ba0858053c04477534ef55a1706bf4c1112bbb242f0a2.sdkstatcache -output-file-map /Users/admin/builder/spi-builder-workspace/.derivedData/Build/Intermediates.noindex/Swollama.build/Debug-watchos/Swollama-t.build/Objects-normal/arm64_32/Swollama-OutputFileMap.json -save-temps -no-color-diagnostics -explicit-module-build -module-cache-path /Users/admin/builder/spi-builder-workspace/.derivedData/Build/Intermediates.noindex/SwiftExplicitPrecompiledModules -clang-scanner-module-cache-path /Users/admin/builder/spi-builder-workspace/.derivedData/ModuleCache.noindex -sdk-module-cache-path /Users/admin/builder/spi-builder-workspace/.derivedData/SDKExplicitPrecompiledModules -emit-dependencies -emit-module -emit-module-path /Users/admin/builder/spi-builder-workspace/.derivedData/Build/Intermediates.noindex/Swollama.build/Debug-watchos/Swollama-t.build/Objects-normal/arm64_32/Swollama.swiftmodule -serialize-diagnostics -dependency-scan-serialize-diagnostics-path /Users/admin/builder/spi-builder-workspace/.derivedData/Build/Intermediates.noindex/Swollama.build/Debug-watchos/Swollama-t.build/Objects-normal/arm64_32/Swollama-dependency-scan.dia -validate-clang-modules-once -clang-build-session-file /Users/admin/builder/spi-builder-workspace/.derivedData/ModuleCache.noindex/Session.modulevalidation -Xcc -fmodules-prune-interval\=86400 -Xcc -fmodules-prune-after\=345600 -package-name spi_builder_workspace -emit-const-values -const-gather-protocols-list /Users/admin/builder/spi-builder-workspace/.derivedData/Build/Intermediates.noindex/Swollama.build/Debug-watchos/Swollama-t.build/Objects-normal/arm64_32/Swollama_const_extract_protocols.json -Xcc -I/Users/admin/builder/spi-builder-workspace/.derivedData/Build/Products/Debug-watchos/include -Xcc -I/Users/admin/builder/spi-builder-workspace/.derivedData/Build/Intermediates.noindex/Swollama.build/Debug-watchos/Swollama-t.build/DerivedSources-normal/arm64_32 -Xcc -I/Users/admin/builder/spi-builder-workspace/.derivedData/Build/Intermediates.noindex/Swollama.build/Debug-watchos/Swollama-t.build/DerivedSources/arm64_32 -Xcc -I/Users/admin/builder/spi-builder-workspace/.derivedData/Build/Intermediates.noindex/Swollama.build/Debug-watchos/Swollama-t.build/DerivedSources -Xcc -DSWIFT_PACKAGE -Xcc -DDEBUG\=1 -emit-objc-header -emit-objc-header-path /Users/admin/builder/spi-builder-workspace/.derivedData/Build/Intermediates.noindex/Swollama.build/Debug-watchos/Swollama-t.build/Objects-normal/arm64_32/Swollama-Swift.h -working-directory /Users/admin/builder/spi-builder-workspace/.swiftpm/xcode -experimental-emit-module-separately -disable-cmo
Copy /Users/admin/builder/spi-builder-workspace/.derivedData/Build/Products/Debug-watchos/Swollama.swiftmodule/arm64-apple-watchos.swiftmodule /Users/admin/builder/spi-builder-workspace/.derivedData/Build/Intermediates.noindex/Swollama.build/Debug-watchos/Swollama-t.build/Objects-normal/arm64/Swollama.swiftmodule (in target 'Swollama' from project 'Swollama')
    cd /Users/admin/builder/spi-builder-workspace
    builtin-copy -exclude .DS_Store -exclude CVS -exclude .svn -exclude .git -exclude .hg -resolve-src-symlinks -rename /Users/admin/builder/spi-builder-workspace/.derivedData/Build/Intermediates.noindex/Swollama.build/Debug-watchos/Swollama-t.build/Objects-normal/arm64/Swollama.swiftmodule /Users/admin/builder/spi-builder-workspace/.derivedData/Build/Products/Debug-watchos/Swollama.swiftmodule/arm64-apple-watchos.swiftmodule
SwiftMergeGeneratedHeaders /Users/admin/builder/spi-builder-workspace/.derivedData/Build/Intermediates.noindex/GeneratedModuleMaps-watchos/Swollama-Swift.h /Users/admin/builder/spi-builder-workspace/.derivedData/Build/Intermediates.noindex/Swollama.build/Debug-watchos/Swollama-t.build/Objects-normal/arm64/Swollama-Swift.h /Users/admin/builder/spi-builder-workspace/.derivedData/Build/Intermediates.noindex/Swollama.build/Debug-watchos/Swollama-t.build/Objects-normal/arm64_32/Swollama-Swift.h (in target 'Swollama' from project 'Swollama')
    cd /Users/admin/builder/spi-builder-workspace
    builtin-swiftHeaderTool -arch arm64 /Users/admin/builder/spi-builder-workspace/.derivedData/Build/Intermediates.noindex/Swollama.build/Debug-watchos/Swollama-t.build/Objects-normal/arm64/Swollama-Swift.h -arch arm64_32 /Users/admin/builder/spi-builder-workspace/.derivedData/Build/Intermediates.noindex/Swollama.build/Debug-watchos/Swollama-t.build/Objects-normal/arm64_32/Swollama-Swift.h -o /Users/admin/builder/spi-builder-workspace/.derivedData/Build/Intermediates.noindex/GeneratedModuleMaps-watchos/Swollama-Swift.h
Copy /Users/admin/builder/spi-builder-workspace/.derivedData/Build/Products/Debug-watchos/Swollama.swiftmodule/arm64_32-apple-watchos.swiftmodule /Users/admin/builder/spi-builder-workspace/.derivedData/Build/Intermediates.noindex/Swollama.build/Debug-watchos/Swollama-t.build/Objects-normal/arm64_32/Swollama.swiftmodule (in target 'Swollama' from project 'Swollama')
    cd /Users/admin/builder/spi-builder-workspace
    builtin-copy -exclude .DS_Store -exclude CVS -exclude .svn -exclude .git -exclude .hg -resolve-src-symlinks -rename /Users/admin/builder/spi-builder-workspace/.derivedData/Build/Intermediates.noindex/Swollama.build/Debug-watchos/Swollama-t.build/Objects-normal/arm64_32/Swollama.swiftmodule /Users/admin/builder/spi-builder-workspace/.derivedData/Build/Products/Debug-watchos/Swollama.swiftmodule/arm64_32-apple-watchos.swiftmodule
Copy /Users/admin/builder/spi-builder-workspace/.derivedData/Build/Products/Debug-watchos/Swollama.swiftmodule/arm64_32-apple-watchos.swiftdoc /Users/admin/builder/spi-builder-workspace/.derivedData/Build/Intermediates.noindex/Swollama.build/Debug-watchos/Swollama-t.build/Objects-normal/arm64_32/Swollama.swiftdoc (in target 'Swollama' from project 'Swollama')
    cd /Users/admin/builder/spi-builder-workspace
    builtin-copy -exclude .DS_Store -exclude CVS -exclude .svn -exclude .git -exclude .hg -resolve-src-symlinks -rename /Users/admin/builder/spi-builder-workspace/.derivedData/Build/Intermediates.noindex/Swollama.build/Debug-watchos/Swollama-t.build/Objects-normal/arm64_32/Swollama.swiftdoc /Users/admin/builder/spi-builder-workspace/.derivedData/Build/Products/Debug-watchos/Swollama.swiftmodule/arm64_32-apple-watchos.swiftdoc
Copy /Users/admin/builder/spi-builder-workspace/.derivedData/Build/Products/Debug-watchos/Swollama.swiftmodule/arm64_32-apple-watchos.abi.json /Users/admin/builder/spi-builder-workspace/.derivedData/Build/Intermediates.noindex/Swollama.build/Debug-watchos/Swollama-t.build/Objects-normal/arm64_32/Swollama.abi.json (in target 'Swollama' from project 'Swollama')
    cd /Users/admin/builder/spi-builder-workspace
    builtin-copy -exclude .DS_Store -exclude CVS -exclude .svn -exclude .git -exclude .hg -resolve-src-symlinks -rename /Users/admin/builder/spi-builder-workspace/.derivedData/Build/Intermediates.noindex/Swollama.build/Debug-watchos/Swollama-t.build/Objects-normal/arm64_32/Swollama.abi.json /Users/admin/builder/spi-builder-workspace/.derivedData/Build/Products/Debug-watchos/Swollama.swiftmodule/arm64_32-apple-watchos.abi.json
Copy /Users/admin/builder/spi-builder-workspace/.derivedData/Build/Products/Debug-watchos/Swollama.swiftmodule/arm64-apple-watchos.swiftdoc /Users/admin/builder/spi-builder-workspace/.derivedData/Build/Intermediates.noindex/Swollama.build/Debug-watchos/Swollama-t.build/Objects-normal/arm64/Swollama.swiftdoc (in target 'Swollama' from project 'Swollama')
    cd /Users/admin/builder/spi-builder-workspace
    builtin-copy -exclude .DS_Store -exclude CVS -exclude .svn -exclude .git -exclude .hg -resolve-src-symlinks -rename /Users/admin/builder/spi-builder-workspace/.derivedData/Build/Intermediates.noindex/Swollama.build/Debug-watchos/Swollama-t.build/Objects-normal/arm64/Swollama.swiftdoc /Users/admin/builder/spi-builder-workspace/.derivedData/Build/Products/Debug-watchos/Swollama.swiftmodule/arm64-apple-watchos.swiftdoc
Copy /Users/admin/builder/spi-builder-workspace/.derivedData/Build/Products/Debug-watchos/Swollama.swiftmodule/arm64-apple-watchos.abi.json /Users/admin/builder/spi-builder-workspace/.derivedData/Build/Intermediates.noindex/Swollama.build/Debug-watchos/Swollama-t.build/Objects-normal/arm64/Swollama.abi.json (in target 'Swollama' from project 'Swollama')
    cd /Users/admin/builder/spi-builder-workspace
    builtin-copy -exclude .DS_Store -exclude CVS -exclude .svn -exclude .git -exclude .hg -resolve-src-symlinks -rename /Users/admin/builder/spi-builder-workspace/.derivedData/Build/Intermediates.noindex/Swollama.build/Debug-watchos/Swollama-t.build/Objects-normal/arm64/Swollama.abi.json /Users/admin/builder/spi-builder-workspace/.derivedData/Build/Products/Debug-watchos/Swollama.swiftmodule/arm64-apple-watchos.abi.json
Copy /Users/admin/builder/spi-builder-workspace/.derivedData/Build/Products/Debug-watchos/Swollama.swiftmodule/Project/arm64_32-apple-watchos.swiftsourceinfo /Users/admin/builder/spi-builder-workspace/.derivedData/Build/Intermediates.noindex/Swollama.build/Debug-watchos/Swollama-t.build/Objects-normal/arm64_32/Swollama.swiftsourceinfo (in target 'Swollama' from project 'Swollama')
    cd /Users/admin/builder/spi-builder-workspace
    builtin-copy -exclude .DS_Store -exclude CVS -exclude .svn -exclude .git -exclude .hg -resolve-src-symlinks -rename /Users/admin/builder/spi-builder-workspace/.derivedData/Build/Intermediates.noindex/Swollama.build/Debug-watchos/Swollama-t.build/Objects-normal/arm64_32/Swollama.swiftsourceinfo /Users/admin/builder/spi-builder-workspace/.derivedData/Build/Products/Debug-watchos/Swollama.swiftmodule/Project/arm64_32-apple-watchos.swiftsourceinfo
Copy /Users/admin/builder/spi-builder-workspace/.derivedData/Build/Products/Debug-watchos/Swollama.swiftmodule/Project/arm64-apple-watchos.swiftsourceinfo /Users/admin/builder/spi-builder-workspace/.derivedData/Build/Intermediates.noindex/Swollama.build/Debug-watchos/Swollama-t.build/Objects-normal/arm64/Swollama.swiftsourceinfo (in target 'Swollama' from project 'Swollama')
    cd /Users/admin/builder/spi-builder-workspace
    builtin-copy -exclude .DS_Store -exclude CVS -exclude .svn -exclude .git -exclude .hg -resolve-src-symlinks -rename /Users/admin/builder/spi-builder-workspace/.derivedData/Build/Intermediates.noindex/Swollama.build/Debug-watchos/Swollama-t.build/Objects-normal/arm64/Swollama.swiftsourceinfo /Users/admin/builder/spi-builder-workspace/.derivedData/Build/Products/Debug-watchos/Swollama.swiftmodule/Project/arm64-apple-watchos.swiftsourceinfo
SwiftCompile normal arm64_32 Compiling\ OperationProgress.swift,\ RunningModelsResponse.swift,\ ShowModelRequest.swift,\ ThinkingMode.swift /Users/admin/builder/spi-builder-workspace/Sources/Swollama/Models/OperationProgress.swift /Users/admin/builder/spi-builder-workspace/Sources/Swollama/Models/RunningModelsResponse.swift /Users/admin/builder/spi-builder-workspace/Sources/Swollama/Models/ShowModelRequest.swift /Users/admin/builder/spi-builder-workspace/Sources/Swollama/Models/ThinkingMode.swift (in target 'Swollama' from project 'Swollama')
SwiftCompile normal arm64_32 /Users/admin/builder/spi-builder-workspace/Sources/Swollama/Models/OperationProgress.swift (in target 'Swollama' from project 'Swollama')
    cd /Users/admin/builder/spi-builder-workspace/.swiftpm/xcode
    builtin-SwiftPerFileCompile OperationProgress.swift
SwiftCompile normal arm64_32 /Users/admin/builder/spi-builder-workspace/Sources/Swollama/Models/RunningModelsResponse.swift (in target 'Swollama' from project 'Swollama')
    cd /Users/admin/builder/spi-builder-workspace/.swiftpm/xcode
    builtin-SwiftPerFileCompile RunningModelsResponse.swift
SwiftCompile normal arm64_32 /Users/admin/builder/spi-builder-workspace/Sources/Swollama/Models/ShowModelRequest.swift (in target 'Swollama' from project 'Swollama')
    cd /Users/admin/builder/spi-builder-workspace/.swiftpm/xcode
    builtin-SwiftPerFileCompile ShowModelRequest.swift
SwiftCompile normal arm64_32 /Users/admin/builder/spi-builder-workspace/Sources/Swollama/Models/ThinkingMode.swift (in target 'Swollama' from project 'Swollama')
    cd /Users/admin/builder/spi-builder-workspace/.swiftpm/xcode
    builtin-SwiftPerFileCompile ThinkingMode.swift
SwiftCompile normal arm64_32 Compiling\ OllamaConfiguration.swift,\ OllamaError.swift,\ OllamaProtocol+Convenience.swift /Users/admin/builder/spi-builder-workspace/Sources/Swollama/OllamaConfiguration.swift /Users/admin/builder/spi-builder-workspace/Sources/Swollama/OllamaError.swift /Users/admin/builder/spi-builder-workspace/Sources/Swollama/OllamaProtocol+Convenience.swift (in target 'Swollama' from project 'Swollama')
SwiftCompile normal arm64_32 /Users/admin/builder/spi-builder-workspace/Sources/Swollama/OllamaConfiguration.swift (in target 'Swollama' from project 'Swollama')
    cd /Users/admin/builder/spi-builder-workspace/.swiftpm/xcode
    builtin-SwiftPerFileCompile OllamaConfiguration.swift
SwiftCompile normal arm64_32 /Users/admin/builder/spi-builder-workspace/Sources/Swollama/OllamaError.swift (in target 'Swollama' from project 'Swollama')
    cd /Users/admin/builder/spi-builder-workspace/.swiftpm/xcode
    builtin-SwiftPerFileCompile OllamaError.swift
SwiftCompile normal arm64_32 /Users/admin/builder/spi-builder-workspace/Sources/Swollama/OllamaProtocol+Convenience.swift (in target 'Swollama' from project 'Swollama')
    cd /Users/admin/builder/spi-builder-workspace/.swiftpm/xcode
    builtin-SwiftPerFileCompile OllamaProtocol+Convenience.swift
SwiftDriverJobDiscovery normal arm64 Compiling OllamaConfiguration.swift, OllamaError.swift, OllamaProtocol+Convenience.swift (in target 'Swollama' from project 'Swollama')
SwiftCompile normal arm64_32 Compiling\ ModelInformation.swift,\ ModelsResponse.swift,\ OllamaDate.swift,\ OllamaModelName.swift /Users/admin/builder/spi-builder-workspace/Sources/Swollama/Models/ModelInformation.swift /Users/admin/builder/spi-builder-workspace/Sources/Swollama/Models/ModelsResponse.swift /Users/admin/builder/spi-builder-workspace/Sources/Swollama/Models/OllamaDate.swift /Users/admin/builder/spi-builder-workspace/Sources/Swollama/Models/OllamaModelName.swift (in target 'Swollama' from project 'Swollama')
SwiftCompile normal arm64_32 /Users/admin/builder/spi-builder-workspace/Sources/Swollama/Models/ModelInformation.swift (in target 'Swollama' from project 'Swollama')
    cd /Users/admin/builder/spi-builder-workspace/.swiftpm/xcode
    builtin-SwiftPerFileCompile ModelInformation.swift
SwiftCompile normal arm64_32 /Users/admin/builder/spi-builder-workspace/Sources/Swollama/Models/ModelsResponse.swift (in target 'Swollama' from project 'Swollama')
    cd /Users/admin/builder/spi-builder-workspace/.swiftpm/xcode
    builtin-SwiftPerFileCompile ModelsResponse.swift
SwiftCompile normal arm64_32 /Users/admin/builder/spi-builder-workspace/Sources/Swollama/Models/OllamaDate.swift (in target 'Swollama' from project 'Swollama')
    cd /Users/admin/builder/spi-builder-workspace/.swiftpm/xcode
    builtin-SwiftPerFileCompile OllamaDate.swift
SwiftCompile normal arm64_32 /Users/admin/builder/spi-builder-workspace/Sources/Swollama/Models/OllamaModelName.swift (in target 'Swollama' from project 'Swollama')
    cd /Users/admin/builder/spi-builder-workspace/.swiftpm/xcode
    builtin-SwiftPerFileCompile OllamaModelName.swift
SwiftCompile normal arm64_32 Compiling\ AgentConfiguration.swift,\ AgentEvent.swift,\ OllamaAgent.swift,\ ChatOptions.swift /Users/admin/builder/spi-builder-workspace/Sources/Swollama/Agent/AgentConfiguration.swift /Users/admin/builder/spi-builder-workspace/Sources/Swollama/Agent/AgentEvent.swift /Users/admin/builder/spi-builder-workspace/Sources/Swollama/Agent/OllamaAgent.swift /Users/admin/builder/spi-builder-workspace/Sources/Swollama/ChatOptions.swift (in target 'Swollama' from project 'Swollama')
SwiftCompile normal arm64_32 /Users/admin/builder/spi-builder-workspace/Sources/Swollama/Agent/AgentConfiguration.swift (in target 'Swollama' from project 'Swollama')
    cd /Users/admin/builder/spi-builder-workspace/.swiftpm/xcode
    builtin-SwiftPerFileCompile AgentConfiguration.swift
SwiftCompile normal arm64_32 /Users/admin/builder/spi-builder-workspace/Sources/Swollama/Agent/AgentEvent.swift (in target 'Swollama' from project 'Swollama')
    cd /Users/admin/builder/spi-builder-workspace/.swiftpm/xcode
    builtin-SwiftPerFileCompile AgentEvent.swift
SwiftCompile normal arm64_32 /Users/admin/builder/spi-builder-workspace/Sources/Swollama/Agent/OllamaAgent.swift (in target 'Swollama' from project 'Swollama')
    cd /Users/admin/builder/spi-builder-workspace/.swiftpm/xcode
    builtin-SwiftPerFileCompile OllamaAgent.swift
SwiftCompile normal arm64_32 /Users/admin/builder/spi-builder-workspace/Sources/Swollama/ChatOptions.swift (in target 'Swollama' from project 'Swollama')
    cd /Users/admin/builder/spi-builder-workspace/.swiftpm/xcode
    builtin-SwiftPerFileCompile ChatOptions.swift
SwiftCompile normal arm64_32 Compiling\ EmbeddingOptions.swift,\ GenerationOptions.swift,\ ChatRequest.swift,\ ChatResponse.swift /Users/admin/builder/spi-builder-workspace/Sources/Swollama/EmbeddingOptions.swift /Users/admin/builder/spi-builder-workspace/Sources/Swollama/GenerationOptions.swift /Users/admin/builder/spi-builder-workspace/Sources/Swollama/Models/ChatRequest.swift /Users/admin/builder/spi-builder-workspace/Sources/Swollama/Models/ChatResponse.swift (in target 'Swollama' from project 'Swollama')
SwiftCompile normal arm64_32 /Users/admin/builder/spi-builder-workspace/Sources/Swollama/EmbeddingOptions.swift (in target 'Swollama' from project 'Swollama')
    cd /Users/admin/builder/spi-builder-workspace/.swiftpm/xcode
    builtin-SwiftPerFileCompile EmbeddingOptions.swift
SwiftCompile normal arm64_32 /Users/admin/builder/spi-builder-workspace/Sources/Swollama/GenerationOptions.swift (in target 'Swollama' from project 'Swollama')
    cd /Users/admin/builder/spi-builder-workspace/.swiftpm/xcode
    builtin-SwiftPerFileCompile GenerationOptions.swift
SwiftCompile normal arm64_32 /Users/admin/builder/spi-builder-workspace/Sources/Swollama/Models/ChatRequest.swift (in target 'Swollama' from project 'Swollama')
    cd /Users/admin/builder/spi-builder-workspace/.swiftpm/xcode
    builtin-SwiftPerFileCompile ChatRequest.swift
SwiftCompile normal arm64_32 /Users/admin/builder/spi-builder-workspace/Sources/Swollama/Models/ChatResponse.swift (in target 'Swollama' from project 'Swollama')
    cd /Users/admin/builder/spi-builder-workspace/.swiftpm/xcode
    builtin-SwiftPerFileCompile ChatResponse.swift
SwiftDriverJobDiscovery normal arm64_32 Compiling OperationProgress.swift, RunningModelsResponse.swift, ShowModelRequest.swift, ThinkingMode.swift (in target 'Swollama' from project 'Swollama')
SwiftCompile normal arm64_32 Compiling\ ToolCall.swift,\ ToolDefinition.swift,\ VersionResponse.swift,\ NetworkingSupport+Streaming.swift /Users/admin/builder/spi-builder-workspace/Sources/Swollama/Models/ToolCall.swift /Users/admin/builder/spi-builder-workspace/Sources/Swollama/Models/ToolDefinition.swift /Users/admin/builder/spi-builder-workspace/Sources/Swollama/Models/VersionResponse.swift /Users/admin/builder/spi-builder-workspace/Sources/Swollama/NetworkingSupport+Streaming.swift (in target 'Swollama' from project 'Swollama')
SwiftCompile normal arm64_32 /Users/admin/builder/spi-builder-workspace/Sources/Swollama/Models/ToolCall.swift (in target 'Swollama' from project 'Swollama')
    cd /Users/admin/builder/spi-builder-workspace/.swiftpm/xcode
    builtin-SwiftPerFileCompile ToolCall.swift
SwiftCompile normal arm64_32 /Users/admin/builder/spi-builder-workspace/Sources/Swollama/Models/ToolDefinition.swift (in target 'Swollama' from project 'Swollama')
    cd /Users/admin/builder/spi-builder-workspace/.swiftpm/xcode
    builtin-SwiftPerFileCompile ToolDefinition.swift
SwiftCompile normal arm64_32 /Users/admin/builder/spi-builder-workspace/Sources/Swollama/Models/VersionResponse.swift (in target 'Swollama' from project 'Swollama')
    cd /Users/admin/builder/spi-builder-workspace/.swiftpm/xcode
    builtin-SwiftPerFileCompile VersionResponse.swift
SwiftCompile normal arm64_32 /Users/admin/builder/spi-builder-workspace/Sources/Swollama/NetworkingSupport+Streaming.swift (in target 'Swollama' from project 'Swollama')
    cd /Users/admin/builder/spi-builder-workspace/.swiftpm/xcode
    builtin-SwiftPerFileCompile NetworkingSupport+Streaming.swift
SwiftDriverJobDiscovery normal arm64 Compiling OperationProgress.swift, RunningModelsResponse.swift, ShowModelRequest.swift, ThinkingMode.swift (in target 'Swollama' from project 'Swollama')
SwiftCompile normal arm64_32 Compiling\ GenerateResponse.swift,\ JSONValue.swift,\ LegacyEmbedding.swift,\ Logprob.swift /Users/admin/builder/spi-builder-workspace/Sources/Swollama/Models/GenerateResponse.swift /Users/admin/builder/spi-builder-workspace/Sources/Swollama/Models/JSONValue.swift /Users/admin/builder/spi-builder-workspace/Sources/Swollama/Models/LegacyEmbedding.swift /Users/admin/builder/spi-builder-workspace/Sources/Swollama/Models/Logprob.swift (in target 'Swollama' from project 'Swollama')
SwiftCompile normal arm64_32 /Users/admin/builder/spi-builder-workspace/Sources/Swollama/Models/GenerateResponse.swift (in target 'Swollama' from project 'Swollama')
    cd /Users/admin/builder/spi-builder-workspace/.swiftpm/xcode
    builtin-SwiftPerFileCompile GenerateResponse.swift
SwiftCompile normal arm64_32 /Users/admin/builder/spi-builder-workspace/Sources/Swollama/Models/JSONValue.swift (in target 'Swollama' from project 'Swollama')
    cd /Users/admin/builder/spi-builder-workspace/.swiftpm/xcode
    builtin-SwiftPerFileCompile JSONValue.swift
SwiftCompile normal arm64_32 /Users/admin/builder/spi-builder-workspace/Sources/Swollama/Models/LegacyEmbedding.swift (in target 'Swollama' from project 'Swollama')
    cd /Users/admin/builder/spi-builder-workspace/.swiftpm/xcode
    builtin-SwiftPerFileCompile LegacyEmbedding.swift
SwiftCompile normal arm64_32 /Users/admin/builder/spi-builder-workspace/Sources/Swollama/Models/Logprob.swift (in target 'Swollama' from project 'Swollama')
    cd /Users/admin/builder/spi-builder-workspace/.swiftpm/xcode
    builtin-SwiftPerFileCompile Logprob.swift
SwiftCompile normal arm64_32 Compiling\ CreateModelRequest.swift,\ EmbeddingRequest.swift,\ EmbeddingResponse.swift,\ GenerateRequest.swift /Users/admin/builder/spi-builder-workspace/Sources/Swollama/Models/CreateModelRequest.swift /Users/admin/builder/spi-builder-workspace/Sources/Swollama/Models/EmbeddingRequest.swift /Users/admin/builder/spi-builder-workspace/Sources/Swollama/Models/EmbeddingResponse.swift /Users/admin/builder/spi-builder-workspace/Sources/Swollama/Models/GenerateRequest.swift (in target 'Swollama' from project 'Swollama')
SwiftCompile normal arm64_32 /Users/admin/builder/spi-builder-workspace/Sources/Swollama/Models/CreateModelRequest.swift (in target 'Swollama' from project 'Swollama')
    cd /Users/admin/builder/spi-builder-workspace/.swiftpm/xcode
    builtin-SwiftPerFileCompile CreateModelRequest.swift
SwiftCompile normal arm64_32 /Users/admin/builder/spi-builder-workspace/Sources/Swollama/Models/EmbeddingRequest.swift (in target 'Swollama' from project 'Swollama')
    cd /Users/admin/builder/spi-builder-workspace/.swiftpm/xcode
    builtin-SwiftPerFileCompile EmbeddingRequest.swift
SwiftCompile normal arm64_32 /Users/admin/builder/spi-builder-workspace/Sources/Swollama/Models/EmbeddingResponse.swift (in target 'Swollama' from project 'Swollama')
    cd /Users/admin/builder/spi-builder-workspace/.swiftpm/xcode
    builtin-SwiftPerFileCompile EmbeddingResponse.swift
SwiftCompile normal arm64_32 /Users/admin/builder/spi-builder-workspace/Sources/Swollama/Models/GenerateRequest.swift (in target 'Swollama' from project 'Swollama')
    cd /Users/admin/builder/spi-builder-workspace/.swiftpm/xcode
    builtin-SwiftPerFileCompile GenerateRequest.swift
SwiftDriverJobDiscovery normal arm64 Compiling OllamaProtocol.swift, OllamaWebSearchClient.swift, WebSearchModels.swift (in target 'Swollama' from project 'Swollama')
SwiftCompile normal arm64_32 Compiling\ NetworkingSupport.swift,\ OllamaClient+Generation.swift,\ OllamaClient+ModelManagement.swift,\ OllamaClient.swift /Users/admin/builder/spi-builder-workspace/Sources/Swollama/NetworkingSupport.swift /Users/admin/builder/spi-builder-workspace/Sources/Swollama/OllamaClient+Generation.swift /Users/admin/builder/spi-builder-workspace/Sources/Swollama/OllamaClient+ModelManagement.swift /Users/admin/builder/spi-builder-workspace/Sources/Swollama/OllamaClient.swift (in target 'Swollama' from project 'Swollama')
SwiftCompile normal arm64_32 /Users/admin/builder/spi-builder-workspace/Sources/Swollama/NetworkingSupport.swift (in target 'Swollama' from project 'Swollama')
    cd /Users/admin/builder/spi-builder-workspace/.swiftpm/xcode
    builtin-SwiftPerFileCompile NetworkingSupport.swift
SwiftCompile normal arm64_32 /Users/admin/builder/spi-builder-workspace/Sources/Swollama/OllamaClient+Generation.swift (in target 'Swollama' from project 'Swollama')
    cd /Users/admin/builder/spi-builder-workspace/.swiftpm/xcode
    builtin-SwiftPerFileCompile OllamaClient+Generation.swift
SwiftCompile normal arm64_32 /Users/admin/builder/spi-builder-workspace/Sources/Swollama/OllamaClient+ModelManagement.swift (in target 'Swollama' from project 'Swollama')
    cd /Users/admin/builder/spi-builder-workspace/.swiftpm/xcode
    builtin-SwiftPerFileCompile OllamaClient+ModelManagement.swift
SwiftCompile normal arm64_32 /Users/admin/builder/spi-builder-workspace/Sources/Swollama/OllamaClient.swift (in target 'Swollama' from project 'Swollama')
    cd /Users/admin/builder/spi-builder-workspace/.swiftpm/xcode
    builtin-SwiftPerFileCompile OllamaClient.swift
SwiftCompile normal arm64_32 Compiling\ OllamaProtocol.swift,\ OllamaWebSearchClient.swift,\ WebSearchModels.swift /Users/admin/builder/spi-builder-workspace/Sources/Swollama/OllamaProtocol.swift /Users/admin/builder/spi-builder-workspace/Sources/Swollama/WebSearch/OllamaWebSearchClient.swift /Users/admin/builder/spi-builder-workspace/Sources/Swollama/WebSearch/WebSearchModels.swift (in target 'Swollama' from project 'Swollama')
SwiftCompile normal arm64_32 /Users/admin/builder/spi-builder-workspace/Sources/Swollama/OllamaProtocol.swift (in target 'Swollama' from project 'Swollama')
    cd /Users/admin/builder/spi-builder-workspace/.swiftpm/xcode
    builtin-SwiftPerFileCompile OllamaProtocol.swift
SwiftCompile normal arm64_32 /Users/admin/builder/spi-builder-workspace/Sources/Swollama/WebSearch/OllamaWebSearchClient.swift (in target 'Swollama' from project 'Swollama')
    cd /Users/admin/builder/spi-builder-workspace/.swiftpm/xcode
    builtin-SwiftPerFileCompile OllamaWebSearchClient.swift
SwiftCompile normal arm64_32 /Users/admin/builder/spi-builder-workspace/Sources/Swollama/WebSearch/WebSearchModels.swift (in target 'Swollama' from project 'Swollama')
    cd /Users/admin/builder/spi-builder-workspace/.swiftpm/xcode
    builtin-SwiftPerFileCompile WebSearchModels.swift
SwiftCompile normal arm64 Compiling\ EmbeddingOptions.swift,\ GenerationOptions.swift,\ ChatRequest.swift,\ ChatResponse.swift /Users/admin/builder/spi-builder-workspace/Sources/Swollama/EmbeddingOptions.swift /Users/admin/builder/spi-builder-workspace/Sources/Swollama/GenerationOptions.swift /Users/admin/builder/spi-builder-workspace/Sources/Swollama/Models/ChatRequest.swift /Users/admin/builder/spi-builder-workspace/Sources/Swollama/Models/ChatResponse.swift (in target 'Swollama' from project 'Swollama')
SwiftCompile normal arm64 /Users/admin/builder/spi-builder-workspace/Sources/Swollama/EmbeddingOptions.swift (in target 'Swollama' from project 'Swollama')
    cd /Users/admin/builder/spi-builder-workspace/.swiftpm/xcode
    builtin-SwiftPerFileCompile EmbeddingOptions.swift
SwiftCompile normal arm64 /Users/admin/builder/spi-builder-workspace/Sources/Swollama/GenerationOptions.swift (in target 'Swollama' from project 'Swollama')
    cd /Users/admin/builder/spi-builder-workspace/.swiftpm/xcode
    builtin-SwiftPerFileCompile GenerationOptions.swift
SwiftCompile normal arm64 /Users/admin/builder/spi-builder-workspace/Sources/Swollama/Models/ChatRequest.swift (in target 'Swollama' from project 'Swollama')
    cd /Users/admin/builder/spi-builder-workspace/.swiftpm/xcode
    builtin-SwiftPerFileCompile ChatRequest.swift
SwiftCompile normal arm64 /Users/admin/builder/spi-builder-workspace/Sources/Swollama/Models/ChatResponse.swift (in target 'Swollama' from project 'Swollama')
    cd /Users/admin/builder/spi-builder-workspace/.swiftpm/xcode
    builtin-SwiftPerFileCompile ChatResponse.swift
SwiftDriverJobDiscovery normal arm64 Compiling AgentConfiguration.swift, AgentEvent.swift, OllamaAgent.swift, ChatOptions.swift (in target 'Swollama' from project 'Swollama')
SwiftDriverJobDiscovery normal arm64 Compiling NetworkingSupport.swift, OllamaClient+Generation.swift, OllamaClient+ModelManagement.swift, OllamaClient.swift (in target 'Swollama' from project 'Swollama')
SwiftDriverJobDiscovery normal arm64 Compiling ToolCall.swift, ToolDefinition.swift, VersionResponse.swift, NetworkingSupport+Streaming.swift (in target 'Swollama' from project 'Swollama')
SwiftDriverJobDiscovery normal arm64 Compiling CreateModelRequest.swift, EmbeddingRequest.swift, EmbeddingResponse.swift, GenerateRequest.swift (in target 'Swollama' from project 'Swollama')
SwiftDriverJobDiscovery normal arm64 Compiling GenerateResponse.swift, JSONValue.swift, LegacyEmbedding.swift, Logprob.swift (in target 'Swollama' from project 'Swollama')
SwiftDriverJobDiscovery normal arm64 Compiling ModelInformation.swift, ModelsResponse.swift, OllamaDate.swift, OllamaModelName.swift (in target 'Swollama' from project 'Swollama')
SwiftDriverJobDiscovery normal arm64_32 Compiling OllamaConfiguration.swift, OllamaError.swift, OllamaProtocol+Convenience.swift (in target 'Swollama' from project 'Swollama')
SwiftDriver SwollamaCLI normal arm64_32 com.apple.xcode.tools.swift.compiler (in target 'SwollamaCLI-product' from project 'Swollama')
    cd /Users/admin/builder/spi-builder-workspace/.swiftpm/xcode
    builtin-SwiftDriver -- /Applications/Xcode-27.0.0-Release.Candidate.app/Contents/Developer/Toolchains/XcodeDefault.xctoolchain/usr/bin/swiftc -parse-as-library -module-name SwollamaCLI -Onone @/Users/admin/builder/spi-builder-workspace/.derivedData/Build/Intermediates.noindex/Swollama.build/Debug-watchos/SwollamaCLI-p.build/Objects-normal/arm64_32/SwollamaCLI.SwiftFileList -DSWIFT_PACKAGE -DDEBUG -DXcode -plugin-path /Applications/Xcode-27.0.0-Release.Candidate.app/Contents/Developer/Toolchains/XcodeDefault.xctoolchain/usr/lib/swift/host/plugins/testing -enable-experimental-feature DebugDescriptionMacro -sdk /Applications/Xcode-27.0.0-Release.Candidate.app/Contents/Developer/Platforms/WatchOS.platform/Developer/SDKs/WatchOS27.0.sdk -target arm64_32-apple-watchos10.0 -g -module-cache-path /Users/admin/builder/spi-builder-workspace/.derivedData/ModuleCache.noindex -Xfrontend -serialize-debugging-options -profile-coverage-mapping -profile-generate -enable-testing -index-store-path /Users/admin/builder/spi-builder-workspace/.derivedData/Index.noindex/DataStore -Xcc -D_LIBCPP_HARDENING_MODE\=_LIBCPP_HARDENING_MODE_DEBUG -swift-version 5 -I /Users/admin/builder/spi-builder-workspace/.derivedData/Build/Products/Debug-watchos -Isystem /Applications/Xcode-27.0.0-Release.Candidate.app/Contents/Developer/Platforms/WatchOS.platform/Developer/usr/lib -F /Users/admin/builder/spi-builder-workspace/.derivedData/Build/Products/Debug-watchos/PackageFrameworks -F /Users/admin/builder/spi-builder-workspace/.derivedData/Build/Products/Debug-watchos -F /Applications/Xcode-27.0.0-Release.Candidate.app/Contents/Developer/Platforms/WatchOS.platform/Developer/Library/Frameworks -F /Applications/Xcode-27.0.0-Release.Candidate.app/Contents/Developer/Platforms/WatchOS.platform/Developer/SDKs/WatchOS27.0.sdk/Developer/Library/Frameworks -c -j10 -enable-batch-mode -incremental -Xcc -ivfsstatcache -Xcc /Users/admin/builder/spi-builder-workspace/.derivedData/SDKStatCaches.noindex/watchos27.0-24R360-e829b21a6f8c9b70876ba0858053c04477534ef55a1706bf4c1112bbb242f0a2.sdkstatcache -output-file-map /Users/admin/builder/spi-builder-workspace/.derivedData/Build/Intermediates.noindex/Swollama.build/Debug-watchos/SwollamaCLI-p.build/Objects-normal/arm64_32/SwollamaCLI-OutputFileMap.json -save-temps -no-color-diagnostics -explicit-module-build -module-cache-path /Users/admin/builder/spi-builder-workspace/.derivedData/Build/Intermediates.noindex/SwiftExplicitPrecompiledModules -clang-scanner-module-cache-path /Users/admin/builder/spi-builder-workspace/.derivedData/ModuleCache.noindex -sdk-module-cache-path /Users/admin/builder/spi-builder-workspace/.derivedData/SDKExplicitPrecompiledModules -emit-dependencies -emit-module -emit-module-path /Users/admin/builder/spi-builder-workspace/.derivedData/Build/Intermediates.noindex/Swollama.build/Debug-watchos/SwollamaCLI-p.build/Objects-normal/arm64_32/SwollamaCLI.swiftmodule -serialize-diagnostics -dependency-scan-serialize-diagnostics-path /Users/admin/builder/spi-builder-workspace/.derivedData/Build/Intermediates.noindex/Swollama.build/Debug-watchos/SwollamaCLI-p.build/Objects-normal/arm64_32/SwollamaCLI-dependency-scan.dia -validate-clang-modules-once -clang-build-session-file /Users/admin/builder/spi-builder-workspace/.derivedData/ModuleCache.noindex/Session.modulevalidation -Xcc -fmodules-prune-interval\=86400 -Xcc -fmodules-prune-after\=345600 -package-name spi_builder_workspace -emit-const-values -const-gather-protocols-list /Users/admin/builder/spi-builder-workspace/.derivedData/Build/Intermediates.noindex/Swollama.build/Debug-watchos/SwollamaCLI-p.build/Objects-normal/arm64_32/SwollamaCLI_const_extract_protocols.json -Xcc -I/Users/admin/builder/spi-builder-workspace/.derivedData/Build/Products/Debug-watchos/include -Xcc -I/Users/admin/builder/spi-builder-workspace/.derivedData/Build/Intermediates.noindex/Swollama.build/Debug-watchos/SwollamaCLI-p.build/DerivedSources-normal/arm64_32 -Xcc -I/Users/admin/builder/spi-builder-workspace/.derivedData/Build/Intermediates.noindex/Swollama.build/Debug-watchos/SwollamaCLI-p.build/DerivedSources/arm64_32 -Xcc -I/Users/admin/builder/spi-builder-workspace/.derivedData/Build/Intermediates.noindex/Swollama.build/Debug-watchos/SwollamaCLI-p.build/DerivedSources -Xcc -DSWIFT_PACKAGE -Xcc -DDEBUG\=1 -working-directory /Users/admin/builder/spi-builder-workspace/.swiftpm/xcode -experimental-emit-module-separately -disable-cmo
SwiftDriver SwollamaCLI normal arm64 com.apple.xcode.tools.swift.compiler (in target 'SwollamaCLI-product' from project 'Swollama')
    cd /Users/admin/builder/spi-builder-workspace/.swiftpm/xcode
    builtin-SwiftDriver -- /Applications/Xcode-27.0.0-Release.Candidate.app/Contents/Developer/Toolchains/XcodeDefault.xctoolchain/usr/bin/swiftc -parse-as-library -module-name SwollamaCLI -Onone @/Users/admin/builder/spi-builder-workspace/.derivedData/Build/Intermediates.noindex/Swollama.build/Debug-watchos/SwollamaCLI-p.build/Objects-normal/arm64/SwollamaCLI.SwiftFileList -DSWIFT_PACKAGE -DDEBUG -DXcode -plugin-path /Applications/Xcode-27.0.0-Release.Candidate.app/Contents/Developer/Toolchains/XcodeDefault.xctoolchain/usr/lib/swift/host/plugins/testing -enable-experimental-feature DebugDescriptionMacro -sdk /Applications/Xcode-27.0.0-Release.Candidate.app/Contents/Developer/Platforms/WatchOS.platform/Developer/SDKs/WatchOS27.0.sdk -target arm64-apple-watchos10.0 -g -module-cache-path /Users/admin/builder/spi-builder-workspace/.derivedData/ModuleCache.noindex -Xfrontend -serialize-debugging-options -profile-coverage-mapping -profile-generate -enable-testing -index-store-path /Users/admin/builder/spi-builder-workspace/.derivedData/Index.noindex/DataStore -Xcc -D_LIBCPP_HARDENING_MODE\=_LIBCPP_HARDENING_MODE_DEBUG -swift-version 5 -I /Users/admin/builder/spi-builder-workspace/.derivedData/Build/Products/Debug-watchos -Isystem /Applications/Xcode-27.0.0-Release.Candidate.app/Contents/Developer/Platforms/WatchOS.platform/Developer/usr/lib -F /Users/admin/builder/spi-builder-workspace/.derivedData/Build/Products/Debug-watchos/PackageFrameworks -F /Users/admin/builder/spi-builder-workspace/.derivedData/Build/Products/Debug-watchos -F /Applications/Xcode-27.0.0-Release.Candidate.app/Contents/Developer/Platforms/WatchOS.platform/Developer/Library/Frameworks -F /Applications/Xcode-27.0.0-Release.Candidate.app/Contents/Developer/Platforms/WatchOS.platform/Developer/SDKs/WatchOS27.0.sdk/Developer/Library/Frameworks -c -j10 -enable-batch-mode -incremental -Xcc -ivfsstatcache -Xcc /Users/admin/builder/spi-builder-workspace/.derivedData/SDKStatCaches.noindex/watchos27.0-24R360-e829b21a6f8c9b70876ba0858053c04477534ef55a1706bf4c1112bbb242f0a2.sdkstatcache -output-file-map /Users/admin/builder/spi-builder-workspace/.derivedData/Build/Intermediates.noindex/Swollama.build/Debug-watchos/SwollamaCLI-p.build/Objects-normal/arm64/SwollamaCLI-OutputFileMap.json -save-temps -no-color-diagnostics -explicit-module-build -module-cache-path /Users/admin/builder/spi-builder-workspace/.derivedData/Build/Intermediates.noindex/SwiftExplicitPrecompiledModules -clang-scanner-module-cache-path /Users/admin/builder/spi-builder-workspace/.derivedData/ModuleCache.noindex -sdk-module-cache-path /Users/admin/builder/spi-builder-workspace/.derivedData/SDKExplicitPrecompiledModules -emit-dependencies -emit-module -emit-module-path /Users/admin/builder/spi-builder-workspace/.derivedData/Build/Intermediates.noindex/Swollama.build/Debug-watchos/SwollamaCLI-p.build/Objects-normal/arm64/SwollamaCLI.swiftmodule -serialize-diagnostics -dependency-scan-serialize-diagnostics-path /Users/admin/builder/spi-builder-workspace/.derivedData/Build/Intermediates.noindex/Swollama.build/Debug-watchos/SwollamaCLI-p.build/Objects-normal/arm64/SwollamaCLI-dependency-scan.dia -validate-clang-modules-once -clang-build-session-file /Users/admin/builder/spi-builder-workspace/.derivedData/ModuleCache.noindex/Session.modulevalidation -Xcc -fmodules-prune-interval\=86400 -Xcc -fmodules-prune-after\=345600 -package-name spi_builder_workspace -emit-const-values -const-gather-protocols-list /Users/admin/builder/spi-builder-workspace/.derivedData/Build/Intermediates.noindex/Swollama.build/Debug-watchos/SwollamaCLI-p.build/Objects-normal/arm64/SwollamaCLI_const_extract_protocols.json -Xcc -I/Users/admin/builder/spi-builder-workspace/.derivedData/Build/Products/Debug-watchos/include -Xcc -I/Users/admin/builder/spi-builder-workspace/.derivedData/Build/Intermediates.noindex/Swollama.build/Debug-watchos/SwollamaCLI-p.build/DerivedSources-normal/arm64 -Xcc -I/Users/admin/builder/spi-builder-workspace/.derivedData/Build/Intermediates.noindex/Swollama.build/Debug-watchos/SwollamaCLI-p.build/DerivedSources/arm64 -Xcc -I/Users/admin/builder/spi-builder-workspace/.derivedData/Build/Intermediates.noindex/Swollama.build/Debug-watchos/SwollamaCLI-p.build/DerivedSources -Xcc -DSWIFT_PACKAGE -Xcc -DDEBUG\=1 -working-directory /Users/admin/builder/spi-builder-workspace/.swiftpm/xcode -experimental-emit-module-separately -disable-cmo
SwiftDriverJobDiscovery normal arm64 Compiling EmbeddingOptions.swift, GenerationOptions.swift, ChatRequest.swift, ChatResponse.swift (in target 'Swollama' from project 'Swollama')
SwiftDriverJobDiscovery normal arm64_32 Compiling OllamaProtocol.swift, OllamaWebSearchClient.swift, WebSearchModels.swift (in target 'Swollama' from project 'Swollama')
SwiftDriver\ Compilation Swollama normal arm64 com.apple.xcode.tools.swift.compiler (in target 'Swollama' from project 'Swollama')
    cd /Users/admin/builder/spi-builder-workspace/.swiftpm/xcode
    builtin-Swift-Compilation -- /Applications/Xcode-27.0.0-Release.Candidate.app/Contents/Developer/Toolchains/XcodeDefault.xctoolchain/usr/bin/swiftc -parse-as-library -module-name Swollama -Onone @/Users/admin/builder/spi-builder-workspace/.derivedData/Build/Intermediates.noindex/Swollama.build/Debug-watchos/Swollama-t.build/Objects-normal/arm64/Swollama.SwiftFileList -DSWIFT_PACKAGE -DDEBUG -DSWIFT_MODULE_RESOURCE_BUNDLE_UNAVAILABLE -DXcode -plugin-path /Applications/Xcode-27.0.0-Release.Candidate.app/Contents/Developer/Toolchains/XcodeDefault.xctoolchain/usr/lib/swift/host/plugins/testing -enable-experimental-feature DebugDescriptionMacro -sdk /Applications/Xcode-27.0.0-Release.Candidate.app/Contents/Developer/Platforms/WatchOS.platform/Developer/SDKs/WatchOS27.0.sdk -target arm64-apple-watchos10.0 -g -module-cache-path /Users/admin/builder/spi-builder-workspace/.derivedData/ModuleCache.noindex -Xfrontend -serialize-debugging-options -profile-coverage-mapping -profile-generate -enable-testing -index-store-path /Users/admin/builder/spi-builder-workspace/.derivedData/Index.noindex/DataStore -Xcc -D_LIBCPP_HARDENING_MODE\=_LIBCPP_HARDENING_MODE_DEBUG -swift-version 5 -I /Users/admin/builder/spi-builder-workspace/.derivedData/Build/Products/Debug-watchos -Isystem /Applications/Xcode-27.0.0-Release.Candidate.app/Contents/Developer/Platforms/WatchOS.platform/Developer/usr/lib -F /Users/admin/builder/spi-builder-workspace/.derivedData/Build/Products/Debug-watchos -F /Applications/Xcode-27.0.0-Release.Candidate.app/Contents/Developer/Platforms/WatchOS.platform/Developer/Library/Frameworks -F /Applications/Xcode-27.0.0-Release.Candidate.app/Contents/Developer/Platforms/WatchOS.platform/Developer/SDKs/WatchOS27.0.sdk/Developer/Library/Frameworks -c -j10 -enable-batch-mode -incremental -Xcc -ivfsstatcache -Xcc /Users/admin/builder/spi-builder-workspace/.derivedData/SDKStatCaches.noindex/watchos27.0-24R360-e829b21a6f8c9b70876ba0858053c04477534ef55a1706bf4c1112bbb242f0a2.sdkstatcache -output-file-map /Users/admin/builder/spi-builder-workspace/.derivedData/Build/Intermediates.noindex/Swollama.build/Debug-watchos/Swollama-t.build/Objects-normal/arm64/Swollama-OutputFileMap.json -save-temps -no-color-diagnostics -explicit-module-build -module-cache-path /Users/admin/builder/spi-builder-workspace/.derivedData/Build/Intermediates.noindex/SwiftExplicitPrecompiledModules -clang-scanner-module-cache-path /Users/admin/builder/spi-builder-workspace/.derivedData/ModuleCache.noindex -sdk-module-cache-path /Users/admin/builder/spi-builder-workspace/.derivedData/SDKExplicitPrecompiledModules -emit-dependencies -emit-module -emit-module-path /Users/admin/builder/spi-builder-workspace/.derivedData/Build/Intermediates.noindex/Swollama.build/Debug-watchos/Swollama-t.build/Objects-normal/arm64/Swollama.swiftmodule -serialize-diagnostics -dependency-scan-serialize-diagnostics-path /Users/admin/builder/spi-builder-workspace/.derivedData/Build/Intermediates.noindex/Swollama.build/Debug-watchos/Swollama-t.build/Objects-normal/arm64/Swollama-dependency-scan.dia -validate-clang-modules-once -clang-build-session-file /Users/admin/builder/spi-builder-workspace/.derivedData/ModuleCache.noindex/Session.modulevalidation -Xcc -fmodules-prune-interval\=86400 -Xcc -fmodules-prune-after\=345600 -package-name spi_builder_workspace -emit-const-values -const-gather-protocols-list /Users/admin/builder/spi-builder-workspace/.derivedData/Build/Intermediates.noindex/Swollama.build/Debug-watchos/Swollama-t.build/Objects-normal/arm64/Swollama_const_extract_protocols.json -Xcc -I/Users/admin/builder/spi-builder-workspace/.derivedData/Build/Products/Debug-watchos/include -Xcc -I/Users/admin/builder/spi-builder-workspace/.derivedData/Build/Intermediates.noindex/Swollama.build/Debug-watchos/Swollama-t.build/DerivedSources-normal/arm64 -Xcc -I/Users/admin/builder/spi-builder-workspace/.derivedData/Build/Intermediates.noindex/Swollama.build/Debug-watchos/Swollama-t.build/DerivedSources/arm64 -Xcc -I/Users/admin/builder/spi-builder-workspace/.derivedData/Build/Intermediates.noindex/Swollama.build/Debug-watchos/Swollama-t.build/DerivedSources -Xcc -DSWIFT_PACKAGE -Xcc -DDEBUG\=1 -emit-objc-header -emit-objc-header-path /Users/admin/builder/spi-builder-workspace/.derivedData/Build/Intermediates.noindex/Swollama.build/Debug-watchos/Swollama-t.build/Objects-normal/arm64/Swollama-Swift.h -working-directory /Users/admin/builder/spi-builder-workspace/.swiftpm/xcode -experimental-emit-module-separately -disable-cmo
SwiftDriverJobDiscovery normal arm64_32 Compiling EmbeddingOptions.swift, GenerationOptions.swift, ChatRequest.swift, ChatResponse.swift (in target 'Swollama' from project 'Swollama')
Ld /Users/admin/builder/spi-builder-workspace/.derivedData/Build/Intermediates.noindex/Swollama.build/Debug-watchos/Swollama-t.build/Objects-normal/arm64/Binary/Swollama.o normal arm64 (in target 'Swollama' from project 'Swollama')
    cd /Users/admin/builder/spi-builder-workspace
    /Applications/Xcode-27.0.0-Release.Candidate.app/Contents/Developer/Toolchains/XcodeDefault.xctoolchain/usr/bin/clang -Xlinker -reproducible -target arm64-apple-watchos10.0 -r -isysroot /Applications/Xcode-27.0.0-Release.Candidate.app/Contents/Developer/Platforms/WatchOS.platform/Developer/SDKs/WatchOS27.0.sdk -O0 -Xlinker -no_warn_duplicate_libraries -F/Users/admin/builder/spi-builder-workspace/.derivedData/Build/Intermediates.noindex/EagerLinkingTBDs/Debug-watchos -F/Users/admin/builder/spi-builder-workspace/.derivedData/Build/Products/Debug-watchos -iframework /Applications/Xcode-27.0.0-Release.Candidate.app/Contents/Developer/Platforms/WatchOS.platform/Developer/Library/Frameworks -iframework /Applications/Xcode-27.0.0-Release.Candidate.app/Contents/Developer/Platforms/WatchOS.platform/Developer/SDKs/WatchOS27.0.sdk/Developer/Library/Frameworks -filelist /Users/admin/builder/spi-builder-workspace/.derivedData/Build/Intermediates.noindex/Swollama.build/Debug-watchos/Swollama-t.build/Objects-normal/arm64/Swollama.LinkFileList -nostdlib -Xlinker -object_path_lto -Xlinker /Users/admin/builder/spi-builder-workspace/.derivedData/Build/Intermediates.noindex/Swollama.build/Debug-watchos/Swollama-t.build/Objects-normal/arm64/Swollama_lto.o -Xlinker -no_deduplicate -Xlinker -debug_variant -Xlinker -dependency_info -Xlinker /Users/admin/builder/spi-builder-workspace/.derivedData/Build/Intermediates.noindex/Swollama.build/Debug-watchos/Swollama-t.build/Objects-normal/arm64/Swollama_dependency_info.dat -fobjc-link-runtime -L/Applications/Xcode-27.0.0-Release.Candidate.app/Contents/Developer/Toolchains/XcodeDefault.xctoolchain/usr/lib/swift/watchos -L/usr/lib/swift -Xlinker -add_ast_path -Xlinker /Users/admin/builder/spi-builder-workspace/.derivedData/Build/Intermediates.noindex/Swollama.build/Debug-watchos/Swollama-t.build/Objects-normal/arm64/Swollama.swiftmodule -o /Users/admin/builder/spi-builder-workspace/.derivedData/Build/Intermediates.noindex/Swollama.build/Debug-watchos/Swollama-t.build/Objects-normal/arm64/Binary/Swollama.o
SwiftDriverJobDiscovery normal arm64_32 Compiling GenerateResponse.swift, JSONValue.swift, LegacyEmbedding.swift, Logprob.swift (in target 'Swollama' from project 'Swollama')
SwiftDriverJobDiscovery normal arm64_32 Compiling AgentConfiguration.swift, AgentEvent.swift, OllamaAgent.swift, ChatOptions.swift (in target 'Swollama' from project 'Swollama')
SwiftDriverJobDiscovery normal arm64_32 Compiling ToolCall.swift, ToolDefinition.swift, VersionResponse.swift, NetworkingSupport+Streaming.swift (in target 'Swollama' from project 'Swollama')
SwiftDriverJobDiscovery normal arm64_32 Compiling ModelInformation.swift, ModelsResponse.swift, OllamaDate.swift, OllamaModelName.swift (in target 'Swollama' from project 'Swollama')
SwiftExplicitDependencyGeneratePcm arm64_32 /Users/admin/builder/spi-builder-workspace/.derivedData/SDKExplicitPrecompiledModules/LocalAuthentication-ATD947DC6Q0HA129OWBMG6HNP.pcm
SwiftExplicitDependencyGeneratePcm arm64 /Users/admin/builder/spi-builder-workspace/.derivedData/SDKExplicitPrecompiledModules/LocalAuthentication-E2VERNNN1K2IWY24TR43TU59K.pcm
SwiftEmitModule normal arm64_32 Emitting\ module\ for\ SwollamaCLI (in target 'SwollamaCLI-product' from project 'Swollama')
SwiftCompile normal arm64_32 (in target 'SwollamaCLI-product' from project 'Swollama')
    cd /Users/admin/builder/spi-builder-workspace/.swiftpm/xcode

SwiftCompile normal arm64_32 Compiling\ SpeedCalculator.swift,\ TerminalHelper.swift,\ TerminalStyle.swift /Users/admin/builder/spi-builder-workspace/Sources/SwollamaCLI/Tools/SpeedCalculator.swift /Users/admin/builder/spi-builder-workspace/Sources/SwollamaCLI/Tools/TerminalHelper.swift /Users/admin/builder/spi-builder-workspace/Sources/SwollamaCLI/Tools/TerminalStyle.swift (in target 'SwollamaCLI-product' from project 'Swollama')
SwiftCompile normal arm64_32 /Users/admin/builder/spi-builder-workspace/Sources/SwollamaCLI/Tools/SpeedCalculator.swift (in target 'SwollamaCLI-product' from project 'Swollama')
    cd /Users/admin/builder/spi-builder-workspace/.swiftpm/xcode
    builtin-SwiftPerFileCompile SpeedCalculator.swift
SwiftCompile normal arm64_32 /Users/admin/builder/spi-builder-workspace/Sources/SwollamaCLI/Tools/TerminalHelper.swift (in target 'SwollamaCLI-product' from project 'Swollama')
    cd /Users/admin/builder/spi-builder-workspace/.swiftpm/xcode
    builtin-SwiftPerFileCompile TerminalHelper.swift
SwiftCompile normal arm64_32 /Users/admin/builder/spi-builder-workspace/Sources/SwollamaCLI/Tools/TerminalStyle.swift (in target 'SwollamaCLI-product' from project 'Swollama')
    cd /Users/admin/builder/spi-builder-workspace/.swiftpm/xcode
    builtin-SwiftPerFileCompile TerminalStyle.swift
SwiftCompile normal arm64_32 Compiling\ SwollamaCLI.swift,\ CLIError.swift,\ ModelFormatter.swift /Users/admin/builder/spi-builder-workspace/Sources/SwollamaCLI/SwollamaCLI.swift /Users/admin/builder/spi-builder-workspace/Sources/SwollamaCLI/Tools/CLIError.swift /Users/admin/builder/spi-builder-workspace/Sources/SwollamaCLI/Tools/ModelFormatter.swift (in target 'SwollamaCLI-product' from project 'Swollama')
SwiftCompile normal arm64_32 /Users/admin/builder/spi-builder-workspace/Sources/SwollamaCLI/SwollamaCLI.swift (in target 'SwollamaCLI-product' from project 'Swollama')
    cd /Users/admin/builder/spi-builder-workspace/.swiftpm/xcode
    builtin-SwiftPerFileCompile SwollamaCLI.swift
SwiftCompile normal arm64_32 /Users/admin/builder/spi-builder-workspace/Sources/SwollamaCLI/Tools/CLIError.swift (in target 'SwollamaCLI-product' from project 'Swollama')
    cd /Users/admin/builder/spi-builder-workspace/.swiftpm/xcode
    builtin-SwiftPerFileCompile CLIError.swift
SwiftCompile normal arm64_32 /Users/admin/builder/spi-builder-workspace/Sources/SwollamaCLI/Tools/ModelFormatter.swift (in target 'SwollamaCLI-product' from project 'Swollama')
    cd /Users/admin/builder/spi-builder-workspace/.swiftpm/xcode
    builtin-SwiftPerFileCompile ModelFormatter.swift
SwiftCompile normal arm64_32 Compiling\ InputHandler.swift,\ LinuxSupport.swift,\ StreamDebugger.swift /Users/admin/builder/spi-builder-workspace/Sources/SwollamaCLI/InputHandler.swift /Users/admin/builder/spi-builder-workspace/Sources/SwollamaCLI/LinuxSupport.swift /Users/admin/builder/spi-builder-workspace/Sources/SwollamaCLI/StreamDebugger.swift (in target 'SwollamaCLI-product' from project 'Swollama')
/Users/admin/builder/spi-builder-workspace/Sources/SwollamaCLI/InputHandler.swift:51:47: error: 'homeDirectoryForCurrentUser' is unavailable in watchOS
 49 |
 50 |     private func loadHistory() {
 51 |         let historyPath = FileManager.default.homeDirectoryForCurrentUser
    |                                               `- error: 'homeDirectoryForCurrentUser' is unavailable in watchOS
 52 |             .appendingPathComponent(".swollama_history")
 53 |
/Applications/Xcode-27.0.0-Release.Candidate.app/Contents/Developer/Platforms/WatchOS.platform/Developer/SDKs/WatchOS27.0.sdk/System/Library/Frameworks/Foundation.framework/Headers/NSFileManager.h:1004:35: note: 'homeDirectoryForCurrentUser' has been explicitly marked unavailable here
1002 |
1003 | /// The home directory for the current user.
1004 | @property (readonly, copy) NSURL *homeDirectoryForCurrentUser API_AVAILABLE(macosx(10.12)) API_UNAVAILABLE(ios, watchos, tvos);
     |                                   `- note: 'homeDirectoryForCurrentUser' has been explicitly marked unavailable here
1005 | /// The temporary directory for the current user.
1006 | @property (readonly, copy) NSURL *temporaryDirectory API_AVAILABLE(macosx(10.12), ios(10.0), watchos(3.0), tvos(10.0));
/Users/admin/builder/spi-builder-workspace/Sources/SwollamaCLI/InputHandler.swift:62:47: error: 'homeDirectoryForCurrentUser' is unavailable in watchOS
 60 |
 61 |     private func saveHistory() {
 62 |         let historyPath = FileManager.default.homeDirectoryForCurrentUser
    |                                               `- error: 'homeDirectoryForCurrentUser' is unavailable in watchOS
 63 |             .appendingPathComponent(".swollama_history")
 64 |
/Applications/Xcode-27.0.0-Release.Candidate.app/Contents/Developer/Platforms/WatchOS.platform/Developer/SDKs/WatchOS27.0.sdk/System/Library/Frameworks/Foundation.framework/Headers/NSFileManager.h:1004:35: note: 'homeDirectoryForCurrentUser' has been explicitly marked unavailable here
1002 |
1003 | /// The home directory for the current user.
1004 | @property (readonly, copy) NSURL *homeDirectoryForCurrentUser API_AVAILABLE(macosx(10.12)) API_UNAVAILABLE(ios, watchos, tvos);
     |                                   `- note: 'homeDirectoryForCurrentUser' has been explicitly marked unavailable here
1005 | /// The temporary directory for the current user.
1006 | @property (readonly, copy) NSURL *temporaryDirectory API_AVAILABLE(macosx(10.12), ios(10.0), watchos(3.0), tvos(10.0));
Failed frontend command:
/Applications/Xcode-27.0.0-Release.Candidate.app/Contents/Developer/Toolchains/XcodeDefault.xctoolchain/usr/bin/swift-frontend -frontend -c /Users/admin/builder/spi-builder-workspace/Sources/SwollamaCLI/Commands/AgentCommand.swift /Users/admin/builder/spi-builder-workspace/Sources/SwollamaCLI/Commands/BlobCommand.swift /Users/admin/builder/spi-builder-workspace/Sources/SwollamaCLI/Commands/CommandProtocol.swift /Users/admin/builder/spi-builder-workspace/Sources/SwollamaCLI/Commands/CopyModelCommand.swift /Users/admin/builder/spi-builder-workspace/Sources/SwollamaCLI/Commands/CreateCommand.swift /Users/admin/builder/spi-builder-workspace/Sources/SwollamaCLI/Commands/DeleteModelCommand.swift /Users/admin/builder/spi-builder-workspace/Sources/SwollamaCLI/Commands/EmbeddingsCommand.swift /Users/admin/builder/spi-builder-workspace/Sources/SwollamaCLI/Commands/EnhancedChatCommand.swift /Users/admin/builder/spi-builder-workspace/Sources/SwollamaCLI/Commands/GenerateCommand.swift /Users/admin/builder/spi-builder-workspace/Sources/SwollamaCLI/Commands/ListModelsCommand.swift /Users/admin/builder/spi-builder-workspace/Sources/SwollamaCLI/Commands/ListRunningModelsCommand.swift /Users/admin/builder/spi-builder-workspace/Sources/SwollamaCLI/Commands/PullModelCommand.swift /Users/admin/builder/spi-builder-workspace/Sources/SwollamaCLI/Commands/PushCommand.swift /Users/admin/builder/spi-builder-workspace/Sources/SwollamaCLI/Commands/ShowModelCommand.swift /Users/admin/builder/spi-builder-workspace/Sources/SwollamaCLI/Commands/TestCommand.swift /Users/admin/builder/spi-builder-workspace/Sources/SwollamaCLI/Commands/VersionCommand.swift /Users/admin/builder/spi-builder-workspace/Sources/SwollamaCLI/EnhancedSwollamaCLI.swift /Users/admin/builder/spi-builder-workspace/Sources/SwollamaCLI/ErrorRecovery.swift -primary-file /Users/admin/builder/spi-builder-workspace/Sources/SwollamaCLI/InputHandler.swift -primary-file /Users/admin/builder/spi-builder-workspace/Sources/SwollamaCLI/LinuxSupport.swift -primary-file /Users/admin/builder/spi-builder-workspace/Sources/SwollamaCLI/StreamDebugger.swift /Users/admin/builder/spi-builder-workspace/Sources/SwollamaCLI/SwollamaCLI.swift /Users/admin/builder/spi-builder-workspace/Sources/SwollamaCLI/Tools/CLIError.swift /Users/admin/builder/spi-builder-workspace/Sources/SwollamaCLI/Tools/ModelFormatter.swift /Users/admin/builder/spi-builder-workspace/Sources/SwollamaCLI/Tools/OllamaErrorFormatting.swift /Users/admin/builder/spi-builder-workspace/Sources/SwollamaCLI/Tools/Output.swift /Users/admin/builder/spi-builder-workspace/Sources/SwollamaCLI/Tools/ProgressTracker.swift /Users/admin/builder/spi-builder-workspace/Sources/SwollamaCLI/Tools/SpeedCalculator.swift /Users/admin/builder/spi-builder-workspace/Sources/SwollamaCLI/Tools/TerminalHelper.swift /Users/admin/builder/spi-builder-workspace/Sources/SwollamaCLI/Tools/TerminalStyle.swift -supplementary-output-file-map /Users/admin/builder/spi-builder-workspace/.derivedData/Build/Intermediates.noindex/Swollama.build/Debug-watchos/SwollamaCLI-p.build/Objects-normal/arm64_32/supplementaryOutputs-27 -target arm64_32-apple-watchos10.0 -module-can-import-version CryptoKit 383.4.1 0 -module-can-import-version Darwin 428.0.10 0 -disable-cross-import-overlay-search -swift-module-cross-import Darwin /Applications/Xcode-27.0.0-Release.Candidate.app/Contents/Developer/Platforms/WatchOS.platform/Developer/SDKs/WatchOS.sdk/usr/include/Darwin.swiftcrossimport/xlocale.swiftoverlay -load-resolved-plugin /Applications/Xcode-27.0.0-Release.Candidate.app/Contents/Developer/Platforms/WatchOS.platform/Developer/usr/lib/swift/host/plugins/libFoundationMacros.dylib\#/Applications/Xcode-27.0.0-Release.Candidate.app/Contents/Developer/Platforms/WatchOS.platform/Developer/usr/bin/swift-plugin-server\#FoundationMacros -load-resolved-plugin /Applications/Xcode-27.0.0-Release.Candidate.app/Contents/Developer/Platforms/WatchOS.platform/Developer/usr/lib/swift/host/plugins/libObservationMacros.dylib\#/Applications/Xcode-27.0.0-Release.Candidate.app/Contents/Developer/Platforms/WatchOS.platform/Developer/usr/bin/swift-plugin-server\#ObservationMacros -load-resolved-plugin /Applications/Xcode-27.0.0-Release.Candidate.app/Contents/Developer/Platforms/WatchOS.platform/Developer/usr/lib/swift/host/plugins/libSwiftMacros.dylib\#/Applications/Xcode-27.0.0-Release.Candidate.app/Contents/Developer/Platforms/WatchOS.platform/Developer/usr/bin/swift-plugin-server\#SwiftMacros -disable-implicit-swift-modules -Xcc -fno-implicit-modules -Xcc -fno-implicit-module-maps -explicit-swift-module-map-file /Users/admin/builder/spi-builder-workspace/.derivedData/Build/Intermediates.noindex/Swollama.build/Debug-watchos/SwollamaCLI-p.build/Objects-normal/arm64_32/SwollamaCLI-dependencies-1.json -enable-objc-interop -sdk /Applications/Xcode-27.0.0-Release.Candidate.app/Contents/Developer/Platforms/WatchOS.platform/Developer/SDKs/WatchOS27.0.sdk -I /Users/admin/builder/spi-builder-workspace/.derivedData/Build/Products/Debug-watchos -Isystem /Applications/Xcode-27.0.0-Release.Candidate.app/Contents/Developer/Platforms/WatchOS.platform/Developer/usr/lib -F /Users/admin/builder/spi-builder-workspace/.derivedData/Build/Products/Debug-watchos/PackageFrameworks -F /Users/admin/builder/spi-builder-workspace/.derivedData/Build/Products/Debug-watchos -F /Applications/Xcode-27.0.0-Release.Candidate.app/Contents/Developer/Platforms/WatchOS.platform/Developer/Library/Frameworks -F /Applications/Xcode-27.0.0-Release.Candidate.app/Contents/Developer/Platforms/WatchOS.platform/Developer/SDKs/WatchOS27.0.sdk/Developer/Library/Frameworks -module-cache-path /Users/admin/builder/spi-builder-workspace/.derivedData/Build/Intermediates.noindex/SwiftExplicitPrecompiledModules -no-color-diagnostics -Xcc -fno-color-diagnostics -enable-testing -g -debug-info-format\=dwarf -dwarf-version\=4 -profile-generate -profile-coverage-mapping -swift-version 5 -Onone -D SWIFT_PACKAGE -D DEBUG -D Xcode -serialize-debugging-options -enable-experimental-feature DebugDescriptionMacro -empty-abi-descriptor -validate-clang-modules-once -clang-build-session-file /Users/admin/builder/spi-builder-workspace/.derivedData/ModuleCache.noindex/Session.modulevalidation -Xcc -working-directory -Xcc /Users/admin/builder/spi-builder-workspace/.swiftpm/xcode -enable-anonymous-context-mangled-names -file-compilation-dir /Users/admin/builder/spi-builder-workspace/.swiftpm/xcode -Xcc -D_LIBCPP_HARDENING_MODE\=_LIBCPP_HARDENING_MODE_DEBUG -Xcc -ivfsstatcache -Xcc /Users/admin/builder/spi-builder-workspace/.derivedData/SDKStatCaches.noindex/watchos27.0-24R360-e829b21a6f8c9b70876ba0858053c04477534ef55a1706bf4c1112bbb242f0a2.sdkstatcache -Xcc -fmodules-prune-interval\=86400 -Xcc -fmodules-prune-after\=345600 -Xcc -I/Users/admin/builder/spi-builder-workspace/.derivedData/Build/Products/Debug-watchos/include -Xcc -I/Users/admin/builder/spi-builder-workspace/.derivedData/Build/Intermediates.noindex/Swollama.build/Debug-watchos/SwollamaCLI-p.build/DerivedSources-normal/arm64_32 -Xcc -I/Users/admin/builder/spi-builder-workspace/.derivedData/Build/Intermediates.noindex/Swollama.build/Debug-watchos/SwollamaCLI-p.build/DerivedSources/arm64_32 -Xcc -I/Users/admin/builder/spi-builder-workspace/.derivedData/Build/Intermediates.noindex/Swollama.build/Debug-watchos/SwollamaCLI-p.build/DerivedSources -Xcc -DSWIFT_PACKAGE -Xcc -DDEBUG\=1 -no-auto-bridging-header-chaining -module-name SwollamaCLI -package-name spi_builder_workspace -const-gather-protocols-file /Users/admin/builder/spi-builder-workspace/.derivedData/Build/Intermediates.noindex/Swollama.build/Debug-watchos/SwollamaCLI-p.build/Objects-normal/arm64_32/SwollamaCLI_const_extract_protocols.json -disable-clang-spi -clang-target arm64_32-apple-watchos27.0 -target-sdk-version 27.0 -target-sdk-name watchos27.0 -in-process-plugin-server-path /Applications/Xcode-27.0.0-Release.Candidate.app/Contents/Developer/Toolchains/XcodeDefault.xctoolchain/usr/lib/swift/host/libSwiftInProcPluginServer.dylib -parse-as-library -o /Users/admin/builder/spi-builder-workspace/.derivedData/Build/Intermediates.noindex/Swollama.build/Debug-watchos/SwollamaCLI-p.build/Objects-normal/arm64_32/InputHandler.o -o /Users/admin/builder/spi-builder-workspace/.derivedData/Build/Intermediates.noindex/Swollama.build/Debug-watchos/SwollamaCLI-p.build/Objects-normal/arm64_32/LinuxSupport.o -o /Users/admin/builder/spi-builder-workspace/.derivedData/Build/Intermediates.noindex/Swollama.build/Debug-watchos/SwollamaCLI-p.build/Objects-normal/arm64_32/StreamDebugger.o -debug-module-path /Users/admin/builder/spi-builder-workspace/.derivedData/Build/Intermediates.noindex/Swollama.build/Debug-watchos/SwollamaCLI-p.build/Objects-normal/arm64_32/SwollamaCLI.swiftmodule -index-unit-output-path /Swollama.build/Debug-watchos/SwollamaCLI-p.build/Objects-normal/arm64_32/InputHandler.o -index-unit-output-path /Swollama.build/Debug-watchos/SwollamaCLI-p.build/Objects-normal/arm64_32/LinuxSupport.o -index-unit-output-path /Swollama.build/Debug-watchos/SwollamaCLI-p.build/Objects-normal/arm64_32/StreamDebugger.o -index-store-path /Users/admin/builder/spi-builder-workspace/.derivedData/Index.noindex/DataStore -index-system-modules
SwiftCompile normal arm64_32 /Users/admin/builder/spi-builder-workspace/Sources/SwollamaCLI/InputHandler.swift (in target 'SwollamaCLI-product' from project 'Swollama')
    cd /Users/admin/builder/spi-builder-workspace/.swiftpm/xcode
    builtin-SwiftPerFileCompile InputHandler.swift
SwiftCompile normal arm64_32 /Users/admin/builder/spi-builder-workspace/Sources/SwollamaCLI/LinuxSupport.swift (in target 'SwollamaCLI-product' from project 'Swollama')
    cd /Users/admin/builder/spi-builder-workspace/.swiftpm/xcode
    builtin-SwiftPerFileCompile LinuxSupport.swift
SwiftCompile normal arm64_32 /Users/admin/builder/spi-builder-workspace/Sources/SwollamaCLI/StreamDebugger.swift (in target 'SwollamaCLI-product' from project 'Swollama')
    cd /Users/admin/builder/spi-builder-workspace/.swiftpm/xcode
    builtin-SwiftPerFileCompile StreamDebugger.swift
SwiftCompile normal arm64_32 Compiling\ OllamaErrorFormatting.swift,\ Output.swift,\ ProgressTracker.swift /Users/admin/builder/spi-builder-workspace/Sources/SwollamaCLI/Tools/OllamaErrorFormatting.swift /Users/admin/builder/spi-builder-workspace/Sources/SwollamaCLI/Tools/Output.swift /Users/admin/builder/spi-builder-workspace/Sources/SwollamaCLI/Tools/ProgressTracker.swift (in target 'SwollamaCLI-product' from project 'Swollama')
SwiftCompile normal arm64_32 /Users/admin/builder/spi-builder-workspace/Sources/SwollamaCLI/Tools/OllamaErrorFormatting.swift (in target 'SwollamaCLI-product' from project 'Swollama')
    cd /Users/admin/builder/spi-builder-workspace/.swiftpm/xcode
    builtin-SwiftPerFileCompile OllamaErrorFormatting.swift
SwiftCompile normal arm64_32 /Users/admin/builder/spi-builder-workspace/Sources/SwollamaCLI/Tools/Output.swift (in target 'SwollamaCLI-product' from project 'Swollama')
    cd /Users/admin/builder/spi-builder-workspace/.swiftpm/xcode
    builtin-SwiftPerFileCompile Output.swift
SwiftCompile normal arm64_32 /Users/admin/builder/spi-builder-workspace/Sources/SwollamaCLI/Tools/ProgressTracker.swift (in target 'SwollamaCLI-product' from project 'Swollama')
    cd /Users/admin/builder/spi-builder-workspace/.swiftpm/xcode
    builtin-SwiftPerFileCompile ProgressTracker.swift
SwiftCompile normal arm64_32 Compiling\ PushCommand.swift,\ ShowModelCommand.swift,\ TestCommand.swift /Users/admin/builder/spi-builder-workspace/Sources/SwollamaCLI/Commands/PushCommand.swift /Users/admin/builder/spi-builder-workspace/Sources/SwollamaCLI/Commands/ShowModelCommand.swift /Users/admin/builder/spi-builder-workspace/Sources/SwollamaCLI/Commands/TestCommand.swift (in target 'SwollamaCLI-product' from project 'Swollama')
SwiftCompile normal arm64_32 /Users/admin/builder/spi-builder-workspace/Sources/SwollamaCLI/Commands/PushCommand.swift (in target 'SwollamaCLI-product' from project 'Swollama')
    cd /Users/admin/builder/spi-builder-workspace/.swiftpm/xcode
    builtin-SwiftPerFileCompile PushCommand.swift
SwiftCompile normal arm64_32 /Users/admin/builder/spi-builder-workspace/Sources/SwollamaCLI/Commands/ShowModelCommand.swift (in target 'SwollamaCLI-product' from project 'Swollama')
    cd /Users/admin/builder/spi-builder-workspace/.swiftpm/xcode
    builtin-SwiftPerFileCompile ShowModelCommand.swift
SwiftCompile normal arm64_32 /Users/admin/builder/spi-builder-workspace/Sources/SwollamaCLI/Commands/TestCommand.swift (in target 'SwollamaCLI-product' from project 'Swollama')
    cd /Users/admin/builder/spi-builder-workspace/.swiftpm/xcode
    builtin-SwiftPerFileCompile TestCommand.swift
SwiftCompile normal arm64_32 Compiling\ VersionCommand.swift,\ EnhancedSwollamaCLI.swift,\ ErrorRecovery.swift /Users/admin/builder/spi-builder-workspace/Sources/SwollamaCLI/Commands/VersionCommand.swift /Users/admin/builder/spi-builder-workspace/Sources/SwollamaCLI/EnhancedSwollamaCLI.swift /Users/admin/builder/spi-builder-workspace/Sources/SwollamaCLI/ErrorRecovery.swift (in target 'SwollamaCLI-product' from project 'Swollama')
SwiftCompile normal arm64_32 /Users/admin/builder/spi-builder-workspace/Sources/SwollamaCLI/Commands/VersionCommand.swift (in target 'SwollamaCLI-product' from project 'Swollama')
    cd /Users/admin/builder/spi-builder-workspace/.swiftpm/xcode
    builtin-SwiftPerFileCompile VersionCommand.swift
SwiftCompile normal arm64_32 /Users/admin/builder/spi-builder-workspace/Sources/SwollamaCLI/EnhancedSwollamaCLI.swift (in target 'SwollamaCLI-product' from project 'Swollama')
    cd /Users/admin/builder/spi-builder-workspace/.swiftpm/xcode
    builtin-SwiftPerFileCompile EnhancedSwollamaCLI.swift
SwiftCompile normal arm64_32 /Users/admin/builder/spi-builder-workspace/Sources/SwollamaCLI/ErrorRecovery.swift (in target 'SwollamaCLI-product' from project 'Swollama')
    cd /Users/admin/builder/spi-builder-workspace/.swiftpm/xcode
    builtin-SwiftPerFileCompile ErrorRecovery.swift
SwiftCompile normal arm64_32 Compiling\ ListModelsCommand.swift,\ ListRunningModelsCommand.swift,\ PullModelCommand.swift /Users/admin/builder/spi-builder-workspace/Sources/SwollamaCLI/Commands/ListModelsCommand.swift /Users/admin/builder/spi-builder-workspace/Sources/SwollamaCLI/Commands/ListRunningModelsCommand.swift /Users/admin/builder/spi-builder-workspace/Sources/SwollamaCLI/Commands/PullModelCommand.swift (in target 'SwollamaCLI-product' from project 'Swollama')
SwiftCompile normal arm64_32 /Users/admin/builder/spi-builder-workspace/Sources/SwollamaCLI/Commands/ListModelsCommand.swift (in target 'SwollamaCLI-product' from project 'Swollama')
    cd /Users/admin/builder/spi-builder-workspace/.swiftpm/xcode
    builtin-SwiftPerFileCompile ListModelsCommand.swift
SwiftCompile normal arm64_32 /Users/admin/builder/spi-builder-workspace/Sources/SwollamaCLI/Commands/ListRunningModelsCommand.swift (in target 'SwollamaCLI-product' from project 'Swollama')
    cd /Users/admin/builder/spi-builder-workspace/.swiftpm/xcode
    builtin-SwiftPerFileCompile ListRunningModelsCommand.swift
SwiftCompile normal arm64_32 /Users/admin/builder/spi-builder-workspace/Sources/SwollamaCLI/Commands/PullModelCommand.swift (in target 'SwollamaCLI-product' from project 'Swollama')
    cd /Users/admin/builder/spi-builder-workspace/.swiftpm/xcode
    builtin-SwiftPerFileCompile PullModelCommand.swift
SwiftDriverJobDiscovery normal arm64_32 Compiling CreateModelRequest.swift, EmbeddingRequest.swift, EmbeddingResponse.swift, GenerateRequest.swift (in target 'Swollama' from project 'Swollama')
SwiftCompile normal arm64_32 Compiling\ EmbeddingsCommand.swift,\ EnhancedChatCommand.swift,\ GenerateCommand.swift /Users/admin/builder/spi-builder-workspace/Sources/SwollamaCLI/Commands/EmbeddingsCommand.swift /Users/admin/builder/spi-builder-workspace/Sources/SwollamaCLI/Commands/EnhancedChatCommand.swift /Users/admin/builder/spi-builder-workspace/Sources/SwollamaCLI/Commands/GenerateCommand.swift (in target 'SwollamaCLI-product' from project 'Swollama')
SwiftCompile normal arm64_32 /Users/admin/builder/spi-builder-workspace/Sources/SwollamaCLI/Commands/EmbeddingsCommand.swift (in target 'SwollamaCLI-product' from project 'Swollama')
    cd /Users/admin/builder/spi-builder-workspace/.swiftpm/xcode
    builtin-SwiftPerFileCompile EmbeddingsCommand.swift
SwiftCompile normal arm64_32 /Users/admin/builder/spi-builder-workspace/Sources/SwollamaCLI/Commands/EnhancedChatCommand.swift (in target 'SwollamaCLI-product' from project 'Swollama')
    cd /Users/admin/builder/spi-builder-workspace/.swiftpm/xcode
    builtin-SwiftPerFileCompile EnhancedChatCommand.swift
SwiftCompile normal arm64_32 /Users/admin/builder/spi-builder-workspace/Sources/SwollamaCLI/Commands/GenerateCommand.swift (in target 'SwollamaCLI-product' from project 'Swollama')
    cd /Users/admin/builder/spi-builder-workspace/.swiftpm/xcode
    builtin-SwiftPerFileCompile GenerateCommand.swift
SwiftEmitModule normal arm64 Emitting\ module\ for\ SwollamaCLI (in target 'SwollamaCLI-product' from project 'Swollama')
SwiftCompile normal arm64 (in target 'SwollamaCLI-product' from project 'Swollama')
    cd /Users/admin/builder/spi-builder-workspace/.swiftpm/xcode

SwiftDriverJobDiscovery normal arm64_32 Compiling NetworkingSupport.swift, OllamaClient+Generation.swift, OllamaClient+ModelManagement.swift, OllamaClient.swift (in target 'Swollama' from project 'Swollama')
SwiftCompile normal arm64 Compiling\ CopyModelCommand.swift,\ CreateCommand.swift,\ DeleteModelCommand.swift /Users/admin/builder/spi-builder-workspace/Sources/SwollamaCLI/Commands/CopyModelCommand.swift /Users/admin/builder/spi-builder-workspace/Sources/SwollamaCLI/Commands/CreateCommand.swift /Users/admin/builder/spi-builder-workspace/Sources/SwollamaCLI/Commands/DeleteModelCommand.swift (in target 'SwollamaCLI-product' from project 'Swollama')
SwiftCompile normal arm64 /Users/admin/builder/spi-builder-workspace/Sources/SwollamaCLI/Commands/CopyModelCommand.swift (in target 'SwollamaCLI-product' from project 'Swollama')
    cd /Users/admin/builder/spi-builder-workspace/.swiftpm/xcode
    builtin-SwiftPerFileCompile CopyModelCommand.swift
SwiftCompile normal arm64 /Users/admin/builder/spi-builder-workspace/Sources/SwollamaCLI/Commands/CreateCommand.swift (in target 'SwollamaCLI-product' from project 'Swollama')
    cd /Users/admin/builder/spi-builder-workspace/.swiftpm/xcode
    builtin-SwiftPerFileCompile CreateCommand.swift
SwiftCompile normal arm64 /Users/admin/builder/spi-builder-workspace/Sources/SwollamaCLI/Commands/DeleteModelCommand.swift (in target 'SwollamaCLI-product' from project 'Swollama')
    cd /Users/admin/builder/spi-builder-workspace/.swiftpm/xcode
    builtin-SwiftPerFileCompile DeleteModelCommand.swift
SwiftDriverJobDiscovery normal arm64_32 Compiling SpeedCalculator.swift, TerminalHelper.swift, TerminalStyle.swift (in target 'SwollamaCLI-product' from project 'Swollama')
SwiftCompile normal arm64 Compiling\ PushCommand.swift,\ ShowModelCommand.swift,\ TestCommand.swift /Users/admin/builder/spi-builder-workspace/Sources/SwollamaCLI/Commands/PushCommand.swift /Users/admin/builder/spi-builder-workspace/Sources/SwollamaCLI/Commands/ShowModelCommand.swift /Users/admin/builder/spi-builder-workspace/Sources/SwollamaCLI/Commands/TestCommand.swift (in target 'SwollamaCLI-product' from project 'Swollama')
SwiftCompile normal arm64 /Users/admin/builder/spi-builder-workspace/Sources/SwollamaCLI/Commands/PushCommand.swift (in target 'SwollamaCLI-product' from project 'Swollama')
    cd /Users/admin/builder/spi-builder-workspace/.swiftpm/xcode
    builtin-SwiftPerFileCompile PushCommand.swift
SwiftCompile normal arm64 /Users/admin/builder/spi-builder-workspace/Sources/SwollamaCLI/Commands/ShowModelCommand.swift (in target 'SwollamaCLI-product' from project 'Swollama')
    cd /Users/admin/builder/spi-builder-workspace/.swiftpm/xcode
    builtin-SwiftPerFileCompile ShowModelCommand.swift
SwiftCompile normal arm64 /Users/admin/builder/spi-builder-workspace/Sources/SwollamaCLI/Commands/TestCommand.swift (in target 'SwollamaCLI-product' from project 'Swollama')
    cd /Users/admin/builder/spi-builder-workspace/.swiftpm/xcode
    builtin-SwiftPerFileCompile TestCommand.swift
SwiftDriverJobDiscovery normal arm64_32 Emitting module for SwollamaCLI (in target 'SwollamaCLI-product' from project 'Swollama')
SwiftDriver\ Compilation\ Requirements SwollamaCLI normal arm64_32 com.apple.xcode.tools.swift.compiler (in target 'SwollamaCLI-product' from project 'Swollama')
    cd /Users/admin/builder/spi-builder-workspace/.swiftpm/xcode
    builtin-Swift-Compilation-Requirements -- /Applications/Xcode-27.0.0-Release.Candidate.app/Contents/Developer/Toolchains/XcodeDefault.xctoolchain/usr/bin/swiftc -parse-as-library -module-name SwollamaCLI -Onone @/Users/admin/builder/spi-builder-workspace/.derivedData/Build/Intermediates.noindex/Swollama.build/Debug-watchos/SwollamaCLI-p.build/Objects-normal/arm64_32/SwollamaCLI.SwiftFileList -DSWIFT_PACKAGE -DDEBUG -DXcode -plugin-path /Applications/Xcode-27.0.0-Release.Candidate.app/Contents/Developer/Toolchains/XcodeDefault.xctoolchain/usr/lib/swift/host/plugins/testing -enable-experimental-feature DebugDescriptionMacro -sdk /Applications/Xcode-27.0.0-Release.Candidate.app/Contents/Developer/Platforms/WatchOS.platform/Developer/SDKs/WatchOS27.0.sdk -target arm64_32-apple-watchos10.0 -g -module-cache-path /Users/admin/builder/spi-builder-workspace/.derivedData/ModuleCache.noindex -Xfrontend -serialize-debugging-options -profile-coverage-mapping -profile-generate -enable-testing -index-store-path /Users/admin/builder/spi-builder-workspace/.derivedData/Index.noindex/DataStore -Xcc -D_LIBCPP_HARDENING_MODE\=_LIBCPP_HARDENING_MODE_DEBUG -swift-version 5 -I /Users/admin/builder/spi-builder-workspace/.derivedData/Build/Products/Debug-watchos -Isystem /Applications/Xcode-27.0.0-Release.Candidate.app/Contents/Developer/Platforms/WatchOS.platform/Developer/usr/lib -F /Users/admin/builder/spi-builder-workspace/.derivedData/Build/Products/Debug-watchos/PackageFrameworks -F /Users/admin/builder/spi-builder-workspace/.derivedData/Build/Products/Debug-watchos -F /Applications/Xcode-27.0.0-Release.Candidate.app/Contents/Developer/Platforms/WatchOS.platform/Developer/Library/Frameworks -F /Applications/Xcode-27.0.0-Release.Candidate.app/Contents/Developer/Platforms/WatchOS.platform/Developer/SDKs/WatchOS27.0.sdk/Developer/Library/Frameworks -c -j10 -enable-batch-mode -incremental -Xcc -ivfsstatcache -Xcc /Users/admin/builder/spi-builder-workspace/.derivedData/SDKStatCaches.noindex/watchos27.0-24R360-e829b21a6f8c9b70876ba0858053c04477534ef55a1706bf4c1112bbb242f0a2.sdkstatcache -output-file-map /Users/admin/builder/spi-builder-workspace/.derivedData/Build/Intermediates.noindex/Swollama.build/Debug-watchos/SwollamaCLI-p.build/Objects-normal/arm64_32/SwollamaCLI-OutputFileMap.json -save-temps -no-color-diagnostics -explicit-module-build -module-cache-path /Users/admin/builder/spi-builder-workspace/.derivedData/Build/Intermediates.noindex/SwiftExplicitPrecompiledModules -clang-scanner-module-cache-path /Users/admin/builder/spi-builder-workspace/.derivedData/ModuleCache.noindex -sdk-module-cache-path /Users/admin/builder/spi-builder-workspace/.derivedData/SDKExplicitPrecompiledModules -emit-dependencies -emit-module -emit-module-path /Users/admin/builder/spi-builder-workspace/.derivedData/Build/Intermediates.noindex/Swollama.build/Debug-watchos/SwollamaCLI-p.build/Objects-normal/arm64_32/SwollamaCLI.swiftmodule -serialize-diagnostics -dependency-scan-serialize-diagnostics-path /Users/admin/builder/spi-builder-workspace/.derivedData/Build/Intermediates.noindex/Swollama.build/Debug-watchos/SwollamaCLI-p.build/Objects-normal/arm64_32/SwollamaCLI-dependency-scan.dia -validate-clang-modules-once -clang-build-session-file /Users/admin/builder/spi-builder-workspace/.derivedData/ModuleCache.noindex/Session.modulevalidation -Xcc -fmodules-prune-interval\=86400 -Xcc -fmodules-prune-after\=345600 -package-name spi_builder_workspace -emit-const-values -const-gather-protocols-list /Users/admin/builder/spi-builder-workspace/.derivedData/Build/Intermediates.noindex/Swollama.build/Debug-watchos/SwollamaCLI-p.build/Objects-normal/arm64_32/SwollamaCLI_const_extract_protocols.json -Xcc -I/Users/admin/builder/spi-builder-workspace/.derivedData/Build/Products/Debug-watchos/include -Xcc -I/Users/admin/builder/spi-builder-workspace/.derivedData/Build/Intermediates.noindex/Swollama.build/Debug-watchos/SwollamaCLI-p.build/DerivedSources-normal/arm64_32 -Xcc -I/Users/admin/builder/spi-builder-workspace/.derivedData/Build/Intermediates.noindex/Swollama.build/Debug-watchos/SwollamaCLI-p.build/DerivedSources/arm64_32 -Xcc -I/Users/admin/builder/spi-builder-workspace/.derivedData/Build/Intermediates.noindex/Swollama.build/Debug-watchos/SwollamaCLI-p.build/DerivedSources -Xcc -DSWIFT_PACKAGE -Xcc -DDEBUG\=1 -working-directory /Users/admin/builder/spi-builder-workspace/.swiftpm/xcode -experimental-emit-module-separately -disable-cmo
PruneExplicitPrecompiledModules /Users/admin/builder/spi-builder-workspace/.derivedData/Build/Intermediates.noindex/ExplicitPrecompiledModules
PruneExplicitPrecompiledModules /Users/admin/builder/spi-builder-workspace/.derivedData/Build/Intermediates.noindex/SwiftExplicitPrecompiledModules
PruneExplicitPrecompiledModules /Users/admin/builder/spi-builder-workspace/.derivedData/SDKExplicitPrecompiledModules
2026-09-26 05:58:43.661 xcodebuild[644:4158] [MT] IDERunDestination: Supported platforms for the buildables in the current scheme is empty.
** BUILD FAILED **
The following build commands failed:
	SwiftCompile normal arm64_32 Compiling\ InputHandler.swift,\ LinuxSupport.swift,\ StreamDebugger.swift /Users/admin/builder/spi-builder-workspace/Sources/SwollamaCLI/InputHandler.swift /Users/admin/builder/spi-builder-workspace/Sources/SwollamaCLI/LinuxSupport.swift /Users/admin/builder/spi-builder-workspace/Sources/SwollamaCLI/StreamDebugger.swift (in target 'SwollamaCLI-product' from project 'Swollama')
	SwiftCompile normal arm64_32 /Users/admin/builder/spi-builder-workspace/Sources/SwollamaCLI/InputHandler.swift (in target 'SwollamaCLI-product' from project 'Swollama')
	Building workspace Swollama with scheme Swollama-Package
(3 failures)
Command line invocation:
    /Applications/Xcode-27.0.0-Release.Candidate.app/Contents/Developer/usr/bin/xcodebuild -IDEClonedSourcePackagesDirPathOverride=/Users/admin/builder/spi-builder-workspace/.dependencies -resolvePackageDependencies
Resolve Package Graph
Resolved source packages:
  Swollama: /Users/admin/builder/spi-builder-workspace
resolved source packages: Swollama
2026-09-26 05:58:51.524 xcodebuild[749:4727] [MT] IDERunDestination: Supported platforms for the buildables in the current scheme is empty.
{
  "dependencies" : [
  ],
  "manifest_display_name" : "Swollama",
  "name" : "Swollama",
  "path" : "/Users/admin/builder/spi-builder-workspace",
  "platforms" : [
    {
      "name" : "macos",
      "version" : "14.0"
    },
    {
      "name" : "ios",
      "version" : "17.0"
    },
    {
      "name" : "tvos",
      "version" : "17.0"
    },
    {
      "name" : "watchos",
      "version" : "10.0"
    },
    {
      "name" : "visionos",
      "version" : "1.0"
    }
  ],
  "products" : [
    {
      "name" : "Swollama",
      "targets" : [
        "Swollama"
      ],
      "type" : {
        "library" : [
          "automatic"
        ]
      }
    },
    {
      "name" : "SwollamaCLI",
      "targets" : [
        "SwollamaCLI"
      ],
      "type" : {
        "executable" : null
      }
    }
  ],
  "targets" : [
    {
      "c99name" : "SwollamaTests",
      "module_type" : "SwiftTarget",
      "name" : "SwollamaTests",
      "path" : "Tests/SwollamaTests",
      "sources" : [
        "APICoverageTests.swift",
        "AgentTests.swift",
        "ConfigurationTests.swift",
        "ConvenienceTests.swift",
        "DigestValidationTests.swift",
        "ErrorHandlingTests.swift",
        "ModelNameParsingTests.swift",
        "NewFeaturesTests.swift",
        "RetryLogicTests.swift",
        "StreamingBufferTests.swift",
        "SwollamaTests.swift"
      ],
      "target_dependencies" : [
        "Swollama"
      ],
      "type" : "test"
    },
    {
      "c99name" : "SwollamaCLI",
      "module_type" : "SwiftTarget",
      "name" : "SwollamaCLI",
      "path" : "Sources/SwollamaCLI",
      "product_memberships" : [
        "SwollamaCLI"
      ],
      "sources" : [
        "Commands/AgentCommand.swift",
        "Commands/BlobCommand.swift",
        "Commands/CommandProtocol.swift",
        "Commands/CopyModelCommand.swift",
        "Commands/CreateCommand.swift",
        "Commands/DeleteModelCommand.swift",
        "Commands/EmbeddingsCommand.swift",
        "Commands/EnhancedChatCommand.swift",
        "Commands/GenerateCommand.swift",
        "Commands/ListModelsCommand.swift",
        "Commands/ListRunningModelsCommand.swift",
        "Commands/PullModelCommand.swift",
        "Commands/PushCommand.swift",
        "Commands/ShowModelCommand.swift",
        "Commands/TestCommand.swift",
        "Commands/VersionCommand.swift",
        "EnhancedSwollamaCLI.swift",
        "ErrorRecovery.swift",
        "InputHandler.swift",
        "LinuxSupport.swift",
        "StreamDebugger.swift",
        "SwollamaCLI.swift",
        "Tools/CLIError.swift",
        "Tools/ModelFormatter.swift",
        "Tools/OllamaErrorFormatting.swift",
        "Tools/Output.swift",
        "Tools/ProgressTracker.swift",
        "Tools/SpeedCalculator.swift",
        "Tools/TerminalHelper.swift",
        "Tools/TerminalStyle.swift"
      ],
      "target_dependencies" : [
        "Swollama"
      ],
      "type" : "executable"
    },
    {
      "c99name" : "Swollama",
      "module_type" : "SwiftTarget",
      "name" : "Swollama",
      "path" : "Sources/Swollama",
      "product_memberships" : [
        "Swollama",
        "SwollamaCLI"
      ],
      "sources" : [
        "Agent/AgentConfiguration.swift",
        "Agent/AgentEvent.swift",
        "Agent/OllamaAgent.swift",
        "ChatOptions.swift",
        "EmbeddingOptions.swift",
        "GenerationOptions.swift",
        "Models/ChatRequest.swift",
        "Models/ChatResponse.swift",
        "Models/CreateModelRequest.swift",
        "Models/EmbeddingRequest.swift",
        "Models/EmbeddingResponse.swift",
        "Models/GenerateRequest.swift",
        "Models/GenerateResponse.swift",
        "Models/JSONValue.swift",
        "Models/LegacyEmbedding.swift",
        "Models/Logprob.swift",
        "Models/ModelInformation.swift",
        "Models/ModelsResponse.swift",
        "Models/OllamaDate.swift",
        "Models/OllamaModelName.swift",
        "Models/OperationProgress.swift",
        "Models/RunningModelsResponse.swift",
        "Models/ShowModelRequest.swift",
        "Models/ThinkingMode.swift",
        "Models/ToolCall.swift",
        "Models/ToolDefinition.swift",
        "Models/VersionResponse.swift",
        "NetworkingSupport+Streaming.swift",
        "NetworkingSupport.swift",
        "OllamaClient+Generation.swift",
        "OllamaClient+ModelManagement.swift",
        "OllamaClient.swift",
        "OllamaConfiguration.swift",
        "OllamaError.swift",
        "OllamaProtocol+Convenience.swift",
        "OllamaProtocol.swift",
        "WebSearch/OllamaWebSearchClient.swift",
        "WebSearch/WebSearchModels.swift"
      ],
      "type" : "library"
    }
  ],
  "tools_version" : "5.9"
}
{
  "workspace" : {
    "name" : "Swollama",
    "schemes" : [
      "Swollama",
      "Swollama-Package",
      "SwollamaCLI"
    ]
  }
}
2026-09-26 05:58:52.737 xcodebuild[757:4793] [MT] IDERunDestination: Supported platforms for the buildables in the current scheme is empty.
Running build ...
env DEVELOPER_DIR=/Applications/Xcode-27.0.0-Release.Candidate.app xcrun xcodebuild -IDEClonedSourcePackagesDirPathOverride=$PWD/.dependencies -skipMacroValidation -skipPackagePluginValidation -derivedDataPath $PWD/.derivedData build -scheme Swollama-Package -destination generic/platform=watchOS
Command line invocation:
    /Applications/Xcode-27.0.0-Release.Candidate.app/Contents/Developer/usr/bin/xcodebuild -IDEClonedSourcePackagesDirPathOverride=/Users/admin/builder/spi-builder-workspace/.dependencies -skipMacroValidation -skipPackagePluginValidation -derivedDataPath /Users/admin/builder/spi-builder-workspace/.derivedData build -scheme Swollama-Package -destination generic/platform=watchOS
Resolve Package Graph
Resolved source packages:
  Swollama: /Users/admin/builder/spi-builder-workspace
ComputePackagePrebuildTargetDependencyGraph
Prepare packages
CreateBuildRequest
SendProjectDescription
CreateBuildOperation
ComputeTargetDependencyGraph
note: Building targets in dependency order
note: Target dependency graph (3 targets)
    Target 'SwollamaCLI-product' in project 'Swollama'
        ➜ Explicit dependency on target 'Swollama' in project 'Swollama'
    Target 'Swollama-product' in project 'Swollama'
        ➜ Explicit dependency on target 'Swollama' in project 'Swollama'
    Target 'Swollama' in project 'Swollama' (no dependencies)
GatherProvisioningInputs
CreateBuildDescription
ClangStatCache /Applications/Xcode-27.0.0-Release.Candidate.app/Contents/Developer/Toolchains/XcodeDefault.xctoolchain/usr/bin/clang-stat-cache /Applications/Xcode-27.0.0-Release.Candidate.app/Contents/Developer/Platforms/WatchOS.platform/Developer/SDKs/WatchOS27.0.sdk /Users/admin/builder/spi-builder-workspace/.derivedData/SDKStatCaches.noindex/watchos27.0-24R360-e829b21a6f8c9b70876ba0858053c04477534ef55a1706bf4c1112bbb242f0a2.sdkstatcache
    cd /Users/admin/builder/spi-builder-workspace/.swiftpm/xcode
    /Applications/Xcode-27.0.0-Release.Candidate.app/Contents/Developer/Toolchains/XcodeDefault.xctoolchain/usr/bin/clang-stat-cache /Applications/Xcode-27.0.0-Release.Candidate.app/Contents/Developer/Platforms/WatchOS.platform/Developer/SDKs/WatchOS27.0.sdk -o /Users/admin/builder/spi-builder-workspace/.derivedData/SDKStatCaches.noindex/watchos27.0-24R360-e829b21a6f8c9b70876ba0858053c04477534ef55a1706bf4c1112bbb242f0a2.sdkstatcache
SwiftDriver SwollamaCLI normal arm64_32 com.apple.xcode.tools.swift.compiler (in target 'SwollamaCLI-product' from project 'Swollama')
    cd /Users/admin/builder/spi-builder-workspace/.swiftpm/xcode
    builtin-SwiftDriver -- /Applications/Xcode-27.0.0-Release.Candidate.app/Contents/Developer/Toolchains/XcodeDefault.xctoolchain/usr/bin/swiftc -parse-as-library -module-name SwollamaCLI -Onone @/Users/admin/builder/spi-builder-workspace/.derivedData/Build/Intermediates.noindex/Swollama.build/Debug-watchos/SwollamaCLI-p.build/Objects-normal/arm64_32/SwollamaCLI.SwiftFileList -DSWIFT_PACKAGE -DDEBUG -DXcode -plugin-path /Applications/Xcode-27.0.0-Release.Candidate.app/Contents/Developer/Toolchains/XcodeDefault.xctoolchain/usr/lib/swift/host/plugins/testing -enable-experimental-feature DebugDescriptionMacro -sdk /Applications/Xcode-27.0.0-Release.Candidate.app/Contents/Developer/Platforms/WatchOS.platform/Developer/SDKs/WatchOS27.0.sdk -target arm64_32-apple-watchos10.0 -g -module-cache-path /Users/admin/builder/spi-builder-workspace/.derivedData/ModuleCache.noindex -Xfrontend -serialize-debugging-options -profile-coverage-mapping -profile-generate -enable-testing -index-store-path /Users/admin/builder/spi-builder-workspace/.derivedData/Index.noindex/DataStore -Xcc -D_LIBCPP_HARDENING_MODE\=_LIBCPP_HARDENING_MODE_DEBUG -swift-version 5 -I /Users/admin/builder/spi-builder-workspace/.derivedData/Build/Products/Debug-watchos -Isystem /Applications/Xcode-27.0.0-Release.Candidate.app/Contents/Developer/Platforms/WatchOS.platform/Developer/usr/lib -F /Users/admin/builder/spi-builder-workspace/.derivedData/Build/Products/Debug-watchos/PackageFrameworks -F /Users/admin/builder/spi-builder-workspace/.derivedData/Build/Products/Debug-watchos -F /Applications/Xcode-27.0.0-Release.Candidate.app/Contents/Developer/Platforms/WatchOS.platform/Developer/Library/Frameworks -F /Applications/Xcode-27.0.0-Release.Candidate.app/Contents/Developer/Platforms/WatchOS.platform/Developer/SDKs/WatchOS27.0.sdk/Developer/Library/Frameworks -c -j10 -enable-batch-mode -incremental -Xcc -ivfsstatcache -Xcc /Users/admin/builder/spi-builder-workspace/.derivedData/SDKStatCaches.noindex/watchos27.0-24R360-e829b21a6f8c9b70876ba0858053c04477534ef55a1706bf4c1112bbb242f0a2.sdkstatcache -output-file-map /Users/admin/builder/spi-builder-workspace/.derivedData/Build/Intermediates.noindex/Swollama.build/Debug-watchos/SwollamaCLI-p.build/Objects-normal/arm64_32/SwollamaCLI-OutputFileMap.json -save-temps -no-color-diagnostics -explicit-module-build -module-cache-path /Users/admin/builder/spi-builder-workspace/.derivedData/Build/Intermediates.noindex/SwiftExplicitPrecompiledModules -clang-scanner-module-cache-path /Users/admin/builder/spi-builder-workspace/.derivedData/ModuleCache.noindex -sdk-module-cache-path /Users/admin/builder/spi-builder-workspace/.derivedData/SDKExplicitPrecompiledModules -emit-dependencies -emit-module -emit-module-path /Users/admin/builder/spi-builder-workspace/.derivedData/Build/Intermediates.noindex/Swollama.build/Debug-watchos/SwollamaCLI-p.build/Objects-normal/arm64_32/SwollamaCLI.swiftmodule -serialize-diagnostics -dependency-scan-serialize-diagnostics-path /Users/admin/builder/spi-builder-workspace/.derivedData/Build/Intermediates.noindex/Swollama.build/Debug-watchos/SwollamaCLI-p.build/Objects-normal/arm64_32/SwollamaCLI-dependency-scan.dia -validate-clang-modules-once -clang-build-session-file /Users/admin/builder/spi-builder-workspace/.derivedData/ModuleCache.noindex/Session.modulevalidation -Xcc -fmodules-prune-interval\=86400 -Xcc -fmodules-prune-after\=345600 -package-name spi_builder_workspace -emit-const-values -const-gather-protocols-list /Users/admin/builder/spi-builder-workspace/.derivedData/Build/Intermediates.noindex/Swollama.build/Debug-watchos/SwollamaCLI-p.build/Objects-normal/arm64_32/SwollamaCLI_const_extract_protocols.json -Xcc -I/Users/admin/builder/spi-builder-workspace/.derivedData/Build/Products/Debug-watchos/include -Xcc -I/Users/admin/builder/spi-builder-workspace/.derivedData/Build/Intermediates.noindex/Swollama.build/Debug-watchos/SwollamaCLI-p.build/DerivedSources-normal/arm64_32 -Xcc -I/Users/admin/builder/spi-builder-workspace/.derivedData/Build/Intermediates.noindex/Swollama.build/Debug-watchos/SwollamaCLI-p.build/DerivedSources/arm64_32 -Xcc -I/Users/admin/builder/spi-builder-workspace/.derivedData/Build/Intermediates.noindex/Swollama.build/Debug-watchos/SwollamaCLI-p.build/DerivedSources -Xcc -DSWIFT_PACKAGE -Xcc -DDEBUG\=1 -working-directory /Users/admin/builder/spi-builder-workspace/.swiftpm/xcode -experimental-emit-module-separately -disable-cmo
SwiftDriver Swollama normal arm64_32 com.apple.xcode.tools.swift.compiler (in target 'Swollama' from project 'Swollama')
    cd /Users/admin/builder/spi-builder-workspace/.swiftpm/xcode
    builtin-SwiftDriver -- /Applications/Xcode-27.0.0-Release.Candidate.app/Contents/Developer/Toolchains/XcodeDefault.xctoolchain/usr/bin/swiftc -parse-as-library -module-name Swollama -Onone @/Users/admin/builder/spi-builder-workspace/.derivedData/Build/Intermediates.noindex/Swollama.build/Debug-watchos/Swollama-t.build/Objects-normal/arm64_32/Swollama.SwiftFileList -DSWIFT_PACKAGE -DDEBUG -DSWIFT_MODULE_RESOURCE_BUNDLE_UNAVAILABLE -DXcode -plugin-path /Applications/Xcode-27.0.0-Release.Candidate.app/Contents/Developer/Toolchains/XcodeDefault.xctoolchain/usr/lib/swift/host/plugins/testing -enable-experimental-feature DebugDescriptionMacro -sdk /Applications/Xcode-27.0.0-Release.Candidate.app/Contents/Developer/Platforms/WatchOS.platform/Developer/SDKs/WatchOS27.0.sdk -target arm64_32-apple-watchos10.0 -g -module-cache-path /Users/admin/builder/spi-builder-workspace/.derivedData/ModuleCache.noindex -Xfrontend -serialize-debugging-options -profile-coverage-mapping -profile-generate -enable-testing -index-store-path /Users/admin/builder/spi-builder-workspace/.derivedData/Index.noindex/DataStore -Xcc -D_LIBCPP_HARDENING_MODE\=_LIBCPP_HARDENING_MODE_DEBUG -swift-version 5 -I /Users/admin/builder/spi-builder-workspace/.derivedData/Build/Products/Debug-watchos -Isystem /Applications/Xcode-27.0.0-Release.Candidate.app/Contents/Developer/Platforms/WatchOS.platform/Developer/usr/lib -F /Users/admin/builder/spi-builder-workspace/.derivedData/Build/Products/Debug-watchos -F /Applications/Xcode-27.0.0-Release.Candidate.app/Contents/Developer/Platforms/WatchOS.platform/Developer/Library/Frameworks -F /Applications/Xcode-27.0.0-Release.Candidate.app/Contents/Developer/Platforms/WatchOS.platform/Developer/SDKs/WatchOS27.0.sdk/Developer/Library/Frameworks -c -j10 -enable-batch-mode -incremental -Xcc -ivfsstatcache -Xcc /Users/admin/builder/spi-builder-workspace/.derivedData/SDKStatCaches.noindex/watchos27.0-24R360-e829b21a6f8c9b70876ba0858053c04477534ef55a1706bf4c1112bbb242f0a2.sdkstatcache -output-file-map /Users/admin/builder/spi-builder-workspace/.derivedData/Build/Intermediates.noindex/Swollama.build/Debug-watchos/Swollama-t.build/Objects-normal/arm64_32/Swollama-OutputFileMap.json -save-temps -no-color-diagnostics -explicit-module-build -module-cache-path /Users/admin/builder/spi-builder-workspace/.derivedData/Build/Intermediates.noindex/SwiftExplicitPrecompiledModules -clang-scanner-module-cache-path /Users/admin/builder/spi-builder-workspace/.derivedData/ModuleCache.noindex -sdk-module-cache-path /Users/admin/builder/spi-builder-workspace/.derivedData/SDKExplicitPrecompiledModules -emit-dependencies -emit-module -emit-module-path /Users/admin/builder/spi-builder-workspace/.derivedData/Build/Intermediates.noindex/Swollama.build/Debug-watchos/Swollama-t.build/Objects-normal/arm64_32/Swollama.swiftmodule -serialize-diagnostics -dependency-scan-serialize-diagnostics-path /Users/admin/builder/spi-builder-workspace/.derivedData/Build/Intermediates.noindex/Swollama.build/Debug-watchos/Swollama-t.build/Objects-normal/arm64_32/Swollama-dependency-scan.dia -validate-clang-modules-once -clang-build-session-file /Users/admin/builder/spi-builder-workspace/.derivedData/ModuleCache.noindex/Session.modulevalidation -Xcc -fmodules-prune-interval\=86400 -Xcc -fmodules-prune-after\=345600 -package-name spi_builder_workspace -emit-const-values -const-gather-protocols-list /Users/admin/builder/spi-builder-workspace/.derivedData/Build/Intermediates.noindex/Swollama.build/Debug-watchos/Swollama-t.build/Objects-normal/arm64_32/Swollama_const_extract_protocols.json -Xcc -I/Users/admin/builder/spi-builder-workspace/.derivedData/Build/Products/Debug-watchos/include -Xcc -I/Users/admin/builder/spi-builder-workspace/.derivedData/Build/Intermediates.noindex/Swollama.build/Debug-watchos/Swollama-t.build/DerivedSources-normal/arm64_32 -Xcc -I/Users/admin/builder/spi-builder-workspace/.derivedData/Build/Intermediates.noindex/Swollama.build/Debug-watchos/Swollama-t.build/DerivedSources/arm64_32 -Xcc -I/Users/admin/builder/spi-builder-workspace/.derivedData/Build/Intermediates.noindex/Swollama.build/Debug-watchos/Swollama-t.build/DerivedSources -Xcc -DSWIFT_PACKAGE -Xcc -DDEBUG\=1 -emit-objc-header -emit-objc-header-path /Users/admin/builder/spi-builder-workspace/.derivedData/Build/Intermediates.noindex/Swollama.build/Debug-watchos/Swollama-t.build/Objects-normal/arm64_32/Swollama-Swift.h -working-directory /Users/admin/builder/spi-builder-workspace/.swiftpm/xcode -experimental-emit-module-separately -disable-cmo
SwiftDriver SwollamaCLI normal arm64 com.apple.xcode.tools.swift.compiler (in target 'SwollamaCLI-product' from project 'Swollama')
    cd /Users/admin/builder/spi-builder-workspace/.swiftpm/xcode
    builtin-SwiftDriver -- /Applications/Xcode-27.0.0-Release.Candidate.app/Contents/Developer/Toolchains/XcodeDefault.xctoolchain/usr/bin/swiftc -parse-as-library -module-name SwollamaCLI -Onone @/Users/admin/builder/spi-builder-workspace/.derivedData/Build/Intermediates.noindex/Swollama.build/Debug-watchos/SwollamaCLI-p.build/Objects-normal/arm64/SwollamaCLI.SwiftFileList -DSWIFT_PACKAGE -DDEBUG -DXcode -plugin-path /Applications/Xcode-27.0.0-Release.Candidate.app/Contents/Developer/Toolchains/XcodeDefault.xctoolchain/usr/lib/swift/host/plugins/testing -enable-experimental-feature DebugDescriptionMacro -sdk /Applications/Xcode-27.0.0-Release.Candidate.app/Contents/Developer/Platforms/WatchOS.platform/Developer/SDKs/WatchOS27.0.sdk -target arm64-apple-watchos10.0 -g -module-cache-path /Users/admin/builder/spi-builder-workspace/.derivedData/ModuleCache.noindex -Xfrontend -serialize-debugging-options -profile-coverage-mapping -profile-generate -enable-testing -index-store-path /Users/admin/builder/spi-builder-workspace/.derivedData/Index.noindex/DataStore -Xcc -D_LIBCPP_HARDENING_MODE\=_LIBCPP_HARDENING_MODE_DEBUG -swift-version 5 -I /Users/admin/builder/spi-builder-workspace/.derivedData/Build/Products/Debug-watchos -Isystem /Applications/Xcode-27.0.0-Release.Candidate.app/Contents/Developer/Platforms/WatchOS.platform/Developer/usr/lib -F /Users/admin/builder/spi-builder-workspace/.derivedData/Build/Products/Debug-watchos/PackageFrameworks -F /Users/admin/builder/spi-builder-workspace/.derivedData/Build/Products/Debug-watchos -F /Applications/Xcode-27.0.0-Release.Candidate.app/Contents/Developer/Platforms/WatchOS.platform/Developer/Library/Frameworks -F /Applications/Xcode-27.0.0-Release.Candidate.app/Contents/Developer/Platforms/WatchOS.platform/Developer/SDKs/WatchOS27.0.sdk/Developer/Library/Frameworks -c -j10 -enable-batch-mode -incremental -Xcc -ivfsstatcache -Xcc /Users/admin/builder/spi-builder-workspace/.derivedData/SDKStatCaches.noindex/watchos27.0-24R360-e829b21a6f8c9b70876ba0858053c04477534ef55a1706bf4c1112bbb242f0a2.sdkstatcache -output-file-map /Users/admin/builder/spi-builder-workspace/.derivedData/Build/Intermediates.noindex/Swollama.build/Debug-watchos/SwollamaCLI-p.build/Objects-normal/arm64/SwollamaCLI-OutputFileMap.json -save-temps -no-color-diagnostics -explicit-module-build -module-cache-path /Users/admin/builder/spi-builder-workspace/.derivedData/Build/Intermediates.noindex/SwiftExplicitPrecompiledModules -clang-scanner-module-cache-path /Users/admin/builder/spi-builder-workspace/.derivedData/ModuleCache.noindex -sdk-module-cache-path /Users/admin/builder/spi-builder-workspace/.derivedData/SDKExplicitPrecompiledModules -emit-dependencies -emit-module -emit-module-path /Users/admin/builder/spi-builder-workspace/.derivedData/Build/Intermediates.noindex/Swollama.build/Debug-watchos/SwollamaCLI-p.build/Objects-normal/arm64/SwollamaCLI.swiftmodule -serialize-diagnostics -dependency-scan-serialize-diagnostics-path /Users/admin/builder/spi-builder-workspace/.derivedData/Build/Intermediates.noindex/Swollama.build/Debug-watchos/SwollamaCLI-p.build/Objects-normal/arm64/SwollamaCLI-dependency-scan.dia -validate-clang-modules-once -clang-build-session-file /Users/admin/builder/spi-builder-workspace/.derivedData/ModuleCache.noindex/Session.modulevalidation -Xcc -fmodules-prune-interval\=86400 -Xcc -fmodules-prune-after\=345600 -package-name spi_builder_workspace -emit-const-values -const-gather-protocols-list /Users/admin/builder/spi-builder-workspace/.derivedData/Build/Intermediates.noindex/Swollama.build/Debug-watchos/SwollamaCLI-p.build/Objects-normal/arm64/SwollamaCLI_const_extract_protocols.json -Xcc -I/Users/admin/builder/spi-builder-workspace/.derivedData/Build/Products/Debug-watchos/include -Xcc -I/Users/admin/builder/spi-builder-workspace/.derivedData/Build/Intermediates.noindex/Swollama.build/Debug-watchos/SwollamaCLI-p.build/DerivedSources-normal/arm64 -Xcc -I/Users/admin/builder/spi-builder-workspace/.derivedData/Build/Intermediates.noindex/Swollama.build/Debug-watchos/SwollamaCLI-p.build/DerivedSources/arm64 -Xcc -I/Users/admin/builder/spi-builder-workspace/.derivedData/Build/Intermediates.noindex/Swollama.build/Debug-watchos/SwollamaCLI-p.build/DerivedSources -Xcc -DSWIFT_PACKAGE -Xcc -DDEBUG\=1 -working-directory /Users/admin/builder/spi-builder-workspace/.swiftpm/xcode -experimental-emit-module-separately -disable-cmo
SwiftDriver\ Compilation Swollama normal arm64_32 com.apple.xcode.tools.swift.compiler (in target 'Swollama' from project 'Swollama')
    cd /Users/admin/builder/spi-builder-workspace/.swiftpm/xcode
    builtin-Swift-Compilation -- /Applications/Xcode-27.0.0-Release.Candidate.app/Contents/Developer/Toolchains/XcodeDefault.xctoolchain/usr/bin/swiftc -parse-as-library -module-name Swollama -Onone @/Users/admin/builder/spi-builder-workspace/.derivedData/Build/Intermediates.noindex/Swollama.build/Debug-watchos/Swollama-t.build/Objects-normal/arm64_32/Swollama.SwiftFileList -DSWIFT_PACKAGE -DDEBUG -DSWIFT_MODULE_RESOURCE_BUNDLE_UNAVAILABLE -DXcode -plugin-path /Applications/Xcode-27.0.0-Release.Candidate.app/Contents/Developer/Toolchains/XcodeDefault.xctoolchain/usr/lib/swift/host/plugins/testing -enable-experimental-feature DebugDescriptionMacro -sdk /Applications/Xcode-27.0.0-Release.Candidate.app/Contents/Developer/Platforms/WatchOS.platform/Developer/SDKs/WatchOS27.0.sdk -target arm64_32-apple-watchos10.0 -g -module-cache-path /Users/admin/builder/spi-builder-workspace/.derivedData/ModuleCache.noindex -Xfrontend -serialize-debugging-options -profile-coverage-mapping -profile-generate -enable-testing -index-store-path /Users/admin/builder/spi-builder-workspace/.derivedData/Index.noindex/DataStore -Xcc -D_LIBCPP_HARDENING_MODE\=_LIBCPP_HARDENING_MODE_DEBUG -swift-version 5 -I /Users/admin/builder/spi-builder-workspace/.derivedData/Build/Products/Debug-watchos -Isystem /Applications/Xcode-27.0.0-Release.Candidate.app/Contents/Developer/Platforms/WatchOS.platform/Developer/usr/lib -F /Users/admin/builder/spi-builder-workspace/.derivedData/Build/Products/Debug-watchos -F /Applications/Xcode-27.0.0-Release.Candidate.app/Contents/Developer/Platforms/WatchOS.platform/Developer/Library/Frameworks -F /Applications/Xcode-27.0.0-Release.Candidate.app/Contents/Developer/Platforms/WatchOS.platform/Developer/SDKs/WatchOS27.0.sdk/Developer/Library/Frameworks -c -j10 -enable-batch-mode -incremental -Xcc -ivfsstatcache -Xcc /Users/admin/builder/spi-builder-workspace/.derivedData/SDKStatCaches.noindex/watchos27.0-24R360-e829b21a6f8c9b70876ba0858053c04477534ef55a1706bf4c1112bbb242f0a2.sdkstatcache -output-file-map /Users/admin/builder/spi-builder-workspace/.derivedData/Build/Intermediates.noindex/Swollama.build/Debug-watchos/Swollama-t.build/Objects-normal/arm64_32/Swollama-OutputFileMap.json -save-temps -no-color-diagnostics -explicit-module-build -module-cache-path /Users/admin/builder/spi-builder-workspace/.derivedData/Build/Intermediates.noindex/SwiftExplicitPrecompiledModules -clang-scanner-module-cache-path /Users/admin/builder/spi-builder-workspace/.derivedData/ModuleCache.noindex -sdk-module-cache-path /Users/admin/builder/spi-builder-workspace/.derivedData/SDKExplicitPrecompiledModules -emit-dependencies -emit-module -emit-module-path /Users/admin/builder/spi-builder-workspace/.derivedData/Build/Intermediates.noindex/Swollama.build/Debug-watchos/Swollama-t.build/Objects-normal/arm64_32/Swollama.swiftmodule -serialize-diagnostics -dependency-scan-serialize-diagnostics-path /Users/admin/builder/spi-builder-workspace/.derivedData/Build/Intermediates.noindex/Swollama.build/Debug-watchos/Swollama-t.build/Objects-normal/arm64_32/Swollama-dependency-scan.dia -validate-clang-modules-once -clang-build-session-file /Users/admin/builder/spi-builder-workspace/.derivedData/ModuleCache.noindex/Session.modulevalidation -Xcc -fmodules-prune-interval\=86400 -Xcc -fmodules-prune-after\=345600 -package-name spi_builder_workspace -emit-const-values -const-gather-protocols-list /Users/admin/builder/spi-builder-workspace/.derivedData/Build/Intermediates.noindex/Swollama.build/Debug-watchos/Swollama-t.build/Objects-normal/arm64_32/Swollama_const_extract_protocols.json -Xcc -I/Users/admin/builder/spi-builder-workspace/.derivedData/Build/Products/Debug-watchos/include -Xcc -I/Users/admin/builder/spi-builder-workspace/.derivedData/Build/Intermediates.noindex/Swollama.build/Debug-watchos/Swollama-t.build/DerivedSources-normal/arm64_32 -Xcc -I/Users/admin/builder/spi-builder-workspace/.derivedData/Build/Intermediates.noindex/Swollama.build/Debug-watchos/Swollama-t.build/DerivedSources/arm64_32 -Xcc -I/Users/admin/builder/spi-builder-workspace/.derivedData/Build/Intermediates.noindex/Swollama.build/Debug-watchos/Swollama-t.build/DerivedSources -Xcc -DSWIFT_PACKAGE -Xcc -DDEBUG\=1 -emit-objc-header -emit-objc-header-path /Users/admin/builder/spi-builder-workspace/.derivedData/Build/Intermediates.noindex/Swollama.build/Debug-watchos/Swollama-t.build/Objects-normal/arm64_32/Swollama-Swift.h -working-directory /Users/admin/builder/spi-builder-workspace/.swiftpm/xcode -experimental-emit-module-separately -disable-cmo
SwiftCompile normal arm64_32 Compiling\ CopyModelCommand.swift,\ CreateCommand.swift,\ DeleteModelCommand.swift /Users/admin/builder/spi-builder-workspace/Sources/SwollamaCLI/Commands/CopyModelCommand.swift /Users/admin/builder/spi-builder-workspace/Sources/SwollamaCLI/Commands/CreateCommand.swift /Users/admin/builder/spi-builder-workspace/Sources/SwollamaCLI/Commands/DeleteModelCommand.swift (in target 'SwollamaCLI-product' from project 'Swollama')
SwiftCompile normal arm64_32 /Users/admin/builder/spi-builder-workspace/Sources/SwollamaCLI/Commands/CopyModelCommand.swift (in target 'SwollamaCLI-product' from project 'Swollama')
    cd /Users/admin/builder/spi-builder-workspace/.swiftpm/xcode
    builtin-SwiftPerFileCompile CopyModelCommand.swift
SwiftCompile normal arm64_32 /Users/admin/builder/spi-builder-workspace/Sources/SwollamaCLI/Commands/CreateCommand.swift (in target 'SwollamaCLI-product' from project 'Swollama')
    cd /Users/admin/builder/spi-builder-workspace/.swiftpm/xcode
    builtin-SwiftPerFileCompile CreateCommand.swift
SwiftCompile normal arm64_32 /Users/admin/builder/spi-builder-workspace/Sources/SwollamaCLI/Commands/DeleteModelCommand.swift (in target 'SwollamaCLI-product' from project 'Swollama')
    cd /Users/admin/builder/spi-builder-workspace/.swiftpm/xcode
    builtin-SwiftPerFileCompile DeleteModelCommand.swift
SwiftCompile normal arm64_32 Compiling\ AgentCommand.swift,\ BlobCommand.swift,\ CommandProtocol.swift /Users/admin/builder/spi-builder-workspace/Sources/SwollamaCLI/Commands/AgentCommand.swift /Users/admin/builder/spi-builder-workspace/Sources/SwollamaCLI/Commands/BlobCommand.swift /Users/admin/builder/spi-builder-workspace/Sources/SwollamaCLI/Commands/CommandProtocol.swift (in target 'SwollamaCLI-product' from project 'Swollama')
SwiftCompile normal arm64_32 /Users/admin/builder/spi-builder-workspace/Sources/SwollamaCLI/Commands/AgentCommand.swift (in target 'SwollamaCLI-product' from project 'Swollama')
    cd /Users/admin/builder/spi-builder-workspace/.swiftpm/xcode
    builtin-SwiftPerFileCompile AgentCommand.swift
SwiftCompile normal arm64_32 /Users/admin/builder/spi-builder-workspace/Sources/SwollamaCLI/Commands/BlobCommand.swift (in target 'SwollamaCLI-product' from project 'Swollama')
    cd /Users/admin/builder/spi-builder-workspace/.swiftpm/xcode
    builtin-SwiftPerFileCompile BlobCommand.swift
SwiftCompile normal arm64_32 /Users/admin/builder/spi-builder-workspace/Sources/SwollamaCLI/Commands/CommandProtocol.swift (in target 'SwollamaCLI-product' from project 'Swollama')
    cd /Users/admin/builder/spi-builder-workspace/.swiftpm/xcode
    builtin-SwiftPerFileCompile CommandProtocol.swift
SwiftCompile normal arm64_32 Compiling\ EmbeddingsCommand.swift,\ EnhancedChatCommand.swift,\ GenerateCommand.swift /Users/admin/builder/spi-builder-workspace/Sources/SwollamaCLI/Commands/EmbeddingsCommand.swift /Users/admin/builder/spi-builder-workspace/Sources/SwollamaCLI/Commands/EnhancedChatCommand.swift /Users/admin/builder/spi-builder-workspace/Sources/SwollamaCLI/Commands/GenerateCommand.swift (in target 'SwollamaCLI-product' from project 'Swollama')
SwiftCompile normal arm64_32 /Users/admin/builder/spi-builder-workspace/Sources/SwollamaCLI/Commands/EmbeddingsCommand.swift (in target 'SwollamaCLI-product' from project 'Swollama')
    cd /Users/admin/builder/spi-builder-workspace/.swiftpm/xcode
    builtin-SwiftPerFileCompile EmbeddingsCommand.swift
SwiftCompile normal arm64_32 /Users/admin/builder/spi-builder-workspace/Sources/SwollamaCLI/Commands/EnhancedChatCommand.swift (in target 'SwollamaCLI-product' from project 'Swollama')
    cd /Users/admin/builder/spi-builder-workspace/.swiftpm/xcode
    builtin-SwiftPerFileCompile EnhancedChatCommand.swift
SwiftCompile normal arm64_32 /Users/admin/builder/spi-builder-workspace/Sources/SwollamaCLI/Commands/GenerateCommand.swift (in target 'SwollamaCLI-product' from project 'Swollama')
    cd /Users/admin/builder/spi-builder-workspace/.swiftpm/xcode
    builtin-SwiftPerFileCompile GenerateCommand.swift
SwiftCompile normal arm64_32 Compiling\ PushCommand.swift,\ ShowModelCommand.swift,\ TestCommand.swift /Users/admin/builder/spi-builder-workspace/Sources/SwollamaCLI/Commands/PushCommand.swift /Users/admin/builder/spi-builder-workspace/Sources/SwollamaCLI/Commands/ShowModelCommand.swift /Users/admin/builder/spi-builder-workspace/Sources/SwollamaCLI/Commands/TestCommand.swift (in target 'SwollamaCLI-product' from project 'Swollama')
SwiftCompile normal arm64_32 /Users/admin/builder/spi-builder-workspace/Sources/SwollamaCLI/Commands/PushCommand.swift (in target 'SwollamaCLI-product' from project 'Swollama')
    cd /Users/admin/builder/spi-builder-workspace/.swiftpm/xcode
    builtin-SwiftPerFileCompile PushCommand.swift
SwiftCompile normal arm64_32 /Users/admin/builder/spi-builder-workspace/Sources/SwollamaCLI/Commands/ShowModelCommand.swift (in target 'SwollamaCLI-product' from project 'Swollama')
    cd /Users/admin/builder/spi-builder-workspace/.swiftpm/xcode
    builtin-SwiftPerFileCompile ShowModelCommand.swift
SwiftCompile normal arm64_32 /Users/admin/builder/spi-builder-workspace/Sources/SwollamaCLI/Commands/TestCommand.swift (in target 'SwollamaCLI-product' from project 'Swollama')
    cd /Users/admin/builder/spi-builder-workspace/.swiftpm/xcode
    builtin-SwiftPerFileCompile TestCommand.swift
SwiftCompile normal arm64_32 Compiling\ SwollamaCLI.swift,\ CLIError.swift /Users/admin/builder/spi-builder-workspace/Sources/SwollamaCLI/SwollamaCLI.swift /Users/admin/builder/spi-builder-workspace/Sources/SwollamaCLI/Tools/CLIError.swift (in target 'SwollamaCLI-product' from project 'Swollama')
SwiftCompile normal arm64_32 /Users/admin/builder/spi-builder-workspace/Sources/SwollamaCLI/SwollamaCLI.swift (in target 'SwollamaCLI-product' from project 'Swollama')
    cd /Users/admin/builder/spi-builder-workspace/.swiftpm/xcode
    builtin-SwiftPerFileCompile SwollamaCLI.swift
SwiftCompile normal arm64_32 /Users/admin/builder/spi-builder-workspace/Sources/SwollamaCLI/Tools/CLIError.swift (in target 'SwollamaCLI-product' from project 'Swollama')
    cd /Users/admin/builder/spi-builder-workspace/.swiftpm/xcode
    builtin-SwiftPerFileCompile CLIError.swift
SwiftCompile normal arm64_32 Compiling\ ModelFormatter.swift,\ OllamaErrorFormatting.swift /Users/admin/builder/spi-builder-workspace/Sources/SwollamaCLI/Tools/ModelFormatter.swift /Users/admin/builder/spi-builder-workspace/Sources/SwollamaCLI/Tools/OllamaErrorFormatting.swift (in target 'SwollamaCLI-product' from project 'Swollama')
SwiftCompile normal arm64_32 /Users/admin/builder/spi-builder-workspace/Sources/SwollamaCLI/Tools/ModelFormatter.swift (in target 'SwollamaCLI-product' from project 'Swollama')
    cd /Users/admin/builder/spi-builder-workspace/.swiftpm/xcode
    builtin-SwiftPerFileCompile ModelFormatter.swift
SwiftCompile normal arm64_32 /Users/admin/builder/spi-builder-workspace/Sources/SwollamaCLI/Tools/OllamaErrorFormatting.swift (in target 'SwollamaCLI-product' from project 'Swollama')
    cd /Users/admin/builder/spi-builder-workspace/.swiftpm/xcode
    builtin-SwiftPerFileCompile OllamaErrorFormatting.swift
SwiftCompile normal arm64_32 Compiling\ VersionCommand.swift,\ EnhancedSwollamaCLI.swift,\ ErrorRecovery.swift /Users/admin/builder/spi-builder-workspace/Sources/SwollamaCLI/Commands/VersionCommand.swift /Users/admin/builder/spi-builder-workspace/Sources/SwollamaCLI/EnhancedSwollamaCLI.swift /Users/admin/builder/spi-builder-workspace/Sources/SwollamaCLI/ErrorRecovery.swift (in target 'SwollamaCLI-product' from project 'Swollama')
SwiftCompile normal arm64_32 /Users/admin/builder/spi-builder-workspace/Sources/SwollamaCLI/Commands/VersionCommand.swift (in target 'SwollamaCLI-product' from project 'Swollama')
    cd /Users/admin/builder/spi-builder-workspace/.swiftpm/xcode
    builtin-SwiftPerFileCompile VersionCommand.swift
SwiftCompile normal arm64_32 /Users/admin/builder/spi-builder-workspace/Sources/SwollamaCLI/EnhancedSwollamaCLI.swift (in target 'SwollamaCLI-product' from project 'Swollama')
    cd /Users/admin/builder/spi-builder-workspace/.swiftpm/xcode
    builtin-SwiftPerFileCompile EnhancedSwollamaCLI.swift
SwiftCompile normal arm64_32 /Users/admin/builder/spi-builder-workspace/Sources/SwollamaCLI/ErrorRecovery.swift (in target 'SwollamaCLI-product' from project 'Swollama')
    cd /Users/admin/builder/spi-builder-workspace/.swiftpm/xcode
    builtin-SwiftPerFileCompile ErrorRecovery.swift
SwiftCompile normal arm64_32 Compiling\ ListModelsCommand.swift,\ ListRunningModelsCommand.swift,\ PullModelCommand.swift /Users/admin/builder/spi-builder-workspace/Sources/SwollamaCLI/Commands/ListModelsCommand.swift /Users/admin/builder/spi-builder-workspace/Sources/SwollamaCLI/Commands/ListRunningModelsCommand.swift /Users/admin/builder/spi-builder-workspace/Sources/SwollamaCLI/Commands/PullModelCommand.swift (in target 'SwollamaCLI-product' from project 'Swollama')
SwiftCompile normal arm64_32 /Users/admin/builder/spi-builder-workspace/Sources/SwollamaCLI/Commands/ListModelsCommand.swift (in target 'SwollamaCLI-product' from project 'Swollama')
    cd /Users/admin/builder/spi-builder-workspace/.swiftpm/xcode
    builtin-SwiftPerFileCompile ListModelsCommand.swift
SwiftCompile normal arm64_32 /Users/admin/builder/spi-builder-workspace/Sources/SwollamaCLI/Commands/ListRunningModelsCommand.swift (in target 'SwollamaCLI-product' from project 'Swollama')
    cd /Users/admin/builder/spi-builder-workspace/.swiftpm/xcode
    builtin-SwiftPerFileCompile ListRunningModelsCommand.swift
SwiftCompile normal arm64_32 /Users/admin/builder/spi-builder-workspace/Sources/SwollamaCLI/Commands/PullModelCommand.swift (in target 'SwollamaCLI-product' from project 'Swollama')
    cd /Users/admin/builder/spi-builder-workspace/.swiftpm/xcode
    builtin-SwiftPerFileCompile PullModelCommand.swift
SwiftCompile normal arm64_32 Compiling\ InputHandler.swift,\ LinuxSupport.swift,\ StreamDebugger.swift /Users/admin/builder/spi-builder-workspace/Sources/SwollamaCLI/InputHandler.swift /Users/admin/builder/spi-builder-workspace/Sources/SwollamaCLI/LinuxSupport.swift /Users/admin/builder/spi-builder-workspace/Sources/SwollamaCLI/StreamDebugger.swift (in target 'SwollamaCLI-product' from project 'Swollama')
/Users/admin/builder/spi-builder-workspace/Sources/SwollamaCLI/InputHandler.swift:51:47: error: 'homeDirectoryForCurrentUser' is unavailable in watchOS
 49 |
 50 |     private func loadHistory() {
 51 |         let historyPath = FileManager.default.homeDirectoryForCurrentUser
    |                                               `- error: 'homeDirectoryForCurrentUser' is unavailable in watchOS
 52 |             .appendingPathComponent(".swollama_history")
 53 |
/Applications/Xcode-27.0.0-Release.Candidate.app/Contents/Developer/Platforms/WatchOS.platform/Developer/SDKs/WatchOS27.0.sdk/System/Library/Frameworks/Foundation.framework/Headers/NSFileManager.h:1004:35: note: 'homeDirectoryForCurrentUser' has been explicitly marked unavailable here
1002 |
1003 | /// The home directory for the current user.
1004 | @property (readonly, copy) NSURL *homeDirectoryForCurrentUser API_AVAILABLE(macosx(10.12)) API_UNAVAILABLE(ios, watchos, tvos);
     |                                   `- note: 'homeDirectoryForCurrentUser' has been explicitly marked unavailable here
1005 | /// The temporary directory for the current user.
1006 | @property (readonly, copy) NSURL *temporaryDirectory API_AVAILABLE(macosx(10.12), ios(10.0), watchos(3.0), tvos(10.0));
/Users/admin/builder/spi-builder-workspace/Sources/SwollamaCLI/InputHandler.swift:62:47: error: 'homeDirectoryForCurrentUser' is unavailable in watchOS
 60 |
 61 |     private func saveHistory() {
 62 |         let historyPath = FileManager.default.homeDirectoryForCurrentUser
    |                                               `- error: 'homeDirectoryForCurrentUser' is unavailable in watchOS
 63 |             .appendingPathComponent(".swollama_history")
 64 |
/Applications/Xcode-27.0.0-Release.Candidate.app/Contents/Developer/Platforms/WatchOS.platform/Developer/SDKs/WatchOS27.0.sdk/System/Library/Frameworks/Foundation.framework/Headers/NSFileManager.h:1004:35: note: 'homeDirectoryForCurrentUser' has been explicitly marked unavailable here
1002 |
1003 | /// The home directory for the current user.
1004 | @property (readonly, copy) NSURL *homeDirectoryForCurrentUser API_AVAILABLE(macosx(10.12)) API_UNAVAILABLE(ios, watchos, tvos);
     |                                   `- note: 'homeDirectoryForCurrentUser' has been explicitly marked unavailable here
1005 | /// The temporary directory for the current user.
1006 | @property (readonly, copy) NSURL *temporaryDirectory API_AVAILABLE(macosx(10.12), ios(10.0), watchos(3.0), tvos(10.0));
Failed frontend command:
/Applications/Xcode-27.0.0-Release.Candidate.app/Contents/Developer/Toolchains/XcodeDefault.xctoolchain/usr/bin/swift-frontend -frontend -c /Users/admin/builder/spi-builder-workspace/Sources/SwollamaCLI/Commands/AgentCommand.swift /Users/admin/builder/spi-builder-workspace/Sources/SwollamaCLI/Commands/BlobCommand.swift /Users/admin/builder/spi-builder-workspace/Sources/SwollamaCLI/Commands/CommandProtocol.swift /Users/admin/builder/spi-builder-workspace/Sources/SwollamaCLI/Commands/CopyModelCommand.swift /Users/admin/builder/spi-builder-workspace/Sources/SwollamaCLI/Commands/CreateCommand.swift /Users/admin/builder/spi-builder-workspace/Sources/SwollamaCLI/Commands/DeleteModelCommand.swift /Users/admin/builder/spi-builder-workspace/Sources/SwollamaCLI/Commands/EmbeddingsCommand.swift /Users/admin/builder/spi-builder-workspace/Sources/SwollamaCLI/Commands/EnhancedChatCommand.swift /Users/admin/builder/spi-builder-workspace/Sources/SwollamaCLI/Commands/GenerateCommand.swift /Users/admin/builder/spi-builder-workspace/Sources/SwollamaCLI/Commands/ListModelsCommand.swift /Users/admin/builder/spi-builder-workspace/Sources/SwollamaCLI/Commands/ListRunningModelsCommand.swift /Users/admin/builder/spi-builder-workspace/Sources/SwollamaCLI/Commands/PullModelCommand.swift /Users/admin/builder/spi-builder-workspace/Sources/SwollamaCLI/Commands/PushCommand.swift /Users/admin/builder/spi-builder-workspace/Sources/SwollamaCLI/Commands/ShowModelCommand.swift /Users/admin/builder/spi-builder-workspace/Sources/SwollamaCLI/Commands/TestCommand.swift /Users/admin/builder/spi-builder-workspace/Sources/SwollamaCLI/Commands/VersionCommand.swift /Users/admin/builder/spi-builder-workspace/Sources/SwollamaCLI/EnhancedSwollamaCLI.swift /Users/admin/builder/spi-builder-workspace/Sources/SwollamaCLI/ErrorRecovery.swift -primary-file /Users/admin/builder/spi-builder-workspace/Sources/SwollamaCLI/InputHandler.swift -primary-file /Users/admin/builder/spi-builder-workspace/Sources/SwollamaCLI/LinuxSupport.swift -primary-file /Users/admin/builder/spi-builder-workspace/Sources/SwollamaCLI/StreamDebugger.swift /Users/admin/builder/spi-builder-workspace/Sources/SwollamaCLI/SwollamaCLI.swift /Users/admin/builder/spi-builder-workspace/Sources/SwollamaCLI/Tools/CLIError.swift /Users/admin/builder/spi-builder-workspace/Sources/SwollamaCLI/Tools/ModelFormatter.swift /Users/admin/builder/spi-builder-workspace/Sources/SwollamaCLI/Tools/OllamaErrorFormatting.swift /Users/admin/builder/spi-builder-workspace/Sources/SwollamaCLI/Tools/Output.swift /Users/admin/builder/spi-builder-workspace/Sources/SwollamaCLI/Tools/ProgressTracker.swift /Users/admin/builder/spi-builder-workspace/Sources/SwollamaCLI/Tools/SpeedCalculator.swift /Users/admin/builder/spi-builder-workspace/Sources/SwollamaCLI/Tools/TerminalHelper.swift /Users/admin/builder/spi-builder-workspace/Sources/SwollamaCLI/Tools/TerminalStyle.swift -supplementary-output-file-map /Users/admin/builder/spi-builder-workspace/.derivedData/Build/Intermediates.noindex/Swollama.build/Debug-watchos/SwollamaCLI-p.build/Objects-normal/arm64_32/supplementaryOutputs-11 -target arm64_32-apple-watchos10.0 -module-can-import-version CryptoKit 383.4.1 0 -module-can-import-version Darwin 428.0.10 0 -disable-cross-import-overlay-search -swift-module-cross-import Darwin /Applications/Xcode-27.0.0-Release.Candidate.app/Contents/Developer/Platforms/WatchOS.platform/Developer/SDKs/WatchOS.sdk/usr/include/Darwin.swiftcrossimport/xlocale.swiftoverlay -load-resolved-plugin /Applications/Xcode-27.0.0-Release.Candidate.app/Contents/Developer/Platforms/WatchOS.platform/Developer/usr/lib/swift/host/plugins/libFoundationMacros.dylib\#/Applications/Xcode-27.0.0-Release.Candidate.app/Contents/Developer/Platforms/WatchOS.platform/Developer/usr/bin/swift-plugin-server\#FoundationMacros -load-resolved-plugin /Applications/Xcode-27.0.0-Release.Candidate.app/Contents/Developer/Platforms/WatchOS.platform/Developer/usr/lib/swift/host/plugins/libObservationMacros.dylib\#/Applications/Xcode-27.0.0-Release.Candidate.app/Contents/Developer/Platforms/WatchOS.platform/Developer/usr/bin/swift-plugin-server\#ObservationMacros -load-resolved-plugin /Applications/Xcode-27.0.0-Release.Candidate.app/Contents/Developer/Platforms/WatchOS.platform/Developer/usr/lib/swift/host/plugins/libSwiftMacros.dylib\#/Applications/Xcode-27.0.0-Release.Candidate.app/Contents/Developer/Platforms/WatchOS.platform/Developer/usr/bin/swift-plugin-server\#SwiftMacros -disable-implicit-swift-modules -Xcc -fno-implicit-modules -Xcc -fno-implicit-module-maps -explicit-swift-module-map-file /Users/admin/builder/spi-builder-workspace/.derivedData/Build/Intermediates.noindex/Swollama.build/Debug-watchos/SwollamaCLI-p.build/Objects-normal/arm64_32/SwollamaCLI-dependencies-1.json -enable-objc-interop -sdk /Applications/Xcode-27.0.0-Release.Candidate.app/Contents/Developer/Platforms/WatchOS.platform/Developer/SDKs/WatchOS27.0.sdk -I /Users/admin/builder/spi-builder-workspace/.derivedData/Build/Products/Debug-watchos -Isystem /Applications/Xcode-27.0.0-Release.Candidate.app/Contents/Developer/Platforms/WatchOS.platform/Developer/usr/lib -F /Users/admin/builder/spi-builder-workspace/.derivedData/Build/Products/Debug-watchos/PackageFrameworks -F /Users/admin/builder/spi-builder-workspace/.derivedData/Build/Products/Debug-watchos -F /Applications/Xcode-27.0.0-Release.Candidate.app/Contents/Developer/Platforms/WatchOS.platform/Developer/Library/Frameworks -F /Applications/Xcode-27.0.0-Release.Candidate.app/Contents/Developer/Platforms/WatchOS.platform/Developer/SDKs/WatchOS27.0.sdk/Developer/Library/Frameworks -module-cache-path /Users/admin/builder/spi-builder-workspace/.derivedData/Build/Intermediates.noindex/SwiftExplicitPrecompiledModules -no-color-diagnostics -Xcc -fno-color-diagnostics -enable-testing -g -debug-info-format\=dwarf -dwarf-version\=4 -profile-generate -profile-coverage-mapping -swift-version 5 -Onone -D SWIFT_PACKAGE -D DEBUG -D Xcode -serialize-debugging-options -enable-experimental-feature DebugDescriptionMacro -empty-abi-descriptor -validate-clang-modules-once -clang-build-session-file /Users/admin/builder/spi-builder-workspace/.derivedData/ModuleCache.noindex/Session.modulevalidation -Xcc -working-directory -Xcc /Users/admin/builder/spi-builder-workspace/.swiftpm/xcode -enable-anonymous-context-mangled-names -file-compilation-dir /Users/admin/builder/spi-builder-workspace/.swiftpm/xcode -Xcc -D_LIBCPP_HARDENING_MODE\=_LIBCPP_HARDENING_MODE_DEBUG -Xcc -ivfsstatcache -Xcc /Users/admin/builder/spi-builder-workspace/.derivedData/SDKStatCaches.noindex/watchos27.0-24R360-e829b21a6f8c9b70876ba0858053c04477534ef55a1706bf4c1112bbb242f0a2.sdkstatcache -Xcc -fmodules-prune-interval\=86400 -Xcc -fmodules-prune-after\=345600 -Xcc -I/Users/admin/builder/spi-builder-workspace/.derivedData/Build/Products/Debug-watchos/include -Xcc -I/Users/admin/builder/spi-builder-workspace/.derivedData/Build/Intermediates.noindex/Swollama.build/Debug-watchos/SwollamaCLI-p.build/DerivedSources-normal/arm64_32 -Xcc -I/Users/admin/builder/spi-builder-workspace/.derivedData/Build/Intermediates.noindex/Swollama.build/Debug-watchos/SwollamaCLI-p.build/DerivedSources/arm64_32 -Xcc -I/Users/admin/builder/spi-builder-workspace/.derivedData/Build/Intermediates.noindex/Swollama.build/Debug-watchos/SwollamaCLI-p.build/DerivedSources -Xcc -DSWIFT_PACKAGE -Xcc -DDEBUG\=1 -no-auto-bridging-header-chaining -module-name SwollamaCLI -package-name spi_builder_workspace -const-gather-protocols-file /Users/admin/builder/spi-builder-workspace/.derivedData/Build/Intermediates.noindex/Swollama.build/Debug-watchos/SwollamaCLI-p.build/Objects-normal/arm64_32/SwollamaCLI_const_extract_protocols.json -disable-clang-spi -clang-target arm64_32-apple-watchos27.0 -target-sdk-version 27.0 -target-sdk-name watchos27.0 -in-process-plugin-server-path /Applications/Xcode-27.0.0-Release.Candidate.app/Contents/Developer/Toolchains/XcodeDefault.xctoolchain/usr/lib/swift/host/libSwiftInProcPluginServer.dylib -parse-as-library -o /Users/admin/builder/spi-builder-workspace/.derivedData/Build/Intermediates.noindex/Swollama.build/Debug-watchos/SwollamaCLI-p.build/Objects-normal/arm64_32/InputHandler.o -o /Users/admin/builder/spi-builder-workspace/.derivedData/Build/Intermediates.noindex/Swollama.build/Debug-watchos/SwollamaCLI-p.build/Objects-normal/arm64_32/LinuxSupport.o -o /Users/admin/builder/spi-builder-workspace/.derivedData/Build/Intermediates.noindex/Swollama.build/Debug-watchos/SwollamaCLI-p.build/Objects-normal/arm64_32/StreamDebugger.o -debug-module-path /Users/admin/builder/spi-builder-workspace/.derivedData/Build/Intermediates.noindex/Swollama.build/Debug-watchos/SwollamaCLI-p.build/Objects-normal/arm64_32/SwollamaCLI.swiftmodule -index-unit-output-path /Swollama.build/Debug-watchos/SwollamaCLI-p.build/Objects-normal/arm64_32/InputHandler.o -index-unit-output-path /Swollama.build/Debug-watchos/SwollamaCLI-p.build/Objects-normal/arm64_32/LinuxSupport.o -index-unit-output-path /Swollama.build/Debug-watchos/SwollamaCLI-p.build/Objects-normal/arm64_32/StreamDebugger.o -index-store-path /Users/admin/builder/spi-builder-workspace/.derivedData/Index.noindex/DataStore -index-system-modules
SwiftCompile normal arm64_32 /Users/admin/builder/spi-builder-workspace/Sources/SwollamaCLI/InputHandler.swift (in target 'SwollamaCLI-product' from project 'Swollama')
    cd /Users/admin/builder/spi-builder-workspace/.swiftpm/xcode
    builtin-SwiftPerFileCompile InputHandler.swift
SwiftCompile normal arm64_32 /Users/admin/builder/spi-builder-workspace/Sources/SwollamaCLI/LinuxSupport.swift (in target 'SwollamaCLI-product' from project 'Swollama')
    cd /Users/admin/builder/spi-builder-workspace/.swiftpm/xcode
    builtin-SwiftPerFileCompile LinuxSupport.swift
SwiftCompile normal arm64_32 /Users/admin/builder/spi-builder-workspace/Sources/SwollamaCLI/StreamDebugger.swift (in target 'SwollamaCLI-product' from project 'Swollama')
    cd /Users/admin/builder/spi-builder-workspace/.swiftpm/xcode
    builtin-SwiftPerFileCompile StreamDebugger.swift
SwiftEmitModule normal arm64_32 Emitting\ module\ for\ SwollamaCLI (in target 'SwollamaCLI-product' from project 'Swollama')
SwiftCompile normal arm64_32 (in target 'SwollamaCLI-product' from project 'Swollama')
    cd /Users/admin/builder/spi-builder-workspace/.swiftpm/xcode

SwiftEmitModule normal arm64 Emitting\ module\ for\ SwollamaCLI (in target 'SwollamaCLI-product' from project 'Swollama')
SwiftCompile normal arm64 (in target 'SwollamaCLI-product' from project 'Swollama')
    cd /Users/admin/builder/spi-builder-workspace/.swiftpm/xcode

SwiftDriverJobDiscovery normal arm64_32 Compiling ModelFormatter.swift, OllamaErrorFormatting.swift (in target 'SwollamaCLI-product' from project 'Swollama')
Ld /Users/admin/builder/spi-builder-workspace/.derivedData/Build/Intermediates.noindex/Swollama.build/Debug-watchos/Swollama-t.build/Objects-normal/arm64_32/Binary/Swollama.o normal arm64_32 (in target 'Swollama' from project 'Swollama')
    cd /Users/admin/builder/spi-builder-workspace
    /Applications/Xcode-27.0.0-Release.Candidate.app/Contents/Developer/Toolchains/XcodeDefault.xctoolchain/usr/bin/clang -Xlinker -reproducible -target arm64_32-apple-watchos10.0 -r -isysroot /Applications/Xcode-27.0.0-Release.Candidate.app/Contents/Developer/Platforms/WatchOS.platform/Developer/SDKs/WatchOS27.0.sdk -O0 -Xlinker -no_warn_duplicate_libraries -F/Users/admin/builder/spi-builder-workspace/.derivedData/Build/Intermediates.noindex/EagerLinkingTBDs/Debug-watchos -F/Users/admin/builder/spi-builder-workspace/.derivedData/Build/Products/Debug-watchos -iframework /Applications/Xcode-27.0.0-Release.Candidate.app/Contents/Developer/Platforms/WatchOS.platform/Developer/Library/Frameworks -iframework /Applications/Xcode-27.0.0-Release.Candidate.app/Contents/Developer/Platforms/WatchOS.platform/Developer/SDKs/WatchOS27.0.sdk/Developer/Library/Frameworks -filelist /Users/admin/builder/spi-builder-workspace/.derivedData/Build/Intermediates.noindex/Swollama.build/Debug-watchos/Swollama-t.build/Objects-normal/arm64_32/Swollama.LinkFileList -nostdlib -Xlinker -object_path_lto -Xlinker /Users/admin/builder/spi-builder-workspace/.derivedData/Build/Intermediates.noindex/Swollama.build/Debug-watchos/Swollama-t.build/Objects-normal/arm64_32/Swollama_lto.o -Xlinker -no_deduplicate -Xlinker -debug_variant -Xlinker -dependency_info -Xlinker /Users/admin/builder/spi-builder-workspace/.derivedData/Build/Intermediates.noindex/Swollama.build/Debug-watchos/Swollama-t.build/Objects-normal/arm64_32/Swollama_dependency_info.dat -fobjc-link-runtime -L/Applications/Xcode-27.0.0-Release.Candidate.app/Contents/Developer/Toolchains/XcodeDefault.xctoolchain/usr/lib/swift/watchos -L/usr/lib/swift -Xlinker -add_ast_path -Xlinker /Users/admin/builder/spi-builder-workspace/.derivedData/Build/Intermediates.noindex/Swollama.build/Debug-watchos/Swollama-t.build/Objects-normal/arm64_32/Swollama.swiftmodule -o /Users/admin/builder/spi-builder-workspace/.derivedData/Build/Intermediates.noindex/Swollama.build/Debug-watchos/Swollama-t.build/Objects-normal/arm64_32/Binary/Swollama.o
SwiftDriverJobDiscovery normal arm64_32 Emitting module for SwollamaCLI (in target 'SwollamaCLI-product' from project 'Swollama')
SwiftDriver\ Compilation\ Requirements SwollamaCLI normal arm64_32 com.apple.xcode.tools.swift.compiler (in target 'SwollamaCLI-product' from project 'Swollama')
    cd /Users/admin/builder/spi-builder-workspace/.swiftpm/xcode
    builtin-Swift-Compilation-Requirements -- /Applications/Xcode-27.0.0-Release.Candidate.app/Contents/Developer/Toolchains/XcodeDefault.xctoolchain/usr/bin/swiftc -parse-as-library -module-name SwollamaCLI -Onone @/Users/admin/builder/spi-builder-workspace/.derivedData/Build/Intermediates.noindex/Swollama.build/Debug-watchos/SwollamaCLI-p.build/Objects-normal/arm64_32/SwollamaCLI.SwiftFileList -DSWIFT_PACKAGE -DDEBUG -DXcode -plugin-path /Applications/Xcode-27.0.0-Release.Candidate.app/Contents/Developer/Toolchains/XcodeDefault.xctoolchain/usr/lib/swift/host/plugins/testing -enable-experimental-feature DebugDescriptionMacro -sdk /Applications/Xcode-27.0.0-Release.Candidate.app/Contents/Developer/Platforms/WatchOS.platform/Developer/SDKs/WatchOS27.0.sdk -target arm64_32-apple-watchos10.0 -g -module-cache-path /Users/admin/builder/spi-builder-workspace/.derivedData/ModuleCache.noindex -Xfrontend -serialize-debugging-options -profile-coverage-mapping -profile-generate -enable-testing -index-store-path /Users/admin/builder/spi-builder-workspace/.derivedData/Index.noindex/DataStore -Xcc -D_LIBCPP_HARDENING_MODE\=_LIBCPP_HARDENING_MODE_DEBUG -swift-version 5 -I /Users/admin/builder/spi-builder-workspace/.derivedData/Build/Products/Debug-watchos -Isystem /Applications/Xcode-27.0.0-Release.Candidate.app/Contents/Developer/Platforms/WatchOS.platform/Developer/usr/lib -F /Users/admin/builder/spi-builder-workspace/.derivedData/Build/Products/Debug-watchos/PackageFrameworks -F /Users/admin/builder/spi-builder-workspace/.derivedData/Build/Products/Debug-watchos -F /Applications/Xcode-27.0.0-Release.Candidate.app/Contents/Developer/Platforms/WatchOS.platform/Developer/Library/Frameworks -F /Applications/Xcode-27.0.0-Release.Candidate.app/Contents/Developer/Platforms/WatchOS.platform/Developer/SDKs/WatchOS27.0.sdk/Developer/Library/Frameworks -c -j10 -enable-batch-mode -incremental -Xcc -ivfsstatcache -Xcc /Users/admin/builder/spi-builder-workspace/.derivedData/SDKStatCaches.noindex/watchos27.0-24R360-e829b21a6f8c9b70876ba0858053c04477534ef55a1706bf4c1112bbb242f0a2.sdkstatcache -output-file-map /Users/admin/builder/spi-builder-workspace/.derivedData/Build/Intermediates.noindex/Swollama.build/Debug-watchos/SwollamaCLI-p.build/Objects-normal/arm64_32/SwollamaCLI-OutputFileMap.json -save-temps -no-color-diagnostics -explicit-module-build -module-cache-path /Users/admin/builder/spi-builder-workspace/.derivedData/Build/Intermediates.noindex/SwiftExplicitPrecompiledModules -clang-scanner-module-cache-path /Users/admin/builder/spi-builder-workspace/.derivedData/ModuleCache.noindex -sdk-module-cache-path /Users/admin/builder/spi-builder-workspace/.derivedData/SDKExplicitPrecompiledModules -emit-dependencies -emit-module -emit-module-path /Users/admin/builder/spi-builder-workspace/.derivedData/Build/Intermediates.noindex/Swollama.build/Debug-watchos/SwollamaCLI-p.build/Objects-normal/arm64_32/SwollamaCLI.swiftmodule -serialize-diagnostics -dependency-scan-serialize-diagnostics-path /Users/admin/builder/spi-builder-workspace/.derivedData/Build/Intermediates.noindex/Swollama.build/Debug-watchos/SwollamaCLI-p.build/Objects-normal/arm64_32/SwollamaCLI-dependency-scan.dia -validate-clang-modules-once -clang-build-session-file /Users/admin/builder/spi-builder-workspace/.derivedData/ModuleCache.noindex/Session.modulevalidation -Xcc -fmodules-prune-interval\=86400 -Xcc -fmodules-prune-after\=345600 -package-name spi_builder_workspace -emit-const-values -const-gather-protocols-list /Users/admin/builder/spi-builder-workspace/.derivedData/Build/Intermediates.noindex/Swollama.build/Debug-watchos/SwollamaCLI-p.build/Objects-normal/arm64_32/SwollamaCLI_const_extract_protocols.json -Xcc -I/Users/admin/builder/spi-builder-workspace/.derivedData/Build/Products/Debug-watchos/include -Xcc -I/Users/admin/builder/spi-builder-workspace/.derivedData/Build/Intermediates.noindex/Swollama.build/Debug-watchos/SwollamaCLI-p.build/DerivedSources-normal/arm64_32 -Xcc -I/Users/admin/builder/spi-builder-workspace/.derivedData/Build/Intermediates.noindex/Swollama.build/Debug-watchos/SwollamaCLI-p.build/DerivedSources/arm64_32 -Xcc -I/Users/admin/builder/spi-builder-workspace/.derivedData/Build/Intermediates.noindex/Swollama.build/Debug-watchos/SwollamaCLI-p.build/DerivedSources -Xcc -DSWIFT_PACKAGE -Xcc -DDEBUG\=1 -working-directory /Users/admin/builder/spi-builder-workspace/.swiftpm/xcode -experimental-emit-module-separately -disable-cmo
SwiftDriverJobDiscovery normal arm64_32 Compiling ListModelsCommand.swift, ListRunningModelsCommand.swift, PullModelCommand.swift (in target 'SwollamaCLI-product' from project 'Swollama')
SwiftCompile normal arm64_32 Compiling\ Output.swift,\ ProgressTracker.swift /Users/admin/builder/spi-builder-workspace/Sources/SwollamaCLI/Tools/Output.swift /Users/admin/builder/spi-builder-workspace/Sources/SwollamaCLI/Tools/ProgressTracker.swift (in target 'SwollamaCLI-product' from project 'Swollama')
SwiftCompile normal arm64_32 /Users/admin/builder/spi-builder-workspace/Sources/SwollamaCLI/Tools/Output.swift (in target 'SwollamaCLI-product' from project 'Swollama')
    cd /Users/admin/builder/spi-builder-workspace/.swiftpm/xcode
    builtin-SwiftPerFileCompile Output.swift
SwiftCompile normal arm64_32 /Users/admin/builder/spi-builder-workspace/Sources/SwollamaCLI/Tools/ProgressTracker.swift (in target 'SwollamaCLI-product' from project 'Swollama')
    cd /Users/admin/builder/spi-builder-workspace/.swiftpm/xcode
    builtin-SwiftPerFileCompile ProgressTracker.swift
SwiftCompile normal arm64 Compiling\ CopyModelCommand.swift,\ CreateCommand.swift,\ DeleteModelCommand.swift /Users/admin/builder/spi-builder-workspace/Sources/SwollamaCLI/Commands/CopyModelCommand.swift /Users/admin/builder/spi-builder-workspace/Sources/SwollamaCLI/Commands/CreateCommand.swift /Users/admin/builder/spi-builder-workspace/Sources/SwollamaCLI/Commands/DeleteModelCommand.swift (in target 'SwollamaCLI-product' from project 'Swollama')
SwiftCompile normal arm64 /Users/admin/builder/spi-builder-workspace/Sources/SwollamaCLI/Commands/CopyModelCommand.swift (in target 'SwollamaCLI-product' from project 'Swollama')
    cd /Users/admin/builder/spi-builder-workspace/.swiftpm/xcode
    builtin-SwiftPerFileCompile CopyModelCommand.swift
SwiftCompile normal arm64 /Users/admin/builder/spi-builder-workspace/Sources/SwollamaCLI/Commands/CreateCommand.swift (in target 'SwollamaCLI-product' from project 'Swollama')
    cd /Users/admin/builder/spi-builder-workspace/.swiftpm/xcode
    builtin-SwiftPerFileCompile CreateCommand.swift
SwiftCompile normal arm64 /Users/admin/builder/spi-builder-workspace/Sources/SwollamaCLI/Commands/DeleteModelCommand.swift (in target 'SwollamaCLI-product' from project 'Swollama')
    cd /Users/admin/builder/spi-builder-workspace/.swiftpm/xcode
    builtin-SwiftPerFileCompile DeleteModelCommand.swift
CreateUniversalBinary /Users/admin/builder/spi-builder-workspace/.derivedData/Build/Products/Debug-watchos/Swollama.o normal arm64\ arm64_32 (in target 'Swollama' from project 'Swollama')
    cd /Users/admin/builder/spi-builder-workspace
    /Applications/Xcode-27.0.0-Release.Candidate.app/Contents/Developer/Toolchains/XcodeDefault.xctoolchain/usr/bin/lipo -create /Users/admin/builder/spi-builder-workspace/.derivedData/Build/Intermediates.noindex/Swollama.build/Debug-watchos/Swollama-t.build/Objects-normal/arm64/Binary/Swollama.o /Users/admin/builder/spi-builder-workspace/.derivedData/Build/Intermediates.noindex/Swollama.build/Debug-watchos/Swollama-t.build/Objects-normal/arm64_32/Binary/Swollama.o -output /Users/admin/builder/spi-builder-workspace/.derivedData/Build/Products/Debug-watchos/Swollama.o
SwiftDriverJobDiscovery normal arm64_32 Compiling CopyModelCommand.swift, CreateCommand.swift, DeleteModelCommand.swift (in target 'SwollamaCLI-product' from project 'Swollama')
SwiftCompile normal arm64 Compiling\ SpeedCalculator.swift,\ TerminalHelper.swift,\ TerminalStyle.swift /Users/admin/builder/spi-builder-workspace/Sources/SwollamaCLI/Tools/SpeedCalculator.swift /Users/admin/builder/spi-builder-workspace/Sources/SwollamaCLI/Tools/TerminalHelper.swift /Users/admin/builder/spi-builder-workspace/Sources/SwollamaCLI/Tools/TerminalStyle.swift (in target 'SwollamaCLI-product' from project 'Swollama')
SwiftCompile normal arm64 /Users/admin/builder/spi-builder-workspace/Sources/SwollamaCLI/Tools/SpeedCalculator.swift (in target 'SwollamaCLI-product' from project 'Swollama')
    cd /Users/admin/builder/spi-builder-workspace/.swiftpm/xcode
    builtin-SwiftPerFileCompile SpeedCalculator.swift
SwiftCompile normal arm64 /Users/admin/builder/spi-builder-workspace/Sources/SwollamaCLI/Tools/TerminalHelper.swift (in target 'SwollamaCLI-product' from project 'Swollama')
    cd /Users/admin/builder/spi-builder-workspace/.swiftpm/xcode
    builtin-SwiftPerFileCompile TerminalHelper.swift
SwiftCompile normal arm64 /Users/admin/builder/spi-builder-workspace/Sources/SwollamaCLI/Tools/TerminalStyle.swift (in target 'SwollamaCLI-product' from project 'Swollama')
    cd /Users/admin/builder/spi-builder-workspace/.swiftpm/xcode
    builtin-SwiftPerFileCompile TerminalStyle.swift
PruneExplicitPrecompiledModules /Users/admin/builder/spi-builder-workspace/.derivedData/Build/Intermediates.noindex/ExplicitPrecompiledModules
PruneExplicitPrecompiledModules /Users/admin/builder/spi-builder-workspace/.derivedData/SDKExplicitPrecompiledModules
PruneExplicitPrecompiledModules /Users/admin/builder/spi-builder-workspace/.derivedData/Build/Intermediates.noindex/SwiftExplicitPrecompiledModules
2026-09-26 05:58:53.703 xcodebuild[758:4822] [MT] IDERunDestination: Supported platforms for the buildables in the current scheme is empty.
** BUILD FAILED **
The following build commands failed:
	SwiftCompile normal arm64_32 Compiling\ InputHandler.swift,\ LinuxSupport.swift,\ StreamDebugger.swift /Users/admin/builder/spi-builder-workspace/Sources/SwollamaCLI/InputHandler.swift /Users/admin/builder/spi-builder-workspace/Sources/SwollamaCLI/LinuxSupport.swift /Users/admin/builder/spi-builder-workspace/Sources/SwollamaCLI/StreamDebugger.swift (in target 'SwollamaCLI-product' from project 'Swollama')
	SwiftCompile normal arm64_32 /Users/admin/builder/spi-builder-workspace/Sources/SwollamaCLI/InputHandler.swift (in target 'SwollamaCLI-product' from project 'Swollama')
	Building workspace Swollama with scheme Swollama-Package
(3 failures)
BUILD FAILURE 6.4 watchOS