The Swift Package Index logo.Swift Package Index

Build Information

Failed to build DitheringEngine, reference main (0197a1), with Swift 6.4 for watchOS using Xcode 27.0 on 23 Sep 2026 09:34:22 UTC.

Build Command

env DEVELOPER_DIR=/Applications/Xcode-27.0.0-Release.Candidate.app xcrun xcodebuild -IDEClonedSourcePackagesDirPathOverride=$PWD/.dependencies -skipMacroValidation -skipPackagePluginValidation -derivedDataPath $PWD/.derivedData build -scheme DitheringEngine -destination generic/platform=watchOS

Build Log

========================================
RunAll
========================================
Builder version: 5.1.0
Interrupt handler set up.
========================================
Checkout
========================================
Clone URL: https://github.com/Eskils/DitheringEngine.git
Reference: main
Initialized empty Git repository in /Users/admin/builder/spi-builder-workspace/.git/
From https://github.com/Eskils/DitheringEngine
 * branch            main       -> FETCH_HEAD
 * [new branch]      main       -> origin/main
HEAD is now at 0197a14 Merge pull request #15 from Eskils/develop
Cloned https://github.com/Eskils/DitheringEngine.git
Revision (git rev-parse @):
0197a146b3f62fa9003f55129ec610043e109390
SUCCESS checkout https://github.com/Eskils/DitheringEngine.git at main
========================================
Build
========================================
Selected platform:         watchOS
Swift version:             6.4
Building package at path:  $PWD
https://github.com/Eskils/DitheringEngine.git
Command line invocation:
    /Applications/Xcode-27.0.0-Release.Candidate.app/Contents/Developer/usr/bin/xcodebuild -IDEClonedSourcePackagesDirPathOverride=/Users/admin/builder/spi-builder-workspace/.dependencies -resolvePackageDependencies
Resolve Package Graph
Resolve Package Graph
Resolved source packages:
  DitheringEngine: /Users/admin/builder/spi-builder-workspace
resolved source packages: DitheringEngine
2026-09-23 05:33:42.000 xcodebuild[529:3048] [MT] IDERunDestination: Supported platforms for the buildables in the current scheme is empty.
{
  "dependencies" : [
  ],
  "manifest_display_name" : "DitheringEngine",
  "name" : "DitheringEngine",
  "path" : "/Users/admin/builder/spi-builder-workspace",
  "platforms" : [
    {
      "name" : "ios",
      "version" : "13.0"
    },
    {
      "name" : "maccatalyst",
      "version" : "13.0"
    },
    {
      "name" : "macos",
      "version" : "10.15"
    }
  ],
  "products" : [
    {
      "name" : "DitheringEngine",
      "targets" : [
        "DitheringEngine"
      ],
      "type" : {
        "library" : [
          "automatic"
        ]
      }
    }
  ],
  "targets" : [
    {
      "c99name" : "DitheringEngineTests",
      "module_type" : "SwiftTarget",
      "name" : "DitheringEngineTests",
      "path" : "Tests/DitheringEngineTests",
      "sources" : [
        "DitheringEngineTests.swift",
        "SettingsCodableTests.swift",
        "TestingHelpers.swift",
        "TestsError.swift"
      ],
      "target_dependencies" : [
        "DitheringEngine"
      ],
      "type" : "test"
    },
    {
      "c99name" : "DitheringEngine",
      "module_type" : "SwiftTarget",
      "name" : "DitheringEngine",
      "path" : "Sources/DitheringEngine",
      "product_memberships" : [
        "DitheringEngine"
      ],
      "resources" : [
        {
          "path" : "/Users/admin/builder/spi-builder-workspace/Sources/DitheringEngine/PrivacyInfo.xcprivacy",
          "rule" : {
            "process" : {
            }
          }
        }
      ],
      "sources" : [
        "CustomPaletteSettings.swift",
        "DitherMehtod.swift",
        "DitherMethods/Dither-Atkinson.swift",
        "DitherMethods/Dither-Bayer.swift",
        "DitherMethods/Dither-CleanThreshold.swift",
        "DitherMethods/Dither-ErrorDiffusion.swift",
        "DitherMethods/Dither-FloydSteinberg.swift",
        "DitherMethods/Dither-JarvisJudiceNinke.swift",
        "DitherMethods/Dither-Noise.swift",
        "DitherMethods/Dither-None.swift",
        "DitherMethods/Dither-Ordered.swift",
        "DitherMethods/Dither-WhiteNoise.swift",
        "DitherMethods/DitherMethods.swift",
        "DitheringEngine.swift",
        "ErrorDiffusionDitheringCustomization.swift",
        "Extensions/AnyPublisher+Extension.swift",
        "Extensions/Array+Extension.swift",
        "Extensions/Numeric+Extension.swift",
        "Extensions/SIMD3+Extension.swift",
        "Helpers/CGImageDataTransformer.swift",
        "Helpers/WhiteNoiseGenerator.swift",
        "Helpers/clamp.swift",
        "Helpers/convertColorspace.swift",
        "Helpers/equallySpacedColors.swift",
        "ImageColor.swift",
        "ImageDescription.swift",
        "ImageDescriptionFormat.swift",
        "LUT.swift",
        "LUTCollection.swift",
        "LUTPalette.swift",
        "Metal/MetalOrderedDithering.swift",
        "Nameable.swift",
        "OrderedDitheringThresholdConfiguration.swift",
        "Palette.swift",
        "Palettes/Palette-Apple2.swift",
        "Palettes/Palette-BlackAndWhite.swift",
        "Palettes/Palette-CGA.swift",
        "Palettes/Palette-GameBoy.swift",
        "Palettes/Palette-Grayscale.swift",
        "Palettes/Palette-Intellivision.swift",
        "Palettes/Palette-Quantized.swift",
        "Palettes/Palettes.swift",
        "SettingsConfiguration.swift",
        "SettingsConfigurations/Apple2SettingsConfiguration.swift",
        "SettingsConfigurations/BayerSettingsConfiguration.swift",
        "SettingsConfigurations/CGASettingsConfiguration.swift",
        "SettingsConfigurations/CustomPaletteSettingsConfiguration.swift",
        "SettingsConfigurations/DitherMethodSettingsConfiguration.swift",
        "SettingsConfigurations/EmptySettingsConfiguration.swift",
        "SettingsConfigurations/FloydSteinbergSettingsConfiguration.swift",
        "SettingsConfigurations/NoiseDitheringSettingsConfiguration.swift",
        "SettingsConfigurations/PaletteSelectionSettingsConfiguration.swift",
        "SettingsConfigurations/QuantizedColorSettingsConfiguration.swift",
        "SettingsConfigurations/WhiteNoiseSettingsConfiguration.swift",
        "ThresholdMap.swift",
        "Video/VideoAssembler.swift",
        "Video/VideoDescription.swift",
        "Video/VideoDitheringEngine.swift"
      ],
      "type" : "library"
    }
  ],
  "tools_version" : "5.8"
}
{
  "workspace" : {
    "name" : "DitheringEngine",
    "schemes" : [
      "DitheringEngine"
    ]
  }
}
2026-09-23 05:34:14.077 xcodebuild[626:3892] [MT] IDERunDestination: Supported platforms for the buildables in the current scheme is empty.
Running build ...
env DEVELOPER_DIR=/Applications/Xcode-27.0.0-Release.Candidate.app xcrun xcodebuild -IDEClonedSourcePackagesDirPathOverride=$PWD/.dependencies -skipMacroValidation -skipPackagePluginValidation -derivedDataPath $PWD/.derivedData build -scheme DitheringEngine -destination generic/platform=watchOS
Command line invocation:
    /Applications/Xcode-27.0.0-Release.Candidate.app/Contents/Developer/usr/bin/xcodebuild -IDEClonedSourcePackagesDirPathOverride=/Users/admin/builder/spi-builder-workspace/.dependencies -skipMacroValidation -skipPackagePluginValidation -derivedDataPath /Users/admin/builder/spi-builder-workspace/.derivedData build -scheme DitheringEngine -destination generic/platform=watchOS
Resolve Package Graph
Resolved source packages:
  DitheringEngine: /Users/admin/builder/spi-builder-workspace
ComputePackagePrebuildTargetDependencyGraph
Prepare packages
CreateBuildRequest
SendProjectDescription
CreateBuildOperation
ComputeTargetDependencyGraph
note: Building targets in dependency order
note: Target dependency graph (3 targets)
    Target 'DitheringEngine-product' in project 'DitheringEngine'
        ➜ Explicit dependency on target 'DitheringEngine' in project 'DitheringEngine'
        ➜ Explicit dependency on target 'DitheringEngine_DitheringEngine' in project 'DitheringEngine'
    Target 'DitheringEngine' in project 'DitheringEngine'
        ➜ Explicit dependency on target 'DitheringEngine_DitheringEngine' in project 'DitheringEngine'
    Target 'DitheringEngine_DitheringEngine' in project 'DitheringEngine' (no dependencies)
GatherProvisioningInputs
CreateBuildDescription
ExecuteExternalTool /Applications/Xcode-27.0.0-Release.Candidate.app/Contents/Developer/Toolchains/XcodeDefault.xctoolchain/usr/bin/clang -v -E -dM -isysroot /Applications/Xcode-27.0.0-Release.Candidate.app/Contents/Developer/Platforms/WatchOS.platform/Developer/SDKs/WatchOS27.0.sdk -x c -c /dev/null
ExecuteExternalTool /Applications/Xcode-27.0.0-Release.Candidate.app/Contents/Developer/Toolchains/XcodeDefault.xctoolchain/usr/bin/swiftc --version
ExecuteExternalTool /Applications/Xcode-27.0.0-Release.Candidate.app/Contents/Developer/Toolchains/XcodeDefault.xctoolchain/usr/bin/ld -version_details
Build description signature: b3dd596ae591e8728696dc6b018195b4
Build description path: /Users/admin/builder/spi-builder-workspace/.derivedData/Build/Intermediates.noindex/XCBuildData/b3dd596ae591e8728696dc6b018195b4.xcbuilddata
CreateBuildDirectory /Users/admin/builder/spi-builder-workspace/.derivedData/ModuleCache.noindex
    cd /Users/admin/builder/spi-builder-workspace/.swiftpm/xcode
    builtin-create-build-directory /Users/admin/builder/spi-builder-workspace/.derivedData/ModuleCache.noindex
CreateBuildDirectory /Users/admin/builder/spi-builder-workspace/.derivedData/CompilationCache.noindex
    cd /Users/admin/builder/spi-builder-workspace/.swiftpm/xcode
    builtin-create-build-directory /Users/admin/builder/spi-builder-workspace/.derivedData/CompilationCache.noindex
CreateBuildDirectory /Users/admin/builder/spi-builder-workspace/.derivedData/SDKExplicitPrecompiledModules
    cd /Users/admin/builder/spi-builder-workspace/.swiftpm/xcode
    builtin-create-build-directory /Users/admin/builder/spi-builder-workspace/.derivedData/SDKExplicitPrecompiledModules
ClangStatCache /Applications/Xcode-27.0.0-Release.Candidate.app/Contents/Developer/Toolchains/XcodeDefault.xctoolchain/usr/bin/clang-stat-cache /Applications/Xcode-27.0.0-Release.Candidate.app/Contents/Developer/Platforms/WatchOS.platform/Developer/SDKs/WatchOS27.0.sdk /Users/admin/builder/spi-builder-workspace/.derivedData/SDKStatCaches.noindex/watchos27.0-24R360-e829b21a6f8c9b70876ba0858053c04477534ef55a1706bf4c1112bbb242f0a2.sdkstatcache
    cd /Users/admin/builder/spi-builder-workspace/.swiftpm/xcode
    /Applications/Xcode-27.0.0-Release.Candidate.app/Contents/Developer/Toolchains/XcodeDefault.xctoolchain/usr/bin/clang-stat-cache /Applications/Xcode-27.0.0-Release.Candidate.app/Contents/Developer/Platforms/WatchOS.platform/Developer/SDKs/WatchOS27.0.sdk -o /Users/admin/builder/spi-builder-workspace/.derivedData/SDKStatCaches.noindex/watchos27.0-24R360-e829b21a6f8c9b70876ba0858053c04477534ef55a1706bf4c1112bbb242f0a2.sdkstatcache
CreateBuildDirectory /Users/admin/builder/spi-builder-workspace/.derivedData/Build/Products
    cd /Users/admin/builder/spi-builder-workspace/.swiftpm/xcode
    builtin-create-build-directory /Users/admin/builder/spi-builder-workspace/.derivedData/Build/Products
CreateBuildDirectory /Users/admin/builder/spi-builder-workspace/.derivedData/Build/Intermediates.noindex
    cd /Users/admin/builder/spi-builder-workspace/.swiftpm/xcode
    builtin-create-build-directory /Users/admin/builder/spi-builder-workspace/.derivedData/Build/Intermediates.noindex
CreateBuildDirectory /Users/admin/builder/spi-builder-workspace/.derivedData/Build/Intermediates.noindex/SwiftExplicitPrecompiledModules
    cd /Users/admin/builder/spi-builder-workspace/.swiftpm/xcode
    builtin-create-build-directory /Users/admin/builder/spi-builder-workspace/.derivedData/Build/Intermediates.noindex/SwiftExplicitPrecompiledModules
CreateBuildDirectory /Users/admin/builder/spi-builder-workspace/.derivedData/Build/Intermediates.noindex/PrecompiledHeaders
    cd /Users/admin/builder/spi-builder-workspace/.swiftpm/xcode
    builtin-create-build-directory /Users/admin/builder/spi-builder-workspace/.derivedData/Build/Intermediates.noindex/PrecompiledHeaders
CreateBuildDirectory /Users/admin/builder/spi-builder-workspace/.derivedData/Build/Intermediates.noindex/ExplicitPrecompiledModules
    cd /Users/admin/builder/spi-builder-workspace/.swiftpm/xcode
    builtin-create-build-directory /Users/admin/builder/spi-builder-workspace/.derivedData/Build/Intermediates.noindex/ExplicitPrecompiledModules
CreateBuildDirectory /Users/admin/builder/spi-builder-workspace/.derivedData/Build/Intermediates.noindex/EagerLinkingTBDs/Debug-watchos
    cd /Users/admin/builder/spi-builder-workspace/.swiftpm/xcode
    builtin-create-build-directory /Users/admin/builder/spi-builder-workspace/.derivedData/Build/Intermediates.noindex/EagerLinkingTBDs/Debug-watchos
CreateBuildDirectory /Users/admin/builder/spi-builder-workspace/.derivedData/Build/Products/Debug-watchos
    cd /Users/admin/builder/spi-builder-workspace/.swiftpm/xcode
    builtin-create-build-directory /Users/admin/builder/spi-builder-workspace/.derivedData/Build/Products/Debug-watchos
CreateBuildDirectory /Users/admin/builder/spi-builder-workspace/.derivedData/Build/Products/Debug-watchos/PackageFrameworks
    cd /Users/admin/builder/spi-builder-workspace/.swiftpm/xcode
    builtin-create-build-directory /Users/admin/builder/spi-builder-workspace/.derivedData/Build/Products/Debug-watchos/PackageFrameworks
MkDir /Users/admin/builder/spi-builder-workspace/.derivedData/Build/Products/Debug-watchos/DitheringEngine_DitheringEngine.bundle (in target 'DitheringEngine_DitheringEngine' from project 'DitheringEngine')
    cd /Users/admin/builder/spi-builder-workspace
    /bin/mkdir -p /Users/admin/builder/spi-builder-workspace/.derivedData/Build/Products/Debug-watchos/DitheringEngine_DitheringEngine.bundle
WriteAuxiliaryFile /Users/admin/builder/spi-builder-workspace/.derivedData/Build/Intermediates.noindex/DitheringEngine.build/Debug-watchos/DitheringEngine_DitheringEngine-b.build/DitheringEngine_DitheringEngine.DependencyStaticMetadataFileList (in target 'DitheringEngine_DitheringEngine' from project 'DitheringEngine')
    cd /Users/admin/builder/spi-builder-workspace
    write-file /Users/admin/builder/spi-builder-workspace/.derivedData/Build/Intermediates.noindex/DitheringEngine.build/Debug-watchos/DitheringEngine_DitheringEngine-b.build/DitheringEngine_DitheringEngine.DependencyStaticMetadataFileList
WriteAuxiliaryFile /Users/admin/builder/spi-builder-workspace/.derivedData/Build/Intermediates.noindex/DitheringEngine.build/Debug-watchos/DitheringEngine_DitheringEngine-b.build/empty-DitheringEngine_DitheringEngine.plist (in target 'DitheringEngine_DitheringEngine' from project 'DitheringEngine')
    cd /Users/admin/builder/spi-builder-workspace
    write-file /Users/admin/builder/spi-builder-workspace/.derivedData/Build/Intermediates.noindex/DitheringEngine.build/Debug-watchos/DitheringEngine_DitheringEngine-b.build/empty-DitheringEngine_DitheringEngine.plist
WriteAuxiliaryFile /Users/admin/builder/spi-builder-workspace/.derivedData/Build/Intermediates.noindex/DitheringEngine.build/Debug-watchos/DitheringEngine_DitheringEngine-b.build/DitheringEngine_DitheringEngine.DependencyMetadataFileList (in target 'DitheringEngine_DitheringEngine' from project 'DitheringEngine')
    cd /Users/admin/builder/spi-builder-workspace
    write-file /Users/admin/builder/spi-builder-workspace/.derivedData/Build/Intermediates.noindex/DitheringEngine.build/Debug-watchos/DitheringEngine_DitheringEngine-b.build/DitheringEngine_DitheringEngine.DependencyMetadataFileList
WriteAuxiliaryFile /Users/admin/builder/spi-builder-workspace/.derivedData/Build/Intermediates.noindex/DitheringEngine.build/Debug-watchos/DitheringEngine-t.build/Objects-normal/arm64_32/DitheringEngine.SwiftFileList (in target 'DitheringEngine' from project 'DitheringEngine')
    cd /Users/admin/builder/spi-builder-workspace
    write-file /Users/admin/builder/spi-builder-workspace/.derivedData/Build/Intermediates.noindex/DitheringEngine.build/Debug-watchos/DitheringEngine-t.build/Objects-normal/arm64_32/DitheringEngine.SwiftFileList
WriteAuxiliaryFile /Users/admin/builder/spi-builder-workspace/.derivedData/Build/Intermediates.noindex/DitheringEngine.build/Debug-watchos/DitheringEngine-t.build/Objects-normal/arm64_32/DitheringEngine-OutputFileMap.json (in target 'DitheringEngine' from project 'DitheringEngine')
    cd /Users/admin/builder/spi-builder-workspace
    write-file /Users/admin/builder/spi-builder-workspace/.derivedData/Build/Intermediates.noindex/DitheringEngine.build/Debug-watchos/DitheringEngine-t.build/Objects-normal/arm64_32/DitheringEngine-OutputFileMap.json
WriteAuxiliaryFile /Users/admin/builder/spi-builder-workspace/.derivedData/Build/Intermediates.noindex/DitheringEngine.build/Debug-watchos/DitheringEngine-t.build/Objects-normal/arm64_32/DitheringEngine.LinkFileList (in target 'DitheringEngine' from project 'DitheringEngine')
    cd /Users/admin/builder/spi-builder-workspace
    write-file /Users/admin/builder/spi-builder-workspace/.derivedData/Build/Intermediates.noindex/DitheringEngine.build/Debug-watchos/DitheringEngine-t.build/Objects-normal/arm64_32/DitheringEngine.LinkFileList
WriteAuxiliaryFile /Users/admin/builder/spi-builder-workspace/.derivedData/Build/Intermediates.noindex/DitheringEngine.build/Debug-watchos/DitheringEngine-t.build/Objects-normal/arm64_32/DitheringEngine.SwiftConstValuesFileList (in target 'DitheringEngine' from project 'DitheringEngine')
    cd /Users/admin/builder/spi-builder-workspace
    write-file /Users/admin/builder/spi-builder-workspace/.derivedData/Build/Intermediates.noindex/DitheringEngine.build/Debug-watchos/DitheringEngine-t.build/Objects-normal/arm64_32/DitheringEngine.SwiftConstValuesFileList
WriteAuxiliaryFile /Users/admin/builder/spi-builder-workspace/.derivedData/Build/Intermediates.noindex/DitheringEngine.build/Debug-watchos/DitheringEngine-t.build/Objects-normal/arm64_32/DitheringEngine_const_extract_protocols.json (in target 'DitheringEngine' from project 'DitheringEngine')
    cd /Users/admin/builder/spi-builder-workspace
    write-file /Users/admin/builder/spi-builder-workspace/.derivedData/Build/Intermediates.noindex/DitheringEngine.build/Debug-watchos/DitheringEngine-t.build/Objects-normal/arm64_32/DitheringEngine_const_extract_protocols.json
WriteAuxiliaryFile /Users/admin/builder/spi-builder-workspace/.derivedData/Build/Intermediates.noindex/DitheringEngine.build/Debug-watchos/DitheringEngine-t.build/Objects-normal/arm64/DitheringEngine_const_extract_protocols.json (in target 'DitheringEngine' from project 'DitheringEngine')
    cd /Users/admin/builder/spi-builder-workspace
    write-file /Users/admin/builder/spi-builder-workspace/.derivedData/Build/Intermediates.noindex/DitheringEngine.build/Debug-watchos/DitheringEngine-t.build/Objects-normal/arm64/DitheringEngine_const_extract_protocols.json
WriteAuxiliaryFile /Users/admin/builder/spi-builder-workspace/.derivedData/Build/Intermediates.noindex/DitheringEngine.build/Debug-watchos/DitheringEngine-t.build/Objects-normal/arm64/DitheringEngine.SwiftFileList (in target 'DitheringEngine' from project 'DitheringEngine')
    cd /Users/admin/builder/spi-builder-workspace
    write-file /Users/admin/builder/spi-builder-workspace/.derivedData/Build/Intermediates.noindex/DitheringEngine.build/Debug-watchos/DitheringEngine-t.build/Objects-normal/arm64/DitheringEngine.SwiftFileList
WriteAuxiliaryFile /Users/admin/builder/spi-builder-workspace/.derivedData/Build/Intermediates.noindex/DitheringEngine.build/Debug-watchos/DitheringEngine-t.build/Objects-normal/arm64/DitheringEngine.SwiftConstValuesFileList (in target 'DitheringEngine' from project 'DitheringEngine')
    cd /Users/admin/builder/spi-builder-workspace
    write-file /Users/admin/builder/spi-builder-workspace/.derivedData/Build/Intermediates.noindex/DitheringEngine.build/Debug-watchos/DitheringEngine-t.build/Objects-normal/arm64/DitheringEngine.SwiftConstValuesFileList
WriteAuxiliaryFile /Users/admin/builder/spi-builder-workspace/.derivedData/Build/Intermediates.noindex/DitheringEngine.build/Debug-watchos/DitheringEngine-t.build/Objects-normal/arm64/DitheringEngine.LinkFileList (in target 'DitheringEngine' from project 'DitheringEngine')
    cd /Users/admin/builder/spi-builder-workspace
    write-file /Users/admin/builder/spi-builder-workspace/.derivedData/Build/Intermediates.noindex/DitheringEngine.build/Debug-watchos/DitheringEngine-t.build/Objects-normal/arm64/DitheringEngine.LinkFileList
WriteAuxiliaryFile /Users/admin/builder/spi-builder-workspace/.derivedData/Build/Intermediates.noindex/DitheringEngine.build/Debug-watchos/DitheringEngine-t.build/Objects-normal/arm64/DitheringEngine-OutputFileMap.json (in target 'DitheringEngine' from project 'DitheringEngine')
    cd /Users/admin/builder/spi-builder-workspace
    write-file /Users/admin/builder/spi-builder-workspace/.derivedData/Build/Intermediates.noindex/DitheringEngine.build/Debug-watchos/DitheringEngine-t.build/Objects-normal/arm64/DitheringEngine-OutputFileMap.json
WriteAuxiliaryFile /Users/admin/builder/spi-builder-workspace/.derivedData/Build/Intermediates.noindex/DitheringEngine.build/Debug-watchos/DitheringEngine-t.build/DitheringEngine.modulemap (in target 'DitheringEngine' from project 'DitheringEngine')
    cd /Users/admin/builder/spi-builder-workspace
    write-file /Users/admin/builder/spi-builder-workspace/.derivedData/Build/Intermediates.noindex/DitheringEngine.build/Debug-watchos/DitheringEngine-t.build/DitheringEngine.modulemap
WriteAuxiliaryFile /Users/admin/builder/spi-builder-workspace/.derivedData/Build/Intermediates.noindex/DitheringEngine.build/Debug-watchos/DitheringEngine-t.build/DitheringEngine.DependencyStaticMetadataFileList (in target 'DitheringEngine' from project 'DitheringEngine')
    cd /Users/admin/builder/spi-builder-workspace
    write-file /Users/admin/builder/spi-builder-workspace/.derivedData/Build/Intermediates.noindex/DitheringEngine.build/Debug-watchos/DitheringEngine-t.build/DitheringEngine.DependencyStaticMetadataFileList
WriteAuxiliaryFile /Users/admin/builder/spi-builder-workspace/.derivedData/Build/Intermediates.noindex/DitheringEngine.build/Debug-watchos/DitheringEngine-t.build/DitheringEngine.DependencyMetadataFileList (in target 'DitheringEngine' from project 'DitheringEngine')
    cd /Users/admin/builder/spi-builder-workspace
    write-file /Users/admin/builder/spi-builder-workspace/.derivedData/Build/Intermediates.noindex/DitheringEngine.build/Debug-watchos/DitheringEngine-t.build/DitheringEngine.DependencyMetadataFileList
WriteAuxiliaryFile /Users/admin/builder/spi-builder-workspace/.derivedData/Build/Intermediates.noindex/DitheringEngine.build/Debug-watchos/DitheringEngine-t.build/DerivedSources/resource_bundle_accessor.swift (in target 'DitheringEngine' from project 'DitheringEngine')
    cd /Users/admin/builder/spi-builder-workspace
    write-file /Users/admin/builder/spi-builder-workspace/.derivedData/Build/Intermediates.noindex/DitheringEngine.build/Debug-watchos/DitheringEngine-t.build/DerivedSources/resource_bundle_accessor.swift
Copy /Users/admin/builder/spi-builder-workspace/.derivedData/Build/Intermediates.noindex/GeneratedModuleMaps-watchos/DitheringEngine.modulemap /Users/admin/builder/spi-builder-workspace/.derivedData/Build/Intermediates.noindex/DitheringEngine.build/Debug-watchos/DitheringEngine-t.build/DitheringEngine.modulemap (in target 'DitheringEngine' from project 'DitheringEngine')
    cd /Users/admin/builder/spi-builder-workspace
    builtin-copy -exclude .DS_Store -exclude CVS -exclude .svn -exclude .git -exclude .hg -resolve-src-symlinks /Users/admin/builder/spi-builder-workspace/.derivedData/Build/Intermediates.noindex/DitheringEngine.build/Debug-watchos/DitheringEngine-t.build/DitheringEngine.modulemap /Users/admin/builder/spi-builder-workspace/.derivedData/Build/Intermediates.noindex/GeneratedModuleMaps-watchos
ProcessInfoPlistFile /Users/admin/builder/spi-builder-workspace/.derivedData/Build/Products/Debug-watchos/DitheringEngine_DitheringEngine.bundle/Info.plist /Users/admin/builder/spi-builder-workspace/.derivedData/Build/Intermediates.noindex/DitheringEngine.build/Debug-watchos/DitheringEngine_DitheringEngine-b.build/empty-DitheringEngine_DitheringEngine.plist (in target 'DitheringEngine_DitheringEngine' from project 'DitheringEngine')
    cd /Users/admin/builder/spi-builder-workspace
    builtin-infoPlistUtility /Users/admin/builder/spi-builder-workspace/.derivedData/Build/Intermediates.noindex/DitheringEngine.build/Debug-watchos/DitheringEngine_DitheringEngine-b.build/empty-DitheringEngine_DitheringEngine.plist -producttype com.apple.product-type.bundle -expandbuildsettings -format binary -platform watchos -o /Users/admin/builder/spi-builder-workspace/.derivedData/Build/Products/Debug-watchos/DitheringEngine_DitheringEngine.bundle/Info.plist
CpResource /Users/admin/builder/spi-builder-workspace/.derivedData/Build/Products/Debug-watchos/DitheringEngine_DitheringEngine.bundle/PrivacyInfo.xcprivacy /Users/admin/builder/spi-builder-workspace/Sources/DitheringEngine/PrivacyInfo.xcprivacy (in target 'DitheringEngine_DitheringEngine' from project 'DitheringEngine')
    cd /Users/admin/builder/spi-builder-workspace
    builtin-copy -exclude .DS_Store -exclude CVS -exclude .svn -exclude .git -exclude .hg -resolve-src-symlinks /Users/admin/builder/spi-builder-workspace/Sources/DitheringEngine/PrivacyInfo.xcprivacy /Users/admin/builder/spi-builder-workspace/.derivedData/Build/Products/Debug-watchos/DitheringEngine_DitheringEngine.bundle
CompileMetalFile /Users/admin/builder/spi-builder-workspace/Sources/DitheringEngine/Metal/OrderedDithering.metal (in target 'DitheringEngine_DitheringEngine' from project 'DitheringEngine')
    cd /Users/admin/builder/spi-builder-workspace
    /var/run/com.apple.security.cryptexd/mnt/com.apple.MobileAsset.MetalToolchain-v27.1.266.1.t675zW/Metal.xctoolchain/usr/bin/metal -c -target air64-apple-watchos9.0 -I/Users/admin/builder/spi-builder-workspace/.derivedData/Build/Products/Debug-watchos/include -F/Users/admin/builder/spi-builder-workspace/.derivedData/Build/Products/Debug-watchos -isysroot /Applications/Xcode-27.0.0-Release.Candidate.app/Contents/Developer/Platforms/WatchOS.platform/Developer/SDKs/WatchOS27.0.sdk -fmetal-math-mode\=fast -fmetal-math-fp32-functions\=fast -serialize-diagnostics /Users/admin/builder/spi-builder-workspace/.derivedData/Build/Intermediates.noindex/DitheringEngine.build/Debug-watchos/DitheringEngine_DitheringEngine-b.build/Metal/OrderedDithering.dia -o /Users/admin/builder/spi-builder-workspace/.derivedData/Build/Intermediates.noindex/DitheringEngine.build/Debug-watchos/DitheringEngine_DitheringEngine-b.build/Metal/OrderedDithering.air -MMD -MT dependencies -MF /Users/admin/builder/spi-builder-workspace/.derivedData/Build/Intermediates.noindex/DitheringEngine.build/Debug-watchos/DitheringEngine_DitheringEngine-b.build/Metal/OrderedDithering.dat /Users/admin/builder/spi-builder-workspace/Sources/DitheringEngine/Metal/OrderedDithering.metal
SwiftDriver DitheringEngine normal arm64_32 com.apple.xcode.tools.swift.compiler (in target 'DitheringEngine' from project 'DitheringEngine')
    cd /Users/admin/builder/spi-builder-workspace/.swiftpm/xcode
    builtin-SwiftDriver -- /Applications/Xcode-27.0.0-Release.Candidate.app/Contents/Developer/Toolchains/XcodeDefault.xctoolchain/usr/bin/swiftc -parse-as-library -module-name DitheringEngine -Onone @/Users/admin/builder/spi-builder-workspace/.derivedData/Build/Intermediates.noindex/DitheringEngine.build/Debug-watchos/DitheringEngine-t.build/Objects-normal/arm64_32/DitheringEngine.SwiftFileList -DSWIFT_PACKAGE -DDEBUG -DSWIFT_MODULE_RESOURCE_BUNDLE_AVAILABLE -DXcode -plugin-path /Applications/Xcode-27.0.0-Release.Candidate.app/Contents/Developer/Toolchains/XcodeDefault.xctoolchain/usr/lib/swift/host/plugins/testing -enable-experimental-feature DebugDescriptionMacro -sdk /Applications/Xcode-27.0.0-Release.Candidate.app/Contents/Developer/Platforms/WatchOS.platform/Developer/SDKs/WatchOS27.0.sdk -target arm64_32-apple-watchos9.0 -g -module-cache-path /Users/admin/builder/spi-builder-workspace/.derivedData/ModuleCache.noindex -Xfrontend -serialize-debugging-options -profile-coverage-mapping -profile-generate -enable-testing -index-store-path /Users/admin/builder/spi-builder-workspace/.derivedData/Index.noindex/DataStore -Xcc -D_LIBCPP_HARDENING_MODE\=_LIBCPP_HARDENING_MODE_DEBUG -swift-version 5 -I /Users/admin/builder/spi-builder-workspace/.derivedData/Build/Products/Debug-watchos -Isystem /Applications/Xcode-27.0.0-Release.Candidate.app/Contents/Developer/Platforms/WatchOS.platform/Developer/usr/lib -F /Users/admin/builder/spi-builder-workspace/.derivedData/Build/Products/Debug-watchos -F /Applications/Xcode-27.0.0-Release.Candidate.app/Contents/Developer/Platforms/WatchOS.platform/Developer/Library/Frameworks -F /Applications/Xcode-27.0.0-Release.Candidate.app/Contents/Developer/Platforms/WatchOS.platform/Developer/SDKs/WatchOS27.0.sdk/Developer/Library/Frameworks -c -j10 -enable-batch-mode -incremental -Xcc -ivfsstatcache -Xcc /Users/admin/builder/spi-builder-workspace/.derivedData/SDKStatCaches.noindex/watchos27.0-24R360-e829b21a6f8c9b70876ba0858053c04477534ef55a1706bf4c1112bbb242f0a2.sdkstatcache -output-file-map /Users/admin/builder/spi-builder-workspace/.derivedData/Build/Intermediates.noindex/DitheringEngine.build/Debug-watchos/DitheringEngine-t.build/Objects-normal/arm64_32/DitheringEngine-OutputFileMap.json -save-temps -no-color-diagnostics -explicit-module-build -module-cache-path /Users/admin/builder/spi-builder-workspace/.derivedData/Build/Intermediates.noindex/SwiftExplicitPrecompiledModules -clang-scanner-module-cache-path /Users/admin/builder/spi-builder-workspace/.derivedData/ModuleCache.noindex -sdk-module-cache-path /Users/admin/builder/spi-builder-workspace/.derivedData/SDKExplicitPrecompiledModules -emit-dependencies -emit-module -emit-module-path /Users/admin/builder/spi-builder-workspace/.derivedData/Build/Intermediates.noindex/DitheringEngine.build/Debug-watchos/DitheringEngine-t.build/Objects-normal/arm64_32/DitheringEngine.swiftmodule -serialize-diagnostics -dependency-scan-serialize-diagnostics-path /Users/admin/builder/spi-builder-workspace/.derivedData/Build/Intermediates.noindex/DitheringEngine.build/Debug-watchos/DitheringEngine-t.build/Objects-normal/arm64_32/DitheringEngine-dependency-scan.dia -validate-clang-modules-once -clang-build-session-file /Users/admin/builder/spi-builder-workspace/.derivedData/ModuleCache.noindex/Session.modulevalidation -Xcc -fmodules-prune-interval\=86400 -Xcc -fmodules-prune-after\=345600 -emit-const-values -const-gather-protocols-list /Users/admin/builder/spi-builder-workspace/.derivedData/Build/Intermediates.noindex/DitheringEngine.build/Debug-watchos/DitheringEngine-t.build/Objects-normal/arm64_32/DitheringEngine_const_extract_protocols.json -Xcc -I/Users/admin/builder/spi-builder-workspace/.derivedData/Build/Products/Debug-watchos/include -Xcc -I/Users/admin/builder/spi-builder-workspace/.derivedData/Build/Intermediates.noindex/DitheringEngine.build/Debug-watchos/DitheringEngine-t.build/DerivedSources-normal/arm64_32 -Xcc -I/Users/admin/builder/spi-builder-workspace/.derivedData/Build/Intermediates.noindex/DitheringEngine.build/Debug-watchos/DitheringEngine-t.build/DerivedSources/arm64_32 -Xcc -I/Users/admin/builder/spi-builder-workspace/.derivedData/Build/Intermediates.noindex/DitheringEngine.build/Debug-watchos/DitheringEngine-t.build/DerivedSources -Xcc -DSWIFT_PACKAGE -Xcc -DDEBUG\=1 -emit-objc-header -emit-objc-header-path /Users/admin/builder/spi-builder-workspace/.derivedData/Build/Intermediates.noindex/DitheringEngine.build/Debug-watchos/DitheringEngine-t.build/Objects-normal/arm64_32/DitheringEngine-Swift.h -working-directory /Users/admin/builder/spi-builder-workspace/.swiftpm/xcode -experimental-emit-module-separately -disable-cmo
/Users/admin/builder/spi-builder-workspace/Sources/DitheringEngine/Metal/MetalOrderedDithering.swift:8:8: error: Unable to resolve module dependency: 'Metal' (in target 'DitheringEngine' from project 'DitheringEngine')
    note: A dependency of main module 'DitheringEngine'
/Users/admin/builder/spi-builder-workspace/Sources/DitheringEngine/Video/VideoDescription.swift:10:8: error: Unable to resolve module dependency: 'CoreImage' (in target 'DitheringEngine' from project 'DitheringEngine')
    note: A dependency of main module 'DitheringEngine'
    /Users/admin/builder/spi-builder-workspace/Sources/DitheringEngine/Video/VideoDitheringEngine.swift:9:8: note: Also imported here
    /Users/admin/builder/spi-builder-workspace/Sources/DitheringEngine/Video/VideoDitheringEngine.swift:10:8: note: Also imported here
/Users/admin/builder/spi-builder-workspace/Sources/DitheringEngine/Metal/MetalOrderedDithering.swift:8:8: note: A dependency of main module 'DitheringEngine'
import Metal
       ^ (in target 'DitheringEngine' from project 'DitheringEngine')
/Users/admin/builder/spi-builder-workspace/Sources/DitheringEngine/Video/VideoDescription.swift:10:8: note: A dependency of main module 'DitheringEngine'
import CoreImage
       ^ (in target 'DitheringEngine' from project 'DitheringEngine')
/Users/admin/builder/spi-builder-workspace/Sources/DitheringEngine/Video/VideoDitheringEngine.swift:9:8: note: Also imported here
import CoreImage
       ^ (in target 'DitheringEngine' from project 'DitheringEngine')
/Users/admin/builder/spi-builder-workspace/Sources/DitheringEngine/Video/VideoDitheringEngine.swift:10:8: note: Also imported here
import CoreImage.CIFilterBuiltins
       ^ (in target 'DitheringEngine' from project 'DitheringEngine')
SwiftDriver DitheringEngine normal arm64 com.apple.xcode.tools.swift.compiler (in target 'DitheringEngine' from project 'DitheringEngine')
    cd /Users/admin/builder/spi-builder-workspace/.swiftpm/xcode
    builtin-SwiftDriver -- /Applications/Xcode-27.0.0-Release.Candidate.app/Contents/Developer/Toolchains/XcodeDefault.xctoolchain/usr/bin/swiftc -parse-as-library -module-name DitheringEngine -Onone @/Users/admin/builder/spi-builder-workspace/.derivedData/Build/Intermediates.noindex/DitheringEngine.build/Debug-watchos/DitheringEngine-t.build/Objects-normal/arm64/DitheringEngine.SwiftFileList -DSWIFT_PACKAGE -DDEBUG -DSWIFT_MODULE_RESOURCE_BUNDLE_AVAILABLE -DXcode -plugin-path /Applications/Xcode-27.0.0-Release.Candidate.app/Contents/Developer/Toolchains/XcodeDefault.xctoolchain/usr/lib/swift/host/plugins/testing -enable-experimental-feature DebugDescriptionMacro -sdk /Applications/Xcode-27.0.0-Release.Candidate.app/Contents/Developer/Platforms/WatchOS.platform/Developer/SDKs/WatchOS27.0.sdk -target arm64-apple-watchos9.0 -g -module-cache-path /Users/admin/builder/spi-builder-workspace/.derivedData/ModuleCache.noindex -Xfrontend -serialize-debugging-options -profile-coverage-mapping -profile-generate -enable-testing -index-store-path /Users/admin/builder/spi-builder-workspace/.derivedData/Index.noindex/DataStore -Xcc -D_LIBCPP_HARDENING_MODE\=_LIBCPP_HARDENING_MODE_DEBUG -swift-version 5 -I /Users/admin/builder/spi-builder-workspace/.derivedData/Build/Products/Debug-watchos -Isystem /Applications/Xcode-27.0.0-Release.Candidate.app/Contents/Developer/Platforms/WatchOS.platform/Developer/usr/lib -F /Users/admin/builder/spi-builder-workspace/.derivedData/Build/Products/Debug-watchos -F /Applications/Xcode-27.0.0-Release.Candidate.app/Contents/Developer/Platforms/WatchOS.platform/Developer/Library/Frameworks -F /Applications/Xcode-27.0.0-Release.Candidate.app/Contents/Developer/Platforms/WatchOS.platform/Developer/SDKs/WatchOS27.0.sdk/Developer/Library/Frameworks -c -j10 -enable-batch-mode -incremental -Xcc -ivfsstatcache -Xcc /Users/admin/builder/spi-builder-workspace/.derivedData/SDKStatCaches.noindex/watchos27.0-24R360-e829b21a6f8c9b70876ba0858053c04477534ef55a1706bf4c1112bbb242f0a2.sdkstatcache -output-file-map /Users/admin/builder/spi-builder-workspace/.derivedData/Build/Intermediates.noindex/DitheringEngine.build/Debug-watchos/DitheringEngine-t.build/Objects-normal/arm64/DitheringEngine-OutputFileMap.json -save-temps -no-color-diagnostics -explicit-module-build -module-cache-path /Users/admin/builder/spi-builder-workspace/.derivedData/Build/Intermediates.noindex/SwiftExplicitPrecompiledModules -clang-scanner-module-cache-path /Users/admin/builder/spi-builder-workspace/.derivedData/ModuleCache.noindex -sdk-module-cache-path /Users/admin/builder/spi-builder-workspace/.derivedData/SDKExplicitPrecompiledModules -emit-dependencies -emit-module -emit-module-path /Users/admin/builder/spi-builder-workspace/.derivedData/Build/Intermediates.noindex/DitheringEngine.build/Debug-watchos/DitheringEngine-t.build/Objects-normal/arm64/DitheringEngine.swiftmodule -serialize-diagnostics -dependency-scan-serialize-diagnostics-path /Users/admin/builder/spi-builder-workspace/.derivedData/Build/Intermediates.noindex/DitheringEngine.build/Debug-watchos/DitheringEngine-t.build/Objects-normal/arm64/DitheringEngine-dependency-scan.dia -validate-clang-modules-once -clang-build-session-file /Users/admin/builder/spi-builder-workspace/.derivedData/ModuleCache.noindex/Session.modulevalidation -Xcc -fmodules-prune-interval\=86400 -Xcc -fmodules-prune-after\=345600 -emit-const-values -const-gather-protocols-list /Users/admin/builder/spi-builder-workspace/.derivedData/Build/Intermediates.noindex/DitheringEngine.build/Debug-watchos/DitheringEngine-t.build/Objects-normal/arm64/DitheringEngine_const_extract_protocols.json -Xcc -I/Users/admin/builder/spi-builder-workspace/.derivedData/Build/Products/Debug-watchos/include -Xcc -I/Users/admin/builder/spi-builder-workspace/.derivedData/Build/Intermediates.noindex/DitheringEngine.build/Debug-watchos/DitheringEngine-t.build/DerivedSources-normal/arm64 -Xcc -I/Users/admin/builder/spi-builder-workspace/.derivedData/Build/Intermediates.noindex/DitheringEngine.build/Debug-watchos/DitheringEngine-t.build/DerivedSources/arm64 -Xcc -I/Users/admin/builder/spi-builder-workspace/.derivedData/Build/Intermediates.noindex/DitheringEngine.build/Debug-watchos/DitheringEngine-t.build/DerivedSources -Xcc -DSWIFT_PACKAGE -Xcc -DDEBUG\=1 -emit-objc-header -emit-objc-header-path /Users/admin/builder/spi-builder-workspace/.derivedData/Build/Intermediates.noindex/DitheringEngine.build/Debug-watchos/DitheringEngine-t.build/Objects-normal/arm64/DitheringEngine-Swift.h -working-directory /Users/admin/builder/spi-builder-workspace/.swiftpm/xcode -experimental-emit-module-separately -disable-cmo
/Users/admin/builder/spi-builder-workspace/Sources/DitheringEngine/Metal/MetalOrderedDithering.swift:8:8: error: Unable to resolve module dependency: 'Metal' (in target 'DitheringEngine' from project 'DitheringEngine')
    note: A dependency of main module 'DitheringEngine'
/Users/admin/builder/spi-builder-workspace/Sources/DitheringEngine/Video/VideoDescription.swift:10:8: error: Unable to resolve module dependency: 'CoreImage' (in target 'DitheringEngine' from project 'DitheringEngine')
    note: A dependency of main module 'DitheringEngine'
    /Users/admin/builder/spi-builder-workspace/Sources/DitheringEngine/Video/VideoDitheringEngine.swift:9:8: note: Also imported here
    /Users/admin/builder/spi-builder-workspace/Sources/DitheringEngine/Video/VideoDitheringEngine.swift:10:8: note: Also imported here
/Users/admin/builder/spi-builder-workspace/Sources/DitheringEngine/Metal/MetalOrderedDithering.swift:8:8: note: A dependency of main module 'DitheringEngine'
import Metal
       ^ (in target 'DitheringEngine' from project 'DitheringEngine')
/Users/admin/builder/spi-builder-workspace/Sources/DitheringEngine/Video/VideoDescription.swift:10:8: note: A dependency of main module 'DitheringEngine'
import CoreImage
       ^ (in target 'DitheringEngine' from project 'DitheringEngine')
/Users/admin/builder/spi-builder-workspace/Sources/DitheringEngine/Video/VideoDitheringEngine.swift:9:8: note: Also imported here
import CoreImage
       ^ (in target 'DitheringEngine' from project 'DitheringEngine')
/Users/admin/builder/spi-builder-workspace/Sources/DitheringEngine/Video/VideoDitheringEngine.swift:10:8: note: Also imported here
import CoreImage.CIFilterBuiltins
       ^ (in target 'DitheringEngine' from project 'DitheringEngine')
PruneExplicitPrecompiledModules /Users/admin/builder/spi-builder-workspace/.derivedData/Build/Intermediates.noindex/ExplicitPrecompiledModules
PruneExplicitPrecompiledModules /Users/admin/builder/spi-builder-workspace/.derivedData/Build/Intermediates.noindex/SwiftExplicitPrecompiledModules
PruneExplicitPrecompiledModules /Users/admin/builder/spi-builder-workspace/.derivedData/SDKExplicitPrecompiledModules
2026-09-23 05:34:15.634 xcodebuild[627:3936] [MT] IDERunDestination: Supported platforms for the buildables in the current scheme is empty.
** BUILD FAILED **
The following build commands failed:
	SwiftDriver DitheringEngine normal arm64_32 com.apple.xcode.tools.swift.compiler (in target 'DitheringEngine' from project 'DitheringEngine')
	SwiftDriver DitheringEngine normal arm64 com.apple.xcode.tools.swift.compiler (in target 'DitheringEngine' from project 'DitheringEngine')
	Building workspace DitheringEngine with scheme DitheringEngine
(3 failures)
Command line invocation:
    /Applications/Xcode-27.0.0-Release.Candidate.app/Contents/Developer/usr/bin/xcodebuild -IDEClonedSourcePackagesDirPathOverride=/Users/admin/builder/spi-builder-workspace/.dependencies -resolvePackageDependencies
Resolve Package Graph
Resolved source packages:
  DitheringEngine: /Users/admin/builder/spi-builder-workspace
resolved source packages: DitheringEngine
2026-09-23 05:34:19.340 xcodebuild[696:4598] [MT] IDERunDestination: Supported platforms for the buildables in the current scheme is empty.
{
  "dependencies" : [
  ],
  "manifest_display_name" : "DitheringEngine",
  "name" : "DitheringEngine",
  "path" : "/Users/admin/builder/spi-builder-workspace",
  "platforms" : [
    {
      "name" : "ios",
      "version" : "13.0"
    },
    {
      "name" : "maccatalyst",
      "version" : "13.0"
    },
    {
      "name" : "macos",
      "version" : "10.15"
    }
  ],
  "products" : [
    {
      "name" : "DitheringEngine",
      "targets" : [
        "DitheringEngine"
      ],
      "type" : {
        "library" : [
          "automatic"
        ]
      }
    }
  ],
  "targets" : [
    {
      "c99name" : "DitheringEngineTests",
      "module_type" : "SwiftTarget",
      "name" : "DitheringEngineTests",
      "path" : "Tests/DitheringEngineTests",
      "sources" : [
        "DitheringEngineTests.swift",
        "SettingsCodableTests.swift",
        "TestingHelpers.swift",
        "TestsError.swift"
      ],
      "target_dependencies" : [
        "DitheringEngine"
      ],
      "type" : "test"
    },
    {
      "c99name" : "DitheringEngine",
      "module_type" : "SwiftTarget",
      "name" : "DitheringEngine",
      "path" : "Sources/DitheringEngine",
      "product_memberships" : [
        "DitheringEngine"
      ],
      "resources" : [
        {
          "path" : "/Users/admin/builder/spi-builder-workspace/Sources/DitheringEngine/PrivacyInfo.xcprivacy",
          "rule" : {
            "process" : {
            }
          }
        }
      ],
      "sources" : [
        "CustomPaletteSettings.swift",
        "DitherMehtod.swift",
        "DitherMethods/Dither-Atkinson.swift",
        "DitherMethods/Dither-Bayer.swift",
        "DitherMethods/Dither-CleanThreshold.swift",
        "DitherMethods/Dither-ErrorDiffusion.swift",
        "DitherMethods/Dither-FloydSteinberg.swift",
        "DitherMethods/Dither-JarvisJudiceNinke.swift",
        "DitherMethods/Dither-Noise.swift",
        "DitherMethods/Dither-None.swift",
        "DitherMethods/Dither-Ordered.swift",
        "DitherMethods/Dither-WhiteNoise.swift",
        "DitherMethods/DitherMethods.swift",
        "DitheringEngine.swift",
        "ErrorDiffusionDitheringCustomization.swift",
        "Extensions/AnyPublisher+Extension.swift",
        "Extensions/Array+Extension.swift",
        "Extensions/Numeric+Extension.swift",
        "Extensions/SIMD3+Extension.swift",
        "Helpers/CGImageDataTransformer.swift",
        "Helpers/WhiteNoiseGenerator.swift",
        "Helpers/clamp.swift",
        "Helpers/convertColorspace.swift",
        "Helpers/equallySpacedColors.swift",
        "ImageColor.swift",
        "ImageDescription.swift",
        "ImageDescriptionFormat.swift",
        "LUT.swift",
        "LUTCollection.swift",
        "LUTPalette.swift",
        "Metal/MetalOrderedDithering.swift",
        "Nameable.swift",
        "OrderedDitheringThresholdConfiguration.swift",
        "Palette.swift",
        "Palettes/Palette-Apple2.swift",
        "Palettes/Palette-BlackAndWhite.swift",
        "Palettes/Palette-CGA.swift",
        "Palettes/Palette-GameBoy.swift",
        "Palettes/Palette-Grayscale.swift",
        "Palettes/Palette-Intellivision.swift",
        "Palettes/Palette-Quantized.swift",
        "Palettes/Palettes.swift",
        "SettingsConfiguration.swift",
        "SettingsConfigurations/Apple2SettingsConfiguration.swift",
        "SettingsConfigurations/BayerSettingsConfiguration.swift",
        "SettingsConfigurations/CGASettingsConfiguration.swift",
        "SettingsConfigurations/CustomPaletteSettingsConfiguration.swift",
        "SettingsConfigurations/DitherMethodSettingsConfiguration.swift",
        "SettingsConfigurations/EmptySettingsConfiguration.swift",
        "SettingsConfigurations/FloydSteinbergSettingsConfiguration.swift",
        "SettingsConfigurations/NoiseDitheringSettingsConfiguration.swift",
        "SettingsConfigurations/PaletteSelectionSettingsConfiguration.swift",
        "SettingsConfigurations/QuantizedColorSettingsConfiguration.swift",
        "SettingsConfigurations/WhiteNoiseSettingsConfiguration.swift",
        "ThresholdMap.swift",
        "Video/VideoAssembler.swift",
        "Video/VideoDescription.swift",
        "Video/VideoDitheringEngine.swift"
      ],
      "type" : "library"
    }
  ],
  "tools_version" : "5.8"
}
{
  "workspace" : {
    "name" : "DitheringEngine",
    "schemes" : [
      "DitheringEngine"
    ]
  }
}
2026-09-23 05:34:20.565 xcodebuild[704:4656] [MT] IDERunDestination: Supported platforms for the buildables in the current scheme is empty.
Running build ...
env DEVELOPER_DIR=/Applications/Xcode-27.0.0-Release.Candidate.app xcrun xcodebuild -IDEClonedSourcePackagesDirPathOverride=$PWD/.dependencies -skipMacroValidation -skipPackagePluginValidation -derivedDataPath $PWD/.derivedData build -scheme DitheringEngine -destination generic/platform=watchOS
Command line invocation:
    /Applications/Xcode-27.0.0-Release.Candidate.app/Contents/Developer/usr/bin/xcodebuild -IDEClonedSourcePackagesDirPathOverride=/Users/admin/builder/spi-builder-workspace/.dependencies -skipMacroValidation -skipPackagePluginValidation -derivedDataPath /Users/admin/builder/spi-builder-workspace/.derivedData build -scheme DitheringEngine -destination generic/platform=watchOS
Resolve Package Graph
Resolved source packages:
  DitheringEngine: /Users/admin/builder/spi-builder-workspace
ComputePackagePrebuildTargetDependencyGraph
Prepare packages
CreateBuildRequest
SendProjectDescription
CreateBuildOperation
ComputeTargetDependencyGraph
note: Building targets in dependency order
note: Target dependency graph (3 targets)
    Target 'DitheringEngine-product' in project 'DitheringEngine'
        ➜ Explicit dependency on target 'DitheringEngine' in project 'DitheringEngine'
        ➜ Explicit dependency on target 'DitheringEngine_DitheringEngine' in project 'DitheringEngine'
    Target 'DitheringEngine' in project 'DitheringEngine'
        ➜ Explicit dependency on target 'DitheringEngine_DitheringEngine' in project 'DitheringEngine'
    Target 'DitheringEngine_DitheringEngine' in project 'DitheringEngine' (no dependencies)
GatherProvisioningInputs
CreateBuildDescription
ClangStatCache /Applications/Xcode-27.0.0-Release.Candidate.app/Contents/Developer/Toolchains/XcodeDefault.xctoolchain/usr/bin/clang-stat-cache /Applications/Xcode-27.0.0-Release.Candidate.app/Contents/Developer/Platforms/WatchOS.platform/Developer/SDKs/WatchOS27.0.sdk /Users/admin/builder/spi-builder-workspace/.derivedData/SDKStatCaches.noindex/watchos27.0-24R360-e829b21a6f8c9b70876ba0858053c04477534ef55a1706bf4c1112bbb242f0a2.sdkstatcache
    cd /Users/admin/builder/spi-builder-workspace/.swiftpm/xcode
    /Applications/Xcode-27.0.0-Release.Candidate.app/Contents/Developer/Toolchains/XcodeDefault.xctoolchain/usr/bin/clang-stat-cache /Applications/Xcode-27.0.0-Release.Candidate.app/Contents/Developer/Platforms/WatchOS.platform/Developer/SDKs/WatchOS27.0.sdk -o /Users/admin/builder/spi-builder-workspace/.derivedData/SDKStatCaches.noindex/watchos27.0-24R360-e829b21a6f8c9b70876ba0858053c04477534ef55a1706bf4c1112bbb242f0a2.sdkstatcache
CompileMetalFile /Users/admin/builder/spi-builder-workspace/Sources/DitheringEngine/Metal/OrderedDithering.metal (in target 'DitheringEngine_DitheringEngine' from project 'DitheringEngine')
    cd /Users/admin/builder/spi-builder-workspace
    /var/run/com.apple.security.cryptexd/mnt/com.apple.MobileAsset.MetalToolchain-v27.1.266.1.t675zW/Metal.xctoolchain/usr/bin/metal -c -target air64-apple-watchos9.0 -I/Users/admin/builder/spi-builder-workspace/.derivedData/Build/Products/Debug-watchos/include -F/Users/admin/builder/spi-builder-workspace/.derivedData/Build/Products/Debug-watchos -isysroot /Applications/Xcode-27.0.0-Release.Candidate.app/Contents/Developer/Platforms/WatchOS.platform/Developer/SDKs/WatchOS27.0.sdk -fmetal-math-mode\=fast -fmetal-math-fp32-functions\=fast -serialize-diagnostics /Users/admin/builder/spi-builder-workspace/.derivedData/Build/Intermediates.noindex/DitheringEngine.build/Debug-watchos/DitheringEngine_DitheringEngine-b.build/Metal/OrderedDithering.dia -o /Users/admin/builder/spi-builder-workspace/.derivedData/Build/Intermediates.noindex/DitheringEngine.build/Debug-watchos/DitheringEngine_DitheringEngine-b.build/Metal/OrderedDithering.air -MMD -MT dependencies -MF /Users/admin/builder/spi-builder-workspace/.derivedData/Build/Intermediates.noindex/DitheringEngine.build/Debug-watchos/DitheringEngine_DitheringEngine-b.build/Metal/OrderedDithering.dat /Users/admin/builder/spi-builder-workspace/Sources/DitheringEngine/Metal/OrderedDithering.metal
SwiftDriver DitheringEngine normal arm64 com.apple.xcode.tools.swift.compiler (in target 'DitheringEngine' from project 'DitheringEngine')
    cd /Users/admin/builder/spi-builder-workspace/.swiftpm/xcode
    builtin-SwiftDriver -- /Applications/Xcode-27.0.0-Release.Candidate.app/Contents/Developer/Toolchains/XcodeDefault.xctoolchain/usr/bin/swiftc -parse-as-library -module-name DitheringEngine -Onone @/Users/admin/builder/spi-builder-workspace/.derivedData/Build/Intermediates.noindex/DitheringEngine.build/Debug-watchos/DitheringEngine-t.build/Objects-normal/arm64/DitheringEngine.SwiftFileList -DSWIFT_PACKAGE -DDEBUG -DSWIFT_MODULE_RESOURCE_BUNDLE_AVAILABLE -DXcode -plugin-path /Applications/Xcode-27.0.0-Release.Candidate.app/Contents/Developer/Toolchains/XcodeDefault.xctoolchain/usr/lib/swift/host/plugins/testing -enable-experimental-feature DebugDescriptionMacro -sdk /Applications/Xcode-27.0.0-Release.Candidate.app/Contents/Developer/Platforms/WatchOS.platform/Developer/SDKs/WatchOS27.0.sdk -target arm64-apple-watchos9.0 -g -module-cache-path /Users/admin/builder/spi-builder-workspace/.derivedData/ModuleCache.noindex -Xfrontend -serialize-debugging-options -profile-coverage-mapping -profile-generate -enable-testing -index-store-path /Users/admin/builder/spi-builder-workspace/.derivedData/Index.noindex/DataStore -Xcc -D_LIBCPP_HARDENING_MODE\=_LIBCPP_HARDENING_MODE_DEBUG -swift-version 5 -I /Users/admin/builder/spi-builder-workspace/.derivedData/Build/Products/Debug-watchos -Isystem /Applications/Xcode-27.0.0-Release.Candidate.app/Contents/Developer/Platforms/WatchOS.platform/Developer/usr/lib -F /Users/admin/builder/spi-builder-workspace/.derivedData/Build/Products/Debug-watchos -F /Applications/Xcode-27.0.0-Release.Candidate.app/Contents/Developer/Platforms/WatchOS.platform/Developer/Library/Frameworks -F /Applications/Xcode-27.0.0-Release.Candidate.app/Contents/Developer/Platforms/WatchOS.platform/Developer/SDKs/WatchOS27.0.sdk/Developer/Library/Frameworks -c -j10 -enable-batch-mode -incremental -Xcc -ivfsstatcache -Xcc /Users/admin/builder/spi-builder-workspace/.derivedData/SDKStatCaches.noindex/watchos27.0-24R360-e829b21a6f8c9b70876ba0858053c04477534ef55a1706bf4c1112bbb242f0a2.sdkstatcache -output-file-map /Users/admin/builder/spi-builder-workspace/.derivedData/Build/Intermediates.noindex/DitheringEngine.build/Debug-watchos/DitheringEngine-t.build/Objects-normal/arm64/DitheringEngine-OutputFileMap.json -save-temps -no-color-diagnostics -explicit-module-build -module-cache-path /Users/admin/builder/spi-builder-workspace/.derivedData/Build/Intermediates.noindex/SwiftExplicitPrecompiledModules -clang-scanner-module-cache-path /Users/admin/builder/spi-builder-workspace/.derivedData/ModuleCache.noindex -sdk-module-cache-path /Users/admin/builder/spi-builder-workspace/.derivedData/SDKExplicitPrecompiledModules -emit-dependencies -emit-module -emit-module-path /Users/admin/builder/spi-builder-workspace/.derivedData/Build/Intermediates.noindex/DitheringEngine.build/Debug-watchos/DitheringEngine-t.build/Objects-normal/arm64/DitheringEngine.swiftmodule -serialize-diagnostics -dependency-scan-serialize-diagnostics-path /Users/admin/builder/spi-builder-workspace/.derivedData/Build/Intermediates.noindex/DitheringEngine.build/Debug-watchos/DitheringEngine-t.build/Objects-normal/arm64/DitheringEngine-dependency-scan.dia -validate-clang-modules-once -clang-build-session-file /Users/admin/builder/spi-builder-workspace/.derivedData/ModuleCache.noindex/Session.modulevalidation -Xcc -fmodules-prune-interval\=86400 -Xcc -fmodules-prune-after\=345600 -emit-const-values -const-gather-protocols-list /Users/admin/builder/spi-builder-workspace/.derivedData/Build/Intermediates.noindex/DitheringEngine.build/Debug-watchos/DitheringEngine-t.build/Objects-normal/arm64/DitheringEngine_const_extract_protocols.json -Xcc -I/Users/admin/builder/spi-builder-workspace/.derivedData/Build/Products/Debug-watchos/include -Xcc -I/Users/admin/builder/spi-builder-workspace/.derivedData/Build/Intermediates.noindex/DitheringEngine.build/Debug-watchos/DitheringEngine-t.build/DerivedSources-normal/arm64 -Xcc -I/Users/admin/builder/spi-builder-workspace/.derivedData/Build/Intermediates.noindex/DitheringEngine.build/Debug-watchos/DitheringEngine-t.build/DerivedSources/arm64 -Xcc -I/Users/admin/builder/spi-builder-workspace/.derivedData/Build/Intermediates.noindex/DitheringEngine.build/Debug-watchos/DitheringEngine-t.build/DerivedSources -Xcc -DSWIFT_PACKAGE -Xcc -DDEBUG\=1 -emit-objc-header -emit-objc-header-path /Users/admin/builder/spi-builder-workspace/.derivedData/Build/Intermediates.noindex/DitheringEngine.build/Debug-watchos/DitheringEngine-t.build/Objects-normal/arm64/DitheringEngine-Swift.h -working-directory /Users/admin/builder/spi-builder-workspace/.swiftpm/xcode -experimental-emit-module-separately -disable-cmo
/Users/admin/builder/spi-builder-workspace/Sources/DitheringEngine/Metal/MetalOrderedDithering.swift:8:8: error: Unable to resolve module dependency: 'Metal' (in target 'DitheringEngine' from project 'DitheringEngine')
    note: A dependency of main module 'DitheringEngine'
/Users/admin/builder/spi-builder-workspace/Sources/DitheringEngine/Video/VideoDescription.swift:10:8: error: Unable to resolve module dependency: 'CoreImage' (in target 'DitheringEngine' from project 'DitheringEngine')
    note: A dependency of main module 'DitheringEngine'
    /Users/admin/builder/spi-builder-workspace/Sources/DitheringEngine/Video/VideoDitheringEngine.swift:9:8: note: Also imported here
    /Users/admin/builder/spi-builder-workspace/Sources/DitheringEngine/Video/VideoDitheringEngine.swift:10:8: note: Also imported here
/Users/admin/builder/spi-builder-workspace/Sources/DitheringEngine/Metal/MetalOrderedDithering.swift:8:8: note: A dependency of main module 'DitheringEngine'
import Metal
       ^ (in target 'DitheringEngine' from project 'DitheringEngine')
/Users/admin/builder/spi-builder-workspace/Sources/DitheringEngine/Video/VideoDescription.swift:10:8: note: A dependency of main module 'DitheringEngine'
import CoreImage
       ^ (in target 'DitheringEngine' from project 'DitheringEngine')
/Users/admin/builder/spi-builder-workspace/Sources/DitheringEngine/Video/VideoDitheringEngine.swift:9:8: note: Also imported here
import CoreImage
       ^ (in target 'DitheringEngine' from project 'DitheringEngine')
/Users/admin/builder/spi-builder-workspace/Sources/DitheringEngine/Video/VideoDitheringEngine.swift:10:8: note: Also imported here
import CoreImage.CIFilterBuiltins
       ^ (in target 'DitheringEngine' from project 'DitheringEngine')
SwiftDriver DitheringEngine normal arm64_32 com.apple.xcode.tools.swift.compiler (in target 'DitheringEngine' from project 'DitheringEngine')
    cd /Users/admin/builder/spi-builder-workspace/.swiftpm/xcode
    builtin-SwiftDriver -- /Applications/Xcode-27.0.0-Release.Candidate.app/Contents/Developer/Toolchains/XcodeDefault.xctoolchain/usr/bin/swiftc -parse-as-library -module-name DitheringEngine -Onone @/Users/admin/builder/spi-builder-workspace/.derivedData/Build/Intermediates.noindex/DitheringEngine.build/Debug-watchos/DitheringEngine-t.build/Objects-normal/arm64_32/DitheringEngine.SwiftFileList -DSWIFT_PACKAGE -DDEBUG -DSWIFT_MODULE_RESOURCE_BUNDLE_AVAILABLE -DXcode -plugin-path /Applications/Xcode-27.0.0-Release.Candidate.app/Contents/Developer/Toolchains/XcodeDefault.xctoolchain/usr/lib/swift/host/plugins/testing -enable-experimental-feature DebugDescriptionMacro -sdk /Applications/Xcode-27.0.0-Release.Candidate.app/Contents/Developer/Platforms/WatchOS.platform/Developer/SDKs/WatchOS27.0.sdk -target arm64_32-apple-watchos9.0 -g -module-cache-path /Users/admin/builder/spi-builder-workspace/.derivedData/ModuleCache.noindex -Xfrontend -serialize-debugging-options -profile-coverage-mapping -profile-generate -enable-testing -index-store-path /Users/admin/builder/spi-builder-workspace/.derivedData/Index.noindex/DataStore -Xcc -D_LIBCPP_HARDENING_MODE\=_LIBCPP_HARDENING_MODE_DEBUG -swift-version 5 -I /Users/admin/builder/spi-builder-workspace/.derivedData/Build/Products/Debug-watchos -Isystem /Applications/Xcode-27.0.0-Release.Candidate.app/Contents/Developer/Platforms/WatchOS.platform/Developer/usr/lib -F /Users/admin/builder/spi-builder-workspace/.derivedData/Build/Products/Debug-watchos -F /Applications/Xcode-27.0.0-Release.Candidate.app/Contents/Developer/Platforms/WatchOS.platform/Developer/Library/Frameworks -F /Applications/Xcode-27.0.0-Release.Candidate.app/Contents/Developer/Platforms/WatchOS.platform/Developer/SDKs/WatchOS27.0.sdk/Developer/Library/Frameworks -c -j10 -enable-batch-mode -incremental -Xcc -ivfsstatcache -Xcc /Users/admin/builder/spi-builder-workspace/.derivedData/SDKStatCaches.noindex/watchos27.0-24R360-e829b21a6f8c9b70876ba0858053c04477534ef55a1706bf4c1112bbb242f0a2.sdkstatcache -output-file-map /Users/admin/builder/spi-builder-workspace/.derivedData/Build/Intermediates.noindex/DitheringEngine.build/Debug-watchos/DitheringEngine-t.build/Objects-normal/arm64_32/DitheringEngine-OutputFileMap.json -save-temps -no-color-diagnostics -explicit-module-build -module-cache-path /Users/admin/builder/spi-builder-workspace/.derivedData/Build/Intermediates.noindex/SwiftExplicitPrecompiledModules -clang-scanner-module-cache-path /Users/admin/builder/spi-builder-workspace/.derivedData/ModuleCache.noindex -sdk-module-cache-path /Users/admin/builder/spi-builder-workspace/.derivedData/SDKExplicitPrecompiledModules -emit-dependencies -emit-module -emit-module-path /Users/admin/builder/spi-builder-workspace/.derivedData/Build/Intermediates.noindex/DitheringEngine.build/Debug-watchos/DitheringEngine-t.build/Objects-normal/arm64_32/DitheringEngine.swiftmodule -serialize-diagnostics -dependency-scan-serialize-diagnostics-path /Users/admin/builder/spi-builder-workspace/.derivedData/Build/Intermediates.noindex/DitheringEngine.build/Debug-watchos/DitheringEngine-t.build/Objects-normal/arm64_32/DitheringEngine-dependency-scan.dia -validate-clang-modules-once -clang-build-session-file /Users/admin/builder/spi-builder-workspace/.derivedData/ModuleCache.noindex/Session.modulevalidation -Xcc -fmodules-prune-interval\=86400 -Xcc -fmodules-prune-after\=345600 -emit-const-values -const-gather-protocols-list /Users/admin/builder/spi-builder-workspace/.derivedData/Build/Intermediates.noindex/DitheringEngine.build/Debug-watchos/DitheringEngine-t.build/Objects-normal/arm64_32/DitheringEngine_const_extract_protocols.json -Xcc -I/Users/admin/builder/spi-builder-workspace/.derivedData/Build/Products/Debug-watchos/include -Xcc -I/Users/admin/builder/spi-builder-workspace/.derivedData/Build/Intermediates.noindex/DitheringEngine.build/Debug-watchos/DitheringEngine-t.build/DerivedSources-normal/arm64_32 -Xcc -I/Users/admin/builder/spi-builder-workspace/.derivedData/Build/Intermediates.noindex/DitheringEngine.build/Debug-watchos/DitheringEngine-t.build/DerivedSources/arm64_32 -Xcc -I/Users/admin/builder/spi-builder-workspace/.derivedData/Build/Intermediates.noindex/DitheringEngine.build/Debug-watchos/DitheringEngine-t.build/DerivedSources -Xcc -DSWIFT_PACKAGE -Xcc -DDEBUG\=1 -emit-objc-header -emit-objc-header-path /Users/admin/builder/spi-builder-workspace/.derivedData/Build/Intermediates.noindex/DitheringEngine.build/Debug-watchos/DitheringEngine-t.build/Objects-normal/arm64_32/DitheringEngine-Swift.h -working-directory /Users/admin/builder/spi-builder-workspace/.swiftpm/xcode -experimental-emit-module-separately -disable-cmo
/Users/admin/builder/spi-builder-workspace/Sources/DitheringEngine/Metal/MetalOrderedDithering.swift:8:8: error: Unable to resolve module dependency: 'Metal' (in target 'DitheringEngine' from project 'DitheringEngine')
    note: A dependency of main module 'DitheringEngine'
/Users/admin/builder/spi-builder-workspace/Sources/DitheringEngine/Video/VideoDescription.swift:10:8: error: Unable to resolve module dependency: 'CoreImage' (in target 'DitheringEngine' from project 'DitheringEngine')
    note: A dependency of main module 'DitheringEngine'
    /Users/admin/builder/spi-builder-workspace/Sources/DitheringEngine/Video/VideoDitheringEngine.swift:9:8: note: Also imported here
    /Users/admin/builder/spi-builder-workspace/Sources/DitheringEngine/Video/VideoDitheringEngine.swift:10:8: note: Also imported here
/Users/admin/builder/spi-builder-workspace/Sources/DitheringEngine/Metal/MetalOrderedDithering.swift:8:8: note: A dependency of main module 'DitheringEngine'
import Metal
       ^ (in target 'DitheringEngine' from project 'DitheringEngine')
/Users/admin/builder/spi-builder-workspace/Sources/DitheringEngine/Video/VideoDescription.swift:10:8: note: A dependency of main module 'DitheringEngine'
import CoreImage
       ^ (in target 'DitheringEngine' from project 'DitheringEngine')
/Users/admin/builder/spi-builder-workspace/Sources/DitheringEngine/Video/VideoDitheringEngine.swift:9:8: note: Also imported here
import CoreImage
       ^ (in target 'DitheringEngine' from project 'DitheringEngine')
/Users/admin/builder/spi-builder-workspace/Sources/DitheringEngine/Video/VideoDitheringEngine.swift:10:8: note: Also imported here
import CoreImage.CIFilterBuiltins
       ^ (in target 'DitheringEngine' from project 'DitheringEngine')
MetalLink /Users/admin/builder/spi-builder-workspace/.derivedData/Build/Products/Debug-watchos/DitheringEngine_DitheringEngine.bundle/default.metallib (in target 'DitheringEngine_DitheringEngine' from project 'DitheringEngine')
    cd /Users/admin/builder/spi-builder-workspace
    /var/run/com.apple.security.cryptexd/mnt/com.apple.MobileAsset.MetalToolchain-v27.1.266.1.t675zW/Metal.xctoolchain/usr/bin/metal -target air64-apple-watchos9.0 -o /Users/admin/builder/spi-builder-workspace/.derivedData/Build/Products/Debug-watchos/DitheringEngine_DitheringEngine.bundle/default.metallib /Users/admin/builder/spi-builder-workspace/.derivedData/Build/Intermediates.noindex/DitheringEngine.build/Debug-watchos/DitheringEngine_DitheringEngine-b.build/Metal/OrderedDithering.air
PruneExplicitPrecompiledModules /Users/admin/builder/spi-builder-workspace/.derivedData/SDKExplicitPrecompiledModules
PruneExplicitPrecompiledModules /Users/admin/builder/spi-builder-workspace/.derivedData/Build/Intermediates.noindex/SwiftExplicitPrecompiledModules
PruneExplicitPrecompiledModules /Users/admin/builder/spi-builder-workspace/.derivedData/Build/Intermediates.noindex/ExplicitPrecompiledModules
2026-09-23 05:34:21.558 xcodebuild[705:4679] [MT] IDERunDestination: Supported platforms for the buildables in the current scheme is empty.
** BUILD FAILED **
The following build commands failed:
	SwiftDriver DitheringEngine normal arm64 com.apple.xcode.tools.swift.compiler (in target 'DitheringEngine' from project 'DitheringEngine')
	SwiftDriver DitheringEngine normal arm64_32 com.apple.xcode.tools.swift.compiler (in target 'DitheringEngine' from project 'DitheringEngine')
	Building workspace DitheringEngine with scheme DitheringEngine
(3 failures)
BUILD FAILURE 6.4 watchOS